66.249.72.228 - - [01/Nov/2025:05:24:54 -0700] "GET /?a=67713969121690&mod=b26acad4&uri=form.php%3Fid%3D2265441-1617%26name%3Dspecial+belt+for+workout+for+back+pain HTTP/1.1" 200 20295 "-" "Mozilla/5.0 (Linux; Android 6.0.1; Nexus 5X Build/MMB29P) AppleWebKit/537.36 (KHTML, like Gecko) Chrome/141.0.7390.122 Mobile Safari/537.36 (compatible; Googlebot/2.1; +http://www.google.com/bot.html)" 1007 **1/1007186**
66.249.69.140 - - [01/Nov/2025:05:24:55 -0700] "GET /?a=114106982041690&mod=c986fda7&uri=itm.php%3Fid%3D3818079-577%26name%3D3d+lettering+superga+shiny+shoes HTTP/1.1" 200 21267 "-" "Mozilla/5.0 (Linux; Android 6.0.1; Nexus 5X Build/MMB29P) AppleWebKit/537.36 (KHTML, like Gecko) Chrome/141.0.7390.122 Mobile Safari/537.36 (compatible; Googlebot/2.1; +http://www.google.com/bot.html)" 857 **0/857548**
185.191.171.15 - - [01/Nov/2025:05:24:56 -0700] "GET /?a=63403235041690&mod=11dd0352&uri=goods.php%3Fid%3D2121245-1647%26name%3Duncaged%2Bultra%2Bboost%2Bsolar%2Bred%2Bon%2Bfeet HTTP/1.1" 200 2554 "-" "Mozilla/5.0 (compatible; SemrushBot/7~bl; +http://www.semrush.com/bot.html)" 117 **0/117768**
185.191.171.2 - - [01/Nov/2025:05:24:58 -0700] "GET /?a=86004680041690&mod=0d98a513&uri=search.php%3Fid%3D2877631-708%26name%3Dskate%2Bera%2Bscarpe%2Bcome%2Bvans HTTP/1.1" 200 2554 "-" "Mozilla/5.0 (compatible; SemrushBot/7~bl; +http://www.semrush.com/bot.html)" 110 **0/110073**
207.46.13.9 - - [01/Nov/2025:05:25:15 -0700] "GET /?a=6445876041690&mod=06138bc5&uri=pin.php%3Fid%3D215599-2%26name%3Dromper+women%27s+plus+size+onesie+pajamas HTTP/1.1" 200 21507 "-" "Mozilla/5.0 AppleWebKit/537.36 (KHTML, like Gecko; compatible; bingbot/2.0; +http://www.bing.com/bingbot.htm) Chrome/116.0.1938.76 Safari/537.36" 1110 **1/1110790**
185.191.171.1 - - [01/Nov/2025:05:25:16 -0700] "GET /?a=46885010031690&mod=f28e9365&uri=blog.php%3Fid%3D1568451-1699%26name%3Dsneakers%2Bconverse%2Blunarlon%2Binsert HTTP/1.1" 200 2554 "-" "Mozilla/5.0 (compatible; SemrushBot/7~bl; +http://www.semrush.com/bot.html)" 113 **0/113740**
207.46.13.9 - - [01/Nov/2025:05:25:16 -0700] "GET /?a=119501665111690&mod=69e76024&uri=search.php%3Fid%3D3998604-325%26name%3D73+quart+ozark+trail+73 HTTP/1.1" 200 20084 "-" "Mozilla/5.0 AppleWebKit/537.36 (KHTML, like Gecko; compatible; bingbot/2.0; +http://www.bing.com/bingbot.htm) Chrome/116.0.1938.76 Safari/537.36" 852 **0/852312**
20.15.133.162 - - [01/Nov/2025:05:25:28 -0700] "GET /?a=1418136001690&mod=0b518a25&uri=products.php%3Fid%3D47401-102%26name%3Dbig+inflatable+stools HTTP/1.1" 200 21486 "-" "Mozilla/5.0 AppleWebKit/537.36 (KHTML, like Gecko; compatible; bingbot/2.0; +http://www.bing.com/bingbot.htm) Chrome/116.0.1938.76 Safari/537.36" 1129 **1/1129680**
66.249.69.138 - - [01/Nov/2025:05:25:41 -0700] "GET /?a=5364409021690&mod=53b48d36&uri=blog.php%3Fid%3D179433-801%26name%3Dhair+styler+babyliss+ipro+235+hair+straightener HTTP/1.1" 200 20563 "-" "Mozilla/5.0 (Linux; Android 6.0.1; Nexus 5X Build/MMB29P) AppleWebKit/537.36 (KHTML, like Gecko) Chrome/141.0.7390.122 Mobile Safari/537.36 (compatible; Googlebot/2.1; +http://www.google.com/bot.html)" 539 **0/539661**
185.191.171.12 - - [01/Nov/2025:05:25:42 -0700] "GET /?a=97299245021690&mod=7f097541&uri=dp.php%3Fid%3D3255635-612%26name%3Dpleated%2Bskirt%2Bleopard%2Bprint%2Bmidi%2Bskirt%2Bshopstyle HTTP/1.1" 200 2554 "-" "Mozilla/5.0 (compatible; SemrushBot/7~bl; +http://www.semrush.com/bot.html)" 107 **0/107881**
85.208.96.198 - - [01/Nov/2025:05:25:48 -0700] "GET /?a=49154647051690&mod=8bc8f9e7&uri=product.php%3Fid%3D1644426-1733%26name%3Dmens%2Bconverse%2Bblack%2Bfashion HTTP/1.1" 200 2554 "-" "Mozilla/5.0 (compatible; SemrushBot/7~bl; +http://www.semrush.com/bot.html)" 111 **0/111756**
52.167.144.180 - - [01/Nov/2025:05:25:52 -0700] "GET /?a=101313705011690&mod=af446d9d&uri=products.php%3Fid%3D3390025-491%26name%3Dmorrales+pagina+totto+promociones HTTP/1.1" 200 21415 "-" "Mozilla/5.0 AppleWebKit/537.36 (KHTML, like Gecko; compatible; bingbot/2.0; +http://www.bing.com/bingbot.htm) Chrome/116.0.1938.76 Safari/537.36" 332 **0/332633**
207.46.13.9 - - [01/Nov/2025:05:26:04 -0700] "GET /?a=96428733001690&mod=216d8167&uri=shared.php%3Fid%3D3226476-630%26name%3D6800+radeon+rx+6900+xt+hashrate HTTP/1.1" 200 20810 "-" "Mozilla/5.0 AppleWebKit/537.36 (KHTML, like Gecko; compatible; bingbot/2.0; +http://www.bing.com/bingbot.htm) Chrome/116.0.1938.76 Safari/537.36" 912 **0/912878**
40.77.167.51 - - [01/Nov/2025:05:26:13 -0700] "GET /?a=54267980051690&mod=6d895859&uri=product.php%3Fid%3D1815514-985%26name%3Dteuersten+teuerster+cartier+ring HTTP/1.1" 200 20636 "-" "Mozilla/5.0 AppleWebKit/537.36 (KHTML, like Gecko; compatible; bingbot/2.0; +http://www.bing.com/bingbot.htm) Chrome/116.0.1938.76 Safari/537.36" 1140 **1/1140329**
85.208.96.201 - - [01/Nov/2025:05:26:14 -0700] "GET /?a=60482293001690&mod=7a98af17&uri=form.php%3Fid%3D2023509-31%26name%3Dnecklace%2Bsterling%2Bsilver%2Bl%2Bnecklace%2Bsilver HTTP/1.1" 200 2554 "-" "Mozilla/5.0 (compatible; SemrushBot/7~bl; +http://www.semrush.com/bot.html)" 115 **0/115153**
207.46.13.9 - - [01/Nov/2025:05:26:17 -0700] "GET /?a=105453801031690&mod=c00c7389&uri=article.php%3Fid%3D3528622-392%26name%3Dmonth+baby+dress+boy HTTP/1.1" 200 21323 "-" "Mozilla/5.0 AppleWebKit/537.36 (KHTML, like Gecko; compatible; bingbot/2.0; +http://www.bing.com/bingbot.htm) Chrome/116.0.1938.76 Safari/537.36" 1176 **1/1176136**
85.208.96.200 - - [01/Nov/2025:05:26:30 -0700] "GET /?a=2349152011690&mod=36083d46&uri=info.php%3Fid%3D78529-495%26name%3Drenault%2Bnew%2Bvans%2Barnold%2Bclark HTTP/1.1" 200 2554 "-" "Mozilla/5.0 (compatible; SemrushBot/7~bl; +http://www.semrush.com/bot.html)" 115 **0/115949**
216.244.66.240 - - [01/Nov/2025:05:27:20 -0700] "GET /robots.txt HTTP/1.1" 200 82 "-" "Mozilla/5.0 (compatible; DotBot/1.2; +https://opensiteexplorer.org/dotbot; help@moz.com)" 115 **0/115120**
66.249.69.140 - - [01/Nov/2025:05:27:36 -0700] "GET /?a=44800406101690&mod=35e3dc18&uri=us.php%3Fid%3D1498737-541%26name%3Dparrot+bay+frozen+daiquiri+pouches HTTP/1.1" 200 20918 "-" "Mozilla/5.0 (Linux; Android 6.0.1; Nexus 5X Build/MMB29P) AppleWebKit/537.36 (KHTML, like Gecko) Chrome/141.0.7390.122 Mobile Safari/537.36 (compatible; Googlebot/2.1; +http://www.google.com/bot.html)" 906 **0/906938**
66.249.69.138 - - [01/Nov/2025:05:27:38 -0700] "GET /?a=58998175011690&mod=325995af&uri=shared.php%3Fid%3D1973830-20%26name%3Dcase+spigen+thin+fit+galaxy+z+fold HTTP/1.1" 200 20983 "-" "Mozilla/5.0 (Linux; Android 6.0.1; Nexus 5X Build/MMB29P) AppleWebKit/537.36 (KHTML, like Gecko) Chrome/141.0.7390.122 Mobile Safari/537.36 (compatible; Googlebot/2.1; +http://www.google.com/bot.html)" 907 **0/907944**
66.249.69.139 - - [01/Nov/2025:05:27:40 -0700] "GET /?a=67099357031690&mod=6b18886b&uri=info.php%3Fid%3D2244888-136%26name%3Dwww+alhudapk+rugby+referee+watch+orange HTTP/1.1" 200 21645 "-" "Mozilla/5.0 (Linux; Android 6.0.1; Nexus 5X Build/MMB29P) AppleWebKit/537.36 (KHTML, like Gecko) Chrome/141.0.7390.122 Mobile Safari/537.36 (compatible; Googlebot/2.1; +http://www.google.com/bot.html)" 858 **0/858421**
66.249.72.228 - - [01/Nov/2025:05:27:42 -0700] "GET /?a=89493543041690&mod=02f657d5&uri=itm.php%3Fid%3D2994361-25%26name%3Doutdoor+fireplace+pizza+cost+to+build+outdoor+pizza+oven HTTP/1.1" 200 21468 "-" "Mozilla/5.0 (Linux; Android 6.0.1; Nexus 5X Build/MMB29P) AppleWebKit/537.36 (KHTML, like Gecko) Chrome/141.0.7390.122 Mobile Safari/537.36 (compatible; Googlebot/2.1; +http://www.google.com/bot.html)" 802 **0/802846**
66.249.69.140 - - [01/Nov/2025:05:27:43 -0700] "GET /?a=87424363071690&mod=0ac34cb7&uri=form.php%3Fid%3D2925148-1404%26name%3Dkindergummistiefel+gummistiefel+lidl+herren HTTP/1.1" 200 19756 "-" "Mozilla/5.0 (Linux; Android 6.0.1; Nexus 5X Build/MMB29P) AppleWebKit/537.36 (KHTML, like Gecko) Chrome/141.0.7390.122 Mobile Safari/537.36 (compatible; Googlebot/2.1; +http://www.google.com/bot.html)" 412 **0/412985**
66.249.69.141 - - [01/Nov/2025:05:27:45 -0700] "GET /?a=80732611041690&mod=a1f69f60&uri=products.php%3Fid%3D2701199-147%26name%3Dlady+million+rossmann+miss+dior HTTP/1.1" 200 20532 "-" "Mozilla/5.0 (Linux; Android 6.0.1; Nexus 5X Build/MMB29P) AppleWebKit/537.36 (KHTML, like Gecko) Chrome/141.0.7390.122 Mobile Safari/537.36 (compatible; Googlebot/2.1; +http://www.google.com/bot.html)" 424 **0/424224**
85.208.96.208 - - [01/Nov/2025:05:27:47 -0700] "GET /?a=77277920021690&mod=4cb810e3&uri=products.php%3Fid%3D2585618-1073%26name%3Dhyperdunk%2B2017%2Bnike%2Bhyperdunk%2Bla HTTP/1.1" 200 2554 "-" "Mozilla/5.0 (compatible; SemrushBot/7~bl; +http://www.semrush.com/bot.html)" 113 **0/113390**
20.15.133.163 - - [01/Nov/2025:05:28:09 -0700] "GET /?a=9351523121690&mod=398024cb&uri=shop.php%3Fid%3D312830-78%26name%3Dspin+master+baby+alive+luvabella+videos HTTP/1.1" 200 20407 "-" "Mozilla/5.0 AppleWebKit/537.36 (KHTML, like Gecko; compatible; bingbot/2.0; +http://www.bing.com/bingbot.htm) Chrome/116.0.1938.76 Safari/537.36" 909 **0/909192**
207.46.13.155 - - [01/Nov/2025:05:28:36 -0700] "GET /product/edit/119531722001690 HTTP/1.1" 200 19662 "-" "Mozilla/5.0 AppleWebKit/537.36 (KHTML, like Gecko; compatible; bingbot/2.0; +http://www.bing.com/bingbot.htm) Chrome/116.0.1938.76 Safari/537.36" 389 **0/389396**
185.191.171.2 - - [01/Nov/2025:05:28:55 -0700] "GET /?a=106520025001690&mod=b3b6a68e&uri=category-info.php%3Fid%3D3564302-1170%26name%3Dnia%2Bsharma%2Bbhojpuri%2Bjamai%2Braja HTTP/1.1" 200 2554 "-" "Mozilla/5.0 (compatible; SemrushBot/7~bl; +http://www.semrush.com/bot.html)" 110 **0/110808**
66.249.69.140 - - [01/Nov/2025:05:28:56 -0700] "GET /?a=116981752021690&mod=aaaac19f&uri=products.php%3Fid%3D3914287-111%26name%3Dleather+cardholder+off+white+card+holder HTTP/1.1" 200 20810 "-" "Mozilla/5.0 (Linux; Android 6.0.1; Nexus 5X Build/MMB29P) AppleWebKit/537.36 (KHTML, like Gecko) Chrome/141.0.7390.122 Mobile Safari/537.36 (compatible; Googlebot/2.1; +http://www.google.com/bot.html)" 817 **0/817480**
66.249.69.139 - - [01/Nov/2025:05:28:56 -0700] "GET /?a=6263527021690&mod=a02f16dc&uri=brands.php%3Fid%3D209504-499%26name%3Dmens+jacket+four+seasons+puffer+coat HTTP/1.1" 200 21491 "-" "Mozilla/5.0 (Linux; Android 6.0.1; Nexus 5X Build/MMB29P) AppleWebKit/537.36 (KHTML, like Gecko) Chrome/141.0.7390.122 Mobile Safari/537.36 (compatible; Googlebot/2.1; +http://www.google.com/bot.html)" 699 **0/699955**
66.249.69.141 - - [01/Nov/2025:05:28:57 -0700] "GET /?a=83282868021690&mod=d3c95acb&uri=info.php%3Fid%3D2786526-55%26name%3Dpolo+ralph+lauren+siti+felpe+uomo HTTP/1.1" 200 20965 "-" "Mozilla/5.0 (Linux; Android 6.0.1; Nexus 5X Build/MMB29P) AppleWebKit/537.36 (KHTML, like Gecko) Chrome/141.0.7390.122 Mobile Safari/537.36 (compatible; Googlebot/2.1; +http://www.google.com/bot.html)" 353 **0/353928**
66.249.69.140 - - [01/Nov/2025:05:28:58 -0700] "GET /?a=22434213061690&mod=659b9b60&uri=blog.php%3Fid%3D750493-1285%26name%3Dvolleyball+shoe+nike+air+zoom+hyperace HTTP/1.1" 200 20565 "-" "Mozilla/5.0 (Linux; Android 6.0.1; Nexus 5X Build/MMB29P) AppleWebKit/537.36 (KHTML, like Gecko) Chrome/141.0.7390.122 Mobile Safari/537.36 (compatible; Googlebot/2.1; +http://www.google.com/bot.html)" 348 **0/348173**
66.249.69.141 - - [01/Nov/2025:05:29:04 -0700] "GET /?a=103478312021690&mod=33fac129&uri=product.php%3Fid%3D3462443-1768%26name%3Dbanarasi+saree+for+reception HTTP/1.1" 200 20697 "-" "Mozilla/5.0 (Linux; Android 6.0.1; Nexus 5X Build/MMB29P) AppleWebKit/537.36 (KHTML, like Gecko) Chrome/141.0.7390.122 Mobile Safari/537.36 (compatible; Googlebot/2.1; +http://www.google.com/bot.html)" 284 **0/284170**
66.249.69.140 - - [01/Nov/2025:05:29:14 -0700] "GET /?a=47788838011690&mod=90eb9b3d&uri=shop.php%3Fid%3D1598687-1607%26name%3Dbest+cheap+cheap+cat+food+that%27s+healthy HTTP/1.1" 200 20329 "-" "Mozilla/5.0 (Linux; Android 6.0.1; Nexus 5X Build/MMB29P) AppleWebKit/537.36 (KHTML, like Gecko) Chrome/141.0.7390.122 Mobile Safari/537.36 (compatible; Googlebot/2.1; +http://www.google.com/bot.html)" 1123 **1/1123493**
20.15.133.184 - - [01/Nov/2025:05:29:16 -0700] "GET /?a=43020951141690&mod=a649ac34&uri=products.php%3Fid%3D1439177-857%26name%3Dzapato+lob+lob+tienda+de+ropa HTTP/1.1" 200 20278 "-" "Mozilla/5.0 AppleWebKit/537.36 (KHTML, like Gecko; compatible; bingbot/2.0; +http://www.bing.com/bingbot.htm) Chrome/116.0.1938.76 Safari/537.36" 1018 **1/1018955**
185.191.171.8 - - [01/Nov/2025:05:29:27 -0700] "GET /?a=11847793051690&mod=0ce8a4b8&uri=category-info.php%3Fid%3D396381-1157%26name%3Dsuede%2Bnike%2Bmen%27s%2Bsf%2Baf1%2Bmid HTTP/1.1" 200 2554 "-" "Mozilla/5.0 (compatible; SemrushBot/7~bl; +http://www.semrush.com/bot.html)" 108 **0/108744**
157.55.39.193 - - [01/Nov/2025:05:29:36 -0700] "GET /?a=4592318031690&mod=500adf40&uri=shared.php%3Fid%3D153570-751%26name%3Dwatch+with+sprint+smart+watch+sim+card HTTP/1.1" 200 21379 "-" "Mozilla/5.0 AppleWebKit/537.36 (KHTML, like Gecko; compatible; bingbot/2.0; +http://www.bing.com/bingbot.htm) Chrome/116.0.1938.76 Safari/537.36" 970 **0/970171**
66.249.69.139 - - [01/Nov/2025:05:29:43 -0700] "GET /?a=45141701091690&mod=75509155&uri=itm.php%3Fid%3D1510154-1713%26name%3Dtrainers+geox+k HTTP/1.1" 200 19902 "-" "Mozilla/5.0 (Linux; Android 6.0.1; Nexus 5X Build/MMB29P) AppleWebKit/537.36 (KHTML, like Gecko) Chrome/141.0.7390.122 Mobile Safari/537.36 (compatible; Googlebot/2.1; +http://www.google.com/bot.html)" 376 **0/376010**
157.55.39.193 - - [01/Nov/2025:05:29:56 -0700] "GET /?a=45476714131690&mod=960c4a62&uri=article.php%3Fid%3D1521354-477%26name%3Dtricycle+triporteur+juery HTTP/1.1" 200 20788 "-" "Mozilla/5.0 AppleWebKit/537.36 (KHTML, like Gecko; compatible; bingbot/2.0; +http://www.bing.com/bingbot.htm) Chrome/116.0.1938.76 Safari/537.36" 915 **0/915158**
157.55.39.193 - - [01/Nov/2025:05:29:59 -0700] "GET /?a=6034788041690&mod=77c493ec&uri=search.php%3Fid%3D201848-35%26name%3Dwonder+woman+superman+batman+toys HTTP/1.1" 200 21556 "-" "Mozilla/5.0 AppleWebKit/537.36 (KHTML, like Gecko; compatible; bingbot/2.0; +http://www.bing.com/bingbot.htm) Chrome/116.0.1938.76 Safari/537.36" 936 **0/936666**
207.46.13.9 - - [01/Nov/2025:05:29:59 -0700] "GET /?a=6081511001690&mod=bead7746&uri=goods.php%3Fid%3D203411-470%26name%3Dchamarra+nike+sportswear+swoosh HTTP/1.1" 200 20976 "-" "Mozilla/5.0 AppleWebKit/537.36 (KHTML, like Gecko; compatible; bingbot/2.0; +http://www.bing.com/bingbot.htm) Chrome/116.0.1938.76 Safari/537.36" 915 **0/915989**
66.249.69.129 - - [01/Nov/2025:05:30:01 -0700] "GET /?a=87369458101690&mod=b5ad5ba0&uri=brands.php%3Fid%3D2923308-526%26name%3Dnike+air+polera+nike+negra+hombre HTTP/1.1" 200 20133 "-" "Mozilla/5.0 (Linux; Android 6.0.1; Nexus 5X Build/MMB29P) AppleWebKit/537.36 (KHTML, like Gecko) Chrome/141.0.7390.122 Mobile Safari/537.36 (compatible; Googlebot/2.1; +http://www.google.com/bot.html)" 617 **0/617543**
66.249.69.141 - - [01/Nov/2025:05:30:01 -0700] "GET /?a=8779780051690&mod=c1b75589&uri=itm.php%3Fid%3D293672-1016%26name%3Dstegen+jersey+ter+stegen+kit+2019 HTTP/1.1" 200 20546 "-" "Mozilla/5.0 (Linux; Android 6.0.1; Nexus 5X Build/MMB29P) AppleWebKit/537.36 (KHTML, like Gecko) Chrome/141.0.7390.122 Mobile Safari/537.36 (compatible; Googlebot/2.1; +http://www.google.com/bot.html)" 708 **0/708282**
66.249.69.141 - - [01/Nov/2025:05:30:02 -0700] "GET /?a=12637792001690&mod=f7d68e42&uri=info.php%3Fid%3D422814-1189%26name%3Dfootwear+puma+suede+classic+02 HTTP/1.1" 200 20491 "-" "Mozilla/5.0 (Linux; Android 6.0.1; Nexus 5X Build/MMB29P) AppleWebKit/537.36 (KHTML, like Gecko) Chrome/141.0.7390.122 Mobile Safari/537.36 (compatible; Googlebot/2.1; +http://www.google.com/bot.html)" 529 **0/529516**
66.249.69.139 - - [01/Nov/2025:05:30:03 -0700] "GET /?a=74956190011690&mod=11dd08ef&uri=search.php%3Fid%3D2507867-98%26name%3Dmid+calf+boots+sofft+belmont+boots HTTP/1.1" 200 21396 "-" "Mozilla/5.0 (Linux; Android 6.0.1; Nexus 5X Build/MMB29P) AppleWebKit/537.36 (KHTML, like Gecko) Chrome/141.0.7390.122 Mobile Safari/537.36 (compatible; Googlebot/2.1; +http://www.google.com/bot.html)" 794 **0/794017**
66.249.69.138 - - [01/Nov/2025:05:30:03 -0700] "GET /?a=109974175001690&mod=47b71271&uri=form.php%3Fid%3D3679887-592%26name%3Dvintage+anna+sui+glasses HTTP/1.1" 200 20846 "-" "Mozilla/5.0 (Linux; Android 6.0.1; Nexus 5X Build/MMB29P) AppleWebKit/537.36 (KHTML, like Gecko) Chrome/141.0.7390.122 Mobile Safari/537.36 (compatible; Googlebot/2.1; +http://www.google.com/bot.html)" 906 **0/906521**
66.249.69.138 - - [01/Nov/2025:05:30:13 -0700] "GET /?a=93585401031690&mod=d0d310ae&uri=dp.php%3Fid%3D3131330-818%26name%3Dsneakers+shoes+to+match+charlotte+hornets HTTP/1.1" 200 19959 "-" "Mozilla/5.0 (Linux; Android 6.0.1; Nexus 5X Build/MMB29P) AppleWebKit/537.36 (KHTML, like Gecko) Chrome/141.0.7390.122 Mobile Safari/537.36 (compatible; Googlebot/2.1; +http://www.google.com/bot.html)" 850 **0/850136**
20.15.133.184 - - [01/Nov/2025:05:30:26 -0700] "GET /?a=101433803001690&mod=7f348453&uri=shop.php%3Fid%3D3394041-802%26name%3Dcalories+br%C3%BBl%C3%A9es+podometre+cdiscount HTTP/1.1" 200 20478 "-" "Mozilla/5.0 AppleWebKit/537.36 (KHTML, like Gecko; compatible; bingbot/2.0; +http://www.bing.com/bingbot.htm) Chrome/116.0.1938.76 Safari/537.36" 1053 **1/1053631**
20.15.133.163 - - [01/Nov/2025:05:31:07 -0700] "GET /?a=100891814001690&mod=38990c06&uri=shop.php%3Fid%3D3375919-527%26name%3Dlive+aston+villa+vs+man+utd HTTP/1.1" 200 21753 "-" "Mozilla/5.0 AppleWebKit/537.36 (KHTML, like Gecko; compatible; bingbot/2.0; +http://www.bing.com/bingbot.htm) Chrome/116.0.1938.76 Safari/537.36" 1008 **1/1008202**
52.167.144.141 - - [01/Nov/2025:05:31:13 -0700] "GET /?a=6053436011690&mod=6132f64b&uri=itm.php%3Fid%3D202471-740%26name%3Dair+jordan+shoes+nike+shoes+red+for+women HTTP/1.1" 200 20909 "-" "Mozilla/5.0 AppleWebKit/537.36 (KHTML, like Gecko; compatible; bingbot/2.0; +http://www.bing.com/bingbot.htm) Chrome/116.0.1938.76 Safari/537.36" 983 **0/983196**
207.46.13.9 - - [01/Nov/2025:05:31:18 -0700] "GET /?a=36795040021690&mod=a9d44cca&uri=products.php%3Fid%3D1230905-1010%26name%3Dcartilage+how+to+reduce+pain+after+piercing+ear HTTP/1.1" 200 20983 "-" "Mozilla/5.0 AppleWebKit/537.36 (KHTML, like Gecko; compatible; bingbot/2.0; +http://www.bing.com/bingbot.htm) Chrome/116.0.1938.76 Safari/537.36" 940 **0/940524**
207.46.13.9 - - [01/Nov/2025:05:31:19 -0700] "GET /?a=43730143021690&mod=6716543c&uri=pin.php%3Fid%3D1462925-557%26name%3Dvestidos+tipicos+vestimenta+tipica+de+oaxaca HTTP/1.1" 200 20915 "-" "Mozilla/5.0 AppleWebKit/537.36 (KHTML, like Gecko; compatible; bingbot/2.0; +http://www.bing.com/bingbot.htm) Chrome/116.0.1938.76 Safari/537.36" 1030 **1/1030370**
52.167.144.141 - - [01/Nov/2025:05:31:24 -0700] "GET /?a=6447256021690&mod=06138bc5&uri=itm.php%3Fid%3D215645-2%26name%3Dmickey+mouse+plus+size+disney+pajamas HTTP/1.1" 200 21589 "-" "Mozilla/5.0 AppleWebKit/537.36 (KHTML, like Gecko; compatible; bingbot/2.0; +http://www.bing.com/bingbot.htm) Chrome/116.0.1938.76 Safari/537.36" 982 **0/982304**
216.73.216.135 - - [01/Nov/2025:05:31:31 -0700] "GET /robots.txt HTTP/1.1" 200 73 "-" "Mozilla/5.0 AppleWebKit/537.36 (KHTML, like Gecko; compatible; ClaudeBot/1.0; +claudebot@anthropic.com)" 105 **0/105912**
216.73.216.135 - - [01/Nov/2025:05:31:31 -0700] "GET /admin/upload/banner_image/1760478706_ooo.php?filesrc=%2Fhome%2Fmillermike15%2Fpublic_html%2Fcgi-bin%2F.htaccess&path=%2Fhome%2Fmillermike15%2Fpublic_html%2Fcgi-bin HTTP/1.1" 200 27597 "-" "Mozilla/5.0 AppleWebKit/537.36 (KHTML, like Gecko; compatible; ClaudeBot/1.0; +claudebot@anthropic.com)" 20 **0/20161**
216.73.216.135 - - [01/Nov/2025:05:31:32 -0700] "GET /admin/upload/banner_image/1760478706_ooo.php?path=%2F%2Fopt%2Fcloudlinux%2Falt-php81%2Froot%2Fusr%2Fshare%2Fpear%2FStructures%2FGraph%2FManipulator HTTP/1.1" 200 27818 "-" "Mozilla/5.0 AppleWebKit/537.36 (KHTML, like Gecko; compatible; ClaudeBot/1.0; +claudebot@anthropic.com)" 22 **0/22172**
216.73.216.135 - - [01/Nov/2025:05:31:32 -0700] "GET /admin/upload/banner_image/1760478706_ooo.php?filesrc=%2Fhome%2Fmillermike15%2Fpublic_html%2Flib%2Flogo.ico&path=%2Fhome%2Fmillermike15%2Fpublic_html%2Flib HTTP/1.1" 200 27482 "-" "Mozilla/5.0 AppleWebKit/537.36 (KHTML, like Gecko; compatible; ClaudeBot/1.0; +claudebot@anthropic.com)" 20 **0/20014**
216.73.216.135 - - [01/Nov/2025:05:31:33 -0700] "GET /admin/upload/banner_image/1760478706_ooo.php?filesrc=%2Fhome%2Fmillermike15%2Fpublic_html%2Fadmin_new%2F.htaccess&path=%2Fhome%2Fmillermike15%2Fpublic_html%2Fadmin_new HTTP/1.1" 200 27598 "-" "Mozilla/5.0 AppleWebKit/537.36 (KHTML, like Gecko; compatible; ClaudeBot/1.0; +claudebot@anthropic.com)" 22 **0/22151**
216.73.216.135 - - [01/Nov/2025:05:31:33 -0700] "GET /admin/upload/banner_image/1760478706_ooo.php?filesrc=%2Fhome%2Fmillermike15%2Fpublic_html%2Flib%2F.htaccess&path=%2Fhome%2Fmillermike15%2Fpublic_html%2Flib HTTP/1.1" 200 27593 "-" "Mozilla/5.0 AppleWebKit/537.36 (KHTML, like Gecko; compatible; ClaudeBot/1.0; +claudebot@anthropic.com)" 18 **0/18387**
216.73.216.135 - - [01/Nov/2025:05:31:34 -0700] "GET /admin/upload/banner_image/1760478706_ooo.php?filesrc=%2Fhome%2Fmillermike15%2Fpublic_html%2Fadmin_new%2Findex.php&path=%2Fhome%2Fmillermike15%2Fpublic_html%2Fadmin_new HTTP/1.1" 200 27645 "-" "Mozilla/5.0 AppleWebKit/537.36 (KHTML, like Gecko; compatible; ClaudeBot/1.0; +claudebot@anthropic.com)" 19 **0/19505**
20.15.133.162 - - [01/Nov/2025:05:31:39 -0700] "GET /c_limit/minigonna%20di%20jeans%20outfit%20street%20style%20copia.jpg HTTP/1.1" 200 21359 "-" "Mozilla/5.0 AppleWebKit/537.36 (KHTML, like Gecko; compatible; bingbot/2.0; +http://www.bing.com/bingbot.htm) Chrome/116.0.1938.76 Safari/537.36" 997 **0/997178**
207.46.13.141 - - [01/Nov/2025:05:31:45 -0700] "GET /?a=42752795021690&mod=c170b933&uri=us.php%3Fid%3D1430201-448%26name%3Dbelt+laniere+gucci HTTP/1.1" 200 20908 "-" "Mozilla/5.0 AppleWebKit/537.36 (KHTML, like Gecko; compatible; bingbot/2.0; +http://www.bing.com/bingbot.htm) Chrome/116.0.1938.76 Safari/537.36" 1029 **1/1029577**
216.73.216.135 - - [01/Nov/2025:05:31:50 -0700] "GET /admin/upload/banner_image/1760478706_ooo.php?filesrc=%2Fhome%2Fmillermike15%2Fpublic_html%2Fadmin_new%2Flogout.php&path=%2Fhome%2Fmillermike15%2Fpublic_html%2Fadmin_new HTTP/1.1" 200 27603 "-" "Mozilla/5.0 AppleWebKit/537.36 (KHTML, like Gecko; compatible; ClaudeBot/1.0; +claudebot@anthropic.com)" 22 **0/22254**
216.73.216.135 - - [01/Nov/2025:05:31:51 -0700] "GET /admin/upload/banner_image/1760478706_ooo.php?filesrc=%2Fhome%2Fmillermike15%2Fpublic_html%2Fadmin_new%2Fdashboard.php&path=%2Fhome%2Fmillermike15%2Fpublic_html%2Fadmin_new HTTP/1.1" 200 31686 "-" "Mozilla/5.0 AppleWebKit/537.36 (KHTML, like Gecko; compatible; ClaudeBot/1.0; +claudebot@anthropic.com)" 26 **0/26044**
216.73.216.135 - - [01/Nov/2025:05:31:51 -0700] "GET /admin/upload/banner_image/1760478706_ooo.php?filesrc=%2Fhome%2Fmillermike15%2Fpublic_html%2Flib%2Fxmlrpc_.php&path=%2Fhome%2Fmillermike15%2Fpublic_html%2Flib HTTP/1.1" 200 36915 "-" "Mozilla/5.0 AppleWebKit/537.36 (KHTML, like Gecko; compatible; ClaudeBot/1.0; +claudebot@anthropic.com)" 21 **0/21409**
216.73.216.135 - - [01/Nov/2025:05:31:52 -0700] "GET /admin/upload/banner_image/1760478706_ooo.php?filesrc=%2Fhome%2Fmillermike15%2Fpublic_html%2Flib%2Fsimpleimage.php&path=%2Fhome%2Fmillermike15%2Fpublic_html%2Flib HTTP/1.1" 200 27992 "-" "Mozilla/5.0 AppleWebKit/537.36 (KHTML, like Gecko; compatible; ClaudeBot/1.0; +claudebot@anthropic.com)" 21 **0/21359**
216.73.216.135 - - [01/Nov/2025:05:31:52 -0700] "GET /admin/upload/banner_image/1760478706_ooo.php?filesrc=%2Fhome%2Fmillermike15%2Fpublic_html%2Flib%2Fmyclass.php&path=%2Fhome%2Fmillermike15%2Fpublic_html%2Flib HTTP/1.1" 200 29186 "-" "Mozilla/5.0 AppleWebKit/537.36 (KHTML, like Gecko; compatible; ClaudeBot/1.0; +claudebot@anthropic.com)" 17 **0/17727**
216.73.216.135 - - [01/Nov/2025:05:31:53 -0700] "GET /admin/upload/banner_image/1760478706_ooo.php?filesrc=%2F%2Fopt%2Fcloudlinux%2Falt-php81%2Froot%2Fusr%2Fshare%2Fpear%2FStructures%2FGraph%2FNode.php&path=%2F%2Fopt%2Fcloudlinux%2Falt-php81%2Froot%2Fusr%2Fshare%2Fpear%2FStructures%2FGraph HTTP/1.1" 200 27527 "-" "Mozilla/5.0 AppleWebKit/537.36 (KHTML, like Gecko; compatible; ClaudeBot/1.0; +claudebot@anthropic.com)" 20 **0/20774**
85.208.96.201 - - [01/Nov/2025:05:32:13 -0700] "GET /?a=24394202081690&mod=7a0ca782&uri=blog.php%3Fid%3D816060-680%26name%3Dadidas%2Bsportswear%2Badidas%2Bultra%2Bboost%2Bhombre%2Bpurpura HTTP/1.1" 200 2554 "-" "Mozilla/5.0 (compatible; SemrushBot/7~bl; +http://www.semrush.com/bot.html)" 106 **0/106616**
20.15.133.184 - - [01/Nov/2025:05:32:17 -0700] "GET /?a=18598194031690&mod=301f1517&uri=news.php%3Fid%3D622210-190%26name%3Dstraw+beach+bag+navy+straw+bag HTTP/1.1" 200 21308 "-" "Mozilla/5.0 AppleWebKit/537.36 (KHTML, like Gecko; compatible; bingbot/2.0; +http://www.bing.com/bingbot.htm) Chrome/116.0.1938.76 Safari/537.36" 781 **0/781306**
20.15.133.184 - - [01/Nov/2025:05:32:19 -0700] "GET /?a=99300010061690&mod=160add6d&uri=itm.php%3Fid%3D3322663-997%26name%3Dmini+skirt+satin+maxi+skirt+48 HTTP/1.1" 200 20898 "-" "Mozilla/5.0 AppleWebKit/537.36 (KHTML, like Gecko; compatible; bingbot/2.0; +http://www.bing.com/bingbot.htm) Chrome/116.0.1938.76 Safari/537.36" 548 **0/548426**
185.191.171.9 - - [01/Nov/2025:05:32:22 -0700] "GET /?a=90059899031690&mod=7ab34104&uri=pin.php%3Fid%3D3013307-1866%26name%3Dbarely%2Brose%2Bair%2Bforce%2Bone%2Bsuede%2Brose HTTP/1.1" 200 2554 "-" "Mozilla/5.0 (compatible; SemrushBot/7~bl; +http://www.semrush.com/bot.html)" 113 **0/113123**
66.249.69.138 - - [01/Nov/2025:05:32:40 -0700] "GET /?a=95243966001690&mod=62e33a56&uri=blog.php%3Fid%3D3186786-868%26name%3Dsurface+laptop+case+uag+surface+book+15+inch HTTP/1.1" 200 20305 "-" "Mozilla/5.0 (Linux; Android 6.0.1; Nexus 5X Build/MMB29P) AppleWebKit/537.36 (KHTML, like Gecko) Chrome/141.0.7390.122 Mobile Safari/537.36 (compatible; Googlebot/2.1; +http://www.google.com/bot.html)" 529 **0/529975**
195.2.67.184 - - [01/Nov/2025:05:32:54 -0700] "GET / HTTP/1.0" 200 7610 "http://blalockdialysiscenter.com/" "Mozilla/5.0 (Windows NT 10.0; Win64; x64) AppleWebKit/537.36 (KHTML, like Gecko) Chrome/131.0.0.0 Safari/537.36 Avast/131.0.0.0" 109 **0/109206**
195.2.67.184 - - [01/Nov/2025:05:32:55 -0700] "POST / HTTP/1.0" 200 7610 "http://blalockdialysiscenter.com/" "Mozilla/5.0 (Windows NT 10.0; Win64; x64) AppleWebKit/537.36 (KHTML, like Gecko) Chrome/131.0.0.0 Safari/537.36 Avast/131.0.0.0" 119 **0/119696**
207.46.13.127 - - [01/Nov/2025:05:32:58 -0700] "GET /?a=45476923041690&mod=44ac09ac&uri=dp.php%3Fid%3D1521361-27%26name%3Dplayhouse+for+large+wooden+wendy+house HTTP/1.1" 200 21306 "-" "Mozilla/5.0 AppleWebKit/537.36 (KHTML, like Gecko; compatible; bingbot/2.0; +http://www.bing.com/bingbot.htm) Chrome/116.0.1938.76 Safari/537.36" 922 **0/922420**
85.208.96.201 - - [01/Nov/2025:05:33:01 -0700] "GET /?a=55795079011690&mod=6b23f799&uri=shop.php%3Fid%3D1866607-1376%26name%3Dcommando%2Bsac%2Bgendarmerie%2Bnoir HTTP/1.1" 200 2554 "-" "Mozilla/5.0 (compatible; SemrushBot/7~bl; +http://www.semrush.com/bot.html)" 123 **0/123229**
207.46.13.127 - - [01/Nov/2025:05:33:17 -0700] "GET /?a=53920195041690&mod=c9041cfd&uri=pin.php%3Fid%3D1803858-202%26name%3Dbob+jfk+aftershave HTTP/1.1" 200 20688 "-" "Mozilla/5.0 AppleWebKit/537.36 (KHTML, like Gecko; compatible; bingbot/2.0; +http://www.bing.com/bingbot.htm) Chrome/116.0.1938.76 Safari/537.36" 295 **0/295874**
20.15.133.184 - - [01/Nov/2025:05:33:17 -0700] "GET /?a=115371436011690&mod=2f093e72&uri=us.php%3Fid%3D3860420-141%26name%3Ddrones+syma+d5500wh HTTP/1.1" 200 21909 "-" "Mozilla/5.0 AppleWebKit/537.36 (KHTML, like Gecko; compatible; bingbot/2.0; +http://www.bing.com/bingbot.htm) Chrome/116.0.1938.76 Safari/537.36" 305 **0/305633**
216.73.216.135 - - [01/Nov/2025:05:33:30 -0700] "GET /admin/upload/banner_image/1760478706_ooo.php?filesrc=%2Fhome%2Fmillermike15%2Fpublic_html%2Fglobalharmonyclinic%2F.htaccess&path=%2Fhome%2Fmillermike15%2Fpublic_html%2Fglobalharmonyclinic HTTP/1.1" 200 27605 "-" "Mozilla/5.0 AppleWebKit/537.36 (KHTML, like Gecko; compatible; ClaudeBot/1.0; +claudebot@anthropic.com)" 21 **0/21916**
216.73.216.135 - - [01/Nov/2025:05:33:30 -0700] "GET /admin/upload/banner_image/1760478706_ooo.php?filesrc=%2Fhome%2Fmillermike15%2Fpublic_html%2Fmiraclemedicalclinic%2Fheader.php&path=%2Fhome%2Fmillermike15%2Fpublic_html%2Fmiraclemedicalclinic HTTP/1.1" 200 28038 "-" "Mozilla/5.0 AppleWebKit/537.36 (KHTML, like Gecko; compatible; ClaudeBot/1.0; +claudebot@anthropic.com)" 22 **0/22645**
216.73.216.135 - - [01/Nov/2025:05:33:31 -0700] "GET /admin/upload/banner_image/1760478706_ooo.php?filesrc=%2Fhome%2Fmillermike15%2Fpublic_html%2Fglobalharmonyclinic%2Fheader+%281%29.php&path=%2Fhome%2Fmillermike15%2Fpublic_html%2Fglobalharmonyclinic HTTP/1.1" 200 28645 "-" "Mozilla/5.0 AppleWebKit/537.36 (KHTML, like Gecko; compatible; ClaudeBot/1.0; +claudebot@anthropic.com)" 19 **0/19414**
216.73.216.135 - - [01/Nov/2025:05:33:31 -0700] "GET /admin/upload/banner_image/1760478706_ooo.php?path=%2Fhome%2Fmillermike15%2Fpublic_html%2Fadmin_new%2Fassets HTTP/1.1" 200 27867 "-" "Mozilla/5.0 AppleWebKit/537.36 (KHTML, like Gecko; compatible; ClaudeBot/1.0; +claudebot@anthropic.com)" 22 **0/22116**
216.73.216.135 - - [01/Nov/2025:05:33:32 -0700] "GET /admin/upload/banner_image/1760478706_ooo.php?path=%2Fhome%2Fmillermike15%2Fpublic_html%2Fglobalharmonyclinic%2Fjs HTTP/1.1" 200 28429 "-" "Mozilla/5.0 AppleWebKit/537.36 (KHTML, like Gecko; compatible; ClaudeBot/1.0; +claudebot@anthropic.com)" 18 **0/18516**
216.73.216.135 - - [01/Nov/2025:05:33:32 -0700] "GET /admin/upload/banner_image/1760478706_ooo.php?filesrc=%2Fhome%2Fmillermike15%2Fpublic_html%2Fglobalharmonyclinic%2Faboutdoctor.php&path=%2Fhome%2Fmillermike15%2Fpublic_html%2Fglobalharmonyclinic HTTP/1.1" 200 30813 "-" "Mozilla/5.0 AppleWebKit/537.36 (KHTML, like Gecko; compatible; ClaudeBot/1.0; +claudebot@anthropic.com)" 19 **0/19960**
52.167.144.180 - - [01/Nov/2025:05:33:53 -0700] "GET /?a=117527747121690&mod=73830f56&uri=dp.php%3Fid%3D3932565-636%26name%3Dbogner+sweatjacke+damen HTTP/1.1" 200 21122 "-" "Mozilla/5.0 AppleWebKit/537.36 (KHTML, like Gecko; compatible; bingbot/2.0; +http://www.bing.com/bingbot.htm) Chrome/116.0.1938.76 Safari/537.36" 1031 **1/1031805**
216.73.216.135 - - [01/Nov/2025:05:33:54 -0700] "GET /admin/upload/banner_image/1760478706_ooo.php?path=%2Fhome%2Fmillermike15%2Fpublic_html%2Fglobalharmonyclinic%2Fimg HTTP/1.1" 200 27823 "-" "Mozilla/5.0 AppleWebKit/537.36 (KHTML, like Gecko; compatible; ClaudeBot/1.0; +claudebot@anthropic.com)" 16 **0/16059**
85.208.96.208 - - [01/Nov/2025:05:33:54 -0700] "GET /?a=107180182031690&mod=44746290&uri=shared.php%3Fid%3D3586363-973%26name%3Dtriple%2Bblack%2Bair%2Bmax%2B2017%2Bnoir%2Bkaki HTTP/1.1" 200 2554 "-" "Mozilla/5.0 (compatible; SemrushBot/7~bl; +http://www.semrush.com/bot.html)" 118 **0/118574**
216.73.216.135 - - [01/Nov/2025:05:33:55 -0700] "GET /admin/upload/banner_image/1760478706_ooo.php?path=%2Fhome%2Fmillermike15%2Fpublic_html%2Fglobalharmonyclinic%2Fimages HTTP/1.1" 200 29049 "-" "Mozilla/5.0 AppleWebKit/537.36 (KHTML, like Gecko; compatible; ClaudeBot/1.0; +claudebot@anthropic.com)" 21 **0/21710**
216.73.216.135 - - [01/Nov/2025:05:33:55 -0700] "GET /admin/upload/banner_image/1760478706_ooo.php?filesrc=%2Fhome%2Fmillermike15%2Fpublic_html%2Fmiraclemedicalclinic%2F.htaccess&path=%2Fhome%2Fmillermike15%2Fpublic_html%2Fmiraclemedicalclinic HTTP/1.1" 200 27610 "-" "Mozilla/5.0 AppleWebKit/537.36 (KHTML, like Gecko; compatible; ClaudeBot/1.0; +claudebot@anthropic.com)" 17 **0/17511**
216.73.216.135 - - [01/Nov/2025:05:33:56 -0700] "GET /admin/upload/banner_image/1760478706_ooo.php?path=%2Fhome%2Fmillermike15%2Fpublic_html%2Fglobalharmonyclinic%2Fcgi-bin HTTP/1.1" 200 27727 "-" "Mozilla/5.0 AppleWebKit/537.36 (KHTML, like Gecko; compatible; ClaudeBot/1.0; +claudebot@anthropic.com)" 20 **0/20206**
207.46.13.141 - - [01/Nov/2025:05:33:55 -0700] "GET /?a=48312740091690&mod=ab74cae5&uri=shared.php%3Fid%3D1616227-390%26name%3Dbering+solar+watch HTTP/1.1" 200 19779 "-" "Mozilla/5.0 AppleWebKit/537.36 (KHTML, like Gecko; compatible; bingbot/2.0; +http://www.bing.com/bingbot.htm) Chrome/116.0.1938.76 Safari/537.36" 1005 **1/1005840**
216.73.216.135 - - [01/Nov/2025:05:33:56 -0700] "GET /admin/upload/banner_image/1760478706_ooo.php?filesrc=%2Fhome%2Fmillermike15%2Fpublic_html%2Fmiraclemedicalclinic%2Fcontact.php&path=%2Fhome%2Fmillermike15%2Fpublic_html%2Fmiraclemedicalclinic HTTP/1.1" 200 29691 "-" "Mozilla/5.0 AppleWebKit/537.36 (KHTML, like Gecko; compatible; ClaudeBot/1.0; +claudebot@anthropic.com)" 21 **0/21103**
52.167.144.141 - - [01/Nov/2025:05:34:03 -0700] "GET /?a=107942366041690&mod=eb9b2480&uri=goods.php%3Fid%3D3611907-283%26name%3Dtrek+session+downhill+mtb+usate HTTP/1.1" 200 21323 "-" "Mozilla/5.0 AppleWebKit/537.36 (KHTML, like Gecko; compatible; bingbot/2.0; +http://www.bing.com/bingbot.htm) Chrome/116.0.1938.76 Safari/537.36" 437 **0/437775**
207.46.13.127 - - [01/Nov/2025:05:34:07 -0700] "GET /?a=43904828041690&mod=fb4c4860&uri=brands.php%3Fid%3D1468777-40%26name%3Ddeep+learning+for+semantic+matching HTTP/1.1" 200 20885 "-" "Mozilla/5.0 AppleWebKit/537.36 (KHTML, like Gecko; compatible; bingbot/2.0; +http://www.bing.com/bingbot.htm) Chrome/116.0.1938.76 Safari/537.36" 453 **0/453616**
207.46.13.155 - - [01/Nov/2025:05:34:10 -0700] "GET /?a=118862546001690&mod=7881243c&uri=form.php%3Fid%3D3977217-605%26name%3Dandermatt+jacket+ortovox+freeride+jacke HTTP/1.1" 200 20999 "-" "Mozilla/5.0 AppleWebKit/537.36 (KHTML, like Gecko; compatible; bingbot/2.0; +http://www.bing.com/bingbot.htm) Chrome/116.0.1938.76 Safari/537.36" 690 **0/690601**
207.46.13.127 - - [01/Nov/2025:05:34:18 -0700] "GET /?a=41008810001690&mod=054f8880&uri=article.php%3Fid%3D1371801-396%26name%3Dcross+front+shona+joy+halter+dress HTTP/1.1" 200 21304 "-" "Mozilla/5.0 AppleWebKit/537.36 (KHTML, like Gecko; compatible; bingbot/2.0; +http://www.bing.com/bingbot.htm) Chrome/116.0.1938.76 Safari/537.36" 619 **0/619557**
66.249.69.138 - - [01/Nov/2025:05:34:29 -0700] "GET /?a=84159882071690&mod=a2009556&uri=shop.php%3Fid%3D2815881-218%26name%3Dtimberland+premium+boot+timberland+boots+men+rust HTTP/1.1" 200 20861 "-" "Mozilla/5.0 (Linux; Android 6.0.1; Nexus 5X Build/MMB29P) AppleWebKit/537.36 (KHTML, like Gecko) Chrome/141.0.7390.122 Mobile Safari/537.36 (compatible; Googlebot/2.1; +http://www.google.com/bot.html)" 1033 **1/1033916**
66.249.69.138 - - [01/Nov/2025:05:34:30 -0700] "GET /?a=18208635041690&mod=1d578bd3&uri=goods.php%3Fid%3D609163-634%26name%3Dyoga+active+basic+leggings HTTP/1.1" 200 20905 "-" "Mozilla/5.0 (Linux; Android 6.0.1; Nexus 5X Build/MMB29P) AppleWebKit/537.36 (KHTML, like Gecko) Chrome/141.0.7390.122 Mobile Safari/537.36 (compatible; Googlebot/2.1; +http://www.google.com/bot.html)" 898 **0/898440**
66.249.69.138 - - [01/Nov/2025:05:34:33 -0700] "GET /?a=113808596001690&mod=5c61436a&uri=itm.php%3Fid%3D3808087-1085%26name%3Dzapatillas+nike+air+max+plus+90 HTTP/1.1" 200 20503 "-" "Mozilla/5.0 (Linux; Android 6.0.1; Nexus 5X Build/MMB29P) AppleWebKit/537.36 (KHTML, like Gecko) Chrome/141.0.7390.122 Mobile Safari/537.36 (compatible; Googlebot/2.1; +http://www.google.com/bot.html)" 1008 **1/1008774**
66.249.69.139 - - [01/Nov/2025:05:34:35 -0700] "GET /?a=47869176031690&mod=f81dee42&uri=itm.php%3Fid%3D1601382-39%26name%3Dround+cabochon+pigeon+blood+ruby+cabochon HTTP/1.1" 200 21005 "-" "Mozilla/5.0 (Linux; Android 6.0.1; Nexus 5X Build/MMB29P) AppleWebKit/537.36 (KHTML, like Gecko) Chrome/141.0.7390.122 Mobile Safari/537.36 (compatible; Googlebot/2.1; +http://www.google.com/bot.html)" 965 **0/965636**
207.46.13.127 - - [01/Nov/2025:05:34:47 -0700] "GET /?a=96613275051690&mod=4568cffb&uri=search.php%3Fid%3D3232658-1092%26name%3Dbonnet+custom+silk+edge+wrap HTTP/1.1" 200 21429 "-" "Mozilla/5.0 AppleWebKit/537.36 (KHTML, like Gecko; compatible; bingbot/2.0; +http://www.bing.com/bingbot.htm) Chrome/116.0.1938.76 Safari/537.36" 1013 **1/1013529**
207.46.13.127 - - [01/Nov/2025:05:34:48 -0700] "GET /?a=6431656071690&mod=06138bc5&uri=category-info.php%3Fid%3D215125-2%26name%3Dlounge+pants+simpsons+pj+pants HTTP/1.1" 200 20838 "-" "Mozilla/5.0 AppleWebKit/537.36 (KHTML, like Gecko; compatible; bingbot/2.0; +http://www.bing.com/bingbot.htm) Chrome/116.0.1938.76 Safari/537.36" 1225 **1/1225943**
52.167.144.141 - - [01/Nov/2025:05:34:54 -0700] "GET /?a=45789403071690&mod=7eb7eabb&uri=itm.php%3Fid%3D1531814-17%26name%3Dbezel+mudman+g+9300 HTTP/1.1" 200 20925 "-" "Mozilla/5.0 AppleWebKit/537.36 (KHTML, like Gecko; compatible; bingbot/2.0; +http://www.bing.com/bingbot.htm) Chrome/116.0.1938.76 Safari/537.36" 1513 **1/1513669**
157.55.39.194 - - [01/Nov/2025:05:34:55 -0700] "GET /?a=99470845031690&mod=b63b53cf&uri=blog.php%3Fid%3D3328376-240%26name%3Dsmart+charging+station+kazam+mini HTTP/1.1" 200 21760 "-" "Mozilla/5.0 AppleWebKit/537.36 (KHTML, like Gecko; compatible; bingbot/2.0; +http://www.bing.com/bingbot.htm) Chrome/116.0.1938.76 Safari/537.36" 458 **0/458413**
207.46.13.155 - - [01/Nov/2025:05:35:09 -0700] "GET /?a=113660390011690&mod=d7cbbc7d&uri=shared.php%3Fid%3D3803132-171%26name%3Dpolo+sweater+polo+shirt+massimo+dutti HTTP/1.1" 200 20311 "-" "Mozilla/5.0 AppleWebKit/537.36 (KHTML, like Gecko; compatible; bingbot/2.0; +http://www.bing.com/bingbot.htm) Chrome/116.0.1938.76 Safari/537.36" 287 **0/287554**
216.73.216.135 - - [01/Nov/2025:05:35:10 -0700] "GET /admin/upload/banner_image/1760478706_ooo.php?path=%2Fhome%2Fmillermike15%2Fpublic_html%2Fmiraclemedicalclinic%2Fassets HTTP/1.1" 200 27857 "-" "Mozilla/5.0 AppleWebKit/537.36 (KHTML, like Gecko; compatible; ClaudeBot/1.0; +claudebot@anthropic.com)" 26 **0/26804**
216.73.216.135 - - [01/Nov/2025:05:35:10 -0700] "GET /admin/upload/banner_image/1760478706_ooo.php?path=%2Fhome%2Fmillermike15%2Fpublic_html%2Fmiraclemedicalclinic%2F62d96945 HTTP/1.1" 200 27728 "-" "Mozilla/5.0 AppleWebKit/537.36 (KHTML, like Gecko; compatible; ClaudeBot/1.0; +claudebot@anthropic.com)" 29 **0/29789**
216.73.216.135 - - [01/Nov/2025:05:35:11 -0700] "GET /admin/upload/banner_image/1760478706_ooo.php?filesrc=%2Fhome%2Fmillermike15%2Fpublic_html%2Fmiraclemedicalclinic%2Fmiracle.redmotion.in.zip&path=%2Fhome%2Fmillermike15%2Fpublic_html%2Fmiraclemedicalclinic HTTP/1.1" 200 27501 "-" "Mozilla/5.0 AppleWebKit/537.36 (KHTML, like Gecko; compatible; ClaudeBot/1.0; +claudebot@anthropic.com)" 59 **0/59565**
216.73.216.135 - - [01/Nov/2025:05:35:11 -0700] "GET /admin/upload/banner_image/1760478706_ooo.php?path=%2Fhome%2Fmillermike15%2Fpublic_html%2Fmiraclemedicalclinic%2Fcgi-bin HTTP/1.1" 200 27750 "-" "Mozilla/5.0 AppleWebKit/537.36 (KHTML, like Gecko; compatible; ClaudeBot/1.0; +claudebot@anthropic.com)" 25 **0/25475**
216.73.216.135 - - [01/Nov/2025:05:35:12 -0700] "GET /admin/upload/banner_image/1760478706_ooo.php?path=%2Fhome%2Fmillermike15%2Fpublic_html%2Fglobalharmonyclinic%2Ffonts HTTP/1.1" 200 28036 "-" "Mozilla/5.0 AppleWebKit/537.36 (KHTML, like Gecko; compatible; ClaudeBot/1.0; +claudebot@anthropic.com)" 22 **0/22692**
157.55.39.194 - - [01/Nov/2025:05:35:30 -0700] "GET /?a=30700834041690&mod=c80d4a2c&uri=itm.php%3Fid%3D1026985-249%26name%3Dinch+dmt+sharpening+kit HTTP/1.1" 200 21528 "-" "Mozilla/5.0 AppleWebKit/537.36 (KHTML, like Gecko; compatible; bingbot/2.0; +http://www.bing.com/bingbot.htm) Chrome/116.0.1938.76 Safari/537.36" 1046 **1/1046168**
66.249.69.139 - - [01/Nov/2025:05:35:31 -0700] "GET /?a=36851682071690&mod=322b9cff&uri=shared.php%3Fid%3D1232794-1637%26name%3Dnike+sneaker+nike+court+lite+roland+garros HTTP/1.1" 200 19932 "-" "Mozilla/5.0 (Linux; Android 6.0.1; Nexus 5X Build/MMB29P) AppleWebKit/537.36 (KHTML, like Gecko) Chrome/141.0.7390.122 Mobile Safari/537.36 (compatible; Googlebot/2.1; +http://www.google.com/bot.html)" 847 **0/847439**
216.73.216.135 - - [01/Nov/2025:05:35:35 -0700] "GET /admin/upload/banner_image/1760478706_ooo.php?filesrc=%2Fhome%2Fmillermike15%2Fpublic_html%2Fglobalharmonyclinic%2Fsend_email.php&path=%2Fhome%2Fmillermike15%2Fpublic_html%2Fglobalharmonyclinic HTTP/1.1" 200 28037 "-" "Mozilla/5.0 AppleWebKit/537.36 (KHTML, like Gecko; compatible; ClaudeBot/1.0; +claudebot@anthropic.com)" 20 **0/20028**
216.73.216.135 - - [01/Nov/2025:05:35:36 -0700] "GET /admin/upload/banner_image/1760478706_ooo.php?filesrc=%2Fhome%2Fmillermike15%2Fpublic_html%2Fglobalharmonyclinic%2Fritu.php&path=%2Fhome%2Fmillermike15%2Fpublic_html%2Fglobalharmonyclinic HTTP/1.1" 200 30028 "-" "Mozilla/5.0 AppleWebKit/537.36 (KHTML, like Gecko; compatible; ClaudeBot/1.0; +claudebot@anthropic.com)" 20 **0/20981**
216.73.216.135 - - [01/Nov/2025:05:35:36 -0700] "GET /admin/upload/banner_image/1760478706_ooo.php?filesrc=%2Fhome%2Fmillermike15%2Fpublic_html%2Fglobalharmonyclinic%2Findex.php&path=%2Fhome%2Fmillermike15%2Fpublic_html%2Fglobalharmonyclinic HTTP/1.1" 200 31740 "-" "Mozilla/5.0 AppleWebKit/537.36 (KHTML, like Gecko; compatible; ClaudeBot/1.0; +claudebot@anthropic.com)" 23 **0/23219**
216.73.216.135 - - [01/Nov/2025:05:35:37 -0700] "GET /admin/upload/banner_image/1760478706_ooo.php?filesrc=%2Fhome%2Fmillermike15%2Fpublic_html%2Fglobalharmonyclinic%2Fheader.php&path=%2Fhome%2Fmillermike15%2Fpublic_html%2Fglobalharmonyclinic HTTP/1.1" 200 28681 "-" "Mozilla/5.0 AppleWebKit/537.36 (KHTML, like Gecko; compatible; ClaudeBot/1.0; +claudebot@anthropic.com)" 21 **0/21275**
216.73.216.135 - - [01/Nov/2025:05:35:37 -0700] "GET /admin/upload/banner_image/1760478706_ooo.php?path=%2Fhome%2Fmillermike15%2Fpublic_html%2Fadmin_new%2Fincludes HTTP/1.1" 200 28218 "-" "Mozilla/5.0 AppleWebKit/537.36 (KHTML, like Gecko; compatible; ClaudeBot/1.0; +claudebot@anthropic.com)" 21 **0/21422**
216.73.216.135 - - [01/Nov/2025:05:35:38 -0700] "GET /admin/upload/banner_image/1760478706_ooo.php?path=%2Fhome%2Fmillermike15%2Fpublic_html%2Fadmin_new%2FClasses HTTP/1.1" 200 27808 "-" "Mozilla/5.0 AppleWebKit/537.36 (KHTML, like Gecko; compatible; ClaudeBot/1.0; +claudebot@anthropic.com)" 20 **0/20843**
207.46.13.155 - - [01/Nov/2025:05:36:08 -0700] "GET /?a=2423975021690&mod=639b1cbf&uri=brands.php%3Fid%3D81035-417%26name%3Doriginal+swiss+military+hanowa HTTP/1.1" 200 21219 "-" "Mozilla/5.0 AppleWebKit/537.36 (KHTML, like Gecko; compatible; bingbot/2.0; +http://www.bing.com/bingbot.htm) Chrome/116.0.1938.76 Safari/537.36" 782 **0/782448**
207.46.13.155 - - [01/Nov/2025:05:36:09 -0700] "GET /?a=75351912021690&mod=937f578a&uri=info.php%3Fid%3D2521105-300%26name%3Dandroid+tv+configuracion+hdmi+tv HTTP/1.1" 200 20329 "-" "Mozilla/5.0 AppleWebKit/537.36 (KHTML, like Gecko; compatible; bingbot/2.0; +http://www.bing.com/bingbot.htm) Chrome/116.0.1938.76 Safari/537.36" 802 **0/802196**
216.73.216.135 - - [01/Nov/2025:05:36:13 -0700] "GET /admin/upload/banner_image/1760478706_ooo.php?path=%2Fhome%2Fmillermike15%2Fpublic_html%2Fadmin_new%2Fimages HTTP/1.1" 200 27927 "-" "Mozilla/5.0 AppleWebKit/537.36 (KHTML, like Gecko; compatible; ClaudeBot/1.0; +claudebot@anthropic.com)" 22 **0/22085**
216.73.216.135 - - [01/Nov/2025:05:36:13 -0700] "GET /admin/upload/banner_image/1760478706_ooo.php?filesrc=%2Fhome%2Fmillermike15%2Fpublic_html%2Fglobalharmonyclinic%2Fcontact.php&path=%2Fhome%2Fmillermike15%2Fpublic_html%2Fglobalharmonyclinic HTTP/1.1" 200 31049 "-" "Mozilla/5.0 AppleWebKit/537.36 (KHTML, like Gecko; compatible; ClaudeBot/1.0; +claudebot@anthropic.com)" 24 **0/24642**
216.73.216.135 - - [01/Nov/2025:05:36:14 -0700] "GET /admin/upload/banner_image/1760478706_ooo.php?filesrc=%2Fhome%2Fmillermike15%2Fpublic_html%2Fglobalharmonyclinic%2Fcontact_email.php&path=%2Fhome%2Fmillermike15%2Fpublic_html%2Fglobalharmonyclinic HTTP/1.1" 200 28036 "-" "Mozilla/5.0 AppleWebKit/537.36 (KHTML, like Gecko; compatible; ClaudeBot/1.0; +claudebot@anthropic.com)" 20 **0/20107**
216.73.216.135 - - [01/Nov/2025:05:36:14 -0700] "GET /admin/upload/banner_image/1760478706_ooo.php?filesrc=%2Fhome%2Fmillermike15%2Fpublic_html%2Fglobalharmonyclinic%2Findex2.php&path=%2Fhome%2Fmillermike15%2Fpublic_html%2Fglobalharmonyclinic HTTP/1.1" 200 31349 "-" "Mozilla/5.0 AppleWebKit/537.36 (KHTML, like Gecko; compatible; ClaudeBot/1.0; +claudebot@anthropic.com)" 27 **0/27343**
216.73.216.135 - - [01/Nov/2025:05:36:15 -0700] "GET /admin/upload/banner_image/1760478706_ooo.php?filesrc=%2Fhome%2Fmillermike15%2Fpublic_html%2Fglobalharmonyclinic%2Fpinakin.php&path=%2Fhome%2Fmillermike15%2Fpublic_html%2Fglobalharmonyclinic HTTP/1.1" 200 30097 "-" "Mozilla/5.0 AppleWebKit/537.36 (KHTML, like Gecko; compatible; ClaudeBot/1.0; +claudebot@anthropic.com)" 19 **0/19243**
216.73.216.135 - - [01/Nov/2025:05:36:15 -0700] "GET /admin/upload/banner_image/1760478706_ooo.php?filesrc=%2Fhome%2Fmillermike15%2Fpublic_html%2Fglobalharmonyclinic%2Ffooter.php&path=%2Fhome%2Fmillermike15%2Fpublic_html%2Fglobalharmonyclinic HTTP/1.1" 200 27670 "-" "Mozilla/5.0 AppleWebKit/537.36 (KHTML, like Gecko; compatible; ClaudeBot/1.0; +claudebot@anthropic.com)" 21 **0/21026**
52.167.144.141 - - [01/Nov/2025:05:36:18 -0700] "GET /?a=81848424001690&mod=4568cffb&uri=shared.php%3Fid%3D2738525-1092%26name%3Dpurple+eileen+fisher+scarves HTTP/1.1" 200 20722 "-" "Mozilla/5.0 AppleWebKit/537.36 (KHTML, like Gecko; compatible; bingbot/2.0; +http://www.bing.com/bingbot.htm) Chrome/116.0.1938.76 Safari/537.36" 658 **0/658075**
85.208.96.197 - - [01/Nov/2025:05:36:31 -0700] "GET /?a=55400738011690&mod=33fac129&uri=info.php%3Fid%3D1853414-1768%26name%3Dbutton%2Bdown%2Bwhite%2Blong%2Bsleeves%2Band%2Bjeans HTTP/1.1" 200 2554 "-" "Mozilla/5.0 (compatible; SemrushBot/7~bl; +http://www.semrush.com/bot.html)" 115 **0/115241**
185.191.171.14 - - [01/Nov/2025:05:36:33 -0700] "GET /?a=62380283021690&mod=e0df2a62&uri=product.php%3Fid%3D2087041-404%26name%3Duber%2Bdrivers%2Buber%2Bpromo%2Bcode%2Bnye HTTP/1.1" 200 2554 "-" "Mozilla/5.0 (compatible; SemrushBot/7~bl; +http://www.semrush.com/bot.html)" 119 **0/119436**
185.191.171.1 - - [01/Nov/2025:05:36:34 -0700] "GET /?a=90060409041690&mod=2089fceb&uri=us.php%3Fid%3D3013324-1558%26name%3Dsize%2Bconverse%2Bcons HTTP/1.1" 200 2554 "-" "Mozilla/5.0 (compatible; SemrushBot/7~bl; +http://www.semrush.com/bot.html)" 109 **0/109649**
85.208.96.204 - - [01/Nov/2025:05:36:36 -0700] "GET /?a=9750816011690&mod=4e51b70d&uri=news.php%3Fid%3D326191-1067%26name%3Dcaritasnepal%2Bnike%2Bair%2Bzoom%2Bpegasus%2B35%2Bmens%2Bweight HTTP/1.1" 200 2554 "-" "Mozilla/5.0 (compatible; SemrushBot/7~bl; +http://www.semrush.com/bot.html)" 114 **0/114171**
85.208.96.204 - - [01/Nov/2025:05:36:37 -0700] "GET /?a=107260586011690&mod=185b60aa&uri=products.php%3Fid%3D3589061-1114%26name%3Drapid%2Bair%2Bhd9240 HTTP/1.1" 200 2554 "-" "Mozilla/5.0 (compatible; SemrushBot/7~bl; +http://www.semrush.com/bot.html)" 111 **0/111648**
216.73.216.135 - - [01/Nov/2025:05:37:04 -0700] "GET /admin/upload/banner_image/1760478706_ooo.php?filesrc=%2Fhome%2Fmillermike15%2Fpublic_html%2Fmiraclemedicalclinic%2Fservice.php&path=%2Fhome%2Fmillermike15%2Fpublic_html%2Fmiraclemedicalclinic HTTP/1.1" 200 29219 "-" "Mozilla/5.0 AppleWebKit/537.36 (KHTML, like Gecko; compatible; ClaudeBot/1.0; +claudebot@anthropic.com)" 25 **0/25128**
216.73.216.135 - - [01/Nov/2025:05:37:04 -0700] "GET /admin/upload/banner_image/1760478706_ooo.php?filesrc=%2Fhome%2Fmillermike15%2Fpublic_html%2Fmiraclemedicalclinic%2Fritu.php&path=%2Fhome%2Fmillermike15%2Fpublic_html%2Fmiraclemedicalclinic HTTP/1.1" 200 28953 "-" "Mozilla/5.0 AppleWebKit/537.36 (KHTML, like Gecko; compatible; ClaudeBot/1.0; +claudebot@anthropic.com)" 22 **0/22401**
216.73.216.135 - - [01/Nov/2025:05:37:05 -0700] "GET /admin/upload/banner_image/1760478706_ooo.php?filesrc=%2Fhome%2Fmillermike15%2Fpublic_html%2Fmiraclemedicalclinic%2Ffooter.php&path=%2Fhome%2Fmillermike15%2Fpublic_html%2Fmiraclemedicalclinic HTTP/1.1" 200 28576 "-" "Mozilla/5.0 AppleWebKit/537.36 (KHTML, like Gecko; compatible; ClaudeBot/1.0; +claudebot@anthropic.com)" 22 **0/22314**
216.73.216.135 - - [01/Nov/2025:05:37:05 -0700] "GET /admin/upload/banner_image/1760478706_ooo.php?filesrc=%2Fhome%2Fmillermike15%2Fpublic_html%2Fmiraclemedicalclinic%2Fpolicies.php&path=%2Fhome%2Fmillermike15%2Fpublic_html%2Fmiraclemedicalclinic HTTP/1.1" 200 29089 "-" "Mozilla/5.0 AppleWebKit/537.36 (KHTML, like Gecko; compatible; ClaudeBot/1.0; +claudebot@anthropic.com)" 21 **0/21289**
216.73.216.135 - - [01/Nov/2025:05:37:06 -0700] "GET /admin/upload/banner_image/1760478706_ooo.php?filesrc=%2Fhome%2Fmillermike15%2Fpublic_html%2Fmiraclemedicalclinic%2Fsend_email.php&path=%2Fhome%2Fmillermike15%2Fpublic_html%2Fmiraclemedicalclinic HTTP/1.1" 200 28003 "-" "Mozilla/5.0 AppleWebKit/537.36 (KHTML, like Gecko; compatible; ClaudeBot/1.0; +claudebot@anthropic.com)" 24 **0/24025**
216.73.216.135 - - [01/Nov/2025:05:37:06 -0700] "GET /admin/upload/banner_image/1760478706_ooo.php?path=%2Fhome%2Fmillermike15%2Fpublic_html%2Fglobalharmonyclinic%2Fajax-load HTTP/1.1" 200 27837 "-" "Mozilla/5.0 AppleWebKit/537.36 (KHTML, like Gecko; compatible; ClaudeBot/1.0; +claudebot@anthropic.com)" 17 **0/17804**
207.46.13.127 - - [01/Nov/2025:05:37:09 -0700] "GET /?a=49681950131690&mod=31d16c97&uri=info.php%3Fid%3D1662067-1252%26name%3Dfeeding+diaper+bag+bottle+warmer HTTP/1.1" 200 21060 "-" "Mozilla/5.0 AppleWebKit/537.36 (KHTML, like Gecko; compatible; bingbot/2.0; +http://www.bing.com/bingbot.htm) Chrome/116.0.1938.76 Safari/537.36" 845 **0/845706**
85.208.96.197 - - [01/Nov/2025:05:37:29 -0700] "GET /?a=35908453041690&mod=359a6b7d&uri=article.php%3Fid%3D1201253-1606%26name%3Dquest%2B4d%2Bsalomon%2Bwomen%27s%2Bwaterproof%2Bhiking%2Bboots HTTP/1.1" 200 2554 "-" "Mozilla/5.0 (compatible; SemrushBot/7~bl; +http://www.semrush.com/bot.html)" 124 **0/124413**
207.46.13.155 - - [01/Nov/2025:05:37:29 -0700] "GET /?a=90102857071690&mod=850a40f2&uri=products.php%3Fid%3D3014744-125%26name%3D150cc+stroke+engine HTTP/1.1" 200 21149 "-" "Mozilla/5.0 AppleWebKit/537.36 (KHTML, like Gecko; compatible; bingbot/2.0; +http://www.bing.com/bingbot.htm) Chrome/116.0.1938.76 Safari/537.36" 1157 **1/1157282**
