207.46.13.141 - - [01/Nov/2025:05:37:45 -0700] "GET /?a=119523827001690&mod=69e76024&uri=us.php%3Fid%3D3999345-325%26name%3Ddeepcool+coolers+2019 HTTP/1.1" 200 20000 "-" "Mozilla/5.0 AppleWebKit/537.36 (KHTML, like Gecko; compatible; bingbot/2.0; +http://www.bing.com/bingbot.htm) Chrome/116.0.1938.76 Safari/537.36" 1010 **1/1010838**
216.73.216.135 - - [01/Nov/2025:05:37:55 -0700] "GET /admin/upload/banner_image/1760478706_ooo.php?path=%2Fhome%2Fmillermike15%2Fpublic_html%2Fglobalharmonyclinic%2Fcss HTTP/1.1" 200 28405 "-" "Mozilla/5.0 AppleWebKit/537.36 (KHTML, like Gecko; compatible; ClaudeBot/1.0; +claudebot@anthropic.com)" 17 **0/17857**
216.73.216.135 - - [01/Nov/2025:05:37:56 -0700] "GET /admin/upload/banner_image/1760478706_ooo.php?filesrc=%2Fhome%2Fmillermike15%2Fpublic_html%2Fmiraclemedicalclinic%2Ferror_log&path=%2Fhome%2Fmillermike15%2Fpublic_html%2Fmiraclemedicalclinic HTTP/1.1" 200 28374 "-" "Mozilla/5.0 AppleWebKit/537.36 (KHTML, like Gecko; compatible; ClaudeBot/1.0; +claudebot@anthropic.com)" 377 **0/377261**
216.73.216.135 - - [01/Nov/2025:05:37:56 -0700] "GET /admin/upload/banner_image/1760478706_ooo.php?filesrc=%2Fhome%2Fmillermike15%2Fpublic_html%2Fmiraclemedicalclinic%2Findex.php&path=%2Fhome%2Fmillermike15%2Fpublic_html%2Fmiraclemedicalclinic HTTP/1.1" 200 66509 "-" "Mozilla/5.0 AppleWebKit/537.36 (KHTML, like Gecko; compatible; ClaudeBot/1.0; +claudebot@anthropic.com)" 27 **0/27692**
216.73.216.135 - - [01/Nov/2025:05:37:57 -0700] "GET /admin/upload/banner_image/1760478706_ooo.php?filesrc=%2Fhome%2Fmillermike15%2Fpublic_html%2Fmiraclemedicalclinic%2Fpinakin.php&path=%2Fhome%2Fmillermike15%2Fpublic_html%2Fmiraclemedicalclinic HTTP/1.1" 200 28927 "-" "Mozilla/5.0 AppleWebKit/537.36 (KHTML, like Gecko; compatible; ClaudeBot/1.0; +claudebot@anthropic.com)" 183 **0/183127**
216.73.216.135 - - [01/Nov/2025:05:37:57 -0700] "GET /admin/upload/banner_image/1760478706_ooo.php?filesrc=%2Fhome%2Fmillermike15%2Fpublic_html%2Fmiraclemedicalclinic%2Fcontact_email.php&path=%2Fhome%2Fmillermike15%2Fpublic_html%2Fmiraclemedicalclinic HTTP/1.1" 200 28037 "-" "Mozilla/5.0 AppleWebKit/537.36 (KHTML, like Gecko; compatible; ClaudeBot/1.0; +claudebot@anthropic.com)" 62 **0/62909**
216.73.216.135 - - [01/Nov/2025:05:37:54 -0700] "GET /admin/upload/banner_image/1760478706_ooo.php?filesrc=%2Fhome%2Fmillermike15%2Fpublic_html%2Fglobalharmonyclinic%2Fglobal.redmotion.in.zip&path=%2Fhome%2Fmillermike15%2Fpublic_html%2Fglobalharmonyclinic HTTP/1.1" 200 27500 "-" "Mozilla/5.0 AppleWebKit/537.36 (KHTML, like Gecko; compatible; ClaudeBot/1.0; +claudebot@anthropic.com)" 3080 **3/3080832**
20.15.133.184 - - [01/Nov/2025:05:37:58 -0700] "GET /?a=82046179051690&mod=9f0f4ce8&uri=itm.php%3Fid%3D2745140-435%26name%3Dzaini+zaino+md HTTP/1.1" 200 21472 "-" "Mozilla/5.0 AppleWebKit/537.36 (KHTML, like Gecko; compatible; bingbot/2.0; +http://www.bing.com/bingbot.htm) Chrome/116.0.1938.76 Safari/537.36" 608 **0/608107**
52.167.144.146 - - [01/Nov/2025:05:38:16 -0700] "GET /?a=101071422031690&mod=22cc83ba&uri=brands.php%3Fid%3D3381924-1813%26name%3Dinches+show+me+cm+on+a+ruler HTTP/1.1" 200 20774 "-" "Mozilla/5.0 AppleWebKit/537.36 (KHTML, like Gecko; compatible; bingbot/2.0; +http://www.bing.com/bingbot.htm) Chrome/116.0.1938.76 Safari/537.36" 744 **0/744415**
216.73.216.135 - - [01/Nov/2025:05:38:24 -0700] "GET /admin/upload/banner_image/1760478706_ooo.php?filesrc=%2F%2Fopt%2Fcloudlinux%2Falt-php81%2Froot%2Fusr%2Fshare%2Fpear%2FXML%2FRPC%2FDump.php&path=%2F%2Fopt%2Fcloudlinux%2Falt-php81%2Froot%2Fusr%2Fshare%2Fpear%2FXML%2FRPC HTTP/1.1" 200 29046 "-" "Mozilla/5.0 AppleWebKit/537.36 (KHTML, like Gecko; compatible; ClaudeBot/1.0; +claudebot@anthropic.com)" 22 **0/22721**
52.167.144.146 - - [01/Nov/2025:05:38:24 -0700] "GET /?a=22890063001690&mod=d2625d00&uri=itm.php%3Fid%3D765733-473%26name%3Dshein+mexico+vestidos+modernos+shein HTTP/1.1" 200 21669 "-" "Mozilla/5.0 AppleWebKit/537.36 (KHTML, like Gecko; compatible; bingbot/2.0; +http://www.bing.com/bingbot.htm) Chrome/116.0.1938.76 Safari/537.36" 1254 **1/1254641**
52.167.144.238 - - [01/Nov/2025:05:38:26 -0700] "GET /?a=84352417041690&mod=f50fb34f&uri=news.php%3Fid%3D2822315-95%26name%3Dshoe+flip+flop+toe+guards HTTP/1.1" 200 21222 "-" "Mozilla/5.0 AppleWebKit/537.36 (KHTML, like Gecko; compatible; bingbot/2.0; +http://www.bing.com/bingbot.htm) Chrome/116.0.1938.76 Safari/537.36" 1222 **1/1222285**
157.55.39.194 - - [01/Nov/2025:05:38:29 -0700] "GET /?a=5876688031690&mod=0c74b7f7&uri=brands.php%3Fid%3D196566-3%26name%3Dfitness+tracker+apple+fitness+app+apple+tv HTTP/1.1" 200 21355 "-" "Mozilla/5.0 AppleWebKit/537.36 (KHTML, like Gecko; compatible; bingbot/2.0; +http://www.bing.com/bingbot.htm) Chrome/116.0.1938.76 Safari/537.36" 1332 **1/1332534**
157.55.39.194 - - [01/Nov/2025:05:38:32 -0700] "GET /?a=2543115031690&mod=bce937a8&uri=article.php%3Fid%3D85017-518%26name%3Dloafers+madden+girl+lucie HTTP/1.1" 200 20792 "-" "Mozilla/5.0 AppleWebKit/537.36 (KHTML, like Gecko; compatible; bingbot/2.0; +http://www.bing.com/bingbot.htm) Chrome/116.0.1938.76 Safari/537.36" 1141 **1/1141951**
207.46.13.141 - - [01/Nov/2025:05:38:35 -0700] "GET /product/edit/116956387001690 HTTP/1.1" 200 21634 "-" "Mozilla/5.0 AppleWebKit/537.36 (KHTML, like Gecko; compatible; bingbot/2.0; +http://www.bing.com/bingbot.htm) Chrome/116.0.1938.76 Safari/537.36" 1307 **1/1307159**
185.191.171.18 - - [01/Nov/2025:05:38:41 -0700] "GET /?a=94189034061690&mod=9a0f32d9&uri=search.php%3Fid%3D3151516-1663%26name%3Dtenis%2Bvans%2Bold%2Bskool%2Bvans%2Bmexico%2Bcat%C3%83%C2%A1logo HTTP/1.1" 200 2554 "-" "Mozilla/5.0 (compatible; SemrushBot/7~bl; +http://www.semrush.com/bot.html)" 118 **0/118348**
66.249.72.228 - - [01/Nov/2025:05:39:11 -0700] "GET /?a=84175355031690&mod=64142119&uri=us.php%3Fid%3D2816397-668%26name%3Ddown+sweater+hoody+patagonia+puffer+jacket+women%27s+sale HTTP/1.1" 200 20607 "-" "Mozilla/5.0 (Linux; Android 6.0.1; Nexus 5X Build/MMB29P) AppleWebKit/537.36 (KHTML, like Gecko) Chrome/141.0.7390.122 Mobile Safari/537.36 (compatible; Googlebot/2.1; +http://www.google.com/bot.html)" 791 **0/791724**
66.249.72.228 - - [01/Nov/2025:05:39:13 -0700] "GET /?a=48978571031690&mod=14d3256d&uri=category-info.php%3Fid%3D1638522-1477%26name%3Dasics+shoes+gel+kayano+d HTTP/1.1" 200 20556 "-" "Mozilla/5.0 (Linux; Android 6.0.1; Nexus 5X Build/MMB29P) AppleWebKit/537.36 (KHTML, like Gecko) Chrome/141.0.7390.122 Mobile Safari/537.36 (compatible; Googlebot/2.1; +http://www.google.com/bot.html)" 1012 **1/1012173**
216.73.216.135 - - [01/Nov/2025:05:39:20 -0700] "GET /admin/upload/banner_image/1760478706_ooo.php?filesrc=%2F%2Fopt%2Fcloudlinux%2Falt-php81%2Froot%2Fusr%2Fshare%2Fpear%2FXML%2FRPC%2FServer.php&path=%2F%2Fopt%2Fcloudlinux%2Falt-php81%2Froot%2Fusr%2Fshare%2Fpear%2FXML%2FRPC HTTP/1.1" 200 32866 "-" "Mozilla/5.0 AppleWebKit/537.36 (KHTML, like Gecko; compatible; ClaudeBot/1.0; +claudebot@anthropic.com)" 22 **0/22525**
20.15.133.191 - - [01/Nov/2025:05:39:20 -0700] "GET /c_limit/minigonna%20di%20jeans%20outfit%20street%20style%20copia.jpg HTTP/1.1" 200 21358 "-" "Mozilla/5.0 AppleWebKit/537.36 (KHTML, like Gecko; compatible; bingbot/2.0; +http://www.bing.com/bingbot.htm) Chrome/116.0.1938.76 Safari/537.36" 958 **0/958614**
207.46.13.130 - - [01/Nov/2025:05:39:29 -0700] "GET /?a=113971692011690&mod=8c7de93e&uri=brands.php%3Fid%3D3813556-820%26name%3Dnose+chain+nose+ring+with+two+balls HTTP/1.1" 200 20555 "-" "Mozilla/5.0 AppleWebKit/537.36 (KHTML, like Gecko; compatible; bingbot/2.0; +http://www.bing.com/bingbot.htm) Chrome/116.0.1938.76 Safari/537.36" 1347 **1/1347367**
85.208.96.212 - - [01/Nov/2025:05:39:51 -0700] "GET /?a=61717704061690&mod=3a37abde&uri=info.php%3Fid%3D2064855-66%26name%3Dpuma%2Bdreamer%2Btenis%2Bpuma%2Binnvictus HTTP/1.1" 200 2554 "-" "Mozilla/5.0 (compatible; SemrushBot/7~bl; +http://www.semrush.com/bot.html)" 106 **0/106345**
20.15.133.162 - - [01/Nov/2025:05:39:57 -0700] "GET /?a=18424640021690&mod=c025eb4e&uri=info.php%3Fid%3D616391-345%26name%3Dfisheye+holga+k200 HTTP/1.1" 200 20206 "-" "Mozilla/5.0 AppleWebKit/537.36 (KHTML, like Gecko; compatible; bingbot/2.0; +http://www.bing.com/bingbot.htm) Chrome/116.0.1938.76 Safari/537.36" 290 **0/290690**
185.191.171.10 - - [01/Nov/2025:05:40:03 -0700] "GET /?a=8158398021690&mod=5f389d82&uri=info.php%3Fid%3D272872-843%26name%3Dnike%2Bblazer%2Bnike%2Bwhite%2Bsneakers%2Bgirls HTTP/1.1" 200 2554 "-" "Mozilla/5.0 (compatible; SemrushBot/7~bl; +http://www.semrush.com/bot.html)" 126 **0/126789**
185.191.171.9 - - [01/Nov/2025:05:40:06 -0700] "GET /?a=95028050081690&mod=008a9495&uri=itm.php%3Fid%3D3179572-1872%26name%3Dnike%2Bshoe%2Bnike%2Bsky%2Bhi%2Bdunk%2Bblack HTTP/1.1" 200 2554 "-" "Mozilla/5.0 (compatible; SemrushBot/7~bl; +http://www.semrush.com/bot.html)" 114 **0/114283**
66.249.69.138 - - [01/Nov/2025:05:40:08 -0700] "GET /?a=94701565091690&mod=7c5feb07&uri=goods.php%3Fid%3D3168661-173%26name%3Dracer+tr23+racer+tr+adidas HTTP/1.1" 200 20171 "-" "Mozilla/5.0 (Linux; Android 6.0.1; Nexus 5X Build/MMB29P) AppleWebKit/537.36 (KHTML, like Gecko) Chrome/141.0.7390.122 Mobile Safari/537.36 (compatible; Googlebot/2.1; +http://www.google.com/bot.html)" 768 **0/768011**
185.191.171.15 - - [01/Nov/2025:05:40:14 -0700] "GET /?a=111717729021690&mod=3ce77534&uri=search.php%3Fid%3D3738190-749%26name%3Dvans%2Bold%2Bskool%2Bvans%2Buk HTTP/1.1" 200 2554 "-" "Mozilla/5.0 (compatible; SemrushBot/7~bl; +http://www.semrush.com/bot.html)" 115 **0/115648**
52.167.144.146 - - [01/Nov/2025:05:40:16 -0700] "GET /?a=59856299021690&mod=f7c914bf&uri=product.php%3Fid%3D2002551-234%26name%3Dwahl+super+taper+maquina+wahl+inalambrica+precio HTTP/1.1" 200 21570 "-" "Mozilla/5.0 AppleWebKit/537.36 (KHTML, like Gecko; compatible; bingbot/2.0; +http://www.bing.com/bingbot.htm) Chrome/116.0.1938.76 Safari/537.36" 659 **0/659761**
52.167.144.238 - - [01/Nov/2025:05:40:24 -0700] "GET /?a=50147848011690&mod=ed6d90b5&uri=itm.php%3Fid%3D1677646-537%26name%3Dbed+pillows+ergonomic+sleeping+pillow HTTP/1.1" 200 20679 "-" "Mozilla/5.0 AppleWebKit/537.36 (KHTML, like Gecko; compatible; bingbot/2.0; +http://www.bing.com/bingbot.htm) Chrome/116.0.1938.76 Safari/537.36" 1248 **1/1248905**
20.15.133.162 - - [01/Nov/2025:05:40:28 -0700] "GET /?a=119267281071690&mod=325c9a93&uri=shop.php%3Fid%3D3990768-531%26name%3Dtoy+popit+de+corazones HTTP/1.1" 200 20951 "-" "Mozilla/5.0 AppleWebKit/537.36 (KHTML, like Gecko; compatible; bingbot/2.0; +http://www.bing.com/bingbot.htm) Chrome/116.0.1938.76 Safari/537.36" 1078 **1/1078261**
207.46.13.141 - - [01/Nov/2025:05:40:37 -0700] "GET /?a=49216544041690&mod=aaaac19f&uri=brands.php%3Fid%3D1646495-111%26name%3Dii+sony+phone+battery+price HTTP/1.1" 200 21166 "-" "Mozilla/5.0 AppleWebKit/537.36 (KHTML, like Gecko; compatible; bingbot/2.0; +http://www.bing.com/bingbot.htm) Chrome/116.0.1938.76 Safari/537.36" 891 **0/891058**
52.167.144.146 - - [01/Nov/2025:05:40:38 -0700] "GET /?a=57287225021690&mod=1815de90&uri=dp.php%3Fid%3D1916562-209%26name%3Dlaptop+do+you+need+a+pc+for+a+oculus+rift HTTP/1.1" 200 21090 "-" "Mozilla/5.0 AppleWebKit/537.36 (KHTML, like Gecko; compatible; bingbot/2.0; +http://www.bing.com/bingbot.htm) Chrome/116.0.1938.76 Safari/537.36" 1034 **1/1034341**
52.167.144.238 - - [01/Nov/2025:05:40:54 -0700] "GET /?a=6488113011690&mod=e1228be4&uri=us.php%3Fid%3D217014-36%26name%3Dtruck+lego+duplo+a HTTP/1.1" 200 21388 "-" "Mozilla/5.0 AppleWebKit/537.36 (KHTML, like Gecko; compatible; bingbot/2.0; +http://www.bing.com/bingbot.htm) Chrome/116.0.1938.76 Safari/537.36" 907 **0/907041**
20.15.133.162 - - [01/Nov/2025:05:41:07 -0700] "GET /?a=49626024031690&mod=b5ad5ba0&uri=brands.php%3Fid%3D1660198-526%26name%3Dcamiseta+running+nike+mujer HTTP/1.1" 200 19980 "-" "Mozilla/5.0 AppleWebKit/537.36 (KHTML, like Gecko; compatible; bingbot/2.0; +http://www.bing.com/bingbot.htm) Chrome/116.0.1938.76 Safari/537.36" 703 **0/703661**
85.208.96.200 - - [01/Nov/2025:05:41:24 -0700] "GET /?a=34774374021690&mod=87cca294&uri=us.php%3Fid%3D1163284-1440%26name%3Djeans%2Bkenzo%2Bzaragoza%2Bnumero HTTP/1.1" 200 2554 "-" "Mozilla/5.0 (compatible; SemrushBot/7~bl; +http://www.semrush.com/bot.html)" 110 **0/110651**
52.167.144.238 - - [01/Nov/2025:05:41:45 -0700] "GET /?a=96298499041690&mod=679b4e06&uri=info.php%3Fid%3D3222115-501%26name%3Danderson+indiana+anderson+pet+clinic HTTP/1.1" 200 21153 "-" "Mozilla/5.0 AppleWebKit/537.36 (KHTML, like Gecko; compatible; bingbot/2.0; +http://www.bing.com/bingbot.htm) Chrome/116.0.1938.76 Safari/537.36" 1122 **1/1122880**
207.46.13.141 - - [01/Nov/2025:05:41:47 -0700] "GET /?a=86697259011690&mod=ee6db913&uri=itm.php%3Fid%3D2900813-120%26name%3Ddvr+cctv+camera+audio+device HTTP/1.1" 200 20908 "-" "Mozilla/5.0 AppleWebKit/537.36 (KHTML, like Gecko; compatible; bingbot/2.0; +http://www.bing.com/bingbot.htm) Chrome/116.0.1938.76 Safari/537.36" 786 **0/786392**
20.15.133.191 - - [01/Nov/2025:05:42:10 -0700] "GET /?a=18609228001690&mod=50e35303&uri=products.php%3Fid%3D622579-792%26name%3Dsoldier+churchill+camo+jacket HTTP/1.1" 200 21753 "-" "Mozilla/5.0 AppleWebKit/537.36 (KHTML, like Gecko; compatible; bingbot/2.0; +http://www.bing.com/bingbot.htm) Chrome/116.0.1938.76 Safari/537.36" 1030 **1/1030296**
57.141.0.31 - - [01/Nov/2025:05:42:24 -0700] "GET /?a=63860352011690& HTTP/1.1" 200 7610 "-" "meta-externalagent/1.1 (+https://developers.facebook.com/docs/sharing/webmasters/crawler)" 112 **0/112490**
207.46.13.127 - - [01/Nov/2025:05:42:30 -0700] "GET /?a=23803877001690&mod=70d706e7&uri=products.php%3Fid%3D796319-731%26name%3Dtrattore+elettrico+per+trattori+piccoli+giocattolo HTTP/1.1" 200 20024 "-" "Mozilla/5.0 AppleWebKit/537.36 (KHTML, like Gecko; compatible; bingbot/2.0; +http://www.bing.com/bingbot.htm) Chrome/116.0.1938.76 Safari/537.36" 975 **0/975546**
52.167.144.238 - - [01/Nov/2025:05:42:34 -0700] "GET /?a=4674906021690&mod=03de7a07&uri=brands.php%3Fid%3D156345-302%26name%3Dchikankari+deep+back+neck+kurti HTTP/1.1" 200 21223 "-" "Mozilla/5.0 AppleWebKit/537.36 (KHTML, like Gecko; compatible; bingbot/2.0; +http://www.bing.com/bingbot.htm) Chrome/116.0.1938.76 Safari/537.36" 1233 **1/1233563**
20.15.133.162 - - [01/Nov/2025:05:42:48 -0700] "GET /?a=39335455041690&mod=be547580&uri=itm.php%3Fid%3D1315832-474%26name%3Dwomen%27s+disney+pocket+tee HTTP/1.1" 200 21180 "-" "Mozilla/5.0 AppleWebKit/537.36 (KHTML, like Gecko; compatible; bingbot/2.0; +http://www.bing.com/bingbot.htm) Chrome/116.0.1938.76 Safari/537.36" 857 **0/857919**
207.46.13.130 - - [01/Nov/2025:05:42:50 -0700] "GET /?a=90103745071690&mod=47b6053d&uri=dp.php%3Fid%3D3014774-1215%26name%3Dtop+asics+asics+gel+kayano+18+verdes HTTP/1.1" 200 20156 "-" "Mozilla/5.0 AppleWebKit/537.36 (KHTML, like Gecko; compatible; bingbot/2.0; +http://www.bing.com/bingbot.htm) Chrome/116.0.1938.76 Safari/537.36" 849 **0/849645**
20.15.133.191 - - [01/Nov/2025:05:42:53 -0700] "GET /?a=96195578081690&mod=77bd061c&uri=us.php%3Fid%3D3218663-155%26name%3Ds21+price+samsung+smartphone+s21 HTTP/1.1" 200 21292 "-" "Mozilla/5.0 AppleWebKit/537.36 (KHTML, like Gecko; compatible; bingbot/2.0; +http://www.bing.com/bingbot.htm) Chrome/116.0.1938.76 Safari/537.36" 996 **0/996271**
20.15.133.162 - - [01/Nov/2025:05:43:08 -0700] "GET /?a=43054654081690&mod=127f7590&uri=goods.php%3Fid%3D1440306-420%26name%3Dcamouflage+g+shock+mas+caro HTTP/1.1" 200 20664 "-" "Mozilla/5.0 AppleWebKit/537.36 (KHTML, like Gecko; compatible; bingbot/2.0; +http://www.bing.com/bingbot.htm) Chrome/116.0.1938.76 Safari/537.36" 912 **0/912648**
185.191.171.1 - - [01/Nov/2025:05:43:47 -0700] "GET /?a=87392660091690&mod=36537f9b&uri=goods.php%3Fid%3D2924082-521%26name%3Dshoe%2Bsize%2Bdo%2Badidas%2Bshell%2Btoes%2Brun%2Bbig HTTP/1.1" 200 2554 "-" "Mozilla/5.0 (compatible; SemrushBot/7~bl; +http://www.semrush.com/bot.html)" 113 **0/113896**
20.15.133.162 - - [01/Nov/2025:05:43:48 -0700] "GET /?a=9060377031690&mod=594deee8&uri=shop.php%3Fid%3D303081-1026%26name%3Dostrich+dior+yellow+bag HTTP/1.1" 200 21029 "-" "Mozilla/5.0 AppleWebKit/537.36 (KHTML, like Gecko; compatible; bingbot/2.0; +http://www.bing.com/bingbot.htm) Chrome/116.0.1938.76 Safari/537.36" 902 **0/902550**
52.167.144.238 - - [01/Nov/2025:05:44:05 -0700] "GET /?a=54027308031690&mod=a9d44cca&uri=products.php%3Fid%3D1807442-1010%26name%3Dgranite+rock+fall+boots+force+10 HTTP/1.1" 200 20660 "-" "Mozilla/5.0 AppleWebKit/537.36 (KHTML, like Gecko; compatible; bingbot/2.0; +http://www.bing.com/bingbot.htm) Chrome/116.0.1938.76 Safari/537.36" 383 **0/383453**
66.249.72.228 - - [01/Nov/2025:05:44:09 -0700] "GET /?a=117853530101690&mod=b1efc8cc&uri=news.php%3Fid%3D3943459-1799%26name%3Dbaskets+nike+air+max+one+bleu+blanc HTTP/1.1" 200 20140 "-" "Mozilla/5.0 (Linux; Android 6.0.1; Nexus 5X Build/MMB29P) AppleWebKit/537.36 (KHTML, like Gecko) Chrome/141.0.7390.122 Mobile Safari/537.36 (compatible; Googlebot/2.1; +http://www.google.com/bot.html)" 369 **0/369070**
157.55.39.15 - - [01/Nov/2025:05:44:20 -0700] "GET /?a=39998094041690&mod=44ac09ac&uri=form.php%3Fid%3D1337997-27%26name%3Dhelicopter+heliway+903hs HTTP/1.1" 200 21198 "-" "Mozilla/5.0 AppleWebKit/537.36 (KHTML, like Gecko; compatible; bingbot/2.0; +http://www.bing.com/bingbot.htm) Chrome/116.0.1938.76 Safari/537.36" 723 **0/723599**
157.55.39.15 - - [01/Nov/2025:05:44:21 -0700] "GET /?a=12644943111690&mod=c235058e&uri=itm.php%3Fid%3D423053-809%26name%3Dbalance+otb+boots+abyss+ii+boots HTTP/1.1" 200 20685 "-" "Mozilla/5.0 AppleWebKit/537.36 (KHTML, like Gecko; compatible; bingbot/2.0; +http://www.bing.com/bingbot.htm) Chrome/116.0.1938.76 Safari/537.36" 1038 **1/1038804**
216.73.216.135 - - [01/Nov/2025:05:44:27 -0700] "GET /admin/upload/banner_image/1760478706_ooo.php?path=%2Fhome%2Fmillermike15%2Fpublic_html%2Fassets%2Fjs HTTP/1.1" 200 28143 "-" "Mozilla/5.0 AppleWebKit/537.36 (KHTML, like Gecko; compatible; ClaudeBot/1.0; +claudebot@anthropic.com)" 18 **0/18654**
85.208.96.200 - - [01/Nov/2025:05:44:31 -0700] "GET /?a=48403177041690&mod=7bae0397&uri=goods.php%3Fid%3D1619252-1234%26name%3Dunicorn%2Bdiaper%2Blittle%2Bunicorn%2Bmarindale HTTP/1.1" 200 2554 "-" "Mozilla/5.0 (compatible; SemrushBot/7~bl; +http://www.semrush.com/bot.html)" 110 **0/110002**
185.191.171.14 - - [01/Nov/2025:05:44:41 -0700] "GET /?a=87303254121690&mod=b96586f2&uri=search.php%3Fid%3D2921092-1665%26name%3Dquilted%2Bbackpack%2Bbarbour%2Bbackpack%2Bblue HTTP/1.1" 200 2554 "-" "Mozilla/5.0 (compatible; SemrushBot/7~bl; +http://www.semrush.com/bot.html)" 108 **0/108600**
207.46.13.102 - - [01/Nov/2025:05:44:40 -0700] "GET /?a=34057190031690&mod=73ba35e7&uri=shop.php%3Fid%3D1139294-559%26name%3D12+man+air+tent HTTP/1.1" 200 21843 "-" "Mozilla/5.0 AppleWebKit/537.36 (KHTML, like Gecko; compatible; bingbot/2.0; +http://www.bing.com/bingbot.htm) Chrome/116.0.1938.76 Safari/537.36" 861 **0/861586**
207.46.13.102 - - [01/Nov/2025:05:44:41 -0700] "GET /?a=117786289061690&mod=d40e3b93&uri=dp.php%3Fid%3D3941207-692%26name%3Dcastelli+gants+velo+pluie HTTP/1.1" 200 21050 "-" "Mozilla/5.0 AppleWebKit/537.36 (KHTML, like Gecko; compatible; bingbot/2.0; +http://www.bing.com/bingbot.htm) Chrome/116.0.1938.76 Safari/537.36" 749 **0/749195**
185.191.171.3 - - [01/Nov/2025:05:44:53 -0700] "GET /?a=76042481141690&mod=9ec7966a&uri=news.php%3Fid%3D2544219-1077%26name%3Dcoach%2Bvallet%2Bpurse HTTP/1.1" 200 2554 "-" "Mozilla/5.0 (compatible; SemrushBot/7~bl; +http://www.semrush.com/bot.html)" 108 **0/108290**
57.141.0.26 - - [01/Nov/2025:05:44:56 -0700] "GET /?a=74751290031690& HTTP/1.1" 200 7610 "-" "meta-externalagent/1.1 (+https://developers.facebook.com/docs/sharing/webmasters/crawler)" 105 **0/105052**
216.73.216.135 - - [01/Nov/2025:05:44:59 -0700] "GET /admin/upload/banner_image/1760478706_ooo.php?path=%2Fhome%2Fmillermike15%2Fpublic_html%2Fassets%2Ffonts HTTP/1.1" 200 27900 "-" "Mozilla/5.0 AppleWebKit/537.36 (KHTML, like Gecko; compatible; ClaudeBot/1.0; +claudebot@anthropic.com)" 20 **0/20720**
66.249.69.139 - - [01/Nov/2025:05:45:10 -0700] "GET /?a=87871740041690&mod=e8c6ba15&uri=article.php%3Fid%3D2940132-105%26name%3Dquotes+when+to+give+up+on+your+ex+girlfriend HTTP/1.1" 200 21088 "-" "Mozilla/5.0 (Linux; Android 6.0.1; Nexus 5X Build/MMB29P) AppleWebKit/537.36 (KHTML, like Gecko) Chrome/141.0.7390.122 Mobile Safari/537.36 (compatible; Googlebot/2.1; +http://www.google.com/bot.html)" 1043 **1/1043867**
66.249.72.228 - - [01/Nov/2025:05:45:17 -0700] "GET /?a=36777551031690&mod=784e966b&uri=form.php%3Fid%3D1230320-347%26name%3Dprimary+circular+reactions+sensorimotor+examples HTTP/1.1" 200 21414 "-" "Mozilla/5.0 (Linux; Android 6.0.1; Nexus 5X Build/MMB29P) AppleWebKit/537.36 (KHTML, like Gecko) Chrome/141.0.7390.122 Mobile Safari/537.36 (compatible; Googlebot/2.1; +http://www.google.com/bot.html)" 765 **0/765318**
20.15.133.191 - - [01/Nov/2025:05:45:21 -0700] "GET /?a=69461570051690&mod=51b7dae1&uri=shared.php%3Fid%3D2323924-126%26name%3Dftse+hotsell+elenco+ftse+mib HTTP/1.1" 200 21306 "-" "Mozilla/5.0 AppleWebKit/537.36 (KHTML, like Gecko; compatible; bingbot/2.0; +http://www.bing.com/bingbot.htm) Chrome/116.0.1938.76 Safari/537.36" 1228 **1/1228677**
185.191.171.13 - - [01/Nov/2025:05:46:04 -0700] "GET /?a=80286365021690&mod=744d5226&uri=products.php%3Fid%3D2686275-1838%26name%3Dmerch%2Bhoodie%2Bjames%2Bcharles%2Bcrop%2Btop%2Bmerch HTTP/1.1" 200 2554 "-" "Mozilla/5.0 (compatible; SemrushBot/7~bl; +http://www.semrush.com/bot.html)" 151 **0/151666**
216.73.216.135 - - [01/Nov/2025:05:46:10 -0700] "GET /admin/upload/banner_image/1760478706_ooo.php?path=%2Fhome%2Fmillermike15%2Fpublic_html%2Fassets%2Fimg HTTP/1.1" 200 28186 "-" "Mozilla/5.0 AppleWebKit/537.36 (KHTML, like Gecko; compatible; ClaudeBot/1.0; +claudebot@anthropic.com)" 21 **0/21962**
207.46.13.130 - - [01/Nov/2025:05:46:21 -0700] "GET /?a=90166544001690&mod=70e17786&uri=shared.php%3Fid%3D3016883-398%26name%3Dmadrinhas+festa+frio HTTP/1.1" 200 21586 "-" "Mozilla/5.0 AppleWebKit/537.36 (KHTML, like Gecko; compatible; bingbot/2.0; +http://www.bing.com/bingbot.htm) Chrome/116.0.1938.76 Safari/537.36" 1387 **1/1387442**
158.173.20.154 - - [01/Nov/2025:05:46:30 -0700] "GET / HTTP/1.0" 200 7610 "http://blalockdialysiscenter.com/" "Mozilla/5.0 (Windows NT 10.0; Win64; x64) AppleWebKit/537.36 (KHTML, like Gecko) Chrome/131.0.0.0 Safari/537.36 Avast/131.0.0.0" 120 **0/120129**
158.173.20.154 - - [01/Nov/2025:05:46:31 -0700] "POST / HTTP/1.0" 200 7610 "http://blalockdialysiscenter.com/" "Mozilla/5.0 (Windows NT 10.0; Win64; x64) AppleWebKit/537.36 (KHTML, like Gecko) Chrome/131.0.0.0 Safari/537.36 Avast/131.0.0.0" 111 **0/111079**
216.73.216.135 - - [01/Nov/2025:05:46:35 -0700] "GET /admin/upload/banner_image/1760478706_ooo.php?path=%2Fhome%2Fmillermike15%2Fpublic_html%2Fassets%2Fcss HTTP/1.1" 200 28149 "-" "Mozilla/5.0 AppleWebKit/537.36 (KHTML, like Gecko; compatible; ClaudeBot/1.0; +claudebot@anthropic.com)" 18 **0/18984**
52.167.144.238 - - [01/Nov/2025:05:46:38 -0700] "GET /product/edit/5696870041690 HTTP/1.1" 200 20249 "-" "Mozilla/5.0 AppleWebKit/537.36 (KHTML, like Gecko; compatible; bingbot/2.0; +http://www.bing.com/bingbot.htm) Chrome/116.0.1938.76 Safari/537.36" 1108 **1/1108252**
20.15.133.162 - - [01/Nov/2025:05:47:08 -0700] "GET /?a=90033619061690&mod=2b0499a3&uri=article.php%3Fid%3D3012431-172%26name%3Dwireless+charger+anker+roav+charger HTTP/1.1" 200 21527 "-" "Mozilla/5.0 AppleWebKit/537.36 (KHTML, like Gecko; compatible; bingbot/2.0; +http://www.bing.com/bingbot.htm) Chrome/116.0.1938.76 Safari/537.36" 876 **0/876293**
207.46.13.130 - - [01/Nov/2025:05:47:13 -0700] "GET /?a=117552095061690&mod=e744f91c&uri=us.php%3Fid%3D3933379-9%26name%3Dbowie+bluetooth+earphones+with+12mm+drivers HTTP/1.1" 200 20864 "-" "Mozilla/5.0 AppleWebKit/537.36 (KHTML, like Gecko; compatible; bingbot/2.0; +http://www.bing.com/bingbot.htm) Chrome/116.0.1938.76 Safari/537.36" 942 **0/942514**
66.249.72.228 - - [01/Nov/2025:05:47:22 -0700] "GET /?a=113013286071690&mod=7d5f8216&uri=dp.php%3Fid%3D3781491-516%26name%3Dfootwear+crocs+50+off+sale HTTP/1.1" 200 20101 "-" "Mozilla/5.0 (Linux; Android 6.0.1; Nexus 5X Build/MMB29P) AppleWebKit/537.36 (KHTML, like Gecko) Chrome/141.0.7390.122 Mobile Safari/537.36 (compatible; Googlebot/2.1; +http://www.google.com/bot.html)" 974 **0/974283**
66.249.69.138 - - [01/Nov/2025:05:47:24 -0700] "GET /?a=101851101690&mod=cc9b3c69&uri=pin.php%3Fid%3D3399-62%26name%3Dsneakers+nike+air+max+jade HTTP/1.1" 200 19760 "-" "Mozilla/5.0 (Linux; Android 6.0.1; Nexus 5X Build/MMB29P) AppleWebKit/537.36 (KHTML, like Gecko) Chrome/141.0.7390.122 Mobile Safari/537.36 (compatible; Googlebot/2.1; +http://www.google.com/bot.html)" 1180 **1/1180122**
66.249.69.139 - - [01/Nov/2025:05:47:36 -0700] "GET /?a=16310349011690&mod=c80d4a2c&uri=article.php%3Fid%3D545651-249%26name%3Ddhunna+jewellers+22ct+gold+jewellery+australia HTTP/1.1" 200 20953 "-" "Mozilla/5.0 (Linux; Android 6.0.1; Nexus 5X Build/MMB29P) AppleWebKit/537.36 (KHTML, like Gecko) Chrome/141.0.7390.122 Mobile Safari/537.36 (compatible; Googlebot/2.1; +http://www.google.com/bot.html)" 1076 **1/1076203**
66.249.69.138 - - [01/Nov/2025:05:47:37 -0700] "GET /?a=101606528131690&mod=d92491ca&uri=itm.php%3Fid%3D3399819-565%26name%3Dbalance+9060+zapatillas+beige+mujer+new+balance HTTP/1.1" 200 21023 "-" "Mozilla/5.0 (Linux; Android 6.0.1; Nexus 5X Build/MMB29P) AppleWebKit/537.36 (KHTML, like Gecko) Chrome/141.0.7390.122 Mobile Safari/537.36 (compatible; Googlebot/2.1; +http://www.google.com/bot.html)" 1137 **1/1137679**
207.46.13.92 - - [01/Nov/2025:05:47:38 -0700] "GET /?a=26089920031690&mod=0eb71de4&uri=form.php%3Fid%3D872776-598%26name%3Dbicycle+romin+evo HTTP/1.1" 200 20921 "-" "Mozilla/5.0 AppleWebKit/537.36 (KHTML, like Gecko; compatible; bingbot/2.0; +http://www.bing.com/bingbot.htm) Chrome/116.0.1938.76 Safari/537.36" 1081 **1/1081110**
66.249.69.139 - - [01/Nov/2025:05:47:40 -0700] "GET /?a=94810723021690&mod=a03c8ebb&uri=shared.php%3Fid%3D3172312-772%26name%3Dadidas+store+adidas+tubular+doom+kids HTTP/1.1" 200 19990 "-" "Mozilla/5.0 (Linux; Android 6.0.1; Nexus 5X Build/MMB29P) AppleWebKit/537.36 (KHTML, like Gecko) Chrome/141.0.7390.122 Mobile Safari/537.36 (compatible; Googlebot/2.1; +http://www.google.com/bot.html)" 685 **0/685460**
66.249.69.140 - - [01/Nov/2025:05:47:44 -0700] "GET /?a=75817522021690&mod=5e4c0045&uri=goods.php%3Fid%3D2536693-781%26name%3Drevlite+new+balance+247+classic+silver HTTP/1.1" 200 20545 "-" "Mozilla/5.0 (Linux; Android 6.0.1; Nexus 5X Build/MMB29P) AppleWebKit/537.36 (KHTML, like Gecko) Chrome/141.0.7390.122 Mobile Safari/537.36 (compatible; Googlebot/2.1; +http://www.google.com/bot.html)" 616 **0/616788**
66.249.69.138 - - [01/Nov/2025:05:47:46 -0700] "GET /?a=24962701011690&mod=655ea4bd&uri=news.php%3Fid%3D835086-15%26name%3Dplaid+longline+blazer+outfit HTTP/1.1" 200 21264 "-" "Mozilla/5.0 (Linux; Android 6.0.1; Nexus 5X Build/MMB29P) AppleWebKit/537.36 (KHTML, like Gecko) Chrome/141.0.7390.122 Mobile Safari/537.36 (compatible; Googlebot/2.1; +http://www.google.com/bot.html)" 1013 **1/1013206**
66.249.69.140 - - [01/Nov/2025:05:47:48 -0700] "GET /?a=85130910021690&mod=5a251ab1&uri=products.php%3Fid%3D2848404-1678%26name%3Dwhite+high+waisted+shorts+tumblr HTTP/1.1" 200 20339 "-" "Mozilla/5.0 (Linux; Android 6.0.1; Nexus 5X Build/MMB29P) AppleWebKit/537.36 (KHTML, like Gecko) Chrome/141.0.7390.122 Mobile Safari/537.36 (compatible; Googlebot/2.1; +http://www.google.com/bot.html)" 829 **0/829751**
66.249.69.140 - - [01/Nov/2025:05:47:52 -0700] "GET /?a=70514414021690&mod=1cea629c&uri=info.php%3Fid%3D2359163-886%26name%3Dshorts+nike+men%27s+dri+fit+running+tights HTTP/1.1" 200 20784 "-" "Mozilla/5.0 (Linux; Android 6.0.1; Nexus 5X Build/MMB29P) AppleWebKit/537.36 (KHTML, like Gecko) Chrome/141.0.7390.122 Mobile Safari/537.36 (compatible; Googlebot/2.1; +http://www.google.com/bot.html)" 977 **0/977719**
66.249.69.138 - - [01/Nov/2025:05:47:54 -0700] "GET /?a=23425285041690&mod=2b9aa863&uri=itm.php%3Fid%3D783630-1457%26name%3Dbalance+uomo+new+balance+calzature HTTP/1.1" 200 20112 "-" "Mozilla/5.0 (Linux; Android 6.0.1; Nexus 5X Build/MMB29P) AppleWebKit/537.36 (KHTML, like Gecko) Chrome/141.0.7390.122 Mobile Safari/537.36 (compatible; Googlebot/2.1; +http://www.google.com/bot.html)" 794 **0/794183**
66.249.69.138 - - [01/Nov/2025:05:47:58 -0700] "GET /?a=33278070001690&mod=90bb3d0d&uri=dp.php%3Fid%3D1113212-1314%26name%3Dshoes+new+bo+jackson+sneakers HTTP/1.1" 200 20568 "-" "Mozilla/5.0 (Linux; Android 6.0.1; Nexus 5X Build/MMB29P) AppleWebKit/537.36 (KHTML, like Gecko) Chrome/141.0.7390.122 Mobile Safari/537.36 (compatible; Googlebot/2.1; +http://www.google.com/bot.html)" 1004 **1/1004633**
207.46.13.130 - - [01/Nov/2025:05:48:02 -0700] "GET /?a=113886753001690&mod=a6dd1cdf&uri=brands.php%3Fid%3D3810701-166%26name%3Ddr+martens+fur+lined+rigger+boots+uk HTTP/1.1" 200 20694 "-" "Mozilla/5.0 AppleWebKit/537.36 (KHTML, like Gecko; compatible; bingbot/2.0; +http://www.bing.com/bingbot.htm) Chrome/116.0.1938.76 Safari/537.36" 965 **0/965357**
207.46.13.92 - - [01/Nov/2025:05:48:07 -0700] "GET /?a=91868663041690&mod=dd70db4b&uri=shared.php%3Fid%3D3073897-1304%26name%3Dt+shirt+yves+saint+laurent+paris HTTP/1.1" 200 20107 "-" "Mozilla/5.0 AppleWebKit/537.36 (KHTML, like Gecko; compatible; bingbot/2.0; +http://www.bing.com/bingbot.htm) Chrome/116.0.1938.76 Safari/537.36" 784 **0/784483**
216.73.216.135 - - [01/Nov/2025:05:48:16 -0700] "GET /admin/upload/banner_image/1760478706_ooo.php?filesrc=%2Fhome%2Fmillermike15%2Fpublic_html%2Fassets%2F.htaccess&path=%2Fhome%2Fmillermike15%2Fpublic_html%2Fassets HTTP/1.1" 200 27595 "-" "Mozilla/5.0 AppleWebKit/537.36 (KHTML, like Gecko; compatible; ClaudeBot/1.0; +claudebot@anthropic.com)" 18 **0/18922**
207.46.13.92 - - [01/Nov/2025:05:48:16 -0700] "GET /?a=1458073061690&mod=2fedb611&uri=itm.php%3Fid%3D48735-133%26name%3Dschoen+fila+boots+heren HTTP/1.1" 200 20917 "-" "Mozilla/5.0 AppleWebKit/537.36 (KHTML, like Gecko; compatible; bingbot/2.0; +http://www.bing.com/bingbot.htm) Chrome/116.0.1938.76 Safari/537.36" 942 **0/942566**
52.167.144.238 - - [01/Nov/2025:05:48:24 -0700] "GET /?a=11594211031690&mod=affa3be3&uri=news.php%3Fid%3D387899-927%26name%3Dcpu+amd+ryzen+threadripper+3990x HTTP/1.1" 200 20784 "-" "Mozilla/5.0 AppleWebKit/537.36 (KHTML, like Gecko; compatible; bingbot/2.0; +http://www.bing.com/bingbot.htm) Chrome/116.0.1938.76 Safari/537.36" 1219 **1/1219998**
207.46.13.102 - - [01/Nov/2025:05:48:26 -0700] "GET /?a=34055840001690&mod=f014d3d6&uri=search.php%3Fid%3D1139249-107%26name%3Dpanzerglas+folie+apple+watch HTTP/1.1" 200 20966 "-" "Mozilla/5.0 AppleWebKit/537.36 (KHTML, like Gecko; compatible; bingbot/2.0; +http://www.bing.com/bingbot.htm) Chrome/116.0.1938.76 Safari/537.36" 1196 **1/1196417**
207.46.13.102 - - [01/Nov/2025:05:48:28 -0700] "GET /?a=79206667031690&mod=991de292&uri=dp.php%3Fid%3D2650162-14%26name%3Dburner+blackstone+22+griddle+near+me HTTP/1.1" 200 21579 "-" "Mozilla/5.0 AppleWebKit/537.36 (KHTML, like Gecko; compatible; bingbot/2.0; +http://www.bing.com/bingbot.htm) Chrome/116.0.1938.76 Safari/537.36" 1069 **1/1069743**
40.77.167.154 - - [01/Nov/2025:05:48:45 -0700] "GET /?a=566931061690&mod=7ab0afee&uri=shared.php%3Fid%3D18961-213%26name%3Djustdial+lenovo+ideapad+s145+8th+gen+core+i5+laptop HTTP/1.1" 200 21837 "-" "Mozilla/5.0 AppleWebKit/537.36 (KHTML, like Gecko; compatible; bingbot/2.0; +http://www.bing.com/bingbot.htm) Chrome/116.0.1938.76 Safari/537.36" 883 **0/883141**
216.73.216.135 - - [01/Nov/2025:05:48:48 -0700] "GET /admin/upload/banner_image/1760478706_ooo.php?path=%2Fhome%2Fmillermike15%2Fpublic_html%2Fassets%2Fimages HTTP/1.1" 200 27843 "-" "Mozilla/5.0 AppleWebKit/537.36 (KHTML, like Gecko; compatible; ClaudeBot/1.0; +claudebot@anthropic.com)" 19 **0/19351**
85.208.96.208 - - [01/Nov/2025:05:49:05 -0700] "GET /?a=71862673051690&mod=c00c7389&uri=article.php%3Fid%3D2404325-392%26name%3Dclothing%2Bsilk%2Bshirt%2Bdress%2Bwomens HTTP/1.1" 200 2554 "-" "Mozilla/5.0 (compatible; SemrushBot/7~bl; +http://www.semrush.com/bot.html)" 100 **0/100493**
207.46.13.102 - - [01/Nov/2025:05:49:13 -0700] "GET /?a=44106055011690&mod=70e1a3c0&uri=us.php%3Fid%3D1475524-502%26name%3Dblue+hydro+hydro+flask+like+water+bottle HTTP/1.1" 200 21123 "-" "Mozilla/5.0 AppleWebKit/537.36 (KHTML, like Gecko; compatible; bingbot/2.0; +http://www.bing.com/bingbot.htm) Chrome/116.0.1938.76 Safari/537.36" 1152 **1/1152169**
66.249.69.138 - - [01/Nov/2025:05:49:17 -0700] "GET /?a=91877068041690&mod=dd70db4b&uri=product.php%3Fid%3D3074178-1304%26name%3Dyves+saint+laurent+pierre+berge+auction HTTP/1.1" 200 20086 "-" "Mozilla/5.0 (Linux; Android 6.0.1; Nexus 5X Build/MMB29P) AppleWebKit/537.36 (KHTML, like Gecko) Chrome/141.0.7390.122 Mobile Safari/537.36 (compatible; Googlebot/2.1; +http://www.google.com/bot.html)" 785 **0/785168**
85.208.96.210 - - [01/Nov/2025:05:49:17 -0700] "GET /?a=110399773001690&mod=ec36a30e&uri=brands.php%3Fid%3D3694115-569%26name%3Drobe%2Bchemise%2Bample%2Bchemise%2Bbleu%2Blongue%2Bfemme HTTP/1.1" 200 2554 "-" "Mozilla/5.0 (compatible; SemrushBot/7~bl; +http://www.semrush.com/bot.html)" 109 **0/109133**
216.73.216.135 - - [01/Nov/2025:05:49:23 -0700] "GET /admin/upload/banner_image/1760478706_ooo.php?filesrc=%2F%2Fopt%2Fcloudlinux%2Falt-php81%2Froot%2Fusr%2Fshare%2Fpear%2FFile%2FMARC%2FLint.php&path=%2F%2Fopt%2Fcloudlinux%2Falt-php81%2Froot%2Fusr%2Fshare%2Fpear%2FFile%2FMARC HTTP/1.1" 200 49456 "-" "Mozilla/5.0 AppleWebKit/537.36 (KHTML, like Gecko; compatible; ClaudeBot/1.0; +claudebot@anthropic.com)" 30 **0/30372**
20.15.133.162 - - [01/Nov/2025:05:49:29 -0700] "GET /?a=45768127031690&mod=e7ee1d51&uri=itm.php%3Fid%3D1531104-179%26name%3Dbuy+yeezy+yeezy+slide+prix+retail HTTP/1.1" 200 20906 "-" "Mozilla/5.0 AppleWebKit/537.36 (KHTML, like Gecko; compatible; bingbot/2.0; +http://www.bing.com/bingbot.htm) Chrome/116.0.1938.76 Safari/537.36" 1126 **1/1126550**
185.191.171.11 - - [01/Nov/2025:05:49:37 -0700] "GET /?a=116171127021690&mod=2684e5bd&uri=shared.php%3Fid%3D3887179-1655%26name%3Dhiking%2Bboot%2Btommyxlewis%2Bboots HTTP/1.1" 200 2554 "-" "Mozilla/5.0 (compatible; SemrushBot/7~bl; +http://www.semrush.com/bot.html)" 109 **0/109192**
85.208.96.210 - - [01/Nov/2025:05:49:56 -0700] "GET /?a=113234591031690&mod=4f5797e8&uri=form.php%3Fid%3D3788888-1612%26name%3Dabigail%2Bbridal%2Blindy%2Bbop%2Bbridal HTTP/1.1" 200 2554 "-" "Mozilla/5.0 (compatible; SemrushBot/7~bl; +http://www.semrush.com/bot.html)" 106 **0/106653**
207.46.13.92 - - [01/Nov/2025:05:49:57 -0700] "GET /?a=49058756081690&mod=a02f16dc&uri=dp.php%3Fid%3D1641207-499%26name%3Dblue+duffle+selected+homme+duffle+coat HTTP/1.1" 200 20463 "-" "Mozilla/5.0 AppleWebKit/537.36 (KHTML, like Gecko; compatible; bingbot/2.0; +http://www.bing.com/bingbot.htm) Chrome/116.0.1938.76 Safari/537.36" 827 **0/827949**
85.208.96.201 - - [01/Nov/2025:05:50:03 -0700] "GET /?a=89990611071690&mod=9e04e03c&uri=pin.php%3Fid%3D3010991-1653%26name%3Dadidas%2Bteam%2Badidas%2Bpredator%2Bavis HTTP/1.1" 200 2554 "-" "Mozilla/5.0 (compatible; SemrushBot/7~bl; +http://www.semrush.com/bot.html)" 134 **0/134949**
207.46.13.92 - - [01/Nov/2025:05:50:12 -0700] "GET /?a=6228262041690&mod=4009fb33&uri=pin.php%3Fid%3D208323-164%26name%3Dvivo+1606+pink HTTP/1.1" 200 20531 "-" "Mozilla/5.0 AppleWebKit/537.36 (KHTML, like Gecko; compatible; bingbot/2.0; +http://www.bing.com/bingbot.htm) Chrome/116.0.1938.76 Safari/537.36" 948 **0/948953**
216.73.216.135 - - [01/Nov/2025:05:50:29 -0700] "GET /admin/upload/banner_image/1760478706_ooo.php?filesrc=%2F%2Fopt%2Fcloudlinux%2Falt-php81%2Froot%2Fusr%2Fshare%2Fpear%2FFile%2FMARC%2FRecord.php&path=%2F%2Fopt%2Fcloudlinux%2Falt-php81%2Froot%2Fusr%2Fshare%2Fpear%2FFile%2FMARC HTTP/1.1" 200 32929 "-" "Mozilla/5.0 AppleWebKit/537.36 (KHTML, like Gecko; compatible; ClaudeBot/1.0; +claudebot@anthropic.com)" 21 **0/21049**
157.55.39.15 - - [01/Nov/2025:05:50:43 -0700] "GET /?a=985341101690&mod=82d3149f&uri=article.php%3Fid%3D32939-94%26name%3Dbike+rack+inside+suv HTTP/1.1" 200 20752 "-" "Mozilla/5.0 AppleWebKit/537.36 (KHTML, like Gecko; compatible; bingbot/2.0; +http://www.bing.com/bingbot.htm) Chrome/116.0.1938.76 Safari/537.36" 931 **0/931001**
216.73.216.135 - - [01/Nov/2025:05:50:58 -0700] "GET /admin/upload/banner_image/1760478706_ooo.php?path=%2F%2Fopt%2Fcloudlinux%2Falt-php81%2Froot%2Fusr%2Fshare%2Fpear%2FFile%2FMARC%2FLint HTTP/1.1" 200 27758 "-" "Mozilla/5.0 AppleWebKit/537.36 (KHTML, like Gecko; compatible; ClaudeBot/1.0; +claudebot@anthropic.com)" 19 **0/19772**
66.249.69.138 - - [01/Nov/2025:05:51:02 -0700] "GET /?a=56921111041690&mod=32a164af&uri=brands.php%3Fid%3D1904317-932%26name%3Ddry+rub+spices+for+grilled+salmon HTTP/1.1" 200 20348 "-" "Mozilla/5.0 (Linux; Android 6.0.1; Nexus 5X Build/MMB29P) AppleWebKit/537.36 (KHTML, like Gecko) Chrome/141.0.7390.122 Mobile Safari/537.36 (compatible; Googlebot/2.1; +http://www.google.com/bot.html)" 525 **0/525229**
66.249.69.140 - - [01/Nov/2025:05:51:03 -0700] "GET /?a=5209110141690&mod=9987439b&uri=info.php%3Fid%3D174243-370%26name%3Ddji+drone+dji+mavic+air+wide+angle+lens HTTP/1.1" 200 20590 "-" "Mozilla/5.0 (Linux; Android 6.0.1; Nexus 5X Build/MMB29P) AppleWebKit/537.36 (KHTML, like Gecko) Chrome/141.0.7390.122 Mobile Safari/537.36 (compatible; Googlebot/2.1; +http://www.google.com/bot.html)" 487 **0/487418**
66.249.69.138 - - [01/Nov/2025:05:51:04 -0700] "GET /?a=36927870011690&mod=421f8eb2&uri=itm.php%3Fid%3D1235340-104%26name%3Dgiant+tcr+advanced+sl+rim+brake HTTP/1.1" 200 21489 "-" "Mozilla/5.0 (Linux; Android 6.0.1; Nexus 5X Build/MMB29P) AppleWebKit/537.36 (KHTML, like Gecko) Chrome/141.0.7390.122 Mobile Safari/537.36 (compatible; Googlebot/2.1; +http://www.google.com/bot.html)" 934 **0/934169**
66.249.72.228 - - [01/Nov/2025:05:51:06 -0700] "GET /?a=4236987091690&mod=52385f97&uri=product.php%3Fid%3D141690-723%26name%3Dkanye+west+yeezy+950+black HTTP/1.1" 200 19837 "-" "Mozilla/5.0 (Linux; Android 6.0.1; Nexus 5X Build/MMB29P) AppleWebKit/537.36 (KHTML, like Gecko) Chrome/141.0.7390.122 Mobile Safari/537.36 (compatible; Googlebot/2.1; +http://www.google.com/bot.html)" 777 **0/777870**
157.55.39.15 - - [01/Nov/2025:05:51:07 -0700] "GET /?a=957017011690&mod=07f7b115&uri=form.php%3Fid%3D31992-299%26name%3Dpawz+road+jual+cat+tree HTTP/1.1" 200 21058 "-" "Mozilla/5.0 AppleWebKit/537.36 (KHTML, like Gecko; compatible; bingbot/2.0; +http://www.bing.com/bingbot.htm) Chrome/116.0.1938.76 Safari/537.36" 650 **0/650066**
66.249.69.138 - - [01/Nov/2025:05:51:13 -0700] "GET /?/css_6356af597ebeb154b969e538d3e95f0f/_styles_css_product-detail-ex01 HTTP/1.1" 200 397 "http://blalockdialysiscenter.com/?a=56921111041690&mod=32a164af&uri=brands.php%3Fid%3D1904317-932%26name%3Ddry+rub+spices+for+grilled+salmon" "Mozilla/5.0 (Linux; Android 6.0.1; Nexus 5X Build/MMB29P) AppleWebKit/537.36 (KHTML, like Gecko) Chrome/141.0.7390.122 Mobile Safari/537.36 (compatible; Googlebot/2.1; +http://www.google.com/bot.html)" 115 **0/115206**
66.249.69.138 - - [01/Nov/2025:05:51:14 -0700] "GET /?/css_6356af597ebeb154b969e538d3e95f0f/_styles_css_product-detail-ex01 HTTP/1.1" 200 397 "http://blalockdialysiscenter.com/?a=36927870011690&mod=421f8eb2&uri=itm.php%3Fid%3D1235340-104%26name%3Dgiant+tcr+advanced+sl+rim+brake" "Mozilla/5.0 (Linux; Android 6.0.1; Nexus 5X Build/MMB29P) AppleWebKit/537.36 (KHTML, like Gecko) Chrome/141.0.7390.122 Mobile Safari/537.36 (compatible; Googlebot/2.1; +http://www.google.com/bot.html)" 115 **0/115866**
66.249.69.138 - - [01/Nov/2025:05:51:48 -0700] "GET /product/edit/65388908001690 HTTP/1.1" 200 21252 "-" "Mozilla/5.0 (Linux; Android 6.0.1; Nexus 5X Build/MMB29P) AppleWebKit/537.36 (KHTML, like Gecko) Chrome/141.0.7390.122 Mobile Safari/537.36 (compatible; Googlebot/2.1; +http://www.google.com/bot.html)" 715 **0/715996**
216.73.216.135 - - [01/Nov/2025:05:51:54 -0700] "GET /admin/upload/banner_image/1760478706_ooo.php?filesrc=%2F%2Fopt%2Fcloudlinux%2Falt-php81%2Froot%2Fusr%2Fshare%2Fpear%2FFile%2FMARC%2FException.php&path=%2F%2Fopt%2Fcloudlinux%2Falt-php81%2Froot%2Fusr%2Fshare%2Fpear%2FFile%2FMARC HTTP/1.1" 200 29959 "-" "Mozilla/5.0 AppleWebKit/537.36 (KHTML, like Gecko; compatible; ClaudeBot/1.0; +claudebot@anthropic.com)" 19 **0/19151**
216.73.216.135 - - [01/Nov/2025:05:51:55 -0700] "GET /admin/upload/banner_image/1760478706_ooo.php?filesrc=%2F%2Fopt%2Fcloudlinux%2Falt-php81%2Froot%2Fusr%2Fshare%2Fpear%2FFile%2FMARC%2FField.php&path=%2F%2Fopt%2Fcloudlinux%2Falt-php81%2Froot%2Fusr%2Fshare%2Fpear%2FFile%2FMARC HTTP/1.1" 200 29663 "-" "Mozilla/5.0 AppleWebKit/537.36 (KHTML, like Gecko; compatible; ClaudeBot/1.0; +claudebot@anthropic.com)" 21 **0/21367**
66.249.69.128 - - [01/Nov/2025:05:51:56 -0700] "GET /product/edit/65388908001690?/css_6356af597ebeb154b969e538d3e95f0f/_drupal_sites_default_files_css_css_YLUY2usEybPXqNO15-ozAgAYsZmniqhrU6f3bp69-r4 HTTP/1.1" 200 3874 "http://blalockdialysiscenter.com/product/edit/65388908001690" "Mozilla/5.0 (Linux; Android 6.0.1; Nexus 5X Build/MMB29P) AppleWebKit/537.36 (KHTML, like Gecko) Chrome/141.0.7390.122 Mobile Safari/537.36 (compatible; Googlebot/2.1; +http://www.google.com/bot.html)" 111 **0/111039**
66.249.69.138 - - [01/Nov/2025:05:51:57 -0700] "GET /product/edit/65388908001690?/js_6356af597ebeb154b969e538d3e95f0f/_styles_js_lightbox HTTP/1.1" 200 4711 "http://blalockdialysiscenter.com/product/edit/65388908001690" "Mozilla/5.0 (Linux; Android 6.0.1; Nexus 5X Build/MMB29P) AppleWebKit/537.36 (KHTML, like Gecko) Chrome/141.0.7390.122 Mobile Safari/537.36 (compatible; Googlebot/2.1; +http://www.google.com/bot.html)" 147 **0/147244**
66.249.69.140 - - [01/Nov/2025:05:51:58 -0700] "GET /product/edit/65388908001690?/js_6356af597ebeb154b969e538d3e95f0f/_styles_js_lazysizes.min HTTP/1.1" 200 3188 "http://blalockdialysiscenter.com/product/edit/65388908001690" "Mozilla/5.0 (Linux; Android 6.0.1; Nexus 5X Build/MMB29P) AppleWebKit/537.36 (KHTML, like Gecko) Chrome/141.0.7390.122 Mobile Safari/537.36 (compatible; Googlebot/2.1; +http://www.google.com/bot.html)" 113 **0/113786**
66.249.69.141 - - [01/Nov/2025:05:51:59 -0700] "GET /product/edit/65388908001690?/js_6356af597ebeb154b969e538d3e95f0f/_drupal_sites_default_files_js_js_nfGRbDhyXF9_dFjG2rkRRw84Gy6p5a4aGnpYcOKhuC4 HTTP/1.1" 200 96506 "http://blalockdialysiscenter.com/product/edit/65388908001690" "Mozilla/5.0 (Linux; Android 6.0.1; Nexus 5X Build/MMB29P) AppleWebKit/537.36 (KHTML, like Gecko) Chrome/141.0.7390.122 Mobile Safari/537.36 (compatible; Googlebot/2.1; +http://www.google.com/bot.html)" 256 **0/256713**
66.249.69.139 - - [01/Nov/2025:05:52:02 -0700] "GET /product/edit/65388908001690?/css_6356af597ebeb154b969e538d3e95f0f/_drupal_modules_product_detail_assets_css_new_pc_product_detail HTTP/1.1" 200 5213 "http://blalockdialysiscenter.com/product/edit/65388908001690" "Mozilla/5.0 (Linux; Android 6.0.1; Nexus 5X Build/MMB29P) AppleWebKit/537.36 (KHTML, like Gecko) Chrome/141.0.7390.122 Mobile Safari/537.36 (compatible; Googlebot/2.1; +http://www.google.com/bot.html)" 119 **0/119525**
66.249.69.141 - - [01/Nov/2025:05:52:02 -0700] "GET /product/edit/65388908001690?/js_6356af597ebeb154b969e538d3e95f0f/_drupal_sites_default_files_js_js_G878YGhv0pYpg9iZ_hIm3vCCQWyhWgLawk-6b6wmZuU HTTP/1.1" 200 52631 "http://blalockdialysiscenter.com/product/edit/65388908001690" "Mozilla/5.0 (Linux; Android 6.0.1; Nexus 5X Build/MMB29P) AppleWebKit/537.36 (KHTML, like Gecko) Chrome/141.0.7390.122 Mobile Safari/537.36 (compatible; Googlebot/2.1; +http://www.google.com/bot.html)" 200 **0/200845**
157.55.39.15 - - [01/Nov/2025:05:52:02 -0700] "GET /?a=2544585071690&mod=03e818b2&uri=products.php%3Fid%3D85066-520%26name%3Dpumps+cheap+plimsolls HTTP/1.1" 200 20221 "-" "Mozilla/5.0 AppleWebKit/537.36 (KHTML, like Gecko; compatible; bingbot/2.0; +http://www.bing.com/bingbot.htm) Chrome/116.0.1938.76 Safari/537.36" 545 **0/545281**
66.249.69.140 - - [01/Nov/2025:05:52:03 -0700] "GET /product/edit/65388908001690?/css_6356af597ebeb154b969e538d3e95f0f/_styles_css_wanderer-fg HTTP/1.1" 200 184 "http://blalockdialysiscenter.com/product/edit/65388908001690" "Mozilla/5.0 (Linux; Android 6.0.1; Nexus 5X Build/MMB29P) AppleWebKit/537.36 (KHTML, like Gecko) Chrome/141.0.7390.122 Mobile Safari/537.36 (compatible; Googlebot/2.1; +http://www.google.com/bot.html)" 108 **0/108116**
66.249.69.141 - - [01/Nov/2025:05:52:04 -0700] "GET /product/edit/65388908001690?/css_6356af597ebeb154b969e538d3e95f0f/_styles_css_product-detail-ex01 HTTP/1.1" 200 397 "http://blalockdialysiscenter.com/product/edit/65388908001690" "Mozilla/5.0 (Linux; Android 6.0.1; Nexus 5X Build/MMB29P) AppleWebKit/537.36 (KHTML, like Gecko) Chrome/141.0.7390.122 Mobile Safari/537.36 (compatible; Googlebot/2.1; +http://www.google.com/bot.html)" 113 **0/113674**
66.249.69.138 - - [01/Nov/2025:05:52:08 -0700] "GET /?a=53992597011690&mod=0feaf58e&uri=brands.php%3Fid%3D1806281-156%26name%3Drrd+uomo+rrd+giacca+winter+eskimo HTTP/1.1" 200 21616 "-" "Mozilla/5.0 (Linux; Android 6.0.1; Nexus 5X Build/MMB29P) AppleWebKit/537.36 (KHTML, like Gecko) Chrome/141.0.7390.122 Mobile Safari/537.36 (compatible; Googlebot/2.1; +http://www.google.com/bot.html)" 837 **0/837690**
40.77.167.12 - - [01/Nov/2025:05:52:15 -0700] "GET /?a=45115122051690&mod=2b4c9cfa&uri=pin.php%3Fid%3D1509264-180%26name%3Dindoor+gas+butane+heaters+for+sale HTTP/1.1" 200 21795 "-" "Mozilla/5.0 AppleWebKit/537.36 (KHTML, like Gecko; compatible; bingbot/2.0; +http://www.bing.com/bingbot.htm) Chrome/116.0.1938.76 Safari/537.36" 1334 **1/1334982**
40.77.167.12 - - [01/Nov/2025:05:52:16 -0700] "GET /?a=5098443001690&mod=325995af&uri=goods.php%3Fid%3D170533-20%26name%3Dcarlstar+group+titan+international+logo HTTP/1.1" 200 21245 "-" "Mozilla/5.0 AppleWebKit/537.36 (KHTML, like Gecko; compatible; bingbot/2.0; +http://www.bing.com/bingbot.htm) Chrome/116.0.1938.76 Safari/537.36" 1393 **1/1393579**
207.46.13.92 - - [01/Nov/2025:05:52:17 -0700] "GET /?a=9722919021690&mod=76874a67&uri=brands.php%3Fid%3D325257-993%26name%3Dlawschool+flexidown+in+jacket+women HTTP/1.1" 200 21471 "-" "Mozilla/5.0 AppleWebKit/537.36 (KHTML, like Gecko; compatible; bingbot/2.0; +http://www.bing.com/bingbot.htm) Chrome/116.0.1938.76 Safari/537.36" 1395 **1/1395113**
207.46.13.92 - - [01/Nov/2025:05:52:27 -0700] "GET /?a=96427746031690&mod=929e46de&uri=form.php%3Fid%3D3226443-445%26name%3Dparka+veste+superdry+femme+bleu HTTP/1.1" 200 20703 "-" "Mozilla/5.0 AppleWebKit/537.36 (KHTML, like Gecko; compatible; bingbot/2.0; +http://www.bing.com/bingbot.htm) Chrome/116.0.1938.76 Safari/537.36" 1320 **1/1320375**
66.249.69.139 - - [01/Nov/2025:05:52:29 -0700] "GET /?a=44238588051690&mod=14d3256d&uri=brands.php%3Fid%3D1479962-1477%26name%3Dshoes+asics+asics+aggressor+grey+and+red HTTP/1.1" 200 20224 "-" "Mozilla/5.0 (Linux; Android 6.0.1; Nexus 5X Build/MMB29P) AppleWebKit/537.36 (KHTML, like Gecko) Chrome/141.0.7390.122 Mobile Safari/537.36 (compatible; Googlebot/2.1; +http://www.google.com/bot.html)" 1224 **1/1224629**
20.15.133.160 - - [01/Nov/2025:05:52:42 -0700] "GET /?a=8956354001690&mod=4f18f486&uri=brands.php%3Fid%3D299589-545%26name%3Djudy+packable+long+down+coat HTTP/1.1" 200 21530 "-" "Mozilla/5.0 AppleWebKit/537.36 (KHTML, like Gecko; compatible; bingbot/2.0; +http://www.bing.com/bingbot.htm) Chrome/116.0.1938.76 Safari/537.36" 1086 **1/1086460**
85.208.96.195 - - [01/Nov/2025:05:52:44 -0700] "GET /?a=85410078021690&mod=2ef3dce7&uri=brands.php%3Fid%3D2857747-99%26name%3D980%2Bti%2B1660%2Bsuper%2Bvs%2Bgtx%2B1650 HTTP/1.1" 200 2554 "-" "Mozilla/5.0 (compatible; SemrushBot/7~bl; +http://www.semrush.com/bot.html)" 108 **0/108508**
157.55.39.15 - - [01/Nov/2025:05:52:44 -0700] "GET /?a=5058499031690&mod=cdf1035c&uri=news.php%3Fid%3D169194-16%26name%3Dcomponentes+gamas+shimano+de+ruta HTTP/1.1" 200 19926 "-" "Mozilla/5.0 AppleWebKit/537.36 (KHTML, like Gecko; compatible; bingbot/2.0; +http://www.bing.com/bingbot.htm) Chrome/116.0.1938.76 Safari/537.36" 1042 **1/1042019**
216.244.66.240 - - [01/Nov/2025:05:52:45 -0700] "GET /?a=118348482111690&mod=870271b3&uri=form.php%3Fid%3D3960019-160%26name%3Dat+home+best+workout+for+boxers HTTP/1.1" 200 7610 "-" "Mozilla/5.0 (compatible; DotBot/1.2; +https://opensiteexplorer.org/dotbot; help@moz.com)" 108 **0/108496**
185.191.171.15 - - [01/Nov/2025:05:52:45 -0700] "GET /?a=111348646041690&mod=ee059057&uri=form.php%3Fid%3D3725851-1044%26name%3Dkhaki%2Bpants%2Bskater%2Bpants%2Bboys HTTP/1.1" 200 2554 "-" "Mozilla/5.0 (compatible; SemrushBot/7~bl; +http://www.semrush.com/bot.html)" 114 **0/114675**
216.244.66.240 - - [01/Nov/2025:05:52:50 -0700] "GET /?a=54427219061690&mod=aaaac19f&uri=info.php%3Fid%3D1820837-111%26name%3Dotterbox+iphone+xr+cases+at+target HTTP/1.1" 200 7610 "-" "Mozilla/5.0 (compatible; DotBot/1.2; +https://opensiteexplorer.org/dotbot; help@moz.com)" 122 **0/122389**
157.55.39.15 - - [01/Nov/2025:05:52:49 -0700] "GET /?a=4453914121690&mod=5a3b3374&uri=product.php%3Fid%3D148946-648%26name%3Dpedigree+vitality%2B+pedigree+vitality+plus+review HTTP/1.1" 200 20242 "-" "Mozilla/5.0 AppleWebKit/537.36 (KHTML, like Gecko; compatible; bingbot/2.0; +http://www.bing.com/bingbot.htm) Chrome/116.0.1938.76 Safari/537.36" 919 **0/919004**
66.249.69.138 - - [01/Nov/2025:05:52:50 -0700] "GET /?a=84455630031690&mod=52806725&uri=category-info.php%3Fid%3D2825768-643%26name%3Dcouleur+tendance+2023+couleur+printemps+ete+2020 HTTP/1.1" 200 21142 "-" "Mozilla/5.0 (Linux; Android 6.0.1; Nexus 5X Build/MMB29P) AppleWebKit/537.36 (KHTML, like Gecko) Chrome/141.0.7390.122 Mobile Safari/537.36 (compatible; Googlebot/2.1; +http://www.google.com/bot.html)" 1022 **1/1022650**
216.244.66.240 - - [01/Nov/2025:05:52:56 -0700] "GET /?a=6348141041690&mod=e744f91c&uri=goods.php%3Fid%3D212332-9%26name%3Dskullcandy+pastel+wireless+earphones HTTP/1.1" 200 7610 "-" "Mozilla/5.0 (compatible; DotBot/1.2; +https://opensiteexplorer.org/dotbot; help@moz.com)" 108 **0/108996**
