PNG  IHDRQgAMA a cHRMz&u0`:pQ<bKGDgmIDATxwUﹻ& ^CX(J I@ "% (** BX +*i"]j(IH{~R)[~>h{}gy)I$Ij .I$I$ʊy@}x.: $I$Ii}VZPC)I$IF ^0ʐJ$I$Q^}{"r=OzI$gRZeC.IOvH eKX $IMpxsk.쒷/&r[޳<v| .I~)@$updYRa$I |M.e JaֶpSYR6j>h%IRز if&uJ)M$I vLi=H;7UJ,],X$I1AҒJ$ XY XzI@GNҥRT)E@;]K*Mw;#5_wOn~\ DC&$(A5 RRFkvIR}l!RytRl;~^ǷJj اy뷦BZJr&ӥ8Pjw~vnv X^(I;4R=P[3]J,]ȏ~:3?[ a&e)`e*P[4]T=Cq6R[ ~ޤrXR Հg(t_HZ-Hg M$ãmL5R uk*`%C-E6/%[t X.{8P9Z.vkXŐKjgKZHg(aK9ڦmKjѺm_ \#$5,)-  61eJ,5m| r'= &ڡd%-]J on Xm|{ RҞe $eڧY XYrԮ-a7RK6h>n$5AVڴi*ֆK)mѦtmr1p| q:흺,)Oi*ֺK)ܬ֦K-5r3>0ԔHjJئEZj,%re~/z%jVMڸmrt)3]J,T K֦OvԒgii*bKiNO~%PW0=dii2tJ9Jݕ{7"I P9JKTbu,%r"6RKU}Ij2HKZXJ,妝 XYrP ެ24c%i^IK|.H,%rb:XRl1X4Pe/`x&P8Pj28Mzsx2r\zRPz4J}yP[g=L) .Q[6RjWgp FIH*-`IMRaK9TXcq*I y[jE>cw%gLRԕiFCj-ďa`#e~I j,%r,)?[gp FI˨mnWX#>mʔ XA DZf9,nKҲzIZXJ,L#kiPz4JZF,I,`61%2s $,VOϚ2/UFJfy7K> X+6 STXIeJILzMfKm LRaK9%|4p9LwJI!`NsiazĔ)%- XMq>pk$-$Q2x#N ؎-QR}ᶦHZډ)J,l#i@yn3LN`;nڔ XuX5pF)m|^0(>BHF9(cզEerJI rg7 4I@z0\JIi䵙RR0s;$s6eJ,`n 䂦0a)S)A 1eJ,堌#635RIgpNHuTH_SԕqVe ` &S)>p;S$魁eKIuX`I4춒o}`m$1":PI<[v9^\pTJjriRŭ P{#{R2,`)e-`mgj~1ϣLKam7&U\j/3mJ,`F;M'䱀 .KR#)yhTq;pcK9(q!w?uRR,n.yw*UXj#\]ɱ(qv2=RqfB#iJmmL<]Y͙#$5 uTU7ӦXR+q,`I}qL'`6Kͷ6r,]0S$- [RKR3oiRE|nӦXR.(i:LDLTJjY%o:)6rxzҒqTJjh㞦I.$YR.ʼnGZ\ֿf:%55 I˼!6dKxm4E"mG_ s? .e*?LRfK9%q#uh$)i3ULRfK9yxm܌bj84$i1U^@Wbm4uJ,ҪA>_Ij?1v32[gLRD96oTaR׿N7%L2 NT,`)7&ƝL*꽙yp_$M2#AS,`)7$rkTA29_Iye"|/0t)$n XT2`YJ;6Jx".e<`$) PI$5V4]29SRI>~=@j]lp2`K9Jaai^" Ԋ29ORI%:XV5]JmN9]H;1UC39NI%Xe78t)a;Oi Ҙ>Xt"~G>_mn:%|~ޅ_+]$o)@ǀ{hgN;IK6G&rp)T2i୦KJuv*T=TOSV>(~D>dm,I*Ɛ:R#ۙNI%D>G.n$o;+#RR!.eU˽TRI28t)1LWϚ>IJa3oFbu&:tJ*(F7y0ZR ^p'Ii L24x| XRI%ۄ>S1]Jy[zL$adB7.eh4%%누>WETf+3IR:I3Xה)3אOۦSRO'ٺ)S}"qOr[B7ϙ.edG)^ETR"RtRݜh0}LFVӦDB^k_JDj\=LS(Iv─aTeZ%eUAM-0;~˃@i|l @S4y72>sX-vA}ϛBI!ݎߨWl*)3{'Y|iSlEڻ(5KtSI$Uv02,~ԩ~x;P4ցCrO%tyn425:KMlD ^4JRxSهF_}شJTS6uj+ﷸk$eZO%G*^V2u3EMj3k%)okI]dT)URKDS 7~m@TJR~荪fT"֛L \sM -0T KfJz+nإKr L&j()[E&I ߴ>e FW_kJR|!O:5/2跌3T-'|zX ryp0JS ~^F>-2< `*%ZFP)bSn"L :)+pʷf(pO3TMW$~>@~ū:TAIsV1}S2<%ޟM?@iT ,Eūoz%i~g|`wS(]oȤ8)$ ntu`өe`6yPl IzMI{ʣzʨ )IZ2= ld:5+請M$-ї;U>_gsY$ÁN5WzWfIZ)-yuXIfp~S*IZdt;t>KūKR|$#LcԀ+2\;kJ`]YǔM1B)UbG"IRߊ<xܾӔJ0Z='Y嵤 Leveg)$znV-º^3Ւof#0Tfk^Zs[*I꯳3{)ˬW4Ւ4 OdpbZRS|*I 55#"&-IvT&/윚Ye:i$ 9{LkuRe[I~_\ؠ%>GL$iY8 9ܕ"S`kS.IlC;Ҏ4x&>u_0JLr<J2(^$5L s=MgV ~,Iju> 7r2)^=G$1:3G< `J3~&IR% 6Tx/rIj3O< ʔ&#f_yXJiގNSz; Tx(i8%#4 ~AS+IjerIUrIj362v885+IjAhK__5X%nV%Iͳ-y|7XV2v4fzo_68"S/I-qbf; LkF)KSM$ Ms>K WNV}^`-큧32ŒVؙGdu,^^m%6~Nn&͓3ŒVZMsRpfEW%IwdǀLm[7W&bIRL@Q|)* i ImsIMmKmyV`i$G+R 0tV'!V)֏28vU7͒vHꦼtxꗞT ;S}7Mf+fIRHNZUkUx5SAJㄌ9MqμAIRi|j5)o*^'<$TwI1hEU^c_j?Е$%d`z cyf,XO IJnTgA UXRD }{H}^S,P5V2\Xx`pZ|Yk:$e ~ @nWL.j+ϝYb퇪bZ BVu)u/IJ_ 1[p.p60bC >|X91P:N\!5qUB}5a5ja `ubcVxYt1N0Zzl4]7­gKj]?4ϻ *[bg$)+À*x쳀ogO$~,5 زUS9 lq3+5mgw@np1sso Ӻ=|N6 /g(Wv7U;zωM=wk,0uTg_`_P`uz?2yI!b`kĸSo+Qx%!\οe|އԁKS-s6pu_(ֿ$i++T8=eY; צP+phxWQv*|p1. ά. XRkIQYP,drZ | B%wP|S5`~́@i޾ E;Չaw{o'Q?%iL{u D?N1BD!owPHReFZ* k_-~{E9b-~P`fE{AܶBJAFO wx6Rox5 K5=WwehS8 (JClJ~ p+Fi;ŗo+:bD#g(C"wA^ r.F8L;dzdIHUX݆ϞXg )IFqem%I4dj&ppT{'{HOx( Rk6^C٫O.)3:s(۳(Z?~ٻ89zmT"PLtw䥈5&b<8GZ-Y&K?e8,`I6e(֍xb83 `rzXj)F=l($Ij 2*(F?h(/9ik:I`m#p3MgLaKjc/U#n5S# m(^)=y=đx8ŬI[U]~SцA4p$-F i(R,7Cx;X=cI>{Km\ o(Tv2vx2qiiDJN,Ҏ!1f 5quBj1!8 rDFd(!WQl,gSkL1Bxg''՞^ǘ;pQ P(c_ IRujg(Wz bs#P­rz> k c&nB=q+ؔXn#r5)co*Ũ+G?7< |PQӣ'G`uOd>%Mctz# Ԫڞ&7CaQ~N'-P.W`Oedp03C!IZcIAMPUۀ5J<\u~+{9(FbbyAeBhOSܳ1 bÈT#ŠyDžs,`5}DC-`̞%r&ڙa87QWWp6e7 Rϫ/oY ꇅ Nܶըtc!LA T7V4Jsū I-0Pxz7QNF_iZgúWkG83 0eWr9 X]㾮݁#Jˢ C}0=3ݱtBi]_ &{{[/o[~ \q鯜00٩|cD3=4B_b RYb$óBRsf&lLX#M*C_L܄:gx)WΘsGSbuL rF$9';\4Ɍq'n[%p.Q`u hNb`eCQyQ|l_C>Lb꟟3hSb #xNxSs^ 88|Mz)}:](vbۢamŖ࿥ 0)Q7@0=?^k(*J}3ibkFn HjB׻NO z x}7p 0tfDX.lwgȔhԾŲ }6g E |LkLZteu+=q\Iv0쮑)QٵpH8/2?Σo>Jvppho~f>%bMM}\//":PTc(v9v!gոQ )UfVG+! 35{=x\2+ki,y$~A1iC6#)vC5^>+gǵ@1Hy٪7u;p psϰu/S <aʸGu'tD1ԝI<pg|6j'p:tպhX{o(7v],*}6a_ wXRk,O]Lܳ~Vo45rp"N5k;m{rZbΦ${#)`(Ŵg,;j%6j.pyYT?}-kBDc3qA`NWQū20/^AZW%NQ MI.X#P#,^Ebc&?XR tAV|Y.1!؅⨉ccww>ivl(JT~ u`ٵDm q)+Ri x/x8cyFO!/*!/&,7<.N,YDŽ&ܑQF1Bz)FPʛ?5d 6`kQձ λc؎%582Y&nD_$Je4>a?! ͨ|ȎWZSsv8 j(I&yj Jb5m?HWp=g}G3#|I,5v珿] H~R3@B[☉9Ox~oMy=J;xUVoj bUsl_35t-(ՃɼRB7U!qc+x4H_Qo֮$[GO<4`&č\GOc[.[*Af%mG/ ňM/r W/Nw~B1U3J?P&Y )`ѓZ1p]^l“W#)lWZilUQu`-m|xĐ,_ƪ|9i:_{*(3Gѧ}UoD+>m_?VPۅ15&}2|/pIOʵ> GZ9cmíتmnz)yߐbD >e}:) r|@R5qVSA10C%E_'^8cR7O;6[eKePGϦX7jb}OTGO^jn*媓7nGMC t,k31Rb (vyܴʭ!iTh8~ZYZp(qsRL ?b}cŨʊGO^!rPJO15MJ[c&~Z`"ѓޔH1C&^|Ш|rʼ,AwĴ?b5)tLU)F| &g٣O]oqSUjy(x<Ϳ3 .FSkoYg2 \_#wj{u'rQ>o;%n|F*O_L"e9umDds?.fuuQbIWz |4\0 sb;OvxOSs; G%T4gFRurj(֍ڑb uԖKDu1MK{1^ q; C=6\8FR艇!%\YÔU| 88m)֓NcLve C6z;o&X x59:q61Z(T7>C?gcļxѐ Z oo-08jہ x,`' ҔOcRlf~`jj".Nv+sM_]Zk g( UOPyεx%pUh2(@il0ݽQXxppx-NS( WO+轾 nFߢ3M<;z)FBZjciu/QoF 7R¥ ZFLF~#ȣߨ^<쩡ݛкvџ))ME>ώx4m#!-m!L;vv#~Y[đKmx9.[,UFS CVkZ +ߟrY٧IZd/ioi$%͝ب_ֶX3ܫhNU ZZgk=]=bbJS[wjU()*I =ώ:}-蹞lUj:1}MWm=̛ _ ¾,8{__m{_PVK^n3esw5ӫh#$-q=A̟> ,^I}P^J$qY~Q[ Xq9{#&T.^GVj__RKpn,b=`żY@^՝;z{paVKkQXj/)y TIc&F;FBG7wg ZZDG!x r_tƢ!}i/V=M/#nB8 XxЫ ^@CR<{䤭YCN)eKOSƟa $&g[i3.C6xrOc8TI;o hH6P&L{@q6[ Gzp^71j(l`J}]e6X☉#͕ ׈$AB1Vjh㭦IRsqFBjwQ_7Xk>y"N=MB0 ,C #o6MRc0|$)ف"1!ixY<B9mx `,tA>)5ػQ?jQ?cn>YZe Tisvh# GMމȇp:ԴVuږ8ɼH]C.5C!UV;F`mbBk LTMvPʍϤj?ԯ/Qr1NB`9s"s TYsz &9S%U԰> {<ؿSMxB|H\3@!U| k']$U+> |HHMLޢ?V9iD!-@x TIî%6Z*9X@HMW#?nN ,oe6?tQwڱ.]-y':mW0#!J82qFjH -`ѓ&M0u Uγmxϵ^-_\])@0Rt.8/?ٰCY]x}=sD3ojަЫNuS%U}ԤwHH>ڗjܷ_3gN q7[q2la*ArǓԖ+p8/RGM ]jacd(JhWko6ڎbj]i5Bj3+3!\j1UZLsLTv8HHmup<>gKMJj0@H%,W΃7R) ">c, xixј^ aܖ>H[i.UIHc U1=yW\=S*GR~)AF=`&2h`DzT󑓶J+?W+}C%P:|0H܆}-<;OC[~o.$~i}~HQ TvXΈr=b}$vizL4:ȰT|4~*!oXQR6Lk+#t/g lԁߖ[Jڶ_N$k*". xsxX7jRVbAAʯKҎU3)zSNN _'s?f)6X!%ssAkʱ>qƷb hg %n ~p1REGMHH=BJiy[<5 ǁJҖgKR*倳e~HUy)Ag,K)`Vw6bRR:qL#\rclK/$sh*$ 6덤 KԖc 3Z9=Ɣ=o>X Ώ"1 )a`SJJ6k(<c e{%kϊP+SL'TcMJWRm ŏ"w)qc ef꒵i?b7b('"2r%~HUS1\<(`1Wx9=8HY9m:X18bgD1u ~|H;K-Uep,, C1 RV.MR5άh,tWO8WC$ XRVsQS]3GJ|12 [vM :k#~tH30Rf-HYݺ-`I9%lIDTm\ S{]9gOڒMNCV\G*2JRŨ;Rҏ^ڽ̱mq1Eu?To3I)y^#jJw^Ńj^vvlB_⋌P4x>0$c>K†Aļ9s_VjTt0l#m>E-,,x,-W)سo&96RE XR.6bXw+)GAEvL)͞K4$p=Ũi_ѱOjb HY/+@θH9޼]Nԥ%n{ &zjT? Ty) s^ULlb,PiTf^<À] 62R^V7)S!nllS6~͝V}-=%* ʻ>G DnK<y&>LPy7'r=Hj 9V`[c"*^8HpcO8bnU`4JȪAƋ#1_\ XϘHPRgik(~G~0DAA_2p|J묭a2\NCr]M_0 ^T%e#vD^%xy-n}-E\3aS%yN!r_{ )sAw ڼp1pEAk~v<:`'ӭ^5 ArXOI驻T (dk)_\ PuA*BY]yB"l\ey hH*tbK)3 IKZ򹞋XjN n *n>k]X_d!ryBH ]*R 0(#'7 %es9??ښFC,ՁQPjARJ\Ρw K#jahgw;2$l*) %Xq5!U᢯6Re] |0[__64ch&_}iL8KEgҎ7 M/\`|.p,~`a=BR?xܐrQ8K XR2M8f ?`sgWS%" Ԉ 7R%$ N}?QL1|-эټwIZ%pvL3Hk>,ImgW7{E xPHx73RA @RS CC !\ȟ5IXR^ZxHл$Q[ŝ40 (>+ _C >BRt<,TrT {O/H+˟Pl6 I B)/VC<6a2~(XwV4gnXR ϱ5ǀHٻ?tw똤Eyxp{#WK qG%5],(0ӈH HZ])ג=K1j&G(FbM@)%I` XRg ʔ KZG(vP,<`[ Kn^ SJRsAʠ5xՅF`0&RbV tx:EaUE/{fi2;.IAwW8/tTxAGOoN?G}l L(n`Zv?pB8K_gI+ܗ #i?ޙ.) p$utc ~DžfՈEo3l/)I-U?aԅ^jxArA ΧX}DmZ@QLےbTXGd.^|xKHR{|ΕW_h] IJ`[G9{).y) 0X YA1]qp?p_k+J*Y@HI>^?gt.06Rn ,` ?);p pSF9ZXLBJPWjgQ|&)7! HjQt<| ؅W5 x W HIzYoVMGP Hjn`+\(dNW)F+IrS[|/a`K|ͻ0Hj{R,Q=\ (F}\WR)AgSG`IsnAR=|8$}G(vC$)s FBJ?]_u XRvύ6z ŨG[36-T9HzpW̞ú Xg큽=7CufzI$)ki^qk-) 0H*N` QZkk]/tnnsI^Gu't=7$ Z;{8^jB% IItRQS7[ϭ3 $_OQJ`7!]W"W,)Iy W AJA;KWG`IY{8k$I$^%9.^(`N|LJ%@$I}ֽp=FB*xN=gI?Q{٥4B)mw $Igc~dZ@G9K X?7)aK%݅K$IZ-`IpC U6$I\0>!9k} Xa IIS0H$I H ?1R.Чj:4~Rw@p$IrA*u}WjWFPJ$I➓/6#! LӾ+ X36x8J |+L;v$Io4301R20M I$-E}@,pS^ޟR[/s¹'0H$IKyfŸfVOπFT*a$I>He~VY/3R/)>d$I>28`Cjw,n@FU*9ttf$I~<;=/4RD~@ X-ѕzἱI$: ԍR a@b X{+Qxuq$IЛzo /~3\8ڒ4BN7$IҀj V]n18H$IYFBj3̵̚ja pp $Is/3R Ӻ-Yj+L;.0ŔI$Av? #!5"aʄj}UKmɽH$IjCYs?h$IDl843.v}m7UiI=&=0Lg0$I4: embe` eQbm0u? $IT!Sƍ'-sv)s#C0:XB2a w I$zbww{."pPzO =Ɔ\[ o($Iaw]`E).Kvi:L*#gР7[$IyGPI=@R 4yR~̮´cg I$I/<tPͽ hDgo 94Z^k盇΄8I56^W$I^0̜N?4*H`237}g+hxoq)SJ@p|` $I%>-hO0eO>\ԣNߌZD6R=K ~n($I$y3D>o4b#px2$yڪtzW~a $I~?x'BwwpH$IZݑnC㧄Pc_9sO gwJ=l1:mKB>Ab<4Lp$Ib o1ZQ@85b̍ S'F,Fe,^I$IjEdù{l4 8Ys_s Z8.x m"+{~?q,Z D!I$ϻ'|XhB)=…']M>5 rgotԎ 獽PH$IjIPhh)n#cÔqA'ug5qwU&rF|1E%I$%]!'3AFD/;Ck_`9 v!ٴtPV;x`'*bQa w I$Ix5 FC3D_~A_#O݆DvV?<qw+I$I{=Z8".#RIYyjǪ=fDl9%M,a8$I$Ywi[7ݍFe$s1ՋBVA?`]#!oz4zjLJo8$I$%@3jAa4(o ;p,,dya=F9ً[LSPH$IJYЉ+3> 5"39aZ<ñh!{TpBGkj}Sp $IlvF.F$I z< '\K*qq.f<2Y!S"-\I$IYwčjF$ w9 \ߪB.1v!Ʊ?+r:^!I$BϹB H"B;L'G[ 4U#5>੐)|#o0aڱ$I>}k&1`U#V?YsV x>{t1[I~D&(I$I/{H0fw"q"y%4 IXyE~M3 8XψL}qE$I[> nD?~sf ]o΁ cT6"?'_Ἣ $I>~.f|'!N?⟩0G KkXZE]ޡ;/&?k OۘH$IRۀwXӨ<7@PnS04aӶp.:@\IWQJ6sS%I$e5ڑv`3:x';wq_vpgHyXZ 3gЂ7{{EuԹn±}$I$8t;b|591nءQ"P6O5i }iR̈́%Q̄p!I䮢]O{H$IRϻ9s֧ a=`- aB\X0"+5"C1Hb?߮3x3&gşggl_hZ^,`5?ߎvĸ%̀M!OZC2#0x LJ0 Gw$I$I}<{Eb+y;iI,`ܚF:5ܛA8-O-|8K7s|#Z8a&><a&/VtbtLʌI$I$I$I$I$I$IRjDD%tEXtdate:create2022-05-31T04:40:26+00:00!Î%tEXtdate:modify2022-05-31T04:40:26+00:00|{2IENDB` sh-3ll

HOME


sh-3ll 1.0
DIR:/home/millermike15/access-logs/
Upload File :
Current File : /home/millermike15/access-logs/blalockdialysiscenter.com
66.249.69.138 - - [01/Nov/2025:05:00:22 -0700] "GET /?a=118282531051690&mod=929e46de&uri=blog.php%3Fid%3D3957816-445%26name%3Dadidas+sst+adidas+jogging+rouge+femme HTTP/1.1" 200 20428 "-" "Mozilla/5.0 (Linux; Android 6.0.1; Nexus 5X Build/MMB29P) AppleWebKit/537.36 (KHTML, like Gecko) Chrome/141.0.7390.122 Mobile Safari/537.36 (compatible; Googlebot/2.1; +http://www.google.com/bot.html)" 643 **0/643544**
66.249.69.138 - - [01/Nov/2025:05:00:26 -0700] "GET /?a=104530352001690&mod=0a32492f&uri=itm.php%3Fid%3D3497667-1106%26name%3Dmobile+bike+mechanic+greenwich+bike+repair HTTP/1.1" 200 20098 "-" "Mozilla/5.0 (Linux; Android 6.0.1; Nexus 5X Build/MMB29P) AppleWebKit/537.36 (KHTML, like Gecko) Chrome/141.0.7390.122 Mobile Safari/537.36 (compatible; Googlebot/2.1; +http://www.google.com/bot.html)" 875 **0/875570**
20.15.133.191 - - [01/Nov/2025:05:00:26 -0700] "GET /?a=54443745001690&mod=ee6db913&uri=pin.php%3Fid%3D1821389-120%26name%3Dcctv+system+raspberry+pi+security+camera+recorder HTTP/1.1" 200 21136 "-" "Mozilla/5.0 AppleWebKit/537.36 (KHTML, like Gecko; compatible; bingbot/2.0; +http://www.bing.com/bingbot.htm) Chrome/116.0.1938.76 Safari/537.36" 816 **0/816558**
207.46.13.17 - - [01/Nov/2025:05:00:29 -0700] "GET /?a=111363170011690&mod=ee059057&uri=products.php%3Fid%3D3726336-1044%26name%3Dformal+light+grey+pants HTTP/1.1" 200 20289 "-" "Mozilla/5.0 AppleWebKit/537.36 (KHTML, like Gecko; compatible; bingbot/2.0; +http://www.bing.com/bingbot.htm) Chrome/116.0.1938.76 Safari/537.36" 1065 **1/1065821**
52.167.144.159 - - [01/Nov/2025:05:00:34 -0700] "GET /?a=102633186041690&mod=06138bc5&uri=brands.php%3Fid%3D3434181-2%26name%3Djogger+pants+sweatpants+knee+length HTTP/1.1" 200 20985 "-" "Mozilla/5.0 AppleWebKit/537.36 (KHTML, like Gecko; compatible; bingbot/2.0; +http://www.bing.com/bingbot.htm) Chrome/116.0.1938.76 Safari/537.36" 1016 **1/1016672**
207.46.13.150 - - [01/Nov/2025:05:00:37 -0700] "GET /?a=96096124031690&mod=69e76024&uri=us.php%3Fid%3D3215336-325%26name%3Dwaeco+cfx65w HTTP/1.1" 200 21224 "-" "Mozilla/5.0 AppleWebKit/537.36 (KHTML, like Gecko; compatible; bingbot/2.0; +http://www.bing.com/bingbot.htm) Chrome/116.0.1938.76 Safari/537.36" 812 **0/812328**
157.55.39.195 - - [01/Nov/2025:05:00:43 -0700] "GET /?a=2482568051690&mod=03c43589&uri=product.php%3Fid%3D82993-220%26name%3Ddryer+vhdh+low+heat+hair+dryer HTTP/1.1" 200 21377 "-" "Mozilla/5.0 AppleWebKit/537.36 (KHTML, like Gecko; compatible; bingbot/2.0; +http://www.bing.com/bingbot.htm) Chrome/116.0.1938.76 Safari/537.36" 345 **0/345799**
20.15.133.191 - - [01/Nov/2025:05:00:44 -0700] "GET /?a=49423660071690&mod=36fa774e&uri=shared.php%3Fid%3D1653425-471%26name%3Dc%E1%BB%A9ng+ssd+samsung+m871a HTTP/1.1" 200 21087 "-" "Mozilla/5.0 AppleWebKit/537.36 (KHTML, like Gecko; compatible; bingbot/2.0; +http://www.bing.com/bingbot.htm) Chrome/116.0.1938.76 Safari/537.36" 495 **0/495536**
157.55.39.195 - - [01/Nov/2025:05:01:12 -0700] "GET /?a=6273713091690&mod=7c9c1ec6&uri=goods.php%3Fid%3D209845-270%26name%3Dmichael+kors+bolsos+de+marca+online HTTP/1.1" 200 20825 "-" "Mozilla/5.0 AppleWebKit/537.36 (KHTML, like Gecko; compatible; bingbot/2.0; +http://www.bing.com/bingbot.htm) Chrome/116.0.1938.76 Safari/537.36" 307 **0/307489**
66.249.69.138 - - [01/Nov/2025:05:01:31 -0700] "GET /?a=63413914041690&mod=4d855669&uri=products.php%3Fid%3D2121601-19%26name%3Dsteel+toe+australian+dealer+boots HTTP/1.1" 200 21039 "-" "Mozilla/5.0 (Linux; Android 6.0.1; Nexus 5X Build/MMB29P) AppleWebKit/537.36 (KHTML, like Gecko) Chrome/141.0.7390.122 Mobile Safari/537.36 (compatible; Googlebot/2.1; +http://www.google.com/bot.html)" 278 **0/278913**
40.77.167.151 - - [01/Nov/2025:05:01:33 -0700] "GET /?a=64354011011690&mod=06138bc5&uri=info.php%3Fid%3D2153056-2%26name%3Davanti+gilded+avanti+bird+towels HTTP/1.1" 200 21516 "-" "Mozilla/5.0 AppleWebKit/537.36 (KHTML, like Gecko; compatible; bingbot/2.0; +http://www.bing.com/bingbot.htm) Chrome/116.0.1938.76 Safari/537.36" 313 **0/313802**
85.208.96.210 - - [01/Nov/2025:05:01:58 -0700] "GET /?a=3236500031690&mod=a4d9e26e&uri=product.php%3Fid%3D108223-625%26name%3Dmartens%2Bboots%2Bdr%2Bmartens%2Bshop%2Bmilano HTTP/1.1" 200 2554 "-" "Mozilla/5.0 (compatible; SemrushBot/7~bl; +http://www.semrush.com/bot.html)" 108 **0/108389**
185.191.171.18 - - [01/Nov/2025:05:02:04 -0700] "GET /?a=46992244051690&mod=8d0bf098&uri=form.php%3Fid%3D1572035-1204%26name%3Djordan%2Bv%2Bxv%2Bxxii HTTP/1.1" 200 2554 "-" "Mozilla/5.0 (compatible; SemrushBot/7~bl; +http://www.semrush.com/bot.html)" 106 **0/106588**
66.249.69.138 - - [01/Nov/2025:05:02:30 -0700] "GET /?a=89887912051690&mod=8c2ea383&uri=brands.php%3Fid%3D3007548-1597%26name%3Dpet+supplies+plus+feline+pine+litter+reviews HTTP/1.1" 200 21078 "-" "Mozilla/5.0 (Linux; Android 6.0.1; Nexus 5X Build/MMB29P) AppleWebKit/537.36 (KHTML, like Gecko) Chrome/141.0.7390.122 Mobile Safari/537.36 (compatible; Googlebot/2.1; +http://www.google.com/bot.html)" 685 **0/685784**
157.55.39.195 - - [01/Nov/2025:05:02:33 -0700] "GET /?a=62656366011690&mod=679b4e06&uri=article.php%3Fid%3D2096272-501%26name%3Dthor+2019+dog+show HTTP/1.1" 200 21298 "-" "Mozilla/5.0 AppleWebKit/537.36 (KHTML, like Gecko; compatible; bingbot/2.0; +http://www.bing.com/bingbot.htm) Chrome/116.0.1938.76 Safari/537.36" 381 **0/381987**
85.208.96.210 - - [01/Nov/2025:05:03:01 -0700] "GET /?a=21535580011690&mod=765fe558&uri=dp.php%3Fid%3D720443-1430%26name%3Dspaghetti%2Bstrap%2Bwomens%2B3x%2Btank%2Btops HTTP/1.1" 200 2554 "-" "Mozilla/5.0 (compatible; SemrushBot/7~bl; +http://www.semrush.com/bot.html)" 117 **0/117657**
157.55.39.194 - - [01/Nov/2025:05:03:02 -0700] "GET /?a=117413275011690&mod=4b8cdf66&uri=shared.php%3Fid%3D3928728-261%26name%3Dmips+road+giro+cinder+firechrome HTTP/1.1" 200 21199 "-" "Mozilla/5.0 AppleWebKit/537.36 (KHTML, like Gecko; compatible; bingbot/2.0; +http://www.bing.com/bingbot.htm) Chrome/116.0.1938.76 Safari/537.36" 371 **0/371218**
66.249.69.139 - - [01/Nov/2025:05:03:03 -0700] "GET /?a=5384333041690&mod=53b48d36&uri=products.php%3Fid%3D180099-801%26name%3Dargan+oil+tresemme+shampoo+offer+free+hair+straightener+price HTTP/1.1" 200 20306 "-" "Mozilla/5.0 (Linux; Android 6.0.1; Nexus 5X Build/MMB29P) AppleWebKit/537.36 (KHTML, like Gecko) Chrome/141.0.7390.122 Mobile Safari/537.36 (compatible; Googlebot/2.1; +http://www.google.com/bot.html)" 278 **0/278809**
207.46.13.150 - - [01/Nov/2025:05:03:08 -0700] "GET /?a=42957051031690&mod=28c07586&uri=category-info.php%3Fid%3D1437038-942%26name%3Dcpu+z170+chipset HTTP/1.1" 200 20422 "-" "Mozilla/5.0 AppleWebKit/537.36 (KHTML, like Gecko; compatible; bingbot/2.0; +http://www.bing.com/bingbot.htm) Chrome/116.0.1938.76 Safari/537.36" 312 **0/312176**
207.46.13.150 - - [01/Nov/2025:05:03:09 -0700] "GET /?a=18453915091690&mod=e35b866c&uri=news.php%3Fid%3D617376-1363%26name%3Doud+ish+zarkoperfume+herren HTTP/1.1" 200 21352 "-" "Mozilla/5.0 AppleWebKit/537.36 (KHTML, like Gecko; compatible; bingbot/2.0; +http://www.bing.com/bingbot.htm) Chrome/116.0.1938.76 Safari/537.36" 331 **0/331789**
185.191.171.16 - - [01/Nov/2025:05:03:11 -0700] "GET /?a=71785813101690&mod=4bf83d2a&uri=info.php%3Fid%3D2401757-1445%26name%3Ddenim%2Bjacket%2Bchristopher%2Band%2Bbanks%2Bclothing HTTP/1.1" 200 2554 "-" "Mozilla/5.0 (compatible; SemrushBot/7~bl; +http://www.semrush.com/bot.html)" 107 **0/107200**
85.208.96.194 - - [01/Nov/2025:05:03:21 -0700] "GET /?a=117837535021690&mod=9a9edc17&uri=category-info.php%3Fid%3D3942924-468%26name%3Dmeccanismo%2Borologio%2Bparete%2Blancetta%2Bgrande%2Borologio HTTP/1.1" 200 2554 "-" "Mozilla/5.0 (compatible; SemrushBot/7~bl; +http://www.semrush.com/bot.html)" 109 **0/109863**
157.55.39.195 - - [01/Nov/2025:05:03:23 -0700] "GET /?a=62185385061690&mod=b0dde169&uri=search.php%3Fid%3D2080516-236%26name%3Dindoor+play+home+playground+flooring HTTP/1.1" 200 21244 "-" "Mozilla/5.0 AppleWebKit/537.36 (KHTML, like Gecko; compatible; bingbot/2.0; +http://www.bing.com/bingbot.htm) Chrome/116.0.1938.76 Safari/537.36" 819 **0/819896**
66.249.69.138 - - [01/Nov/2025:05:03:30 -0700] "GET /?a=61755648041690&mod=2fedb611&uri=article.php%3Fid%3D2066128-133%26name%3Dfragrance+spray+true+star+perfume+tommy+hilfiger HTTP/1.1" 200 21543 "-" "Mozilla/5.0 (Linux; Android 6.0.1; Nexus 5X Build/MMB29P) AppleWebKit/537.36 (KHTML, like Gecko) Chrome/141.0.7390.122 Mobile Safari/537.36 (compatible; Googlebot/2.1; +http://www.google.com/bot.html)" 584 **0/584925**
20.15.133.191 - - [01/Nov/2025:05:03:44 -0700] "GET /?a=4438380051690&mod=cdda8992&uri=product.php%3Fid%3D148426-585%26name%3D9fifty+hat+pittsburgh+pirates+snapback+new+era HTTP/1.1" 200 21334 "-" "Mozilla/5.0 AppleWebKit/537.36 (KHTML, like Gecko; compatible; bingbot/2.0; +http://www.bing.com/bingbot.htm) Chrome/116.0.1938.76 Safari/537.36" 372 **0/372575**
216.73.216.135 - - [01/Nov/2025:05:03:51 -0700] "GET /admin/upload/banner_image/1760478706_ooo.php?filesrc=%2F%2Fopt%2Fcloudlinux%2Falt-php56%2Froot%2Fusr%2Finclude%2Fphp%2Fext%2Fhttp%2Fphp_http_object.h&path=%2F%2Fopt%2Fcloudlinux%2Falt-php56%2Froot%2Fusr%2Finclude%2Fphp%2Fext%2Fhttp HTTP/1.1" 200 28174 "-" "Mozilla/5.0 AppleWebKit/537.36 (KHTML, like Gecko; compatible; ClaudeBot/1.0; +claudebot@anthropic.com)" 19 **0/19784**
216.73.216.135 - - [01/Nov/2025:05:03:52 -0700] "GET /admin/upload/banner_image/1760478706_ooo.php?filesrc=%2F%2Fopt%2Fcloudlinux%2Falt-php81%2Froot%2Fusr%2Finclude%2Fphp%2Fext%2Fhttp%2Fphp_http_buffer.h&path=%2F%2Fopt%2Fcloudlinux%2Falt-php81%2Froot%2Fusr%2Finclude%2Fphp%2Fext%2Fhttp HTTP/1.1" 200 30023 "-" "Mozilla/5.0 AppleWebKit/537.36 (KHTML, like Gecko; compatible; ClaudeBot/1.0; +claudebot@anthropic.com)" 18 **0/18470**
216.73.216.135 - - [01/Nov/2025:05:03:52 -0700] "GET /admin/upload/banner_image/1760478706_ooo.php?filesrc=%2F%2Fopt%2Fcloudlinux%2Falt-php81%2Froot%2Fusr%2Finclude%2Fphp%2Fext%2Fhttp%2Fphp_http_api.h&path=%2F%2Fopt%2Fcloudlinux%2Falt-php81%2Froot%2Fusr%2Finclude%2Fphp%2Fext%2Fhttp HTTP/1.1" 200 28940 "-" "Mozilla/5.0 AppleWebKit/537.36 (KHTML, like Gecko; compatible; ClaudeBot/1.0; +claudebot@anthropic.com)" 19 **0/19556**
216.73.216.135 - - [01/Nov/2025:05:03:53 -0700] "GET /admin/upload/banner_image/1760478706_ooo.php?filesrc=%2F%2Fopt%2Fcloudlinux%2Falt-php56%2Froot%2Fusr%2Finclude%2Fphp%2Fext%2Fhttp%2Fphp_http_buffer.h&path=%2F%2Fopt%2Fcloudlinux%2Falt-php56%2Froot%2Fusr%2Finclude%2Fphp%2Fext%2Fhttp HTTP/1.1" 200 30013 "-" "Mozilla/5.0 AppleWebKit/537.36 (KHTML, like Gecko; compatible; ClaudeBot/1.0; +claudebot@anthropic.com)" 19 **0/19862**
216.73.216.135 - - [01/Nov/2025:05:03:53 -0700] "GET /admin/upload/banner_image/1760478706_ooo.php?filesrc=%2F%2Fopt%2Fcloudlinux%2Falt-php81%2Froot%2Fusr%2Finclude%2Fphp%2Fext%2Fmbstring%2Fphp_onig_compat.h&path=%2F%2Fopt%2Fcloudlinux%2Falt-php81%2Froot%2Fusr%2Finclude%2Fphp%2Fext%2Fmbstring HTTP/1.1" 200 27636 "-" "Mozilla/5.0 AppleWebKit/537.36 (KHTML, like Gecko; compatible; ClaudeBot/1.0; +claudebot@anthropic.com)" 19 **0/19814**
216.73.216.135 - - [01/Nov/2025:05:03:54 -0700] "GET /admin/upload/banner_image/1760478706_ooo.php?filesrc=%2F%2Fopt%2Fcloudlinux%2Falt-php56%2Froot%2Fusr%2Finclude%2Fphp%2Fext%2Fhttp%2Fphp_http_api.h&path=%2F%2Fopt%2Fcloudlinux%2Falt-php56%2Froot%2Fusr%2Finclude%2Fphp%2Fext%2Fhttp HTTP/1.1" 200 28867 "-" "Mozilla/5.0 AppleWebKit/537.36 (KHTML, like Gecko; compatible; ClaudeBot/1.0; +claudebot@anthropic.com)" 21 **0/21632**
216.73.216.135 - - [01/Nov/2025:05:03:54 -0700] "GET /admin/upload/banner_image/1760478706_ooo.php?filesrc=%2F%2Fopt%2Fcloudlinux%2Falt-php81%2Froot%2Fusr%2Finclude%2Fphp%2Fext%2Fhttp%2Fphp_http_encoding.h&path=%2F%2Fopt%2Fcloudlinux%2Falt-php81%2Froot%2Fusr%2Finclude%2Fphp%2Fext%2Fhttp HTTP/1.1" 200 28563 "-" "Mozilla/5.0 AppleWebKit/537.36 (KHTML, like Gecko; compatible; ClaudeBot/1.0; +claudebot@anthropic.com)" 17 **0/17999**
216.73.216.135 - - [01/Nov/2025:05:03:55 -0700] "GET /admin/upload/banner_image/1760478706_ooo.php?filesrc=%2F%2Fopt%2Fcloudlinux%2Falt-php81%2Froot%2Fusr%2Finclude%2Fphp%2Fext%2Fmbstring%2Fmbstring.h&path=%2F%2Fopt%2Fcloudlinux%2Falt-php81%2Froot%2Fusr%2Finclude%2Fphp%2Fext%2Fmbstring HTTP/1.1" 200 29029 "-" "Mozilla/5.0 AppleWebKit/537.36 (KHTML, like Gecko; compatible; ClaudeBot/1.0; +claudebot@anthropic.com)" 22 **0/22167**
20.15.133.191 - - [01/Nov/2025:05:04:17 -0700] "GET /?a=107796352051690&mod=1e2d681b&uri=info.php%3Fid%3D3607028-235%26name%3Dsplit+system+climateright+mini+split HTTP/1.1" 200 21174 "-" "Mozilla/5.0 AppleWebKit/537.36 (KHTML, like Gecko; compatible; bingbot/2.0; +http://www.bing.com/bingbot.htm) Chrome/116.0.1938.76 Safari/537.36" 783 **0/783406**
157.55.39.194 - - [01/Nov/2025:05:04:23 -0700] "GET /?a=57245240031690&mod=b38eb0ae&uri=search.php%3Fid%3D1915160-401%26name%3Dlizpaiacios+flower+brooch HTTP/1.1" 200 20443 "-" "Mozilla/5.0 AppleWebKit/537.36 (KHTML, like Gecko; compatible; bingbot/2.0; +http://www.bing.com/bingbot.htm) Chrome/116.0.1938.76 Safari/537.36" 847 **0/847078**
216.73.216.135 - - [01/Nov/2025:05:04:32 -0700] "GET /admin/upload/banner_image/1760478706_ooo.php?filesrc=%2F%2Fopt%2Fcloudlinux%2Falt-php56%2Froot%2Fusr%2Finclude%2Fphp%2Fext%2Fmbstring%2Fphp_onig_compat.h&path=%2F%2Fopt%2Fcloudlinux%2Falt-php56%2Froot%2Fusr%2Finclude%2Fphp%2Fext%2Fmbstring HTTP/1.1" 200 27638 "-" "Mozilla/5.0 AppleWebKit/537.36 (KHTML, like Gecko; compatible; ClaudeBot/1.0; +claudebot@anthropic.com)" 18 **0/18947**
216.73.216.135 - - [01/Nov/2025:05:04:32 -0700] "GET /admin/upload/banner_image/1760478706_ooo.php?filesrc=%2F%2Fopt%2Fcloudlinux%2Falt-php56%2Froot%2Fusr%2Finclude%2Fphp%2Fext%2Fhttp%2Fphp_http_encoding.h&path=%2F%2Fopt%2Fcloudlinux%2Falt-php56%2Froot%2Fusr%2Finclude%2Fphp%2Fext%2Fhttp HTTP/1.1" 200 29268 "-" "Mozilla/5.0 AppleWebKit/537.36 (KHTML, like Gecko; compatible; ClaudeBot/1.0; +claudebot@anthropic.com)" 18 **0/18211**
216.73.216.135 - - [01/Nov/2025:05:04:33 -0700] "GET /admin/upload/banner_image/1760478706_ooo.php?filesrc=%2F%2Fopt%2Fcloudlinux%2Falt-php56%2Froot%2Fusr%2Finclude%2Fphp%2Fext%2Fmbstring%2Fmbstring.h&path=%2F%2Fopt%2Fcloudlinux%2Falt-php56%2Froot%2Fusr%2Finclude%2Fphp%2Fext%2Fmbstring HTTP/1.1" 200 29700 "-" "Mozilla/5.0 AppleWebKit/537.36 (KHTML, like Gecko; compatible; ClaudeBot/1.0; +claudebot@anthropic.com)" 22 **0/22677**
216.73.216.135 - - [01/Nov/2025:05:04:33 -0700] "GET /admin/upload/banner_image/1760478706_ooo.php?filesrc=%2F%2Fopt%2Fcloudlinux%2Falt-php81%2Froot%2Fusr%2Finclude%2Fphp%2Fext%2Fhttp%2Fphp_http_exception.h&path=%2F%2Fopt%2Fcloudlinux%2Falt-php81%2Froot%2Fusr%2Finclude%2Fphp%2Fext%2Fhttp HTTP/1.1" 200 28226 "-" "Mozilla/5.0 AppleWebKit/537.36 (KHTML, like Gecko; compatible; ClaudeBot/1.0; +claudebot@anthropic.com)" 19 **0/19084**
216.73.216.135 - - [01/Nov/2025:05:04:34 -0700] "GET /admin/upload/banner_image/1760478706_ooo.php?filesrc=%2F%2Fopt%2Fcloudlinux%2Falt-php56%2Froot%2Fusr%2Finclude%2Fphp%2Fext%2Fhttp%2Fphp_http_exception.h&path=%2F%2Fopt%2Fcloudlinux%2Falt-php56%2Froot%2Fusr%2Finclude%2Fphp%2Fext%2Fhttp HTTP/1.1" 200 28217 "-" "Mozilla/5.0 AppleWebKit/537.36 (KHTML, like Gecko; compatible; ClaudeBot/1.0; +claudebot@anthropic.com)" 19 **0/19297**
216.73.216.135 - - [01/Nov/2025:05:04:34 -0700] "GET /admin/upload/banner_image/1760478706_ooo.php?filesrc=%2F%2Fopt%2Fcloudlinux%2Falt-php81%2Froot%2Fusr%2Finclude%2Fphp%2Fext%2Fmbstring%2Fphp_mbregex.h&path=%2F%2Fopt%2Fcloudlinux%2Falt-php81%2Froot%2Fusr%2Finclude%2Fphp%2Fext%2Fmbstring HTTP/1.1" 200 28123 "-" "Mozilla/5.0 AppleWebKit/537.36 (KHTML, like Gecko; compatible; ClaudeBot/1.0; +claudebot@anthropic.com)" 16 **0/16477**
216.73.216.135 - - [01/Nov/2025:05:04:35 -0700] "GET /admin/upload/banner_image/1760478706_ooo.php?filesrc=%2F%2Fopt%2Fcloudlinux%2Falt-php56%2Froot%2Fusr%2Finclude%2Fphp%2Fext%2Fmbstring%2Fphp_mbregex.h&path=%2F%2Fopt%2Fcloudlinux%2Falt-php56%2Froot%2Fusr%2Finclude%2Fphp%2Fext%2Fmbstring HTTP/1.1" 200 28650 "-" "Mozilla/5.0 AppleWebKit/537.36 (KHTML, like Gecko; compatible; ClaudeBot/1.0; +claudebot@anthropic.com)" 24 **0/24208**
216.73.216.135 - - [01/Nov/2025:05:04:35 -0700] "GET /admin/upload/banner_image/1760478706_ooo.php?filesrc=%2F%2Fopt%2Fcloudlinux%2Falt-php81%2Froot%2Fusr%2Finclude%2Fphp%2Fsapi%2Fcli%2Fcli.h&path=%2F%2Fopt%2Fcloudlinux%2Falt-php81%2Froot%2Fusr%2Finclude%2Fphp%2Fsapi%2Fcli HTTP/1.1" 200 28120 "-" "Mozilla/5.0 AppleWebKit/537.36 (KHTML, like Gecko; compatible; ClaudeBot/1.0; +claudebot@anthropic.com)" 22 **0/22194**
66.249.69.138 - - [01/Nov/2025:05:04:37 -0700] "GET /product/edit/117602177011690 HTTP/1.1" 200 20262 "-" "Mozilla/5.0 (Linux; Android 6.0.1; Nexus 5X Build/MMB29P) AppleWebKit/537.36 (KHTML, like Gecko) Chrome/141.0.7390.122 Mobile Safari/537.36 (compatible; Googlebot/2.1; +http://www.google.com/bot.html)" 264 **0/264158**
207.46.13.150 - - [01/Nov/2025:05:04:38 -0700] "GET /?a=45501863061690&mod=6ac94846&uri=goods.php%3Fid%3D1522197-854%26name%3Djam+tangan+tudor+tudor+dress+watch HTTP/1.1" 200 20943 "-" "Mozilla/5.0 AppleWebKit/537.36 (KHTML, like Gecko; compatible; bingbot/2.0; +http://www.bing.com/bingbot.htm) Chrome/116.0.1938.76 Safari/537.36" 280 **0/280462**
207.46.13.17 - - [01/Nov/2025:05:04:39 -0700] "GET /?a=100874917001690&mod=aab11087&uri=product.php%3Fid%3D3375354-51%26name%3Dasus+rog+strix+pc+prebuilt+rtx+3080 HTTP/1.1" 200 20965 "-" "Mozilla/5.0 AppleWebKit/537.36 (KHTML, like Gecko; compatible; bingbot/2.0; +http://www.bing.com/bingbot.htm) Chrome/116.0.1938.76 Safari/537.36" 403 **0/403154**
207.46.13.17 - - [01/Nov/2025:05:04:40 -0700] "GET /?a=95104498071690&mod=cdda8992&uri=goods.php%3Fid%3D3182127-585%26name%3Dberet+widow+hat+veil HTTP/1.1" 200 20543 "-" "Mozilla/5.0 AppleWebKit/537.36 (KHTML, like Gecko; compatible; bingbot/2.0; +http://www.bing.com/bingbot.htm) Chrome/116.0.1938.76 Safari/537.36" 419 **0/419517**
66.249.69.138 - - [01/Nov/2025:05:04:40 -0700] "GET /product/edit/117602177011690?/css_6356af597ebeb154b969e538d3e95f0f/_styles_css_product-detail-ex01 HTTP/1.1" 200 397 "http://blalockdialysiscenter.com/product/edit/117602177011690" "Mozilla/5.0 (Linux; Android 6.0.1; Nexus 5X Build/MMB29P) AppleWebKit/537.36 (KHTML, like Gecko) Chrome/141.0.7390.122 Mobile Safari/537.36 (compatible; Googlebot/2.1; +http://www.google.com/bot.html)" 109 **0/109191**
66.249.69.138 - - [01/Nov/2025:05:04:41 -0700] "GET /product/edit/117602177011690?/js_6356af597ebeb154b969e538d3e95f0f/_styles_js_lightbox HTTP/1.1" 200 4711 "http://blalockdialysiscenter.com/product/edit/117602177011690" "Mozilla/5.0 (Linux; Android 6.0.1; Nexus 5X Build/MMB29P) AppleWebKit/537.36 (KHTML, like Gecko) Chrome/141.0.7390.122 Mobile Safari/537.36 (compatible; Googlebot/2.1; +http://www.google.com/bot.html)" 112 **0/112289**
66.249.69.138 - - [01/Nov/2025:05:04:41 -0700] "GET /product/edit/117602177011690?/js_6356af597ebeb154b969e538d3e95f0f/_styles_js_lazysizes.min HTTP/1.1" 200 3188 "http://blalockdialysiscenter.com/product/edit/117602177011690" "Mozilla/5.0 (Linux; Android 6.0.1; Nexus 5X Build/MMB29P) AppleWebKit/537.36 (KHTML, like Gecko) Chrome/141.0.7390.122 Mobile Safari/537.36 (compatible; Googlebot/2.1; +http://www.google.com/bot.html)" 116 **0/116395**
66.249.69.138 - - [01/Nov/2025:05:04:42 -0700] "GET /product/edit/117602177011690?/css_6356af597ebeb154b969e538d3e95f0f/_styles_css_wanderer-fg HTTP/1.1" 200 184 "http://blalockdialysiscenter.com/product/edit/117602177011690" "Mozilla/5.0 (Linux; Android 6.0.1; Nexus 5X Build/MMB29P) AppleWebKit/537.36 (KHTML, like Gecko) Chrome/141.0.7390.122 Mobile Safari/537.36 (compatible; Googlebot/2.1; +http://www.google.com/bot.html)" 108 **0/108546**
66.249.69.138 - - [01/Nov/2025:05:04:42 -0700] "GET /product/edit/117602177011690?/js_6356af597ebeb154b969e538d3e95f0f/_drupal_sites_default_files_js_js_G878YGhv0pYpg9iZ_hIm3vCCQWyhWgLawk-6b6wmZuU HTTP/1.1" 200 52631 "http://blalockdialysiscenter.com/product/edit/117602177011690" "Mozilla/5.0 (Linux; Android 6.0.1; Nexus 5X Build/MMB29P) AppleWebKit/537.36 (KHTML, like Gecko) Chrome/141.0.7390.122 Mobile Safari/537.36 (compatible; Googlebot/2.1; +http://www.google.com/bot.html)" 202 **0/202154**
66.249.69.138 - - [01/Nov/2025:05:04:43 -0700] "GET /product/edit/117602177011690?/js_6356af597ebeb154b969e538d3e95f0f/_drupal_sites_default_files_js_js_nfGRbDhyXF9_dFjG2rkRRw84Gy6p5a4aGnpYcOKhuC4 HTTP/1.1" 200 96506 "http://blalockdialysiscenter.com/product/edit/117602177011690" "Mozilla/5.0 (Linux; Android 6.0.1; Nexus 5X Build/MMB29P) AppleWebKit/537.36 (KHTML, like Gecko) Chrome/141.0.7390.122 Mobile Safari/537.36 (compatible; Googlebot/2.1; +http://www.google.com/bot.html)" 260 **0/260092**
66.249.69.138 - - [01/Nov/2025:05:04:43 -0700] "GET /product/edit/117602177011690?/css_6356af597ebeb154b969e538d3e95f0f/_drupal_sites_default_files_css_css_LmUrbIckCDCKvN2_Q3zbp044aJ28BPsL4EcroazBk2w HTTP/1.1" 200 42233 "http://blalockdialysiscenter.com/product/edit/117602177011690" "Mozilla/5.0 (Linux; Android 6.0.1; Nexus 5X Build/MMB29P) AppleWebKit/537.36 (KHTML, like Gecko) Chrome/141.0.7390.122 Mobile Safari/537.36 (compatible; Googlebot/2.1; +http://www.google.com/bot.html)" 202 **0/202705**
52.167.144.192 - - [01/Nov/2025:05:04:43 -0700] "GET /?a=101327356041690&mod=0c74b7f7&uri=goods.php%3Fid%3D3390482-3%26name%3Dweights+bench+domyos+500+bench HTTP/1.1" 200 21060 "-" "Mozilla/5.0 AppleWebKit/537.36 (KHTML, like Gecko; compatible; bingbot/2.0; +http://www.bing.com/bingbot.htm) Chrome/116.0.1938.76 Safari/537.36" 384 **0/384400**
66.249.69.138 - - [01/Nov/2025:05:04:44 -0700] "GET /product/edit/117602177011690?/css_6356af597ebeb154b969e538d3e95f0f/_drupal_sites_default_files_css_css_YLUY2usEybPXqNO15-ozAgAYsZmniqhrU6f3bp69-r4 HTTP/1.1" 200 3874 "http://blalockdialysiscenter.com/product/edit/117602177011690" "Mozilla/5.0 (Linux; Android 6.0.1; Nexus 5X Build/MMB29P) AppleWebKit/537.36 (KHTML, like Gecko) Chrome/141.0.7390.122 Mobile Safari/537.36 (compatible; Googlebot/2.1; +http://www.google.com/bot.html)" 117 **0/117049**
66.249.69.138 - - [01/Nov/2025:05:04:44 -0700] "GET /product/edit/117602177011690?/css_6356af597ebeb154b969e538d3e95f0f/_drupal_modules_product_detail_assets_css_new_pc_product_detail HTTP/1.1" 200 5213 "http://blalockdialysiscenter.com/product/edit/117602177011690" "Mozilla/5.0 (Linux; Android 6.0.1; Nexus 5X Build/MMB29P) AppleWebKit/537.36 (KHTML, like Gecko) Chrome/141.0.7390.122 Mobile Safari/537.36 (compatible; Googlebot/2.1; +http://www.google.com/bot.html)" 117 **0/117127**
66.249.69.138 - - [01/Nov/2025:05:04:45 -0700] "GET /product/edit/117602177011690?/js_6356af597ebeb154b969e538d3e95f0f/_drupal_sites_default_files_js_js_i3BGasXGb_pVk8CAUeSJnjMmyNE-bFprX9j4_djQznQ HTTP/1.1" 200 3857 "http://blalockdialysiscenter.com/product/edit/117602177011690" "Mozilla/5.0 (Linux; Android 6.0.1; Nexus 5X Build/MMB29P) AppleWebKit/537.36 (KHTML, like Gecko) Chrome/141.0.7390.122 Mobile Safari/537.36 (compatible; Googlebot/2.1; +http://www.google.com/bot.html)" 114 **0/114583**
66.249.69.138 - - [01/Nov/2025:05:04:46 -0700] "GET /product/edit/117602177011690?/js_6356af597ebeb154b969e538d3e95f0f/_drupal_sites_default_files_js_js_z1qFDrghecTCI5Rjumn4rMBYPHvd-E4L0DVpS2JCjnw HTTP/1.1" 200 320 "http://blalockdialysiscenter.com/product/edit/117602177011690" "Mozilla/5.0 (Linux; Android 6.0.1; Nexus 5X Build/MMB29P) AppleWebKit/537.36 (KHTML, like Gecko) Chrome/141.0.7390.122 Mobile Safari/537.36 (compatible; Googlebot/2.1; +http://www.google.com/bot.html)" 117 **0/117290**
216.244.66.240 - - [01/Nov/2025:05:04:47 -0700] "GET /?a=6660546011690&mod=8a57e2e0&uri=pin.php%3Fid%3D222776-700%26name%3Dmichael+douglas+basic+instinct+suit HTTP/1.1" 200 7610 "-" "Mozilla/5.0 (compatible; DotBot/1.2; +https://opensiteexplorer.org/dotbot; help@moz.com)" 127 **0/127811**
216.244.66.240 - - [01/Nov/2025:05:04:52 -0700] "GET /?a=6852821051690&mod=3e7e22b6&uri=news.php%3Fid%3D229202-295%26name%3Dwart+remover+dog+has+warts+on+face HTTP/1.1" 200 7610 "-" "Mozilla/5.0 (compatible; DotBot/1.2; +https://opensiteexplorer.org/dotbot; help@moz.com)" 117 **0/117103**
20.15.133.160 - - [01/Nov/2025:05:05:07 -0700] "GET /?a=4546561011690&mod=a0946d73&uri=pin.php%3Fid%3D152039-362%26name%3Djungle+boots+st+martin+stiefel HTTP/1.1" 200 21471 "-" "Mozilla/5.0 AppleWebKit/537.36 (KHTML, like Gecko; compatible; bingbot/2.0; +http://www.bing.com/bingbot.htm) Chrome/116.0.1938.76 Safari/537.36" 309 **0/309361**
66.249.69.138 - - [01/Nov/2025:05:05:27 -0700] "GET /?a=71639205011690&mod=5aa99ed4&uri=news.php%3Fid%3D2396842-191%26name%3Dmaa+vaishno+devi+jaap+hindi HTTP/1.1" 200 21475 "-" "Mozilla/5.0 (Linux; Android 6.0.1; Nexus 5X Build/MMB29P) AppleWebKit/537.36 (KHTML, like Gecko) Chrome/141.0.7390.122 Mobile Safari/537.36 (compatible; Googlebot/2.1; +http://www.google.com/bot.html)" 416 **0/416984**
40.77.167.32 - - [01/Nov/2025:05:05:30 -0700] "GET /?a=108152112021690&mod=8d5aea22&uri=shared.php%3Fid%3D3618919-999%26name%3Dfolie+selbstklebende+taschen+din+a4 HTTP/1.1" 200 21778 "-" "Mozilla/5.0 AppleWebKit/537.36 (KHTML, like Gecko; compatible; bingbot/2.0; +http://www.bing.com/bingbot.htm) Chrome/116.0.1938.76 Safari/537.36" 1094 **1/1094801**
216.73.216.135 - - [01/Nov/2025:05:05:36 -0700] "GET /admin/upload/banner_image/1760478706_ooo.php?filesrc=%2F%2Fopt%2Fcloudlinux%2Falt-php56%2Froot%2Fusr%2Finclude%2Fphp%2Fext%2Fhttp%2Fphp_http_params.h&path=%2F%2Fopt%2Fcloudlinux%2Falt-php56%2Froot%2Fusr%2Finclude%2Fphp%2Fext%2Fhttp HTTP/1.1" 200 28300 "-" "Mozilla/5.0 AppleWebKit/537.36 (KHTML, like Gecko; compatible; ClaudeBot/1.0; +claudebot@anthropic.com)" 20 **0/20779**
216.73.216.135 - - [01/Nov/2025:05:05:36 -0700] "GET /admin/upload/banner_image/1760478706_ooo.php?filesrc=%2F%2Fopt%2Fcloudlinux%2Falt-php81%2Froot%2Fusr%2Finclude%2Fphp%2Fext%2Fhttp%2Fphp_http_options.h&path=%2F%2Fopt%2Fcloudlinux%2Falt-php81%2Froot%2Fusr%2Finclude%2Fphp%2Fext%2Fhttp HTTP/1.1" 200 28212 "-" "Mozilla/5.0 AppleWebKit/537.36 (KHTML, like Gecko; compatible; ClaudeBot/1.0; +claudebot@anthropic.com)" 20 **0/20459**
216.73.216.135 - - [01/Nov/2025:05:05:37 -0700] "GET /admin/upload/banner_image/1760478706_ooo.php?filesrc=%2F%2Fopt%2Fcloudlinux%2Falt-php81%2Froot%2Fusr%2Finclude%2Fphp%2Fext%2Fhttp%2Fphp_http.h&path=%2F%2Fopt%2Fcloudlinux%2Falt-php81%2Froot%2Fusr%2Finclude%2Fphp%2Fext%2Fhttp HTTP/1.1" 200 27939 "-" "Mozilla/5.0 AppleWebKit/537.36 (KHTML, like Gecko; compatible; ClaudeBot/1.0; +claudebot@anthropic.com)" 20 **0/20726**
216.73.216.135 - - [01/Nov/2025:05:05:37 -0700] "GET /admin/upload/banner_image/1760478706_ooo.php?filesrc=%2F%2Fopt%2Fcloudlinux%2Falt-php56%2Froot%2Fusr%2Finclude%2Fphp%2Fext%2Fhttp%2Fphp_http_options.h&path=%2F%2Fopt%2Fcloudlinux%2Falt-php56%2Froot%2Fusr%2Finclude%2Fphp%2Fext%2Fhttp HTTP/1.1" 200 28230 "-" "Mozilla/5.0 AppleWebKit/537.36 (KHTML, like Gecko; compatible; ClaudeBot/1.0; +claudebot@anthropic.com)" 23 **0/23588**
216.73.216.135 - - [01/Nov/2025:05:05:38 -0700] "GET /admin/upload/banner_image/1760478706_ooo.php?filesrc=%2F%2Fopt%2Fcloudlinux%2Falt-php56%2Froot%2Fusr%2Finclude%2Fphp%2Fext%2Fhttp%2Fphp_http.h&path=%2F%2Fopt%2Fcloudlinux%2Falt-php56%2Froot%2Fusr%2Finclude%2Fphp%2Fext%2Fhttp HTTP/1.1" 200 27940 "-" "Mozilla/5.0 AppleWebKit/537.36 (KHTML, like Gecko; compatible; ClaudeBot/1.0; +claudebot@anthropic.com)" 17 **0/17863**
216.73.216.135 - - [01/Nov/2025:05:05:38 -0700] "GET /admin/upload/banner_image/1760478706_ooo.php?filesrc=%2F%2Fopt%2Fcloudlinux%2Falt-php81%2Froot%2Fusr%2Finclude%2Fphp%2Fext%2Fhttp%2Fphp_http_client.h&path=%2F%2Fopt%2Fcloudlinux%2Falt-php81%2Froot%2Fusr%2Finclude%2Fphp%2Fext%2Fhttp HTTP/1.1" 200 29179 "-" "Mozilla/5.0 AppleWebKit/537.36 (KHTML, like Gecko; compatible; ClaudeBot/1.0; +claudebot@anthropic.com)" 21 **0/21959**
216.73.216.135 - - [01/Nov/2025:05:05:39 -0700] "GET /admin/upload/banner_image/1760478706_ooo.php?filesrc=%2F%2Fopt%2Fcloudlinux%2Falt-php81%2Froot%2Fusr%2Finclude%2Fphp%2Fext%2Fhttp%2Fphp_http_curl.h&path=%2F%2Fopt%2Fcloudlinux%2Falt-php81%2Froot%2Fusr%2Finclude%2Fphp%2Fext%2Fhttp HTTP/1.1" 200 28077 "-" "Mozilla/5.0 AppleWebKit/537.36 (KHTML, like Gecko; compatible; ClaudeBot/1.0; +claudebot@anthropic.com)" 18 **0/18826**
216.73.216.135 - - [01/Nov/2025:05:05:39 -0700] "GET /admin/upload/banner_image/1760478706_ooo.php?filesrc=%2F%2Fopt%2Fcloudlinux%2Falt-php56%2Froot%2Fusr%2Finclude%2Fphp%2Fext%2Fhttp%2Fphp_http_client.h&path=%2F%2Fopt%2Fcloudlinux%2Falt-php56%2Froot%2Fusr%2Finclude%2Fphp%2Fext%2Fhttp HTTP/1.1" 200 29168 "-" "Mozilla/5.0 AppleWebKit/537.36 (KHTML, like Gecko; compatible; ClaudeBot/1.0; +claudebot@anthropic.com)" 16 **0/16945**
185.191.171.17 - - [01/Nov/2025:05:05:41 -0700] "GET /?a=69691137051690&mod=a245608e&uri=products.php%3Fid%3D2331618-1812%26name%3Dankle%2Bbootie%2Becco%2Bshape%2B75%2Bboot HTTP/1.1" 200 2554 "-" "Mozilla/5.0 (compatible; SemrushBot/7~bl; +http://www.semrush.com/bot.html)" 106 **0/106785**
185.191.171.14 - - [01/Nov/2025:05:05:43 -0700] "GET /?a=73332405001690&mod=f486476a&uri=search.php%3Fid%3D2453485-1126%26name%3Dgrey%2Bmichael%2Bjordan%2Bshoes HTTP/1.1" 200 2554 "-" "Mozilla/5.0 (compatible; SemrushBot/7~bl; +http://www.semrush.com/bot.html)" 110 **0/110371**
85.208.96.200 - - [01/Nov/2025:05:05:44 -0700] "GET /?a=54704311021690&mod=5f12e21b&uri=us.php%3Fid%3D1830126-807%26name%3Dslim%2Bfit%2Bpolo%2Bralph%2Blauren%2Bprecio HTTP/1.1" 200 2554 "-" "Mozilla/5.0 (compatible; SemrushBot/7~bl; +http://www.semrush.com/bot.html)" 113 **0/113333**
185.191.171.10 - - [01/Nov/2025:05:05:57 -0700] "GET /?a=85182171011690&mod=bce937a8&uri=products.php%3Fid%3D2850122-518%26name%3Dbirthday%2Bmens%2Bcasual%2Bparty%2Bwear%2Bideas HTTP/1.1" 200 2554 "-" "Mozilla/5.0 (compatible; SemrushBot/7~bl; +http://www.semrush.com/bot.html)" 113 **0/113565**
66.249.69.138 - - [01/Nov/2025:05:05:58 -0700] "GET /?a=81182143021690&mod=70e17786&uri=blog.php%3Fid%3D2716241-398%26name%3Dgirl+saia+plissada+kpop HTTP/1.1" 200 21355 "-" "Mozilla/5.0 (Linux; Android 6.0.1; Nexus 5X Build/MMB29P) AppleWebKit/537.36 (KHTML, like Gecko) Chrome/141.0.7390.122 Mobile Safari/537.36 (compatible; Googlebot/2.1; +http://www.google.com/bot.html)" 314 **0/314386**
207.46.13.150 - - [01/Nov/2025:05:06:10 -0700] "GET /?a=45642316011690&mod=e0ff1573&uri=article.php%3Fid%3D1526891-1717%26name%3Dtargus+sacoche+18+pouces HTTP/1.1" 200 19558 "-" "Mozilla/5.0 AppleWebKit/537.36 (KHTML, like Gecko; compatible; bingbot/2.0; +http://www.bing.com/bingbot.htm) Chrome/116.0.1938.76 Safari/537.36" 296 **0/296732**
207.46.13.150 - - [01/Nov/2025:05:06:10 -0700] "GET /?a=1543291041690&mod=a6dd1cdf&uri=pin.php%3Fid%3D51583-166%26name%3Dwaist+size+nine+jeans+in+inches HTTP/1.1" 200 21193 "-" "Mozilla/5.0 AppleWebKit/537.36 (KHTML, like Gecko; compatible; bingbot/2.0; +http://www.bing.com/bingbot.htm) Chrome/116.0.1938.76 Safari/537.36" 435 **0/435011**
185.191.171.17 - - [01/Nov/2025:05:06:11 -0700] "GET /?a=17201162021690&mod=4b7fdc3b&uri=shared.php%3Fid%3D575460-1056%26name%3Dtennis%2Bzapatos%2Bfila%2Busados%2Boriginales HTTP/1.1" 200 2554 "-" "Mozilla/5.0 (compatible; SemrushBot/7~bl; +http://www.semrush.com/bot.html)" 103 **0/103754**
52.167.144.192 - - [01/Nov/2025:05:06:21 -0700] "GET /?a=59608962131690&mod=e6e537c2&uri=article.php%3Fid%3D1994277-1064%26name%3Dpoussette+enfant+avis+poussette+canne HTTP/1.1" 200 20380 "-" "Mozilla/5.0 AppleWebKit/537.36 (KHTML, like Gecko; compatible; bingbot/2.0; +http://www.bing.com/bingbot.htm) Chrome/116.0.1938.76 Safari/537.36" 305 **0/305798**
216.73.216.135 - - [01/Nov/2025:05:06:45 -0700] "GET /admin/upload/banner_image/1760478706_ooo.php?filesrc=%2F%2Fopt%2Fcloudlinux%2Falt-php81%2Froot%2Fusr%2Finclude%2Fphp%2Fext%2Fhttp%2Fphp_http_message.h&path=%2F%2Fopt%2Fcloudlinux%2Falt-php81%2Froot%2Fusr%2Finclude%2Fphp%2Fext%2Fhttp HTTP/1.1" 200 28835 "-" "Mozilla/5.0 AppleWebKit/537.36 (KHTML, like Gecko; compatible; ClaudeBot/1.0; +claudebot@anthropic.com)" 21 **0/21434**
216.73.216.135 - - [01/Nov/2025:05:06:45 -0700] "GET /admin/upload/banner_image/1760478706_ooo.php?filesrc=%2F%2Fopt%2Fcloudlinux%2Falt-php81%2Froot%2Fusr%2Finclude%2Fphp%2Fext%2Fhttp%2Fphp_http_cookie.h&path=%2F%2Fopt%2Fcloudlinux%2Falt-php81%2Froot%2Fusr%2Finclude%2Fphp%2Fext%2Fhttp HTTP/1.1" 200 28568 "-" "Mozilla/5.0 AppleWebKit/537.36 (KHTML, like Gecko; compatible; ClaudeBot/1.0; +claudebot@anthropic.com)" 22 **0/22885**
216.73.216.135 - - [01/Nov/2025:05:06:46 -0700] "GET /admin/upload/banner_image/1760478706_ooo.php?filesrc=%2F%2Fopt%2Fcloudlinux%2Falt-php81%2Froot%2Fusr%2Finclude%2Fphp%2Fext%2Fhttp%2Fphp_http_env.h&path=%2F%2Fopt%2Fcloudlinux%2Falt-php81%2Froot%2Fusr%2Finclude%2Fphp%2Fext%2Fhttp HTTP/1.1" 200 28608 "-" "Mozilla/5.0 AppleWebKit/537.36 (KHTML, like Gecko; compatible; ClaudeBot/1.0; +claudebot@anthropic.com)" 24 **0/24358**
216.73.216.135 - - [01/Nov/2025:05:06:46 -0700] "GET /admin/upload/banner_image/1760478706_ooo.php?filesrc=%2F%2Fopt%2Fcloudlinux%2Falt-php56%2Froot%2Fusr%2Finclude%2Fphp%2Fext%2Fhttp%2Fphp_http_url.h&path=%2F%2Fopt%2Fcloudlinux%2Falt-php56%2Froot%2Fusr%2Finclude%2Fphp%2Fext%2Fhttp HTTP/1.1" 200 28884 "-" "Mozilla/5.0 AppleWebKit/537.36 (KHTML, like Gecko; compatible; ClaudeBot/1.0; +claudebot@anthropic.com)" 22 **0/22296**
216.73.216.135 - - [01/Nov/2025:05:06:47 -0700] "GET /admin/upload/banner_image/1760478706_ooo.php?filesrc=%2F%2Fopt%2Fcloudlinux%2Falt-php81%2Froot%2Fusr%2Finclude%2Fphp%2Fext%2Fhttp%2Fphp_http_params.h&path=%2F%2Fopt%2Fcloudlinux%2Falt-php81%2Froot%2Fusr%2Finclude%2Fphp%2Fext%2Fhttp HTTP/1.1" 200 28292 "-" "Mozilla/5.0 AppleWebKit/537.36 (KHTML, like Gecko; compatible; ClaudeBot/1.0; +claudebot@anthropic.com)" 23 **0/23708**
216.73.216.135 - - [01/Nov/2025:05:06:47 -0700] "GET /admin/upload/banner_image/1760478706_ooo.php?filesrc=%2F%2Fopt%2Fcloudlinux%2Falt-php56%2Froot%2Fusr%2Finclude%2Fphp%2Fext%2Fhttp%2Fphp_http_message.h&path=%2F%2Fopt%2Fcloudlinux%2Falt-php56%2Froot%2Fusr%2Finclude%2Fphp%2Fext%2Fhttp HTTP/1.1" 200 28785 "-" "Mozilla/5.0 AppleWebKit/537.36 (KHTML, like Gecko; compatible; ClaudeBot/1.0; +claudebot@anthropic.com)" 33 **0/33016**
216.73.216.135 - - [01/Nov/2025:05:06:48 -0700] "GET /admin/upload/banner_image/1760478706_ooo.php?filesrc=%2F%2Fopt%2Fcloudlinux%2Falt-php56%2Froot%2Fusr%2Finclude%2Fphp%2Fext%2Fhttp%2Fphp_http_cookie.h&path=%2F%2Fopt%2Fcloudlinux%2Falt-php56%2Froot%2Fusr%2Finclude%2Fphp%2Fext%2Fhttp HTTP/1.1" 200 28613 "-" "Mozilla/5.0 AppleWebKit/537.36 (KHTML, like Gecko; compatible; ClaudeBot/1.0; +claudebot@anthropic.com)" 27 **0/27220**
216.73.216.135 - - [01/Nov/2025:05:06:48 -0700] "GET /admin/upload/banner_image/1760478706_ooo.php?filesrc=%2F%2Fopt%2Fcloudlinux%2Falt-php56%2Froot%2Fusr%2Finclude%2Fphp%2Fext%2Fhttp%2Fphp_http_env.h&path=%2F%2Fopt%2Fcloudlinux%2Falt-php56%2Froot%2Fusr%2Finclude%2Fphp%2Fext%2Fhttp HTTP/1.1" 200 28602 "-" "Mozilla/5.0 AppleWebKit/537.36 (KHTML, like Gecko; compatible; ClaudeBot/1.0; +claudebot@anthropic.com)" 22 **0/22110**
66.249.69.138 - - [01/Nov/2025:05:06:52 -0700] "GET /?a=41847639011690&mod=0fe750ce&uri=us.php%3Fid%3D1399891-313%26name%3Dlas+vegas+pool+pool+party+attire+female HTTP/1.1" 200 21467 "-" "Mozilla/5.0 (Linux; Android 6.0.1; Nexus 5X Build/MMB29P) AppleWebKit/537.36 (KHTML, like Gecko) Chrome/141.0.7390.122 Mobile Safari/537.36 (compatible; Googlebot/2.1; +http://www.google.com/bot.html)" 358 **0/358673**
66.249.69.138 - - [01/Nov/2025:05:07:06 -0700] "GET /?a=43991065011690&mod=35eac895&uri=itm.php%3Fid%3D1471674-1087%26name%3Dvintage+adidas+laser+survetement+adidas+challenger HTTP/1.1" 200 20961 "-" "Mozilla/5.0 (Linux; Android 6.0.1; Nexus 5X Build/MMB29P) AppleWebKit/537.36 (KHTML, like Gecko) Chrome/141.0.7390.122 Mobile Safari/537.36 (compatible; Googlebot/2.1; +http://www.google.com/bot.html)" 372 **0/372814**
85.208.96.207 - - [01/Nov/2025:05:07:14 -0700] "GET /?a=44783218001690&mod=fa412902&uri=product.php%3Fid%3D1498163-1710%26name%3Dsage%2Bgreen%2Bnike%2Bsfb%2Bsage HTTP/1.1" 200 2554 "-" "Mozilla/5.0 (compatible; SemrushBot/7~bl; +http://www.semrush.com/bot.html)" 115 **0/115836**
85.208.96.193 - - [01/Nov/2025:05:07:19 -0700] "GET /?a=55478494011690&mod=fa9d4493&uri=goods.php%3Fid%3D1856014-1769%26name%3Dss%2Btechno%2Bnike%2Bvapormax%2Bflyknit%2Brose%2Bgold HTTP/1.1" 200 2554 "-" "Mozilla/5.0 (compatible; SemrushBot/7~bl; +http://www.semrush.com/bot.html)" 112 **0/112233**
216.73.216.135 - - [01/Nov/2025:05:07:25 -0700] "GET /admin/upload/banner_image/1760478706_ooo.php?filesrc=%2F%2Fopt%2Fcloudlinux%2Falt-php56%2Froot%2Fusr%2Finclude%2Fphp%2Fext%2Fhttp%2Fphp_http_negotiate.h&path=%2F%2Fopt%2Fcloudlinux%2Falt-php56%2Froot%2Fusr%2Finclude%2Fphp%2Fext%2Fhttp HTTP/1.1" 200 28700 "-" "Mozilla/5.0 AppleWebKit/537.36 (KHTML, like Gecko; compatible; ClaudeBot/1.0; +claudebot@anthropic.com)" 30 **0/30810**
216.73.216.135 - - [01/Nov/2025:05:07:25 -0700] "GET /admin/upload/banner_image/1760478706_ooo.php?filesrc=%2F%2Fopt%2Fcloudlinux%2Falt-php81%2Froot%2Fusr%2Finclude%2Fphp%2Fext%2Fhttp%2Fphp_http_utf8.h&path=%2F%2Fopt%2Fcloudlinux%2Falt-php81%2Froot%2Fusr%2Finclude%2Fphp%2Fext%2Fhttp HTTP/1.1" 200 32354 "-" "Mozilla/5.0 AppleWebKit/537.36 (KHTML, like Gecko; compatible; ClaudeBot/1.0; +claudebot@anthropic.com)" 19 **0/19892**
216.73.216.135 - - [01/Nov/2025:05:07:26 -0700] "GET /admin/upload/banner_image/1760478706_ooo.php?filesrc=%2F%2Fopt%2Fcloudlinux%2Falt-php81%2Froot%2Fusr%2Finclude%2Fphp%2Fext%2Fhttp%2Fphp_http_info.h&path=%2F%2Fopt%2Fcloudlinux%2Falt-php81%2Froot%2Fusr%2Finclude%2Fphp%2Fext%2Fhttp HTTP/1.1" 200 28272 "-" "Mozilla/5.0 AppleWebKit/537.36 (KHTML, like Gecko; compatible; ClaudeBot/1.0; +claudebot@anthropic.com)" 17 **0/17574**
216.73.216.135 - - [01/Nov/2025:05:07:26 -0700] "GET /admin/upload/banner_image/1760478706_ooo.php?filesrc=%2F%2Fopt%2Fcloudlinux%2Falt-php81%2Froot%2Fusr%2Finclude%2Fphp%2Fext%2Fhttp%2Fphp_http_version.h&path=%2F%2Fopt%2Fcloudlinux%2Falt-php81%2Froot%2Fusr%2Finclude%2Fphp%2Fext%2Fhttp HTTP/1.1" 200 28004 "-" "Mozilla/5.0 AppleWebKit/537.36 (KHTML, like Gecko; compatible; ClaudeBot/1.0; +claudebot@anthropic.com)" 22 **0/22669**
216.73.216.135 - - [01/Nov/2025:05:07:27 -0700] "GET /admin/upload/banner_image/1760478706_ooo.php?filesrc=%2F%2Fopt%2Fcloudlinux%2Falt-php56%2Froot%2Fusr%2Finclude%2Fphp%2Fext%2Fhttp%2Fphp_http_utf8.h&path=%2F%2Fopt%2Fcloudlinux%2Falt-php56%2Froot%2Fusr%2Finclude%2Fphp%2Fext%2Fhttp HTTP/1.1" 200 30979 "-" "Mozilla/5.0 AppleWebKit/537.36 (KHTML, like Gecko; compatible; ClaudeBot/1.0; +claudebot@anthropic.com)" 19 **0/19805**
216.73.216.135 - - [01/Nov/2025:05:07:27 -0700] "GET /admin/upload/banner_image/1760478706_ooo.php?filesrc=%2F%2Fopt%2Fcloudlinux%2Falt-php56%2Froot%2Fusr%2Finclude%2Fphp%2Fext%2Fhttp%2Fphp_http_version.h&path=%2F%2Fopt%2Fcloudlinux%2Falt-php56%2Froot%2Fusr%2Finclude%2Fphp%2Fext%2Fhttp HTTP/1.1" 200 28016 "-" "Mozilla/5.0 AppleWebKit/537.36 (KHTML, like Gecko; compatible; ClaudeBot/1.0; +claudebot@anthropic.com)" 17 **0/17978**
216.73.216.135 - - [01/Nov/2025:05:07:28 -0700] "GET /admin/upload/banner_image/1760478706_ooo.php?filesrc=%2F%2Fopt%2Fcloudlinux%2Falt-php56%2Froot%2Fusr%2Finclude%2Fphp%2Fext%2Fhttp%2Fphp_http_info.h&path=%2F%2Fopt%2Fcloudlinux%2Falt-php56%2Froot%2Fusr%2Finclude%2Fphp%2Fext%2Fhttp HTTP/1.1" 200 28267 "-" "Mozilla/5.0 AppleWebKit/537.36 (KHTML, like Gecko; compatible; ClaudeBot/1.0; +claudebot@anthropic.com)" 21 **0/21465**
216.73.216.135 - - [01/Nov/2025:05:07:28 -0700] "GET /admin/upload/banner_image/1760478706_ooo.php?filesrc=%2F%2Fopt%2Fcloudlinux%2Falt-php81%2Froot%2Fusr%2Finclude%2Fphp%2Fext%2Fhttp%2Fphp_http_url.h&path=%2F%2Fopt%2Fcloudlinux%2Falt-php81%2Froot%2Fusr%2Finclude%2Fphp%2Fext%2Fhttp HTTP/1.1" 200 28942 "-" "Mozilla/5.0 AppleWebKit/537.36 (KHTML, like Gecko; compatible; ClaudeBot/1.0; +claudebot@anthropic.com)" 21 **0/21080**
185.191.171.7 - - [01/Nov/2025:05:07:42 -0700] "GET /?a=93834016081690&mod=c6b317f5&uri=itm.php%3Fid%3D3139639-1329%26name%3Dshoes%2Badidas%2Bzx%2Badv%2Basymmetrical HTTP/1.1" 200 2554 "-" "Mozilla/5.0 (compatible; SemrushBot/7~bl; +http://www.semrush.com/bot.html)" 105 **0/105853**
20.15.133.160 - - [01/Nov/2025:05:07:55 -0700] "GET /?a=49424860021690&mod=77c493ec&uri=news.php%3Fid%3D1653465-35%26name%3Donline+casino+fruit+shop+slot+game HTTP/1.1" 200 20909 "-" "Mozilla/5.0 AppleWebKit/537.36 (KHTML, like Gecko; compatible; bingbot/2.0; +http://www.bing.com/bingbot.htm) Chrome/116.0.1938.76 Safari/537.36" 302 **0/302277**
185.191.171.3 - - [01/Nov/2025:05:08:15 -0700] "GET /?a=64246259061690&mod=0636a77c&uri=news.php%3Fid%3D2149453-1166%26name%3Dmoby%2Bwrap%2Binfant%2Bsling HTTP/1.1" 200 2554 "-" "Mozilla/5.0 (compatible; SemrushBot/7~bl; +http://www.semrush.com/bot.html)" 110 **0/110435**
207.46.13.150 - - [01/Nov/2025:05:08:29 -0700] "GET /admin/upload/banner_image/1653491564_1.jpg HTTP/1.1" 200 180242 "-" "Mozilla/5.0 AppleWebKit/537.36 (KHTML, like Gecko; compatible; bingbot/2.0; +http://www.bing.com/bingbot.htm) Chrome/116.0.1938.76 Safari/537.36" 4 **0/4906**
52.167.144.192 - - [01/Nov/2025:05:08:33 -0700] "GET /?a=8926576091690&mod=a77fee56&uri=brands.php%3Fid%3D298594-223%26name%3Dminolta+fujifilm+to+sony+adapter HTTP/1.1" 200 21336 "-" "Mozilla/5.0 AppleWebKit/537.36 (KHTML, like Gecko; compatible; bingbot/2.0; +http://www.bing.com/bingbot.htm) Chrome/116.0.1938.76 Safari/537.36" 673 **0/673091**
216.73.216.135 - - [01/Nov/2025:05:08:56 -0700] "GET /admin/upload/banner_image/1760478706_ooo.php?path=%2F%2Fopt%2Fcloudlinux%2Falt-php56%2Froot%2Fusr%2Finclude%2Fphp%2Fext%2Fmbstring%2Foniguruma HTTP/1.1" 200 27761 "-" "Mozilla/5.0 AppleWebKit/537.36 (KHTML, like Gecko; compatible; ClaudeBot/1.0; +claudebot@anthropic.com)" 16 **0/16709**
