216.73.216.135 - - [01/Nov/2025:05:08:56 -0700] "GET /admin/upload/banner_image/1760478706_ooo.php?path=%2F%2Fopt%2Fcloudlinux%2Falt-php81%2Froot%2Fusr%2Fshare%2Fpear%2Ftest%2FStructures_Graph%2Ftests HTTP/1.1" 200 27914 "-" "Mozilla/5.0 AppleWebKit/537.36 (KHTML, like Gecko; compatible; ClaudeBot/1.0; +claudebot@anthropic.com)" 34 **0/34290**
216.73.216.135 - - [01/Nov/2025:05:08:57 -0700] "GET /admin/upload/banner_image/1760478706_ooo.php?path=%2F%2Fopt%2Fcloudlinux%2Falt-php81%2Froot%2Fusr%2Finclude%2Fphp%2Fext%2Fmbstring%2Flibmbfl HTTP/1.1" 200 27801 "-" "Mozilla/5.0 AppleWebKit/537.36 (KHTML, like Gecko; compatible; ClaudeBot/1.0; +claudebot@anthropic.com)" 17 **0/17920**
216.73.216.135 - - [01/Nov/2025:05:08:57 -0700] "GET /admin/upload/banner_image/1760478706_ooo.php?path=%2F%2Fopt%2Fcloudlinux%2Falt-php56%2Froot%2Fusr%2Finclude%2Fphp%2Fext%2Fmbstring%2Flibmbfl HTTP/1.1" 200 27800 "-" "Mozilla/5.0 AppleWebKit/537.36 (KHTML, like Gecko; compatible; ClaudeBot/1.0; +claudebot@anthropic.com)" 19 **0/19735**
216.73.216.135 - - [01/Nov/2025:05:08:58 -0700] "GET /admin/upload/banner_image/1760478706_ooo.php?path=%2F%2Fopt%2Fcloudlinux%2Falt-php81%2Froot%2Fusr%2Fshare%2Fdoc%2Fpear%2FStructures_Graph%2Fdocs HTTP/1.1" 200 27738 "-" "Mozilla/5.0 AppleWebKit/537.36 (KHTML, like Gecko; compatible; ClaudeBot/1.0; +claudebot@anthropic.com)" 21 **0/21964**
216.73.216.135 - - [01/Nov/2025:05:08:58 -0700] "GET /admin/upload/banner_image/1760478706_ooo.php?filesrc=%2F%2Fopt%2Fcloudlinux%2Falt-php81%2Froot%2Fusr%2Fshare%2Fdoc%2Fpear%2FStructures_Graph%2FLICENSE&path=%2F%2Fopt%2Fcloudlinux%2Falt-php81%2Froot%2Fusr%2Fshare%2Fdoc%2Fpear%2FStructures_Graph HTTP/1.1" 200 30175 "-" "Mozilla/5.0 AppleWebKit/537.36 (KHTML, like Gecko; compatible; ClaudeBot/1.0; +claudebot@anthropic.com)" 21 **0/21258**
216.73.216.135 - - [01/Nov/2025:05:08:59 -0700] "GET /admin/upload/banner_image/1760478706_ooo.php?filesrc=%2F%2Fopt%2Fcloudlinux%2Falt-php81%2Froot%2Fusr%2Finclude%2Fphp%2Fext%2Fhttp%2Fphp_http_negotiate.h&path=%2F%2Fopt%2Fcloudlinux%2Falt-php81%2Froot%2Fusr%2Finclude%2Fphp%2Fext%2Fhttp HTTP/1.1" 200 28660 "-" "Mozilla/5.0 AppleWebKit/537.36 (KHTML, like Gecko; compatible; ClaudeBot/1.0; +claudebot@anthropic.com)" 23 **0/23193**
66.249.72.228 - - [01/Nov/2025:05:09:17 -0700] "GET /?a=20946784041690&mod=f2805982&uri=goods.php%3Fid%3D700742-1342%26name%3Dbasketball+shoe+kyrie+irving+shoes+size+11 HTTP/1.1" 200 20354 "-" "Mozilla/5.0 (Linux; Android 6.0.1; Nexus 5X Build/MMB29P) AppleWebKit/537.36 (KHTML, like Gecko) Chrome/141.0.7390.122 Mobile Safari/537.36 (compatible; Googlebot/2.1; +http://www.google.com/bot.html)" 328 **0/328791**
20.15.133.191 - - [01/Nov/2025:05:09:18 -0700] "GET /?a=776695051690&mod=e0f120ee&uri=form.php%3Fid%3D25970-44%26name%3Dluggage+sale+best+place+to+buy+cheap+luggage HTTP/1.1" 200 21421 "-" "Mozilla/5.0 AppleWebKit/537.36 (KHTML, like Gecko; compatible; bingbot/2.0; +http://www.bing.com/bingbot.htm) Chrome/116.0.1938.76 Safari/537.36" 302 **0/302851**
66.249.72.228 - - [01/Nov/2025:05:09:18 -0700] "GET /?a=3539142051690&mod=4fbe9e8a&uri=pin.php%3Fid%3D118341-455%26name%3Dgrasa+corporal+bajar+grasa+y+aumentar+musculo HTTP/1.1" 200 21412 "-" "Mozilla/5.0 (Linux; Android 6.0.1; Nexus 5X Build/MMB29P) AppleWebKit/537.36 (KHTML, like Gecko) Chrome/141.0.7390.122 Mobile Safari/537.36 (compatible; Googlebot/2.1; +http://www.google.com/bot.html)" 335 **0/335553**
66.249.72.228 - - [01/Nov/2025:05:09:20 -0700] "GET /?a=50100959031690&mod=d74aefe1&uri=itm.php%3Fid%3D1676080-1572%26name%3Dshirt+playeras+le+coq+sportif+hombre HTTP/1.1" 200 20210 "-" "Mozilla/5.0 (Linux; Android 6.0.1; Nexus 5X Build/MMB29P) AppleWebKit/537.36 (KHTML, like Gecko) Chrome/141.0.7390.122 Mobile Safari/537.36 (compatible; Googlebot/2.1; +http://www.google.com/bot.html)" 313 **0/313347**
216.73.216.135 - - [01/Nov/2025:05:09:21 -0700] "GET /admin/upload/banner_image/1760478706_ooo.php?filesrc=%2F%2Fopt%2Fcloudlinux%2Falt-php81%2Froot%2Fusr%2Finclude%2Fphp%2Fext%2Fhttp%2Fphp_http_misc.h&path=%2F%2Fopt%2Fcloudlinux%2Falt-php81%2Froot%2Fusr%2Finclude%2Fphp%2Fext%2Fhttp HTTP/1.1" 200 30358 "-" "Mozilla/5.0 AppleWebKit/537.36 (KHTML, like Gecko; compatible; ClaudeBot/1.0; +claudebot@anthropic.com)" 21 **0/21909**
216.73.216.135 - - [01/Nov/2025:05:09:21 -0700] "GET /admin/upload/banner_image/1760478706_ooo.php?filesrc=%2F%2Fopt%2Fcloudlinux%2Falt-php56%2Froot%2Fusr%2Finclude%2Fphp%2Fext%2Fhttp%2Fphp_http_curl.h&path=%2F%2Fopt%2Fcloudlinux%2Falt-php56%2Froot%2Fusr%2Finclude%2Fphp%2Fext%2Fhttp HTTP/1.1" 200 28075 "-" "Mozilla/5.0 AppleWebKit/537.36 (KHTML, like Gecko; compatible; ClaudeBot/1.0; +claudebot@anthropic.com)" 18 **0/18584**
216.73.216.135 - - [01/Nov/2025:05:09:22 -0700] "GET /admin/upload/banner_image/1760478706_ooo.php?filesrc=%2F%2Fopt%2Fcloudlinux%2Falt-php81%2Froot%2Fusr%2Finclude%2Fphp%2Fext%2Fhttp%2Fphp_http_header.h&path=%2F%2Fopt%2Fcloudlinux%2Falt-php81%2Froot%2Fusr%2Finclude%2Fphp%2Fext%2Fhttp HTTP/1.1" 200 28132 "-" "Mozilla/5.0 AppleWebKit/537.36 (KHTML, like Gecko; compatible; ClaudeBot/1.0; +claudebot@anthropic.com)" 25 **0/25045**
216.73.216.135 - - [01/Nov/2025:05:09:22 -0700] "GET /admin/upload/banner_image/1760478706_ooo.php?filesrc=%2F%2Fopt%2Fcloudlinux%2Falt-php56%2Froot%2Fusr%2Finclude%2Fphp%2Fext%2Fhttp%2Fphp_http_misc.h&path=%2F%2Fopt%2Fcloudlinux%2Falt-php56%2Froot%2Fusr%2Finclude%2Fphp%2Fext%2Fhttp HTTP/1.1" 200 30972 "-" "Mozilla/5.0 AppleWebKit/537.36 (KHTML, like Gecko; compatible; ClaudeBot/1.0; +claudebot@anthropic.com)" 25 **0/25723**
216.73.216.135 - - [01/Nov/2025:05:09:23 -0700] "GET /admin/upload/banner_image/1760478706_ooo.php?filesrc=%2F%2Fopt%2Fcloudlinux%2Falt-php81%2Froot%2Fusr%2Finclude%2Fphp%2Fext%2Fhttp%2Fphp_http_querystring.h&path=%2F%2Fopt%2Fcloudlinux%2Falt-php81%2Froot%2Fusr%2Finclude%2Fphp%2Fext%2Fhttp HTTP/1.1" 200 28173 "-" "Mozilla/5.0 AppleWebKit/537.36 (KHTML, like Gecko; compatible; ClaudeBot/1.0; +claudebot@anthropic.com)" 19 **0/19429**
216.73.216.135 - - [01/Nov/2025:05:09:23 -0700] "GET /admin/upload/banner_image/1760478706_ooo.php?filesrc=%2F%2Fopt%2Fcloudlinux%2Falt-php56%2Froot%2Fusr%2Finclude%2Fphp%2Fext%2Fhttp%2Fphp_http_header.h&path=%2F%2Fopt%2Fcloudlinux%2Falt-php56%2Froot%2Fusr%2Finclude%2Fphp%2Fext%2Fhttp HTTP/1.1" 200 28126 "-" "Mozilla/5.0 AppleWebKit/537.36 (KHTML, like Gecko; compatible; ClaudeBot/1.0; +claudebot@anthropic.com)" 19 **0/19799**
216.73.216.135 - - [01/Nov/2025:05:09:24 -0700] "GET /admin/upload/banner_image/1760478706_ooo.php?filesrc=%2F%2Fopt%2Fcloudlinux%2Falt-php81%2Froot%2Fusr%2Finclude%2Fphp%2Fext%2Fhttp%2Fphp_http_object.h&path=%2F%2Fopt%2Fcloudlinux%2Falt-php81%2Froot%2Fusr%2Finclude%2Fphp%2Fext%2Fhttp HTTP/1.1" 200 28171 "-" "Mozilla/5.0 AppleWebKit/537.36 (KHTML, like Gecko; compatible; ClaudeBot/1.0; +claudebot@anthropic.com)" 21 **0/21336**
216.73.216.135 - - [01/Nov/2025:05:09:24 -0700] "GET /admin/upload/banner_image/1760478706_ooo.php?filesrc=%2F%2Fopt%2Fcloudlinux%2Falt-php56%2Froot%2Fusr%2Finclude%2Fphp%2Fext%2Fhttp%2Fphp_http_querystring.h&path=%2F%2Fopt%2Fcloudlinux%2Falt-php56%2Froot%2Fusr%2Finclude%2Fphp%2Fext%2Fhttp HTTP/1.1" 200 28167 "-" "Mozilla/5.0 AppleWebKit/537.36 (KHTML, like Gecko; compatible; ClaudeBot/1.0; +claudebot@anthropic.com)" 21 **0/21560**
20.15.133.160 - - [01/Nov/2025:05:09:28 -0700] "GET /?a=75210013011690&mod=44ac09ac&uri=news.php%3Fid%3D2516352-27%26name%3Dfriends+take+along+take+n+play+talking+edward HTTP/1.1" 200 21183 "-" "Mozilla/5.0 AppleWebKit/537.36 (KHTML, like Gecko; compatible; bingbot/2.0; +http://www.bing.com/bingbot.htm) Chrome/116.0.1938.76 Safari/537.36" 319 **0/319083**
185.191.171.18 - - [01/Nov/2025:05:09:56 -0700] "GET /?a=36032410021690&mod=08306617&uri=product.php%3Fid%3D1205404-1622%26name%3Dred%2Brajasthani%2Bbridal%2Blehenga HTTP/1.1" 200 2554 "-" "Mozilla/5.0 (compatible; SemrushBot/7~bl; +http://www.semrush.com/bot.html)" 113 **0/113380**
207.46.13.78 - - [01/Nov/2025:05:10:11 -0700] "GET /?a=115892100061690&mod=754b911b&uri=pin.php%3Fid%3D3877839-1696%26name%3Dbotas+hunter+hunter+refined+negras HTTP/1.1" 200 20174 "-" "Mozilla/5.0 AppleWebKit/537.36 (KHTML, like Gecko; compatible; bingbot/2.0; +http://www.bing.com/bingbot.htm) Chrome/116.0.1938.76 Safari/537.36" 585 **0/585564**
66.249.69.138 - - [01/Nov/2025:05:10:27 -0700] "GET /?a=98029395041690&mod=a8d4c6ab&uri=form.php%3Fid%3D3280111-525%26name%3Dhub+adapter+adaptador+hdmi+lan HTTP/1.1" 200 21384 "-" "Mozilla/5.0 (Linux; Android 6.0.1; Nexus 5X Build/MMB29P) AppleWebKit/537.36 (KHTML, like Gecko) Chrome/141.0.7390.122 Mobile Safari/537.36 (compatible; Googlebot/2.1; +http://www.google.com/bot.html)" 1029 **1/1029651**
207.46.13.150 - - [01/Nov/2025:05:10:32 -0700] "GET /?a=51660065011690&mod=c53efb25&uri=news.php%3Fid%3D1728232-318%26name%3Dsportswear+nmd+and+shorts HTTP/1.1" 200 21181 "-" "Mozilla/5.0 AppleWebKit/537.36 (KHTML, like Gecko; compatible; bingbot/2.0; +http://www.bing.com/bingbot.htm) Chrome/116.0.1938.76 Safari/537.36" 895 **0/895854**
157.55.39.203 - - [01/Nov/2025:05:10:37 -0700] "GET /?a=5705226061690&mod=c025eb4e&uri=blog.php%3Fid%3D190836-345%26name%3Dholder+cambo+4x5 HTTP/1.1" 200 19668 "-" "Mozilla/5.0 AppleWebKit/537.36 (KHTML, like Gecko; compatible; bingbot/2.0; +http://www.bing.com/bingbot.htm) Chrome/116.0.1938.76 Safari/537.36" 1055 **1/1055008**
85.208.96.195 - - [01/Nov/2025:05:10:39 -0700] "GET /?a=83917827001690&mod=7dc93bbe&uri=news.php%3Fid%3D2807750-497%26name%3Drolex%2Buomo%2Bquadrante%2Bnero HTTP/1.1" 200 2554 "-" "Mozilla/5.0 (compatible; SemrushBot/7~bl; +http://www.semrush.com/bot.html)" 105 **0/105376**
66.249.72.230 - - [01/Nov/2025:05:10:44 -0700] "GET /?a=27904222091690&mod=22e17d98&uri=brands.php%3Fid%3D933476-748%26name%3Dcw7302+001+air+max+270+react+eng+orange HTTP/1.1" 200 20444 "-" "Mozilla/5.0 (Linux; Android 6.0.1; Nexus 5X Build/MMB29P) AppleWebKit/537.36 (KHTML, like Gecko) Chrome/141.0.7390.122 Mobile Safari/537.36 (compatible; Googlebot/2.1; +http://www.google.com/bot.html)" 684 **0/684956**
66.249.72.230 - - [01/Nov/2025:05:10:45 -0700] "GET /?a=38523080001690&mod=fb4c4860&uri=info.php%3Fid%3D1288675-40%26name%3Dl%C3%A9taj%C3%ADc%C3%AD+koule+air+hogs+supernova+cena HTTP/1.1" 200 20797 "-" "Mozilla/5.0 (Linux; Android 6.0.1; Nexus 5X Build/MMB29P) AppleWebKit/537.36 (KHTML, like Gecko) Chrome/141.0.7390.122 Mobile Safari/537.36 (compatible; Googlebot/2.1; +http://www.google.com/bot.html)" 788 **0/788315**
66.249.69.138 - - [01/Nov/2025:05:10:51 -0700] "GET /?a=109254184001690&mod=c5346241&uri=itm.php%3Fid%3D3655818-511%26name%3Dceltics+game+kyrie+game+finals HTTP/1.1" 200 20771 "-" "Mozilla/5.0 (Linux; Android 6.0.1; Nexus 5X Build/MMB29P) AppleWebKit/537.36 (KHTML, like Gecko) Chrome/141.0.7390.122 Mobile Safari/537.36 (compatible; Googlebot/2.1; +http://www.google.com/bot.html)" 607 **0/607778**
40.77.167.32 - - [01/Nov/2025:05:10:51 -0700] "GET /?a=30839384051690&mod=b3b6a68e&uri=goods.php%3Fid%3D1031629-1170%26name%3Dmovies+nonton+harry+potter+and+the+prisoner+of+the+azkaban HTTP/1.1" 200 20596 "-" "Mozilla/5.0 AppleWebKit/537.36 (KHTML, like Gecko; compatible; bingbot/2.0; +http://www.bing.com/bingbot.htm) Chrome/116.0.1938.76 Safari/537.36" 288 **0/288558**
52.167.144.192 - - [01/Nov/2025:05:10:51 -0700] "GET /?a=48123905051690&mod=ccc36675&uri=article.php%3Fid%3D1609898-46%26name%3Dga4+not+provided+google HTTP/1.1" 200 20621 "-" "Mozilla/5.0 AppleWebKit/537.36 (KHTML, like Gecko; compatible; bingbot/2.0; +http://www.bing.com/bingbot.htm) Chrome/116.0.1938.76 Safari/537.36" 438 **0/438925**
216.73.216.135 - - [01/Nov/2025:05:10:56 -0700] "GET /admin/upload/banner_image/1760478706_ooo.php?filesrc=%2F%2Fopt%2Fcloudlinux%2Falt-php81%2Froot%2Fusr%2Finclude%2Fphp%2Fext%2Fswoole%2Fphp_swoole.h&path=%2F%2Fopt%2Fcloudlinux%2Falt-php81%2Froot%2Fusr%2Finclude%2Fphp%2Fext%2Fswoole HTTP/1.1" 200 28402 "-" "Mozilla/5.0 AppleWebKit/537.36 (KHTML, like Gecko; compatible; ClaudeBot/1.0; +claudebot@anthropic.com)" 19 **0/19954**
216.73.216.135 - - [01/Nov/2025:05:10:57 -0700] "GET /admin/upload/banner_image/1760478706_ooo.php?filesrc=%2F%2Fopt%2Fcloudlinux%2Falt-php81%2Froot%2Fusr%2Finclude%2Fphp%2Fext%2Fpdo%2Fphp_pdo.h&path=%2F%2Fopt%2Fcloudlinux%2Falt-php81%2Froot%2Fusr%2Finclude%2Fphp%2Fext%2Fpdo HTTP/1.1" 200 28433 "-" "Mozilla/5.0 AppleWebKit/537.36 (KHTML, like Gecko; compatible; ClaudeBot/1.0; +claudebot@anthropic.com)" 20 **0/20323**
66.249.72.231 - - [01/Nov/2025:05:10:57 -0700] "GET /?a=87295034031690&mod=1d77a938&uri=blog.php%3Fid%3D2920818-745%26name%3Doutfit+asics+winterised HTTP/1.1" 200 20087 "-" "Mozilla/5.0 (Linux; Android 6.0.1; Nexus 5X Build/MMB29P) AppleWebKit/537.36 (KHTML, like Gecko) Chrome/141.0.7390.122 Mobile Safari/537.36 (compatible; Googlebot/2.1; +http://www.google.com/bot.html)" 410 **0/410633**
216.73.216.135 - - [01/Nov/2025:05:10:57 -0700] "GET /admin/upload/banner_image/1760478706_ooo.php?filesrc=%2F%2Fopt%2Fcloudlinux%2Falt-php56%2Froot%2Fusr%2Finclude%2Fphp%2Fext%2Fpdo%2Fphp_pdo.h&path=%2F%2Fopt%2Fcloudlinux%2Falt-php56%2Froot%2Fusr%2Finclude%2Fphp%2Fext%2Fpdo HTTP/1.1" 200 28754 "-" "Mozilla/5.0 AppleWebKit/537.36 (KHTML, like Gecko; compatible; ClaudeBot/1.0; +claudebot@anthropic.com)" 24 **0/24035**
216.73.216.135 - - [01/Nov/2025:05:10:58 -0700] "GET /admin/upload/banner_image/1760478706_ooo.php?filesrc=%2F%2Fopt%2Fcloudlinux%2Falt-php81%2Froot%2Fusr%2Finclude%2Fphp%2Fext%2Fpdo%2Fphp_pdo_error.h&path=%2F%2Fopt%2Fcloudlinux%2Falt-php81%2Froot%2Fusr%2Finclude%2Fphp%2Fext%2Fpdo HTTP/1.1" 200 28160 "-" "Mozilla/5.0 AppleWebKit/537.36 (KHTML, like Gecko; compatible; ClaudeBot/1.0; +claudebot@anthropic.com)" 27 **0/27474**
185.191.171.5 - - [01/Nov/2025:05:10:58 -0700] "GET /?a=100730034011690&mod=28d6adbc&uri=info.php%3Fid%3D3370511-1888%26name%3Dhooded%2Bsweatshirt%2Badidas%2Bcropped%2Bhoodie%2Blong%2Bsleeve HTTP/1.1" 200 2554 "-" "Mozilla/5.0 (compatible; SemrushBot/7~bl; +http://www.semrush.com/bot.html)" 127 **0/127073**
216.73.216.135 - - [01/Nov/2025:05:10:58 -0700] "GET /admin/upload/banner_image/1760478706_ooo.php?filesrc=%2F%2Fopt%2Fcloudlinux%2Falt-php56%2Froot%2Fusr%2Finclude%2Fphp%2Fext%2Fpdo%2Fphp_pdo_error.h&path=%2F%2Fopt%2Fcloudlinux%2Falt-php56%2Froot%2Fusr%2Finclude%2Fphp%2Fext%2Fpdo HTTP/1.1" 200 28295 "-" "Mozilla/5.0 AppleWebKit/537.36 (KHTML, like Gecko; compatible; ClaudeBot/1.0; +claudebot@anthropic.com)" 22 **0/22484**
216.73.216.135 - - [01/Nov/2025:05:10:59 -0700] "GET /admin/upload/banner_image/1760478706_ooo.php?filesrc=%2F%2Fopt%2Fcloudlinux%2Falt-php81%2Froot%2Fusr%2Finclude%2Fphp%2Fext%2Flibxml%2Fphp_libxml.h&path=%2F%2Fopt%2Fcloudlinux%2Falt-php81%2Froot%2Fusr%2Finclude%2Fphp%2Fext%2Flibxml HTTP/1.1" 200 29891 "-" "Mozilla/5.0 AppleWebKit/537.36 (KHTML, like Gecko; compatible; ClaudeBot/1.0; +claudebot@anthropic.com)" 21 **0/21363**
216.73.216.135 - - [01/Nov/2025:05:10:59 -0700] "GET /admin/upload/banner_image/1760478706_ooo.php?filesrc=%2F%2Fopt%2Fcloudlinux%2Falt-php56%2Froot%2Fusr%2Finclude%2Fphp%2Fext%2Flibxml%2Fphp_libxml.h&path=%2F%2Fopt%2Fcloudlinux%2Falt-php56%2Froot%2Fusr%2Finclude%2Fphp%2Fext%2Flibxml HTTP/1.1" 200 29660 "-" "Mozilla/5.0 AppleWebKit/537.36 (KHTML, like Gecko; compatible; ClaudeBot/1.0; +claudebot@anthropic.com)" 25 **0/25792**
157.55.39.8 - - [01/Nov/2025:05:11:01 -0700] "GET /?a=44292633051690&mod=44ac09ac&uri=blog.php%3Fid%3D1481766-27%26name%3Dwoody+rc+remote+control+toy+story HTTP/1.1" 200 21218 "-" "Mozilla/5.0 AppleWebKit/537.36 (KHTML, like Gecko; compatible; bingbot/2.0; +http://www.bing.com/bingbot.htm) Chrome/116.0.1938.76 Safari/537.36" 355 **0/355460**
157.55.39.8 - - [01/Nov/2025:05:11:02 -0700] "GET /?a=18443072071690&mod=e35b866c&uri=itm.php%3Fid%3D617010-1363%26name%3Dsilky+secret+parfum+faynt HTTP/1.1" 200 21184 "-" "Mozilla/5.0 AppleWebKit/537.36 (KHTML, like Gecko; compatible; bingbot/2.0; +http://www.bing.com/bingbot.htm) Chrome/116.0.1938.76 Safari/537.36" 359 **0/359461**
185.191.171.10 - - [01/Nov/2025:05:11:03 -0700] "GET /?a=62689755041690&mod=b1a05322&uri=product.php%3Fid%3D2097392-1267%26name%3Deyeglasses%2Bmontures%2Btom%2Bford%2Bfemmes HTTP/1.1" 200 2554 "-" "Mozilla/5.0 (compatible; SemrushBot/7~bl; +http://www.semrush.com/bot.html)" 112 **0/112871**
66.249.72.228 - - [01/Nov/2025:05:11:13 -0700] "GET /?a=75039301001690&mod=2f3bbb97&uri=form.php%3Fid%3D2510644-49%26name%3Djoy+con+nintendo+switch+controller+pc+wired HTTP/1.1" 200 21628 "-" "Mozilla/5.0 (Linux; Android 6.0.1; Nexus 5X Build/MMB29P) AppleWebKit/537.36 (KHTML, like Gecko) Chrome/141.0.7390.122 Mobile Safari/537.36 (compatible; Googlebot/2.1; +http://www.google.com/bot.html)" 580 **0/580317**
66.249.72.228 - - [01/Nov/2025:05:11:18 -0700] "GET /?a=73441387041690&mod=b2251137&uri=us.php%3Fid%3D2457135-161%26name%3Dabito+upperistheway+abbigliamento HTTP/1.1" 200 21136 "-" "Mozilla/5.0 (Linux; Android 6.0.1; Nexus 5X Build/MMB29P) AppleWebKit/537.36 (KHTML, like Gecko) Chrome/141.0.7390.122 Mobile Safari/537.36 (compatible; Googlebot/2.1; +http://www.google.com/bot.html)" 436 **0/436827**
66.249.72.229 - - [01/Nov/2025:05:11:21 -0700] "GET /?a=30030937051690&mod=3c63021d&uri=info.php%3Fid%3D1004583-139%26name%3Dairtag+apple+find+my+vanmoof HTTP/1.1" 200 20286 "-" "Mozilla/5.0 (Linux; Android 6.0.1; Nexus 5X Build/MMB29P) AppleWebKit/537.36 (KHTML, like Gecko) Chrome/141.0.7390.122 Mobile Safari/537.36 (compatible; Googlebot/2.1; +http://www.google.com/bot.html)" 300 **0/300435**
66.249.72.228 - - [01/Nov/2025:05:11:23 -0700] "GET /?a=92863797071690&mod=8158fa3e&uri=itm.php%3Fid%3D3107170-322%26name%3Dhero+sprint+gear+bicycle+price HTTP/1.1" 200 20735 "-" "Mozilla/5.0 (Linux; Android 6.0.1; Nexus 5X Build/MMB29P) AppleWebKit/537.36 (KHTML, like Gecko) Chrome/141.0.7390.122 Mobile Safari/537.36 (compatible; Googlebot/2.1; +http://www.google.com/bot.html)" 660 **0/660790**
207.46.13.150 - - [01/Nov/2025:05:11:24 -0700] "GET /?a=51774016091690&mod=27d342e9&uri=search.php%3Fid%3D1732047-363%26name%3Dintersport+vtt+fille+16+pouces HTTP/1.1" 200 20273 "-" "Mozilla/5.0 AppleWebKit/537.36 (KHTML, like Gecko; compatible; bingbot/2.0; +http://www.bing.com/bingbot.htm) Chrome/116.0.1938.76 Safari/537.36" 983 **0/983526**
66.249.72.228 - - [01/Nov/2025:05:11:25 -0700] "GET /?a=79740597071690&mod=170ac27a&uri=pin.php%3Fid%3D2668033-891%26name%3Dnike+masculino+nike+react+element+tn+donna+grigio HTTP/1.1" 200 19860 "-" "Mozilla/5.0 (Linux; Android 6.0.1; Nexus 5X Build/MMB29P) AppleWebKit/537.36 (KHTML, like Gecko) Chrome/141.0.7390.122 Mobile Safari/537.36 (compatible; Googlebot/2.1; +http://www.google.com/bot.html)" 961 **0/961338**
20.15.133.191 - - [01/Nov/2025:05:11:25 -0700] "GET /?a=100991562051690&mod=3f6ad121&uri=news.php%3Fid%3D3379251-393%26name%3Dcasual+short+pant HTTP/1.1" 200 20693 "-" "Mozilla/5.0 AppleWebKit/537.36 (KHTML, like Gecko; compatible; bingbot/2.0; +http://www.bing.com/bingbot.htm) Chrome/116.0.1938.76 Safari/537.36" 952 **0/952895**
66.249.72.228 - - [01/Nov/2025:05:11:27 -0700] "GET /?a=68955550071690&mod=dda99de5&uri=article.php%3Fid%3D2306998-33%26name%3Docchiali+plastica+occhiali+fendi+iridia HTTP/1.1" 200 20283 "-" "Mozilla/5.0 (Linux; Android 6.0.1; Nexus 5X Build/MMB29P) AppleWebKit/537.36 (KHTML, like Gecko) Chrome/141.0.7390.122 Mobile Safari/537.36 (compatible; Googlebot/2.1; +http://www.google.com/bot.html)" 1239 **1/1239873**
66.249.72.228 - - [01/Nov/2025:05:11:29 -0700] "GET /?a=23578966041690&mod=579c9a6d&uri=us.php%3Fid%3D788789-414%26name%3Dshoes+discount+nike+air+max+27+flyknit+women%27s+purple HTTP/1.1" 200 21219 "-" "Mozilla/5.0 (Linux; Android 6.0.1; Nexus 5X Build/MMB29P) AppleWebKit/537.36 (KHTML, like Gecko) Chrome/141.0.7390.122 Mobile Safari/537.36 (compatible; Googlebot/2.1; +http://www.google.com/bot.html)" 1126 **1/1126808**
185.191.171.2 - - [01/Nov/2025:05:11:31 -0700] "GET /?a=65632776001690&mod=d2963817&uri=dp.php%3Fid%3D2195823-657%26name%3Dcosmetics%2Breebok%2Broyal%2Brally%2Brosas HTTP/1.1" 200 2554 "-" "Mozilla/5.0 (compatible; SemrushBot/7~bl; +http://www.semrush.com/bot.html)" 107 **0/107353**
66.249.72.228 - - [01/Nov/2025:05:11:30 -0700] "GET /?a=59193670111690&mod=04e6bf7c&uri=article.php%3Fid%3D1980373-950%26name%3Dreebok+sneakers+reebok+crossfit+nano+vs+speed HTTP/1.1" 200 20169 "-" "Mozilla/5.0 (Linux; Android 6.0.1; Nexus 5X Build/MMB29P) AppleWebKit/537.36 (KHTML, like Gecko) Chrome/141.0.7390.122 Mobile Safari/537.36 (compatible; Googlebot/2.1; +http://www.google.com/bot.html)" 1121 **1/1121444**
66.249.72.229 - - [01/Nov/2025:05:11:34 -0700] "GET /?a=36517943041690&mod=22b8064b&uri=blog.php%3Fid%3D1221633-264%26name%3Dband+ring+size+15+mens+silicone+ring HTTP/1.1" 200 21346 "-" "Mozilla/5.0 (Linux; Android 6.0.1; Nexus 5X Build/MMB29P) AppleWebKit/537.36 (KHTML, like Gecko) Chrome/141.0.7390.122 Mobile Safari/537.36 (compatible; Googlebot/2.1; +http://www.google.com/bot.html)" 833 **0/833771**
216.244.66.240 - - [01/Nov/2025:05:11:35 -0700] "GET /?a=117036991081690&mod=77c493ec&uri=product.php%3Fid%3D3916133-35%26name%3Dboba+fett+chewbacca+christmas+shirt HTTP/1.1" 200 7610 "-" "Mozilla/5.0 (compatible; DotBot/1.2; +https://opensiteexplorer.org/dotbot; help@moz.com)" 200 **0/200876**
40.77.167.32 - - [01/Nov/2025:05:11:36 -0700] "GET /?a=113917006011690&mod=ae06fbdc&uri=search.php%3Fid%3D3811716-54%26name%3Dmoto+bmw+motorrad+chaqueta+bmw+rallye HTTP/1.1" 200 20406 "-" "Mozilla/5.0 AppleWebKit/537.36 (KHTML, like Gecko; compatible; bingbot/2.0; +http://www.bing.com/bingbot.htm) Chrome/116.0.1938.76 Safari/537.36" 681 **0/681122**
66.249.72.228 - - [01/Nov/2025:05:11:37 -0700] "GET /?a=49017076051690&mod=02f657d5&uri=us.php%3Fid%3D1639808-25%26name%3Dtomahawk+chop+how+to+cook+a+tomahawk+steak+on+the+stove HTTP/1.1" 200 21852 "-" "Mozilla/5.0 (Linux; Android 6.0.1; Nexus 5X Build/MMB29P) AppleWebKit/537.36 (KHTML, like Gecko) Chrome/141.0.7390.122 Mobile Safari/537.36 (compatible; Googlebot/2.1; +http://www.google.com/bot.html)" 792 **0/792061**
216.73.216.135 - - [01/Nov/2025:05:11:39 -0700] "GET /admin/upload/banner_image/1760478706_ooo.php?filesrc=%2F%2Fopt%2Fcloudlinux%2Falt-php56%2Froot%2Fusr%2Finclude%2Fphp%2Fext%2Fhash%2Fphp_hash_tiger.h&path=%2F%2Fopt%2Fcloudlinux%2Falt-php56%2Froot%2Fusr%2Finclude%2Fphp%2Fext%2Fhash HTTP/1.1" 200 28197 "-" "Mozilla/5.0 AppleWebKit/537.36 (KHTML, like Gecko; compatible; ClaudeBot/1.0; +claudebot@anthropic.com)" 19 **0/19173**
216.73.216.135 - - [01/Nov/2025:05:11:40 -0700] "GET /admin/upload/banner_image/1760478706_ooo.php?filesrc=%2F%2Fopt%2Fcloudlinux%2Falt-php56%2Froot%2Fusr%2Finclude%2Fphp%2Fext%2Fjsmin%2Fphp_jsmin.h&path=%2F%2Fopt%2Fcloudlinux%2Falt-php56%2Froot%2Fusr%2Finclude%2Fphp%2Fext%2Fjsmin HTTP/1.1" 200 28186 "-" "Mozilla/5.0 AppleWebKit/537.36 (KHTML, like Gecko; compatible; ClaudeBot/1.0; +claudebot@anthropic.com)" 22 **0/22631**
216.244.66.240 - - [01/Nov/2025:05:11:40 -0700] "GET /?a=119493568011690&mod=17c43577&uri=article.php%3Fid%3D3998334-681%26name%3Dsega+genesis+sonic+and+knuckles+switch HTTP/1.1" 200 7610 "-" "Mozilla/5.0 (compatible; DotBot/1.2; +https://opensiteexplorer.org/dotbot; help@moz.com)" 117 **0/117011**
216.73.216.135 - - [01/Nov/2025:05:11:40 -0700] "GET /admin/upload/banner_image/1760478706_ooo.php?filesrc=%2F%2Fopt%2Fcloudlinux%2Falt-php56%2Froot%2Fusr%2Finclude%2Fphp%2Fext%2Fhash%2Fphp_hash_haval.h&path=%2F%2Fopt%2Fcloudlinux%2Falt-php56%2Froot%2Fusr%2Finclude%2Fphp%2Fext%2Fhash HTTP/1.1" 200 28237 "-" "Mozilla/5.0 AppleWebKit/537.36 (KHTML, like Gecko; compatible; ClaudeBot/1.0; +claudebot@anthropic.com)" 20 **0/20995**
216.73.216.135 - - [01/Nov/2025:05:11:41 -0700] "GET /admin/upload/banner_image/1760478706_ooo.php?filesrc=%2F%2Fopt%2Fcloudlinux%2Falt-php81%2Froot%2Fusr%2Finclude%2Fphp%2Fext%2Fhash%2Fphp_hash_md.h&path=%2F%2Fopt%2Fcloudlinux%2Falt-php81%2Froot%2Fusr%2Finclude%2Fphp%2Fext%2Fhash HTTP/1.1" 200 28262 "-" "Mozilla/5.0 AppleWebKit/537.36 (KHTML, like Gecko; compatible; ClaudeBot/1.0; +claudebot@anthropic.com)" 18 **0/18815**
216.73.216.135 - - [01/Nov/2025:05:11:41 -0700] "GET /admin/upload/banner_image/1760478706_ooo.php?filesrc=%2F%2Fopt%2Fcloudlinux%2Falt-php81%2Froot%2Fusr%2Finclude%2Fphp%2Fext%2Fpdo%2Fphp_pdo_driver.h&path=%2F%2Fopt%2Fcloudlinux%2Falt-php81%2Froot%2Fusr%2Finclude%2Fphp%2Fext%2Fpdo HTTP/1.1" 200 36121 "-" "Mozilla/5.0 AppleWebKit/537.36 (KHTML, like Gecko; compatible; ClaudeBot/1.0; +claudebot@anthropic.com)" 24 **0/24818**
216.73.216.135 - - [01/Nov/2025:05:11:42 -0700] "GET /admin/upload/banner_image/1760478706_ooo.php?filesrc=%2F%2Fopt%2Fcloudlinux%2Falt-php56%2Froot%2Fusr%2Finclude%2Fphp%2Fext%2Fhash%2Fphp_hash_md.h&path=%2F%2Fopt%2Fcloudlinux%2Falt-php56%2Froot%2Fusr%2Finclude%2Fphp%2Fext%2Fhash HTTP/1.1" 200 28908 "-" "Mozilla/5.0 AppleWebKit/537.36 (KHTML, like Gecko; compatible; ClaudeBot/1.0; +claudebot@anthropic.com)" 19 **0/19169**
66.249.72.230 - - [01/Nov/2025:05:11:41 -0700] "GET /?a=29956070041690&mod=4c26774d&uri=products.php%3Fid%3D1002083-58%26name%3Din+india+best+sports+bike+2021 HTTP/1.1" 200 20951 "-" "Mozilla/5.0 (Linux; Android 6.0.1; Nexus 5X Build/MMB29P) AppleWebKit/537.36 (KHTML, like Gecko) Chrome/141.0.7390.122 Mobile Safari/537.36 (compatible; Googlebot/2.1; +http://www.google.com/bot.html)" 614 **0/614896**
216.73.216.135 - - [01/Nov/2025:05:11:42 -0700] "GET /admin/upload/banner_image/1760478706_ooo.php?filesrc=%2F%2Fopt%2Fcloudlinux%2Falt-php56%2Froot%2Fusr%2Finclude%2Fphp%2Fext%2Fpdo%2Fphp_pdo_driver.h&path=%2F%2Fopt%2Fcloudlinux%2Falt-php56%2Froot%2Fusr%2Finclude%2Fphp%2Fext%2Fpdo HTTP/1.1" 200 35750 "-" "Mozilla/5.0 AppleWebKit/537.36 (KHTML, like Gecko; compatible; ClaudeBot/1.0; +claudebot@anthropic.com)" 24 **0/24382**
216.244.66.240 - - [01/Nov/2025:05:11:42 -0700] "GET /?a=6359465141690&mod=e744f91c&uri=article.php%3Fid%3D212710-9%26name%3Dsony+bose+noise+cancelling+700+vs+qc35+ii HTTP/1.1" 200 7610 "-" "Mozilla/5.0 (compatible; DotBot/1.2; +https://opensiteexplorer.org/dotbot; help@moz.com)" 110 **0/110121**
66.249.72.229 - - [01/Nov/2025:05:11:43 -0700] "GET /?a=50963533051690&mod=fc6ac6be&uri=article.php%3Fid%3D1704928-623%26name%3Dwomens+large+hockey+jersey HTTP/1.1" 200 20555 "-" "Mozilla/5.0 (Linux; Android 6.0.1; Nexus 5X Build/MMB29P) AppleWebKit/537.36 (KHTML, like Gecko) Chrome/141.0.7390.122 Mobile Safari/537.36 (compatible; Googlebot/2.1; +http://www.google.com/bot.html)" 544 **0/544772**
66.249.72.228 - - [01/Nov/2025:05:11:43 -0700] "GET /?a=73601393011690&mod=889a669f&uri=search.php%3Fid%3D2462528-219%26name%3Dbaby+wipes+things+needed+for+baby+room HTTP/1.1" 200 21471 "-" "Mozilla/5.0 (Linux; Android 6.0.1; Nexus 5X Build/MMB29P) AppleWebKit/537.36 (KHTML, like Gecko) Chrome/141.0.7390.122 Mobile Safari/537.36 (compatible; Googlebot/2.1; +http://www.google.com/bot.html)" 844 **0/844109**
66.249.72.229 - - [01/Nov/2025:05:11:45 -0700] "GET /?a=95991096031690&mod=3c1cece8&uri=category-info.php%3Fid%3D3211821-619%26name%3Delegantes+farrutx+farrutx+san+sebastian HTTP/1.1" 200 21530 "-" "Mozilla/5.0 (Linux; Android 6.0.1; Nexus 5X Build/MMB29P) AppleWebKit/537.36 (KHTML, like Gecko) Chrome/141.0.7390.122 Mobile Safari/537.36 (compatible; Googlebot/2.1; +http://www.google.com/bot.html)" 742 **0/742253**
66.249.72.230 - - [01/Nov/2025:05:11:45 -0700] "GET /?a=18761198011690&mod=72a7dd9f&uri=blog.php%3Fid%3D627656-205%26name%3Dropa+deportiva+de+marca+para+mujer HTTP/1.1" 200 20501 "-" "Mozilla/5.0 (Linux; Android 6.0.1; Nexus 5X Build/MMB29P) AppleWebKit/537.36 (KHTML, like Gecko) Chrome/141.0.7390.122 Mobile Safari/537.36 (compatible; Googlebot/2.1; +http://www.google.com/bot.html)" 1000 **1/1000086**
66.249.69.138 - - [01/Nov/2025:05:11:47 -0700] "GET /?a=118256596011690&mod=2832e9c0&uri=category-info.php%3Fid%3D3956950-1142%26name%3Dlentes+precio+lentes+para+diabeticos+ajustables HTTP/1.1" 200 19922 "-" "Mozilla/5.0 (Linux; Android 6.0.1; Nexus 5X Build/MMB29P) AppleWebKit/537.36 (KHTML, like Gecko) Chrome/141.0.7390.122 Mobile Safari/537.36 (compatible; Googlebot/2.1; +http://www.google.com/bot.html)" 831 **0/831657**
66.249.72.230 - - [01/Nov/2025:05:11:48 -0700] "GET /?a=63691719011690&mod=b4418237&uri=product.php%3Fid%3D2130902-71%26name%3Ddirt+jumper+ns+bikes+movement+2018 HTTP/1.1" 200 20971 "-" "Mozilla/5.0 (Linux; Android 6.0.1; Nexus 5X Build/MMB29P) AppleWebKit/537.36 (KHTML, like Gecko) Chrome/141.0.7390.122 Mobile Safari/537.36 (compatible; Googlebot/2.1; +http://www.google.com/bot.html)" 620 **0/620777**
66.249.72.230 - - [01/Nov/2025:05:11:49 -0700] "GET /?a=29740650071690&mod=889a669f&uri=pin.php%3Fid%3D994876-219%26name%3Dhotel+kalinga+baby+trend+tango+new+and+improved+mini+stroller HTTP/1.1" 200 20846 "-" "Mozilla/5.0 (Linux; Android 6.0.1; Nexus 5X Build/MMB29P) AppleWebKit/537.36 (KHTML, like Gecko) Chrome/141.0.7390.122 Mobile Safari/537.36 (compatible; Googlebot/2.1; +http://www.google.com/bot.html)" 568 **0/568693**
66.249.72.229 - - [01/Nov/2025:05:11:50 -0700] "GET /?a=26315868051690&mod=7fa3244f&uri=brands.php%3Fid%3D880338-359%26name%3Dpink+stockx+nike+tn HTTP/1.1" 200 21735 "-" "Mozilla/5.0 (Linux; Android 6.0.1; Nexus 5X Build/MMB29P) AppleWebKit/537.36 (KHTML, like Gecko) Chrome/141.0.7390.122 Mobile Safari/537.36 (compatible; Googlebot/2.1; +http://www.google.com/bot.html)" 330 **0/330525**
66.249.72.230 - - [01/Nov/2025:05:11:53 -0700] "GET /?a=44860436031690&mod=164710e8&uri=pin.php%3Fid%3D1500749-137%26name%3Dscarpe+sportive+sneakers+bambina+34 HTTP/1.1" 200 22168 "-" "Mozilla/5.0 (Linux; Android 6.0.1; Nexus 5X Build/MMB29P) AppleWebKit/537.36 (KHTML, like Gecko) Chrome/141.0.7390.122 Mobile Safari/537.36 (compatible; Googlebot/2.1; +http://www.google.com/bot.html)" 557 **0/557911**
66.249.72.231 - - [01/Nov/2025:05:11:54 -0700] "GET /?a=89483476031690&mod=03c43589&uri=product.php%3Fid%3D2994024-220%26name%3Dkpsa+repair+kitchenaid+pasta+roller+broken HTTP/1.1" 200 21094 "-" "Mozilla/5.0 (Linux; Android 6.0.1; Nexus 5X Build/MMB29P) AppleWebKit/537.36 (KHTML, like Gecko) Chrome/141.0.7390.122 Mobile Safari/537.36 (compatible; Googlebot/2.1; +http://www.google.com/bot.html)" 418 **0/418907**
66.249.72.228 - - [01/Nov/2025:05:11:58 -0700] "GET /?a=3710686051690&mod=4ee8fc10&uri=product.php%3Fid%3D124082-233%26name%3Dgold+rolex+16613+sultan HTTP/1.1" 200 20626 "-" "Mozilla/5.0 (Linux; Android 6.0.1; Nexus 5X Build/MMB29P) AppleWebKit/537.36 (KHTML, like Gecko) Chrome/141.0.7390.122 Mobile Safari/537.36 (compatible; Googlebot/2.1; +http://www.google.com/bot.html)" 527 **0/527898**
66.249.72.231 - - [01/Nov/2025:05:11:58 -0700] "GET /?a=29399497021690&mod=1b129828&uri=info.php%3Fid%3D983472-1222%26name%3Dsilhouette+5521+lunettes+silhouette+femme+2018 HTTP/1.1" 200 19823 "-" "Mozilla/5.0 (Linux; Android 6.0.1; Nexus 5X Build/MMB29P) AppleWebKit/537.36 (KHTML, like Gecko) Chrome/141.0.7390.122 Mobile Safari/537.36 (compatible; Googlebot/2.1; +http://www.google.com/bot.html)" 412 **0/412132**
66.249.72.231 - - [01/Nov/2025:05:12:01 -0700] "GET /?a=96164752061690&mod=c824b883&uri=news.php%3Fid%3D3217631-1312%26name%3Dgold+gilding+wax+how+to+clean+silver+gilt HTTP/1.1" 200 20656 "-" "Mozilla/5.0 (Linux; Android 6.0.1; Nexus 5X Build/MMB29P) AppleWebKit/537.36 (KHTML, like Gecko) Chrome/141.0.7390.122 Mobile Safari/537.36 (compatible; Googlebot/2.1; +http://www.google.com/bot.html)" 323 **0/323576**
66.249.72.229 - - [01/Nov/2025:05:12:10 -0700] "GET /?a=1920357071690&mod=eb9b2480&uri=category-info.php%3Fid%3D64182-283%26name%3Dhotelkalingaashok+mtb+acquisto+online HTTP/1.1" 200 20984 "-" "Mozilla/5.0 (Linux; Android 6.0.1; Nexus 5X Build/MMB29P) AppleWebKit/537.36 (KHTML, like Gecko) Chrome/141.0.7390.122 Mobile Safari/537.36 (compatible; Googlebot/2.1; +http://www.google.com/bot.html)" 317 **0/317097**
66.249.69.138 - - [01/Nov/2025:05:12:13 -0700] "GET /?a=118181271061690&mod=40fd5ccc&uri=shared.php%3Fid%3D3954427-1776%26name%3Dfor+men+guess+seductive+homme+cena HTTP/1.1" 200 20045 "-" "Mozilla/5.0 (Linux; Android 6.0.1; Nexus 5X Build/MMB29P) AppleWebKit/537.36 (KHTML, like Gecko) Chrome/141.0.7390.122 Mobile Safari/537.36 (compatible; Googlebot/2.1; +http://www.google.com/bot.html)" 281 **0/281844**
66.249.72.228 - - [01/Nov/2025:05:12:16 -0700] "GET /?a=15044667031690&mod=d123a7a9&uri=news.php%3Fid%3D503312-1001%26name%3Dstampante+come+stampare+una+foto+su+maglietta HTTP/1.1" 200 21830 "-" "Mozilla/5.0 (Linux; Android 6.0.1; Nexus 5X Build/MMB29P) AppleWebKit/537.36 (KHTML, like Gecko) Chrome/141.0.7390.122 Mobile Safari/537.36 (compatible; Googlebot/2.1; +http://www.google.com/bot.html)" 471 **0/471105**
20.15.133.191 - - [01/Nov/2025:05:12:17 -0700] "GET /?a=103796406021690&mod=e1228be4&uri=search.php%3Fid%3D3473109-36%26name%3Dlego+war+machine+mech+moc HTTP/1.1" 200 21113 "-" "Mozilla/5.0 AppleWebKit/537.36 (KHTML, like Gecko; compatible; bingbot/2.0; +http://www.bing.com/bingbot.htm) Chrome/116.0.1938.76 Safari/537.36" 311 **0/311696**
185.191.171.16 - - [01/Nov/2025:05:12:18 -0700] "GET /?a=39957303021690&mod=0155ff4e&uri=shared.php%3Fid%3D1336635-596%26name%3Dcast%2Bwatch%2Btoday%27s%2Bgeneral%2Bhospital HTTP/1.1" 200 2554 "-" "Mozilla/5.0 (compatible; SemrushBot/7~bl; +http://www.semrush.com/bot.html)" 121 **0/121258**
66.249.72.228 - - [01/Nov/2025:05:12:19 -0700] "GET /?a=39730499041690&mod=c70e93a2&uri=goods.php%3Fid%3D1329028-878%26name%3Dwhite+lace+white+pointed+ankle+boots HTTP/1.1" 200 20671 "-" "Mozilla/5.0 (Linux; Android 6.0.1; Nexus 5X Build/MMB29P) AppleWebKit/537.36 (KHTML, like Gecko) Chrome/141.0.7390.122 Mobile Safari/537.36 (compatible; Googlebot/2.1; +http://www.google.com/bot.html)" 746 **0/746258**
157.55.39.8 - - [01/Nov/2025:05:12:31 -0700] "GET /?a=6347241071690&mod=e744f91c&uri=news.php%3Fid%3D212302-9%26name%3Dapple+airpods+pro+airpods+on+mac HTTP/1.1" 200 21018 "-" "Mozilla/5.0 AppleWebKit/537.36 (KHTML, like Gecko; compatible; bingbot/2.0; +http://www.bing.com/bingbot.htm) Chrome/116.0.1938.76 Safari/537.36" 782 **0/782511**
66.249.69.138 - - [01/Nov/2025:05:12:36 -0700] "GET /?a=69142205051690&mod=bb2ab638&uri=brands.php%3Fid%3D2313234-632%26name%3Dpower+cord+walmart+switch+ac+adapter HTTP/1.1" 200 20731 "-" "Mozilla/5.0 (Linux; Android 6.0.1; Nexus 5X Build/MMB29P) AppleWebKit/537.36 (KHTML, like Gecko) Chrome/141.0.7390.122 Mobile Safari/537.36 (compatible; Googlebot/2.1; +http://www.google.com/bot.html)" 335 **0/335970**
20.15.133.160 - - [01/Nov/2025:05:12:38 -0700] "GET /?a=83856186041690&mod=fb4c4860&uri=news.php%3Fid%3D2805689-40%26name%3Dkids+fort+building+kit+blanket+fort+kit HTTP/1.1" 200 20783 "-" "Mozilla/5.0 AppleWebKit/537.36 (KHTML, like Gecko; compatible; bingbot/2.0; +http://www.bing.com/bingbot.htm) Chrome/116.0.1938.76 Safari/537.36" 511 **0/511001**
66.249.69.138 - - [01/Nov/2025:05:12:39 -0700] "GET /?a=22347292001690&mod=9e2c1a75&uri=shared.php%3Fid%3D747587-637%26name%3Dchaqueta+de+pelo+blanco+zara HTTP/1.1" 200 20530 "-" "Mozilla/5.0 (Linux; Android 6.0.1; Nexus 5X Build/MMB29P) AppleWebKit/537.36 (KHTML, like Gecko) Chrome/141.0.7390.122 Mobile Safari/537.36 (compatible; Googlebot/2.1; +http://www.google.com/bot.html)" 285 **0/285608**
66.249.69.138 - - [01/Nov/2025:05:12:41 -0700] "GET /?a=68891314071690&mod=fd112b9e&uri=form.php%3Fid%3D2304852-432%26name%3Dwomens+dresses+dorothy+perkins+dungaree+dress HTTP/1.1" 200 20383 "-" "Mozilla/5.0 (Linux; Android 6.0.1; Nexus 5X Build/MMB29P) AppleWebKit/537.36 (KHTML, like Gecko) Chrome/141.0.7390.122 Mobile Safari/537.36 (compatible; Googlebot/2.1; +http://www.google.com/bot.html)" 358 **0/358770**
66.249.69.138 - - [01/Nov/2025:05:12:42 -0700] "GET /?a=33008046051690&mod=44ac09ac&uri=article.php%3Fid%3D1104182-27%26name%3Dtrailer+truck+food+truck+playskool HTTP/1.1" 200 21121 "-" "Mozilla/5.0 (Linux; Android 6.0.1; Nexus 5X Build/MMB29P) AppleWebKit/537.36 (KHTML, like Gecko) Chrome/141.0.7390.122 Mobile Safari/537.36 (compatible; Googlebot/2.1; +http://www.google.com/bot.html)" 464 **0/464925**
216.73.216.135 - - [01/Nov/2025:05:12:43 -0700] "GET /admin/upload/banner_image/1760478706_ooo.php?filesrc=%2F%2Fopt%2Fcloudlinux%2Falt-php81%2Froot%2Fusr%2Finclude%2Fphp%2Fext%2Fpsr%2Fpsr_cache.h&path=%2F%2Fopt%2Fcloudlinux%2Falt-php81%2Froot%2Fusr%2Finclude%2Fphp%2Fext%2Fpsr HTTP/1.1" 200 28007 "-" "Mozilla/5.0 AppleWebKit/537.36 (KHTML, like Gecko; compatible; ClaudeBot/1.0; +claudebot@anthropic.com)" 29 **0/29078**
216.73.216.135 - - [01/Nov/2025:05:12:43 -0700] "GET /admin/upload/banner_image/1760478706_ooo.php?filesrc=%2F%2Fopt%2Fcloudlinux%2Falt-php81%2Froot%2Fusr%2Finclude%2Fphp%2Fext%2Fpsr%2Fpsr_http_client.h&path=%2F%2Fopt%2Fcloudlinux%2Falt-php81%2Froot%2Fusr%2Finclude%2Fphp%2Fext%2Fpsr HTTP/1.1" 200 27939 "-" "Mozilla/5.0 AppleWebKit/537.36 (KHTML, like Gecko; compatible; ClaudeBot/1.0; +claudebot@anthropic.com)" 19 **0/19574**
216.73.216.135 - - [01/Nov/2025:05:12:44 -0700] "GET /admin/upload/banner_image/1760478706_ooo.php?filesrc=%2F%2Fopt%2Fcloudlinux%2Falt-php81%2Froot%2Fusr%2Finclude%2Fphp%2Fext%2Fdate%2Fphp_date.h&path=%2F%2Fopt%2Fcloudlinux%2Falt-php81%2Froot%2Fusr%2Finclude%2Fphp%2Fext%2Fdate HTTP/1.1" 200 29167 "-" "Mozilla/5.0 AppleWebKit/537.36 (KHTML, like Gecko; compatible; ClaudeBot/1.0; +claudebot@anthropic.com)" 18 **0/18428**
216.73.216.135 - - [01/Nov/2025:05:12:44 -0700] "GET /admin/upload/banner_image/1760478706_ooo.php?filesrc=%2F%2Fopt%2Fcloudlinux%2Falt-php81%2Froot%2Fusr%2Finclude%2Fphp%2Fext%2Fhash%2Fphp_hash_sha.h&path=%2F%2Fopt%2Fcloudlinux%2Falt-php81%2Froot%2Fusr%2Finclude%2Fphp%2Fext%2Fhash HTTP/1.1" 200 28439 "-" "Mozilla/5.0 AppleWebKit/537.36 (KHTML, like Gecko; compatible; ClaudeBot/1.0; +claudebot@anthropic.com)" 17 **0/17898**
216.73.216.135 - - [01/Nov/2025:05:12:45 -0700] "GET /admin/upload/banner_image/1760478706_ooo.php?filesrc=%2F%2Fopt%2Fcloudlinux%2Falt-php56%2Froot%2Fusr%2Finclude%2Fphp%2Fext%2Fhash%2Fphp_hash_ripemd.h&path=%2F%2Fopt%2Fcloudlinux%2Falt-php56%2Froot%2Fusr%2Finclude%2Fphp%2Fext%2Fhash HTTP/1.1" 200 28274 "-" "Mozilla/5.0 AppleWebKit/537.36 (KHTML, like Gecko; compatible; ClaudeBot/1.0; +claudebot@anthropic.com)" 20 **0/20178**
216.73.216.135 - - [01/Nov/2025:05:12:45 -0700] "GET /admin/upload/banner_image/1760478706_ooo.php?filesrc=%2F%2Fopt%2Fcloudlinux%2Falt-php81%2Froot%2Fusr%2Finclude%2Fphp%2Fext%2Fpsr%2Fpsr_log.h&path=%2F%2Fopt%2Fcloudlinux%2Falt-php81%2Froot%2Fusr%2Finclude%2Fphp%2Fext%2Fpsr HTTP/1.1" 200 28092 "-" "Mozilla/5.0 AppleWebKit/537.36 (KHTML, like Gecko; compatible; ClaudeBot/1.0; +claudebot@anthropic.com)" 17 **0/17895**
216.73.216.135 - - [01/Nov/2025:05:12:46 -0700] "GET /admin/upload/banner_image/1760478706_ooo.php?filesrc=%2F%2Fopt%2Fcloudlinux%2Falt-php81%2Froot%2Fusr%2Finclude%2Fphp%2Fext%2Fhash%2Fphp_hash_tiger.h&path=%2F%2Fopt%2Fcloudlinux%2Falt-php81%2Froot%2Fusr%2Finclude%2Fphp%2Fext%2Fhash HTTP/1.1" 200 28149 "-" "Mozilla/5.0 AppleWebKit/537.36 (KHTML, like Gecko; compatible; ClaudeBot/1.0; +claudebot@anthropic.com)" 21 **0/21654**
85.208.96.193 - - [01/Nov/2025:05:12:47 -0700] "GET /?a=22551515071690&mod=7e2361da&uri=shared.php%3Fid%3D754414-1449%26name%3Damazon%2Bscarpe%2Bin%2Bfinta%2Bpelle HTTP/1.1" 200 2554 "-" "Mozilla/5.0 (compatible; SemrushBot/7~bl; +http://www.semrush.com/bot.html)" 122 **0/122774**
207.46.13.78 - - [01/Nov/2025:05:13:00 -0700] "GET /?a=114816014091690&mod=069802d4&uri=pin.php%3Fid%3D3841796-158%26name%3Dcar+audio+pyramid+tw46 HTTP/1.1" 200 20857 "-" "Mozilla/5.0 AppleWebKit/537.36 (KHTML, like Gecko; compatible; bingbot/2.0; +http://www.bing.com/bingbot.htm) Chrome/116.0.1938.76 Safari/537.36" 344 **0/344210**
157.55.39.203 - - [01/Nov/2025:05:13:23 -0700] "GET /?a=2605588021690&mod=6dc4a31d&uri=dp.php%3Fid%3D87107-138%26name%3Dseries+how+do+you+put+on+an+apple+watch+band HTTP/1.1" 200 22127 "-" "Mozilla/5.0 AppleWebKit/537.36 (KHTML, like Gecko; compatible; bingbot/2.0; +http://www.bing.com/bingbot.htm) Chrome/116.0.1938.76 Safari/537.36" 340 **0/340731**
216.73.216.135 - - [01/Nov/2025:05:13:30 -0700] "GET /admin/upload/banner_image/1760478706_ooo.php?filesrc=%2F%2Fopt%2Fcloudlinux%2Falt-php81%2Froot%2Fusr%2Finclude%2Fphp%2Fext%2Fhash%2Fphp_hash.h&path=%2F%2Fopt%2Fcloudlinux%2Falt-php81%2Froot%2Fusr%2Finclude%2Fphp%2Fext%2Fhash HTTP/1.1" 200 29174 "-" "Mozilla/5.0 AppleWebKit/537.36 (KHTML, like Gecko; compatible; ClaudeBot/1.0; +claudebot@anthropic.com)" 22 **0/22902**
216.73.216.135 - - [01/Nov/2025:05:13:30 -0700] "GET /admin/upload/banner_image/1760478706_ooo.php?filesrc=%2F%2Fopt%2Fcloudlinux%2Falt-php56%2Froot%2Fusr%2Finclude%2Fphp%2Fext%2Fhash%2Fphp_hash_crc32.h&path=%2F%2Fopt%2Fcloudlinux%2Falt-php56%2Froot%2Fusr%2Finclude%2Fphp%2Fext%2Fhash HTTP/1.1" 200 28188 "-" "Mozilla/5.0 AppleWebKit/537.36 (KHTML, like Gecko; compatible; ClaudeBot/1.0; +claudebot@anthropic.com)" 18 **0/18496**
216.73.216.135 - - [01/Nov/2025:05:13:31 -0700] "GET /admin/upload/banner_image/1760478706_ooo.php?filesrc=%2F%2Fopt%2Fcloudlinux%2Falt-php81%2Froot%2Fusr%2Finclude%2Fphp%2Fext%2Fgd%2Fphp_gd.h&path=%2F%2Fopt%2Fcloudlinux%2Falt-php81%2Froot%2Fusr%2Finclude%2Fphp%2Fext%2Fgd HTTP/1.1" 200 28642 "-" "Mozilla/5.0 AppleWebKit/537.36 (KHTML, like Gecko; compatible; ClaudeBot/1.0; +claudebot@anthropic.com)" 23 **0/23281**
216.73.216.135 - - [01/Nov/2025:05:13:31 -0700] "GET /admin/upload/banner_image/1760478706_ooo.php?filesrc=%2F%2Fopt%2Fcloudlinux%2Falt-php56%2Froot%2Fusr%2Finclude%2Fphp%2Fext%2Fhash%2Fphp_hash.h&path=%2F%2Fopt%2Fcloudlinux%2Falt-php56%2Froot%2Fusr%2Finclude%2Fphp%2Fext%2Fhash HTTP/1.1" 200 29006 "-" "Mozilla/5.0 AppleWebKit/537.36 (KHTML, like Gecko; compatible; ClaudeBot/1.0; +claudebot@anthropic.com)" 20 **0/20778**
216.73.216.135 - - [01/Nov/2025:05:13:32 -0700] "GET /admin/upload/banner_image/1760478706_ooo.php?filesrc=%2F%2Fopt%2Fcloudlinux%2Falt-php56%2Froot%2Fusr%2Finclude%2Fphp%2Fext%2Fgd%2Fphp_gd.h&path=%2F%2Fopt%2Fcloudlinux%2Falt-php56%2Froot%2Fusr%2Finclude%2Fphp%2Fext%2Fgd HTTP/1.1" 200 29215 "-" "Mozilla/5.0 AppleWebKit/537.36 (KHTML, like Gecko; compatible; ClaudeBot/1.0; +claudebot@anthropic.com)" 19 **0/19233**
216.73.216.135 - - [01/Nov/2025:05:13:32 -0700] "GET /admin/upload/banner_image/1760478706_ooo.php?filesrc=%2F%2Fopt%2Fcloudlinux%2Falt-php81%2Froot%2Fusr%2Finclude%2Fphp%2Fext%2Fhash%2Fphp_hash_sha3.h&path=%2F%2Fopt%2Fcloudlinux%2Falt-php81%2Froot%2Fusr%2Finclude%2Fphp%2Fext%2Fhash HTTP/1.1" 200 28261 "-" "Mozilla/5.0 AppleWebKit/537.36 (KHTML, like Gecko; compatible; ClaudeBot/1.0; +claudebot@anthropic.com)" 20 **0/20451**
216.73.216.135 - - [01/Nov/2025:05:13:33 -0700] "GET /admin/upload/banner_image/1760478706_ooo.php?filesrc=%2F%2Fopt%2Fcloudlinux%2Falt-php81%2Froot%2Fusr%2Finclude%2Fphp%2Fext%2Fhash%2Fphp_hash_ripemd.h&path=%2F%2Fopt%2Fcloudlinux%2Falt-php81%2Froot%2Fusr%2Finclude%2Fphp%2Fext%2Fhash HTTP/1.1" 200 28321 "-" "Mozilla/5.0 AppleWebKit/537.36 (KHTML, like Gecko; compatible; ClaudeBot/1.0; +claudebot@anthropic.com)" 26 **0/26398**
207.46.13.78 - - [01/Nov/2025:05:13:34 -0700] "GET /?a=2552381001690&mod=f7c914bf&uri=product.php%3Fid%3D85327-234%26name%3Dburro+percheros+para+comercios HTTP/1.1" 200 20830 "-" "Mozilla/5.0 AppleWebKit/537.36 (KHTML, like Gecko; compatible; bingbot/2.0; +http://www.bing.com/bingbot.htm) Chrome/116.0.1938.76 Safari/537.36" 378 **0/378491**
20.15.133.175 - - [01/Nov/2025:05:13:38 -0700] "GET /?a=119310602011690&mod=0ae77328&uri=products.php%3Fid%3D3992216-892%26name%3Dmens+polo+full+button+down+polo+shirt HTTP/1.1" 200 20977 "-" "Mozilla/5.0 AppleWebKit/537.36 (KHTML, like Gecko; compatible; bingbot/2.0; +http://www.bing.com/bingbot.htm) Chrome/116.0.1938.76 Safari/537.36" 346 **0/346524**
66.249.69.138 - - [01/Nov/2025:05:13:43 -0700] "GET /?a=22122289011690&mod=0eb71de4&uri=brands.php%3Fid%3D740058-598%26name%3D2024+husqvarna+vitpilen+401+msrp HTTP/1.1" 200 21233 "-" "Mozilla/5.0 (Linux; Android 6.0.1; Nexus 5X Build/MMB29P) AppleWebKit/537.36 (KHTML, like Gecko) Chrome/141.0.7390.122 Mobile Safari/537.36 (compatible; Googlebot/2.1; +http://www.google.com/bot.html)" 329 **0/329533**
157.55.39.203 - - [01/Nov/2025:05:13:43 -0700] "GET /?a=6010188031690&mod=06138bc5&uri=goods.php%3Fid%3D201028-2%26name%3Dearthstick+amazon+fleece+sweatshirt HTTP/1.1" 200 21669 "-" "Mozilla/5.0 AppleWebKit/537.36 (KHTML, like Gecko; compatible; bingbot/2.0; +http://www.bing.com/bingbot.htm) Chrome/116.0.1938.76 Safari/537.36" 289 **0/289069**
66.249.69.138 - - [01/Nov/2025:05:14:16 -0700] "GET /?a=8048237041690&mod=e744f91c&uri=news.php%3Fid%3D269187-9%26name%3Dwireless+earbuds+agaro+headphones HTTP/1.1" 200 21032 "-" "Mozilla/5.0 (Linux; Android 6.0.1; Nexus 5X Build/MMB29P) AppleWebKit/537.36 (KHTML, like Gecko) Chrome/141.0.7390.122 Mobile Safari/537.36 (compatible; Googlebot/2.1; +http://www.google.com/bot.html)" 339 **0/339444**
216.73.216.135 - - [01/Nov/2025:05:14:24 -0700] "GET /admin/upload/banner_image/1760478706_ooo.php?filesrc=%2F%2Fopt%2Fcloudlinux%2Falt-php81%2Froot%2Fusr%2Finclude%2Fphp%2Fext%2Fpsr%2Fphp_psr.h&path=%2F%2Fopt%2Fcloudlinux%2Falt-php81%2Froot%2Fusr%2Finclude%2Fphp%2Fext%2Fpsr HTTP/1.1" 200 28272 "-" "Mozilla/5.0 AppleWebKit/537.36 (KHTML, like Gecko; compatible; ClaudeBot/1.0; +claudebot@anthropic.com)" 24 **0/24678**
157.55.39.203 - - [01/Nov/2025:05:14:24 -0700] "GET /?a=442445031690&mod=ae3b166c&uri=search.php%3Fid%3D14798-157%26name%3Dnaketano+damen+naketano+sweatjacke+namen HTTP/1.1" 200 20576 "-" "Mozilla/5.0 AppleWebKit/537.36 (KHTML, like Gecko; compatible; bingbot/2.0; +http://www.bing.com/bingbot.htm) Chrome/116.0.1938.76 Safari/537.36" 1087 **1/1087790**
216.73.216.135 - - [01/Nov/2025:05:14:25 -0700] "GET /admin/upload/banner_image/1760478706_ooo.php?filesrc=%2F%2Fopt%2Fcloudlinux%2Falt-php81%2Froot%2Fusr%2Finclude%2Fphp%2Fext%2Fpsr%2Fpsr_simple_cache.h&path=%2F%2Fopt%2Fcloudlinux%2Falt-php81%2Froot%2Fusr%2Finclude%2Fphp%2Fext%2Fpsr HTTP/1.1" 200 27943 "-" "Mozilla/5.0 AppleWebKit/537.36 (KHTML, like Gecko; compatible; ClaudeBot/1.0; +claudebot@anthropic.com)" 20 **0/20720**
216.73.216.135 - - [01/Nov/2025:05:14:25 -0700] "GET /admin/upload/banner_image/1760478706_ooo.php?filesrc=%2F%2Fopt%2Fcloudlinux%2Falt-php81%2Froot%2Fusr%2Finclude%2Fphp%2Fext%2Fpsr%2Fpsr_container.h&path=%2F%2Fopt%2Fcloudlinux%2Falt-php81%2Froot%2Fusr%2Finclude%2Fphp%2Fext%2Fpsr HTTP/1.1" 200 27876 "-" "Mozilla/5.0 AppleWebKit/537.36 (KHTML, like Gecko; compatible; ClaudeBot/1.0; +claudebot@anthropic.com)" 20 **0/20015**
216.73.216.135 - - [01/Nov/2025:05:14:26 -0700] "GET /admin/upload/banner_image/1760478706_ooo.php?filesrc=%2F%2Fopt%2Fcloudlinux%2Falt-php56%2Froot%2Fusr%2Finclude%2Fphp%2Fext%2Fdate%2Fphp_date.h&path=%2F%2Fopt%2Fcloudlinux%2Falt-php56%2Froot%2Fusr%2Finclude%2Fphp%2Fext%2Fdate HTTP/1.1" 200 29423 "-" "Mozilla/5.0 AppleWebKit/537.36 (KHTML, like Gecko; compatible; ClaudeBot/1.0; +claudebot@anthropic.com)" 21 **0/21521**
216.73.216.135 - - [01/Nov/2025:05:14:26 -0700] "GET /admin/upload/banner_image/1760478706_ooo.php?filesrc=%2F%2Fopt%2Fcloudlinux%2Falt-php81%2Froot%2Fusr%2Finclude%2Fphp%2Fext%2Fhash%2Fphp_hash_haval.h&path=%2F%2Fopt%2Fcloudlinux%2Falt-php81%2Froot%2Fusr%2Finclude%2Fphp%2Fext%2Fhash HTTP/1.1" 200 28263 "-" "Mozilla/5.0 AppleWebKit/537.36 (KHTML, like Gecko; compatible; ClaudeBot/1.0; +claudebot@anthropic.com)" 20 **0/20766**
216.73.216.135 - - [01/Nov/2025:05:14:27 -0700] "GET /admin/upload/banner_image/1760478706_ooo.php?filesrc=%2F%2Fopt%2Fcloudlinux%2Falt-php56%2Froot%2Fusr%2Finclude%2Fphp%2Fext%2Fhash%2Fphp_hash_sha.h&path=%2F%2Fopt%2Fcloudlinux%2Falt-php56%2Froot%2Fusr%2Finclude%2Fphp%2Fext%2Fhash HTTP/1.1" 200 28506 "-" "Mozilla/5.0 AppleWebKit/537.36 (KHTML, like Gecko; compatible; ClaudeBot/1.0; +claudebot@anthropic.com)" 21 **0/21696**
216.73.216.135 - - [01/Nov/2025:05:14:27 -0700] "GET /admin/upload/banner_image/1760478706_ooo.php?filesrc=%2F%2Fopt%2Fcloudlinux%2Falt-php81%2Froot%2Fusr%2Finclude%2Fphp%2Fext%2Fhash%2Fphp_hash_murmur.h&path=%2F%2Fopt%2Fcloudlinux%2Falt-php81%2Froot%2Fusr%2Finclude%2Fphp%2Fext%2Fhash HTTP/1.1" 200 28196 "-" "Mozilla/5.0 AppleWebKit/537.36 (KHTML, like Gecko; compatible; ClaudeBot/1.0; +claudebot@anthropic.com)" 24 **0/24038**
66.249.69.138 - - [01/Nov/2025:05:14:34 -0700] "GET /?a=97922457021690&mod=e744f91c&uri=itm.php%3Fid%3D3276529-9%26name%3Dturtle+beach+good+cheap+headsets+for+pc HTTP/1.1" 200 21479 "-" "Mozilla/5.0 (Linux; Android 6.0.1; Nexus 5X Build/MMB29P) AppleWebKit/537.36 (KHTML, like Gecko) Chrome/141.0.7390.122 Mobile Safari/537.36 (compatible; Googlebot/2.1; +http://www.google.com/bot.html)" 571 **0/571571**
52.167.144.192 - - [01/Nov/2025:05:14:42 -0700] "GET /?a=57715526001690&mod=0c74b7f7&uri=blog.php%3Fid%3D1930911-3%26name%3Dairdyne+bike+kijiji+exercise+bike HTTP/1.1" 200 21136 "-" "Mozilla/5.0 AppleWebKit/537.36 (KHTML, like Gecko; compatible; bingbot/2.0; +http://www.bing.com/bingbot.htm) Chrome/116.0.1938.76 Safari/537.36" 342 **0/342618**
85.208.96.200 - - [01/Nov/2025:05:14:50 -0700] "GET /?a=54837145011690&mod=1d24ada5&uri=category-info.php%3Fid%3D1834568-780%26name%3Dbershka%2Bbota%2Bplana%2Bcowboy HTTP/1.1" 200 2554 "-" "Mozilla/5.0 (compatible; SemrushBot/7~bl; +http://www.semrush.com/bot.html)" 112 **0/112378**
207.46.13.78 - - [01/Nov/2025:05:14:51 -0700] "GET /?a=2690412041690&mod=a02f16dc&uri=blog.php%3Fid%3D89943-499%26name%3Drain+cape+bike+wet+weather+gear HTTP/1.1" 200 20538 "-" "Mozilla/5.0 AppleWebKit/537.36 (KHTML, like Gecko; compatible; bingbot/2.0; +http://www.bing.com/bingbot.htm) Chrome/116.0.1938.76 Safari/537.36" 324 **0/324300**
66.249.69.138 - - [01/Nov/2025:05:15:10 -0700] "GET /?a=92337028081690&mod=dad607bd&uri=blog.php%3Fid%3D3089555-225%26name%3Dhonda+activa+125+digital+meter+repair HTTP/1.1" 200 20930 "-" "Mozilla/5.0 (Linux; Android 6.0.1; Nexus 5X Build/MMB29P) AppleWebKit/537.36 (KHTML, like Gecko) Chrome/141.0.7390.122 Mobile Safari/537.36 (compatible; Googlebot/2.1; +http://www.google.com/bot.html)" 492 **0/492583**
