66.249.69.140 - - [01/Nov/2025:05:12:46 -0700] "GET /?a=67029763031690&mod=6f31b4d2&uri=shop.php%3Fid%3D2242560-307%26name%3Dbike+la+bicicletta+di+luna+davide HTTP/1.1" 200 20467 "-" "Mozilla/5.0 (Linux; Android 6.0.1; Nexus 5X Build/MMB29P) AppleWebKit/537.36 (KHTML, like Gecko) Chrome/141.0.7390.122 Mobile Safari/537.36 (compatible; Googlebot/2.1; +http://www.google.com/bot.html)" 864 **0/864355**
66.249.72.226 - - [01/Nov/2025:05:12:47 -0700] "GET /?a=85275525051690&mod=5b13e1c0&uri=article.php%3Fid%3D2853244-1020%26name%3Dhelios+watch+store+titan+showroom+in+ambience+mall+vasant+kunj HTTP/1.1" 200 20402 "-" "Mozilla/5.0 (Linux; Android 6.0.1; Nexus 5X Build/MMB29P) AppleWebKit/537.36 (KHTML, like Gecko) Chrome/141.0.7390.122 Mobile Safari/537.36 (compatible; Googlebot/2.1; +http://www.google.com/bot.html)" 819 **0/819456**
66.249.72.227 - - [01/Nov/2025:05:12:48 -0700] "GET /?a=116255558011690&mod=e735f721&uri=us.php%3Fid%3D3890000-1140%26name%3Dvampire+teeth+ring+for+your+teeth HTTP/1.1" 200 19873 "-" "Mozilla/5.0 (Linux; Android 6.0.1; Nexus 5X Build/MMB29P) AppleWebKit/537.36 (KHTML, like Gecko) Chrome/141.0.7390.122 Mobile Safari/537.36 (compatible; Googlebot/2.1; +http://www.google.com/bot.html)" 595 **0/595429**
66.249.72.228 - - [01/Nov/2025:05:12:49 -0700] "GET /?a=83032727091690&mod=fb4c4860&uri=goods.php%3Fid%3D2778154-40%26name%3Dtoys+wowwee+mip+robot+white HTTP/1.1" 200 20623 "-" "Mozilla/5.0 (Linux; Android 6.0.1; Nexus 5X Build/MMB29P) AppleWebKit/537.36 (KHTML, like Gecko) Chrome/141.0.7390.122 Mobile Safari/537.36 (compatible; Googlebot/2.1; +http://www.google.com/bot.html)" 930 **0/930145**
66.249.72.226 - - [01/Nov/2025:05:12:51 -0700] "GET /?a=60322116051690&mod=bc458608&uri=news.php%3Fid%3D2018146-529%26name%3Dmidi+zara+zwart+rokje HTTP/1.1" 200 21134 "-" "Mozilla/5.0 (Linux; Android 6.0.1; Nexus 5X Build/MMB29P) AppleWebKit/537.36 (KHTML, like Gecko) Chrome/141.0.7390.122 Mobile Safari/537.36 (compatible; Googlebot/2.1; +http://www.google.com/bot.html)" 395 **0/395948**
66.249.72.226 - - [01/Nov/2025:05:12:52 -0700] "GET /?a=118449177041690&mod=639b1cbf&uri=goods.php%3Fid%3D3963382-417%26name%3Dstart+days+in+every+month HTTP/1.1" 200 20451 "-" "Mozilla/5.0 (Linux; Android 6.0.1; Nexus 5X Build/MMB29P) AppleWebKit/537.36 (KHTML, like Gecko) Chrome/141.0.7390.122 Mobile Safari/537.36 (compatible; Googlebot/2.1; +http://www.google.com/bot.html)" 315 **0/315040**
40.77.167.32 - - [01/Nov/2025:05:12:52 -0700] "GET /?a=26166052021690&mod=20337d9c&uri=search.php%3Fid%3D875322-114%26name%3Dwatch+series+42mm+apple+watch+screen+protector HTTP/2.0" 200 21709 "-" "Mozilla/5.0 AppleWebKit/537.36 (KHTML, like Gecko; compatible; bingbot/2.0; +http://www.bing.com/bingbot.htm) Chrome/116.0.1938.76 Safari/537.36" 369 **0/369114**
66.249.72.228 - - [01/Nov/2025:05:12:54 -0700] "GET /?a=81531194041690&mod=87eaf855&uri=brands.php%3Fid%3D2727899-712%26name%3Djd+sports+nike+huarache+trainers+jd HTTP/1.1" 200 20629 "-" "Mozilla/5.0 (Linux; Android 6.0.1; Nexus 5X Build/MMB29P) AppleWebKit/537.36 (KHTML, like Gecko) Chrome/141.0.7390.122 Mobile Safari/537.36 (compatible; Googlebot/2.1; +http://www.google.com/bot.html)" 327 **0/327772**
66.249.72.228 - - [01/Nov/2025:05:12:56 -0700] "GET /?a=44980014031690&mod=59f7026f&uri=search.php%3Fid%3D1504746-546%26name%3Dblack+and+white+long+haired+guinea+pig HTTP/1.1" 200 21846 "-" "Mozilla/5.0 (Linux; Android 6.0.1; Nexus 5X Build/MMB29P) AppleWebKit/537.36 (KHTML, like Gecko) Chrome/141.0.7390.122 Mobile Safari/537.36 (compatible; Googlebot/2.1; +http://www.google.com/bot.html)" 286 **0/286232**
66.249.72.228 - - [01/Nov/2025:05:12:57 -0700] "GET /?a=118664674071690&mod=2d2de08a&uri=blog.php%3Fid%3D3970598-407%26name%3Dheels+womens+size+shoes HTTP/1.1" 200 20054 "-" "Mozilla/5.0 (Linux; Android 6.0.1; Nexus 5X Build/MMB29P) AppleWebKit/537.36 (KHTML, like Gecko) Chrome/141.0.7390.122 Mobile Safari/537.36 (compatible; Googlebot/2.1; +http://www.google.com/bot.html)" 306 **0/306739**
66.249.69.140 - - [01/Nov/2025:05:12:58 -0700] "GET /?a=75340578021690&mod=937f578a&uri=itm.php%3Fid%3D2520726-300%26name%3Dsmall+drone+images HTTP/1.1" 200 21724 "-" "Mozilla/5.0 (Linux; Android 6.0.1; Nexus 5X Build/MMB29P) AppleWebKit/537.36 (KHTML, like Gecko) Chrome/141.0.7390.122 Mobile Safari/537.36 (compatible; Googlebot/2.1; +http://www.google.com/bot.html)" 315 **0/315549**
66.249.69.140 - - [01/Nov/2025:05:12:58 -0700] "GET /?a=94775515011690&mod=7ab0afee&uri=dp.php%3Fid%3D3171129-213%26name%3D7900+xt+6700+xt+vs+6800+vs+6800+xt HTTP/1.1" 200 21255 "-" "Mozilla/5.0 (Linux; Android 6.0.1; Nexus 5X Build/MMB29P) AppleWebKit/537.36 (KHTML, like Gecko) Chrome/141.0.7390.122 Mobile Safari/537.36 (compatible; Googlebot/2.1; +http://www.google.com/bot.html)" 438 **0/438649**
66.249.72.227 - - [01/Nov/2025:05:12:59 -0700] "GET /?a=118707851011690&mod=b51c6cd3&uri=goods.php%3Fid%3D3972038-440%26name%3Dspeck+samsung+note+20+ultra+case+clear HTTP/1.1" 200 20833 "-" "Mozilla/5.0 (Linux; Android 6.0.1; Nexus 5X Build/MMB29P) AppleWebKit/537.36 (KHTML, like Gecko) Chrome/141.0.7390.122 Mobile Safari/537.36 (compatible; Googlebot/2.1; +http://www.google.com/bot.html)" 302 **0/302942**
66.249.72.226 - - [01/Nov/2025:05:12:59 -0700] "GET /?a=6937715031690&mod=1461c171&uri=category-info.php%3Fid%3D232044-871%26name%3Dreebok+classic+cheap+reebok+club+c HTTP/1.1" 200 20197 "-" "Mozilla/5.0 (Linux; Android 6.0.1; Nexus 5X Build/MMB29P) AppleWebKit/537.36 (KHTML, like Gecko) Chrome/141.0.7390.122 Mobile Safari/537.36 (compatible; Googlebot/2.1; +http://www.google.com/bot.html)" 333 **0/333313**
66.249.72.228 - - [01/Nov/2025:05:13:00 -0700] "GET /?a=116153038071690&mod=b96586f2&uri=pin.php%3Fid%3D3886576-1665%26name%3Dbarbour+clothing+barbour+wool+coat+yellow HTTP/1.1" 200 20323 "-" "Mozilla/5.0 (Linux; Android 6.0.1; Nexus 5X Build/MMB29P) AppleWebKit/537.36 (KHTML, like Gecko) Chrome/141.0.7390.122 Mobile Safari/537.36 (compatible; Googlebot/2.1; +http://www.google.com/bot.html)" 259 **0/259094**
66.249.69.140 - - [01/Nov/2025:05:13:00 -0700] "GET /?a=116275890141690&mod=50c8932f&uri=products.php%3Fid%3D3890679-446%26name%3Dcaterpillar+boots+caterpillar+clasicas HTTP/1.1" 200 21055 "-" "Mozilla/5.0 (Linux; Android 6.0.1; Nexus 5X Build/MMB29P) AppleWebKit/537.36 (KHTML, like Gecko) Chrome/141.0.7390.122 Mobile Safari/537.36 (compatible; Googlebot/2.1; +http://www.google.com/bot.html)" 322 **0/322350**
207.46.13.78 - - [01/Nov/2025:05:13:01 -0700] "GET /?a=26199063071690&mod=069802d4&uri=brands.php%3Fid%3D876426-158%26name%3Dc912+subwoofer+jamo+powered+subwoofer HTTP/2.0" 200 20971 "-" "Mozilla/5.0 AppleWebKit/537.36 (KHTML, like Gecko; compatible; bingbot/2.0; +http://www.bing.com/bingbot.htm) Chrome/116.0.1938.76 Safari/537.36" 317 **0/317107**
66.249.72.227 - - [01/Nov/2025:05:13:02 -0700] "GET /?a=86453025081690&mod=5baaf192&uri=shared.php%3Fid%3D2892639-415%26name%3Dtigers+apparel+detroit+tigers+shop+website HTTP/1.1" 200 21417 "-" "Mozilla/5.0 (Linux; Android 6.0.1; Nexus 5X Build/MMB29P) AppleWebKit/537.36 (KHTML, like Gecko) Chrome/141.0.7390.122 Mobile Safari/537.36 (compatible; Googlebot/2.1; +http://www.google.com/bot.html)" 341 **0/341334**
66.249.72.226 - - [01/Nov/2025:05:13:03 -0700] "GET /?a=68009379031690&mod=03de7a07&uri=category-info.php%3Fid%3D2275325-302%26name%3Djeans+sales+walmart+ladies+jean+capris HTTP/1.1" 200 21598 "-" "Mozilla/5.0 (Linux; Android 6.0.1; Nexus 5X Build/MMB29P) AppleWebKit/537.36 (KHTML, like Gecko) Chrome/141.0.7390.122 Mobile Safari/537.36 (compatible; Googlebot/2.1; +http://www.google.com/bot.html)" 304 **0/304581**
66.249.72.226 - - [01/Nov/2025:05:13:04 -0700] "GET /?a=68006514041690&mod=c9041cfd&uri=product.php%3Fid%3D2275229-202%26name%3Dbody+mist+haute+collection+perfume HTTP/1.1" 200 21125 "-" "Mozilla/5.0 (Linux; Android 6.0.1; Nexus 5X Build/MMB29P) AppleWebKit/537.36 (KHTML, like Gecko) Chrome/141.0.7390.122 Mobile Safari/537.36 (compatible; Googlebot/2.1; +http://www.google.com/bot.html)" 325 **0/325771**
66.249.72.226 - - [01/Nov/2025:05:13:05 -0700] "GET /?a=7391060001690&mod=39a6f257&uri=us.php%3Fid%3D247207-936%26name%3Dpiscina+hinchable+carrefour+ben+10 HTTP/1.1" 200 21381 "-" "Mozilla/5.0 (Linux; Android 6.0.1; Nexus 5X Build/MMB29P) AppleWebKit/537.36 (KHTML, like Gecko) Chrome/141.0.7390.122 Mobile Safari/537.36 (compatible; Googlebot/2.1; +http://www.google.com/bot.html)" 401 **0/401207**
66.249.72.226 - - [01/Nov/2025:05:13:07 -0700] "GET /?a=7508757021690&mod=c53efb25&uri=blog.php%3Fid%3D251139-318%26name%3Dfootwear+retailer+shoe+carnival+on+western HTTP/1.1" 200 21084 "-" "Mozilla/5.0 (Linux; Android 6.0.1; Nexus 5X Build/MMB29P) AppleWebKit/537.36 (KHTML, like Gecko) Chrome/141.0.7390.122 Mobile Safari/537.36 (compatible; Googlebot/2.1; +http://www.google.com/bot.html)" 442 **0/442965**
66.249.72.226 - - [01/Nov/2025:05:13:08 -0700] "GET /?a=7371032051690&mod=8b1c998c&uri=pin.php%3Fid%3D246538-116%26name%3Ddidriksons+dunkelblauer+parka+damen HTTP/1.1" 200 20912 "-" "Mozilla/5.0 (Linux; Android 6.0.1; Nexus 5X Build/MMB29P) AppleWebKit/537.36 (KHTML, like Gecko) Chrome/141.0.7390.122 Mobile Safari/537.36 (compatible; Googlebot/2.1; +http://www.google.com/bot.html)" 508 **0/508254**
66.249.72.226 - - [01/Nov/2025:05:13:10 -0700] "GET /?a=118855798031690&mod=7881243c&uri=brands.php%3Fid%3D3976992-605%26name%3Dsweatpants+sweatjacke+ellesse+damen HTTP/1.1" 200 21151 "-" "Mozilla/5.0 (Linux; Android 6.0.1; Nexus 5X Build/MMB29P) AppleWebKit/537.36 (KHTML, like Gecko) Chrome/141.0.7390.122 Mobile Safari/537.36 (compatible; Googlebot/2.1; +http://www.google.com/bot.html)" 659 **0/659216**
66.249.72.226 - - [01/Nov/2025:05:13:12 -0700] "GET /?a=118851848061690&mod=7881243c&uri=product.php%3Fid%3D3976859-605%26name%3Dsteiff+teddy+steiff+quietscher HTTP/1.1" 200 20134 "-" "Mozilla/5.0 (Linux; Android 6.0.1; Nexus 5X Build/MMB29P) AppleWebKit/537.36 (KHTML, like Gecko) Chrome/141.0.7390.122 Mobile Safari/537.36 (compatible; Googlebot/2.1; +http://www.google.com/bot.html)" 269 **0/269563**
40.77.167.32 - - [01/Nov/2025:05:13:13 -0700] "GET /?a=30210291071690&mod=72494682&uri=search.php%3Fid%3D1010586-1416%26name%3Dfemme+cosy+tenue+homewear+femme+chic HTTP/2.0" 200 20062 "-" "Mozilla/5.0 AppleWebKit/537.36 (KHTML, like Gecko; compatible; bingbot/2.0; +http://www.bing.com/bingbot.htm) Chrome/116.0.1938.76 Safari/537.36" 282 **0/282789**
66.249.72.226 - - [01/Nov/2025:05:13:14 -0700] "GET /?a=68008779061690&mod=e0ff1573&uri=category-info.php%3Fid%3D2275305-1717%26name%3Dportefeuille+maroquinerie+chlo%C3%83%C2%A9 HTTP/1.1" 200 20693 "-" "Mozilla/5.0 (Linux; Android 6.0.1; Nexus 5X Build/MMB29P) AppleWebKit/537.36 (KHTML, like Gecko) Chrome/141.0.7390.122 Mobile Safari/537.36 (compatible; Googlebot/2.1; +http://www.google.com/bot.html)" 289 **0/289070**
207.46.13.150 - - [01/Nov/2025:05:13:14 -0700] "GET /?a=47880849051690&mod=7f04d9fc&uri=products.php%3Fid%3D1601774-553%26name%3Ddivani+angolari+divano+280+cm HTTP/2.0" 200 20382 "-" "Mozilla/5.0 AppleWebKit/537.36 (KHTML, like Gecko; compatible; bingbot/2.0; +http://www.bing.com/bingbot.htm) Chrome/116.0.1938.76 Safari/537.36" 347 **0/347688**
66.249.72.226 - - [01/Nov/2025:05:13:14 -0700] "GET /?a=68010879041690&mod=03de7a07&uri=category-info.php%3Fid%3D2275375-302%26name%3Dwool+woolen+innerwear HTTP/1.1" 200 20545 "-" "Mozilla/5.0 (Linux; Android 6.0.1; Nexus 5X Build/MMB29P) AppleWebKit/537.36 (KHTML, like Gecko) Chrome/141.0.7390.122 Mobile Safari/537.36 (compatible; Googlebot/2.1; +http://www.google.com/bot.html)" 334 **0/334809**
207.46.13.150 - - [01/Nov/2025:05:13:15 -0700] "GET /?a=45752127051690&mod=c00c7389&uri=category-info.php%3Fid%3D1530570-392%26name%3Dformal+dresses+jcpenney+vintage+dresses HTTP/2.0" 200 21343 "-" "Mozilla/5.0 AppleWebKit/537.36 (KHTML, like Gecko; compatible; bingbot/2.0; +http://www.bing.com/bingbot.htm) Chrome/116.0.1938.76 Safari/537.36" 566 **0/566248**
66.249.72.226 - - [01/Nov/2025:05:13:16 -0700] "GET /?a=7469100021690&mod=f8c84522&uri=itm.php%3Fid%3D249815-92%26name%3Dumbwe+boots+rockport+xcs+waterproof+boots HTTP/1.1" 200 21453 "-" "Mozilla/5.0 (Linux; Android 6.0.1; Nexus 5X Build/MMB29P) AppleWebKit/537.36 (KHTML, like Gecko) Chrome/141.0.7390.122 Mobile Safari/537.36 (compatible; Googlebot/2.1; +http://www.google.com/bot.html)" 320 **0/320608**
20.15.133.160 - - [01/Nov/2025:05:13:16 -0700] "GET /?a=93151524041690&mod=db59312b&uri=category-info.php%3Fid%3D3116790-384%26name%3Dstockcake+rugged+winter+boots HTTP/2.0" 200 20919 "-" "Mozilla/5.0 AppleWebKit/537.36 (KHTML, like Gecko; compatible; bingbot/2.0; +http://www.bing.com/bingbot.htm) Chrome/116.0.1938.76 Safari/537.36" 318 **0/318089**
66.249.72.226 - - [01/Nov/2025:05:13:17 -0700] "GET /?a=68007592001690&mod=2ba77af8&uri=itm.php%3Fid%3D2275265-413%26name%3Dalexander+valley+jackson+wine+estates HTTP/1.1" 200 21140 "-" "Mozilla/5.0 (Linux; Android 6.0.1; Nexus 5X Build/MMB29P) AppleWebKit/537.36 (KHTML, like Gecko) Chrome/141.0.7390.122 Mobile Safari/537.36 (compatible; Googlebot/2.1; +http://www.google.com/bot.html)" 289 **0/289064**
66.249.72.226 - - [01/Nov/2025:05:13:19 -0700] "GET /?a=89293219141690&mod=dad607bd&uri=category-info.php%3Fid%3D2987665-225%26name%3Dmotorcycle+repair+bajaj+service+centre+andheri+east HTTP/1.1" 200 20785 "-" "Mozilla/5.0 (Linux; Android 6.0.1; Nexus 5X Build/MMB29P) AppleWebKit/537.36 (KHTML, like Gecko) Chrome/141.0.7390.122 Mobile Safari/537.36 (compatible; Googlebot/2.1; +http://www.google.com/bot.html)" 347 **0/347850**
20.15.133.175 - - [01/Nov/2025:05:13:20 -0700] "GET /?a=15188474001690&mod=c40df15b&uri=shop.php%3Fid%3D508121-371%26name%3Dwatch+series+best+apple+watch+battery HTTP/2.0" 200 21188 "-" "Mozilla/5.0 AppleWebKit/537.36 (KHTML, like Gecko; compatible; bingbot/2.0; +http://www.bing.com/bingbot.htm) Chrome/116.0.1938.76 Safari/537.36" 330 **0/330120**
66.249.72.226 - - [01/Nov/2025:05:13:20 -0700] "GET /?a=68008959041690&mod=03de7a07&uri=dp.php%3Fid%3D2275311-302%26name%3Dwomens+jeans+mother+cropped+flare+jeans HTTP/1.1" 200 21039 "-" "Mozilla/5.0 (Linux; Android 6.0.1; Nexus 5X Build/MMB29P) AppleWebKit/537.36 (KHTML, like Gecko) Chrome/141.0.7390.122 Mobile Safari/537.36 (compatible; Googlebot/2.1; +http://www.google.com/bot.html)" 484 **0/484230**
66.249.72.226 - - [01/Nov/2025:05:13:22 -0700] "GET /?a=92094676041690&mod=d9d47929&uri=article.php%3Fid%3D3081453-365%26name%3Dpantalon+negro+acampanado+coppel HTTP/1.1" 200 21155 "-" "Mozilla/5.0 (Linux; Android 6.0.1; Nexus 5X Build/MMB29P) AppleWebKit/537.36 (KHTML, like Gecko) Chrome/141.0.7390.122 Mobile Safari/537.36 (compatible; Googlebot/2.1; +http://www.google.com/bot.html)" 570 **0/570225**
66.249.72.226 - - [01/Nov/2025:05:13:23 -0700] "GET /?a=92099431021690&mod=0c82981e&uri=shop.php%3Fid%3D3081613-696%26name%3Dhigh+scarpe+converse+outlet HTTP/1.1" 200 20439 "-" "Mozilla/5.0 (Linux; Android 6.0.1; Nexus 5X Build/MMB29P) AppleWebKit/537.36 (KHTML, like Gecko) Chrome/141.0.7390.122 Mobile Safari/537.36 (compatible; Googlebot/2.1; +http://www.google.com/bot.html)" 307 **0/307419**
157.55.39.203 - - [01/Nov/2025:05:13:24 -0700] "GET /?a=65315369011690&mod=a2e8e57d&uri=category-info.php%3Fid%3D2185210-196%26name%3Dscarpa+scarpe+rifle+zalando HTTP/2.0" 200 20883 "-" "Mozilla/5.0 AppleWebKit/537.36 (KHTML, like Gecko; compatible; bingbot/2.0; +http://www.bing.com/bingbot.htm) Chrome/116.0.1938.76 Safari/537.36" 349 **0/349984**
66.249.72.227 - - [01/Nov/2025:05:13:24 -0700] "GET /?a=68007892041690&mod=03de7a07&uri=form.php%3Fid%3D2275275-302%26name%3Dcrop+top+women%27s+black+cropped+joggers HTTP/1.1" 200 21100 "-" "Mozilla/5.0 (Linux; Android 6.0.1; Nexus 5X Build/MMB29P) AppleWebKit/537.36 (KHTML, like Gecko) Chrome/141.0.7390.122 Mobile Safari/537.36 (compatible; Googlebot/2.1; +http://www.google.com/bot.html)" 321 **0/321008**
66.249.72.226 - - [01/Nov/2025:05:13:26 -0700] "GET /?a=95345290061690&mod=0c82981e&uri=shared.php%3Fid%3D3190175-696%26name%3Dspitz+latest+lacoste+sneakers+2017 HTTP/1.1" 200 20200 "-" "Mozilla/5.0 (Linux; Android 6.0.1; Nexus 5X Build/MMB29P) AppleWebKit/537.36 (KHTML, like Gecko) Chrome/141.0.7390.122 Mobile Safari/537.36 (compatible; Googlebot/2.1; +http://www.google.com/bot.html)" 290 **0/290513**
66.249.72.226 - - [01/Nov/2025:05:13:27 -0700] "GET /?a=95346940011690&mod=ac5e32a7&uri=search.php%3Fid%3D3190230-584%26name%3Dtenis+diadora+hombre HTTP/1.1" 200 20764 "-" "Mozilla/5.0 (Linux; Android 6.0.1; Nexus 5X Build/MMB29P) AppleWebKit/537.36 (KHTML, like Gecko) Chrome/141.0.7390.122 Mobile Safari/537.36 (compatible; Googlebot/2.1; +http://www.google.com/bot.html)" 347 **0/347056**
66.249.72.227 - - [01/Nov/2025:05:13:29 -0700] "GET /?a=7513794021690&mod=c53efb25&uri=brands.php%3Fid%3D251307-318%26name%3Dstocking+fillers+shoe+zone+next+day+delivery HTTP/1.1" 200 20774 "-" "Mozilla/5.0 (Linux; Android 6.0.1; Nexus 5X Build/MMB29P) AppleWebKit/537.36 (KHTML, like Gecko) Chrome/141.0.7390.122 Mobile Safari/537.36 (compatible; Googlebot/2.1; +http://www.google.com/bot.html)" 327 **0/327874**
66.249.69.140 - - [01/Nov/2025:05:13:30 -0700] "GET /?a=30635744051690&mod=2f093e72&uri=product.php%3Fid%3D1024810-141%26name%3Ddrones+mavic+pro+sd+card+speed HTTP/1.1" 200 20216 "-" "Mozilla/5.0 (Linux; Android 6.0.1; Nexus 5X Build/MMB29P) AppleWebKit/537.36 (KHTML, like Gecko) Chrome/141.0.7390.122 Mobile Safari/537.36 (compatible; Googlebot/2.1; +http://www.google.com/bot.html)" 345 **0/345602**
66.249.69.140 - - [01/Nov/2025:05:13:30 -0700] "GET /?a=30372488051690&mod=79758bdc&uri=product.php%3Fid%3D1016004-231%26name%3Djewelry+elisa+rose+gold+pendant HTTP/1.1" 200 20581 "-" "Mozilla/5.0 (Linux; Android 6.0.1; Nexus 5X Build/MMB29P) AppleWebKit/537.36 (KHTML, like Gecko) Chrome/141.0.7390.122 Mobile Safari/537.36 (compatible; Googlebot/2.1; +http://www.google.com/bot.html)" 406 **0/406114**
66.249.72.226 - - [01/Nov/2025:05:13:30 -0700] "GET /?a=79137734001690&mod=3f894abe&uri=products.php%3Fid%3D2647857-688%26name%3Dclassical+music+beethoven+plush HTTP/1.1" 200 20740 "-" "Mozilla/5.0 (Linux; Android 6.0.1; Nexus 5X Build/MMB29P) AppleWebKit/537.36 (KHTML, like Gecko) Chrome/141.0.7390.122 Mobile Safari/537.36 (compatible; Googlebot/2.1; +http://www.google.com/bot.html)" 273 **0/273791**
66.249.72.226 - - [01/Nov/2025:05:13:31 -0700] "GET /?a=42704166021690&mod=4c26774d&uri=dp.php%3Fid%3D1428577-58%26name%3Dgravel+bike+best+road+cycling+helmet+2021 HTTP/1.1" 200 21451 "-" "Mozilla/5.0 (Linux; Android 6.0.1; Nexus 5X Build/MMB29P) AppleWebKit/537.36 (KHTML, like Gecko) Chrome/141.0.7390.122 Mobile Safari/537.36 (compatible; Googlebot/2.1; +http://www.google.com/bot.html)" 332 **0/332620**
40.77.167.32 - - [01/Nov/2025:05:13:31 -0700] "GET /?a=64811759031690&mod=e87602b4&uri=blog.php%3Fid%3D2168364-1259%26name%3Dpatchwork+sac+cabas+jean HTTP/2.0" 200 21214 "-" "Mozilla/5.0 AppleWebKit/537.36 (KHTML, like Gecko; compatible; bingbot/2.0; +http://www.bing.com/bingbot.htm) Chrome/116.0.1938.76 Safari/537.36" 391 **0/391465**
66.249.72.226 - - [01/Nov/2025:05:13:32 -0700] "GET /?a=54122420081690&mod=a768cbbf&uri=itm.php%3Fid%3D1810630-827%26name%3D645+music+garmin+forerunner+645+review HTTP/1.1" 200 20726 "-" "Mozilla/5.0 (Linux; Android 6.0.1; Nexus 5X Build/MMB29P) AppleWebKit/537.36 (KHTML, like Gecko) Chrome/141.0.7390.122 Mobile Safari/537.36 (compatible; Googlebot/2.1; +http://www.google.com/bot.html)" 278 **0/278989**
207.46.13.78 - - [01/Nov/2025:05:13:33 -0700] "GET /product/edit/26310518071690 HTTP/2.0" 200 21085 "-" "Mozilla/5.0 AppleWebKit/537.36 (KHTML, like Gecko; compatible; bingbot/2.0; +http://www.bing.com/bingbot.htm) Chrome/116.0.1938.76 Safari/537.36" 306 **0/306149**
66.249.72.226 - - [01/Nov/2025:05:13:34 -0700] "GET /?a=68187470071690&mod=1a32df83&uri=us.php%3Fid%3D2281284-81%26name%3Dk+compact+single+use+keurig HTTP/1.1" 200 21256 "-" "Mozilla/5.0 (Linux; Android 6.0.1; Nexus 5X Build/MMB29P) AppleWebKit/537.36 (KHTML, like Gecko) Chrome/141.0.7390.122 Mobile Safari/537.36 (compatible; Googlebot/2.1; +http://www.google.com/bot.html)" 334 **0/334760**
66.249.72.227 - - [01/Nov/2025:05:13:36 -0700] "GET /?a=20752755021690&mod=23e18616&uri=pin.php%3Fid%3D694253-317%26name%3Dboneless+pork+pellet+grill+smoked+pork+shoulder HTTP/1.1" 200 21907 "-" "Mozilla/5.0 (Linux; Android 6.0.1; Nexus 5X Build/MMB29P) AppleWebKit/537.36 (KHTML, like Gecko) Chrome/141.0.7390.122 Mobile Safari/537.36 (compatible; Googlebot/2.1; +http://www.google.com/bot.html)" 335 **0/335551**
66.249.72.226 - - [01/Nov/2025:05:13:36 -0700] "GET /?/js_757ed0132a844208f409fbb5067dfa2d/_drupal_sites_default_files_js_js_i3BGasXGb_pVk8CAUeSJnjMmyNE-bFprX9j4_djQznQ HTTP/1.1" 200 3857 "https://www.blalockdialysiscenter.com/?a=54122420081690&mod=a768cbbf&uri=itm.php%3Fid%3D1810630-827%26name%3D645+music+garmin+forerunner+645+review" "Mozilla/5.0 (Linux; Android 6.0.1; Nexus 5X Build/MMB29P) AppleWebKit/537.36 (KHTML, like Gecko) Chrome/141.0.7390.122 Mobile Safari/537.36 (compatible; Googlebot/2.1; +http://www.google.com/bot.html)" 112 **0/112767**
66.249.69.140 - - [01/Nov/2025:05:13:36 -0700] "GET /?a=54874762051690&mod=cc3f9686&uri=dp.php%3Fid%3D1835826-721%26name%3Damd+check+if+graphics+drivers+are+up+to+date HTTP/1.1" 200 21936 "-" "Mozilla/5.0 (Linux; Android 6.0.1; Nexus 5X Build/MMB29P) AppleWebKit/537.36 (KHTML, like Gecko) Chrome/141.0.7390.122 Mobile Safari/537.36 (compatible; Googlebot/2.1; +http://www.google.com/bot.html)" 289 **0/289794**
66.249.72.226 - - [01/Nov/2025:05:13:37 -0700] "GET /?a=62018719031690&mod=e6d29272&uri=goods.php%3Fid%3D2074938-512%26name%3Dcarolina+hurricanes+marcus+kruger+jersey HTTP/1.1" 200 20048 "-" "Mozilla/5.0 (Linux; Android 6.0.1; Nexus 5X Build/MMB29P) AppleWebKit/537.36 (KHTML, like Gecko) Chrome/141.0.7390.122 Mobile Safari/537.36 (compatible; Googlebot/2.1; +http://www.google.com/bot.html)" 285 **0/285913**
66.249.72.226 - - [01/Nov/2025:05:13:37 -0700] "GET /?a=61894603071690&mod=b527535f&uri=products.php%3Fid%3D2070785-1531%26name%3Dsunglasses+kaia+gerber+longchamp HTTP/1.1" 200 20332 "-" "Mozilla/5.0 (Linux; Android 6.0.1; Nexus 5X Build/MMB29P) AppleWebKit/537.36 (KHTML, like Gecko) Chrome/141.0.7390.122 Mobile Safari/537.36 (compatible; Googlebot/2.1; +http://www.google.com/bot.html)" 394 **0/394540**
66.249.72.227 - - [01/Nov/2025:05:13:38 -0700] "GET /?a=86639637051690&mod=5d2e7e08&uri=product.php%3Fid%3D2898890-1247%26name%3Dformlabs+new-balance-3d-printed-shoes HTTP/1.1" 200 20252 "-" "Mozilla/5.0 (Linux; Android 6.0.1; Nexus 5X Build/MMB29P) AppleWebKit/537.36 (KHTML, like Gecko) Chrome/141.0.7390.122 Mobile Safari/537.36 (compatible; Googlebot/2.1; +http://www.google.com/bot.html)" 301 **0/301106**
66.249.72.226 - - [01/Nov/2025:05:13:38 -0700] "GET /?a=81787940041690&mod=16b42e3b&uri=info.php%3Fid%3D2736493-1086%26name%3Dignorance+of+the+ignorantia+juris+non+excusat+landmark+cases HTTP/1.1" 200 19829 "-" "Mozilla/5.0 (Linux; Android 6.0.1; Nexus 5X Build/MMB29P) AppleWebKit/537.36 (KHTML, like Gecko) Chrome/141.0.7390.122 Mobile Safari/537.36 (compatible; Googlebot/2.1; +http://www.google.com/bot.html)" 287 **0/287184**
66.249.72.226 - - [01/Nov/2025:05:13:39 -0700] "GET /?a=22776201041690&mod=11b465ea&uri=goods.php%3Fid%3D761925-198%26name%3Dbirkenstock+sydney+birkenstock+pattern+sandals HTTP/1.1" 200 21398 "-" "Mozilla/5.0 (Linux; Android 6.0.1; Nexus 5X Build/MMB29P) AppleWebKit/537.36 (KHTML, like Gecko) Chrome/141.0.7390.122 Mobile Safari/537.36 (compatible; Googlebot/2.1; +http://www.google.com/bot.html)" 327 **0/327915**
66.249.69.140 - - [01/Nov/2025:05:13:41 -0700] "GET /?a=67000720031690&mod=82bb7d31&uri=article.php%3Fid%3D2241586-567%26name%3Dmetal+frame+new+model+eyeglass+frames HTTP/1.1" 200 21504 "-" "Mozilla/5.0 (Linux; Android 6.0.1; Nexus 5X Build/MMB29P) AppleWebKit/537.36 (KHTML, like Gecko) Chrome/141.0.7390.122 Mobile Safari/537.36 (compatible; Googlebot/2.1; +http://www.google.com/bot.html)" 324 **0/324117**
40.77.167.32 - - [01/Nov/2025:05:13:41 -0700] "GET /product/edit/65113469031690 HTTP/2.0" 200 21729 "-" "Mozilla/5.0 AppleWebKit/537.36 (KHTML, like Gecko; compatible; bingbot/2.0; +http://www.bing.com/bingbot.htm) Chrome/116.0.1938.76 Safari/537.36" 340 **0/340552**
66.249.69.140 - - [01/Nov/2025:05:13:43 -0700] "GET /?a=29786231001690&mod=d157d577&uri=article.php%3Fid%3D996407-239%26name%3Dhiking+backpacks+gregory+j53+backpack HTTP/1.1" 200 20990 "-" "Mozilla/5.0 (Linux; Android 6.0.1; Nexus 5X Build/MMB29P) AppleWebKit/537.36 (KHTML, like Gecko) Chrome/141.0.7390.122 Mobile Safari/537.36 (compatible; Googlebot/2.1; +http://www.google.com/bot.html)" 334 **0/334251**
66.249.72.228 - - [01/Nov/2025:05:13:44 -0700] "GET /?a=27072403041690&mod=3906ddb4&uri=article.php%3Fid%3D905623-570%26name%3Djardini+arowana+care HTTP/1.1" 200 21312 "-" "Mozilla/5.0 (Linux; Android 6.0.1; Nexus 5X Build/MMB29P) AppleWebKit/537.36 (KHTML, like Gecko) Chrome/141.0.7390.122 Mobile Safari/537.36 (compatible; Googlebot/2.1; +http://www.google.com/bot.html)" 435 **0/435570**
207.46.13.150 - - [01/Nov/2025:05:13:44 -0700] "GET /?a=51019483001690&mod=c940d2fd&uri=form.php%3Fid%3D1706799-323%26name%3Dstockx+goat+sell+shoes HTTP/2.0" 200 21534 "-" "Mozilla/5.0 AppleWebKit/537.36 (KHTML, like Gecko; compatible; bingbot/2.0; +http://www.bing.com/bingbot.htm) Chrome/116.0.1938.76 Safari/537.36" 400 **0/400349**
66.249.72.227 - - [01/Nov/2025:05:13:45 -0700] "GET /?a=118049199011690&mod=83e1fbae&uri=info.php%3Fid%3D3950007-1005%26name%3Dtory+burch+designer+lug+boots HTTP/1.1" 200 20613 "-" "Mozilla/5.0 (Linux; Android 6.0.1; Nexus 5X Build/MMB29P) AppleWebKit/537.36 (KHTML, like Gecko) Chrome/141.0.7390.122 Mobile Safari/537.36 (compatible; Googlebot/2.1; +http://www.google.com/bot.html)" 601 **0/601525**
66.249.69.140 - - [01/Nov/2025:05:13:46 -0700] "GET /?a=29307955051690&mod=0c74b7f7&uri=blog.php%3Fid%3D980402-3%26name%3Dsouth+africa+trojan+omega+380+exercise+bike HTTP/1.1" 200 21233 "-" "Mozilla/5.0 (Linux; Android 6.0.1; Nexus 5X Build/MMB29P) AppleWebKit/537.36 (KHTML, like Gecko) Chrome/141.0.7390.122 Mobile Safari/537.36 (compatible; Googlebot/2.1; +http://www.google.com/bot.html)" 469 **0/469840**
207.46.13.78 - - [01/Nov/2025:05:13:46 -0700] "GET /?a=114544185051690&mod=aaf096cc&uri=brands.php%3Fid%3D3832694-812%26name%3Dsolido+4l+miniature HTTP/2.0" 200 20518 "-" "Mozilla/5.0 AppleWebKit/537.36 (KHTML, like Gecko; compatible; bingbot/2.0; +http://www.bing.com/bingbot.htm) Chrome/116.0.1938.76 Safari/537.36" 452 **0/452205**
66.249.69.140 - - [01/Nov/2025:05:13:47 -0700] "GET /?a=30466464001690&mod=eaaec0f5&uri=news.php%3Fid%3D1019146-256%26name%3Dvestimenta+casual+mujer+juvenil+outfits+casuales+para+adolescentes HTTP/1.1" 200 21494 "-" "Mozilla/5.0 (Linux; Android 6.0.1; Nexus 5X Build/MMB29P) AppleWebKit/537.36 (KHTML, like Gecko) Chrome/141.0.7390.122 Mobile Safari/537.36 (compatible; Googlebot/2.1; +http://www.google.com/bot.html)" 511 **0/511125**
20.15.133.175 - - [01/Nov/2025:05:13:48 -0700] "GET /?a=78477346031690&mod=02501d64&uri=news.php%3Fid%3D2625745-1025%26name%3Ddiscount+topshop+pink+corduroy+jacket+topshop HTTP/2.0" 200 21306 "-" "Mozilla/5.0 AppleWebKit/537.36 (KHTML, like Gecko; compatible; bingbot/2.0; +http://www.bing.com/bingbot.htm) Chrome/116.0.1938.76 Safari/537.36" 377 **0/377510**
66.249.69.140 - - [01/Nov/2025:05:13:48 -0700] "GET /?a=116934948031690&mod=0d36d554&uri=article.php%3Fid%3D3912720-831%26name%3Dbowers+b+e+amp%3Bw+zeppelin+capacitor HTTP/1.1" 200 21466 "-" "Mozilla/5.0 (Linux; Android 6.0.1; Nexus 5X Build/MMB29P) AppleWebKit/537.36 (KHTML, like Gecko) Chrome/141.0.7390.122 Mobile Safari/537.36 (compatible; Googlebot/2.1; +http://www.google.com/bot.html)" 418 **0/418746**
66.249.72.227 - - [01/Nov/2025:05:13:52 -0700] "GET /?a=58541604011690&mod=1a32df83&uri=blog.php%3Fid%3D1958552-81%26name%3Dharbor+freight+home+tools+set HTTP/1.1" 200 21268 "-" "Mozilla/5.0 (Linux; Android 6.0.1; Nexus 5X Build/MMB29P) AppleWebKit/537.36 (KHTML, like Gecko) Chrome/141.0.7390.122 Mobile Safari/537.36 (compatible; Googlebot/2.1; +http://www.google.com/bot.html)" 330 **0/330014**
66.249.69.140 - - [01/Nov/2025:05:13:54 -0700] "GET /?a=88430795011690&mod=a6a38989&uri=dp.php%3Fid%3D2958833-113%26name%3Dmisure+bagaglio+stiva+ryanair+ryanair+valigie+nuove+regole HTTP/1.1" 200 20230 "-" "Mozilla/5.0 (Linux; Android 6.0.1; Nexus 5X Build/MMB29P) AppleWebKit/537.36 (KHTML, like Gecko) Chrome/141.0.7390.122 Mobile Safari/537.36 (compatible; Googlebot/2.1; +http://www.google.com/bot.html)" 319 **0/319426**
157.55.39.203 - - [01/Nov/2025:05:13:55 -0700] "GET /?a=73829384021690&mod=06138bc5&uri=brands.php%3Fid%3D2470147-2%26name%3Dborneobulletin+com+ae+fleece+crewneck+sweatshirt HTTP/2.0" 200 20620 "-" "Mozilla/5.0 AppleWebKit/537.36 (KHTML, like Gecko; compatible; bingbot/2.0; +http://www.bing.com/bingbot.htm) Chrome/116.0.1938.76 Safari/537.36" 359 **0/359593**
66.249.69.140 - - [01/Nov/2025:05:13:57 -0700] "GET /?a=9764823081690&mod=6b210b25&uri=shared.php%3Fid%3D326659-195%26name%3Dblue+lapis+lapis+lazuli+ring+for+men HTTP/1.1" 200 20497 "-" "Mozilla/5.0 (Linux; Android 6.0.1; Nexus 5X Build/MMB29P) AppleWebKit/537.36 (KHTML, like Gecko) Chrome/141.0.7390.122 Mobile Safari/537.36 (compatible; Googlebot/2.1; +http://www.google.com/bot.html)" 326 **0/326891**
66.249.69.140 - - [01/Nov/2025:05:13:58 -0700] "GET /?a=14805853001690&mod=808a6bba&uri=products.php%3Fid%3D495317-575%26name%3Dfunny+dog+pillow+meme HTTP/1.1" 200 20458 "-" "Mozilla/5.0 (Linux; Android 6.0.1; Nexus 5X Build/MMB29P) AppleWebKit/537.36 (KHTML, like Gecko) Chrome/141.0.7390.122 Mobile Safari/537.36 (compatible; Googlebot/2.1; +http://www.google.com/bot.html)" 289 **0/289796**
66.249.72.228 - - [01/Nov/2025:05:14:00 -0700] "GET /?a=69931937001690&mod=a3c335b8&uri=us.php%3Fid%3D2339669-874%26name%3Dcitrus+home+fragrance+oil+uk HTTP/1.1" 200 20339 "-" "Mozilla/5.0 (Linux; Android 6.0.1; Nexus 5X Build/MMB29P) AppleWebKit/537.36 (KHTML, like Gecko) Chrome/141.0.7390.122 Mobile Safari/537.36 (compatible; Googlebot/2.1; +http://www.google.com/bot.html)" 277 **0/277841**
66.249.72.226 - - [01/Nov/2025:05:14:02 -0700] "GET /?a=6307961041690&mod=9a561d98&uri=goods.php%3Fid%3D210989-867%26name%3D50+ml+armani+si+parfume HTTP/1.1" 200 20159 "-" "Mozilla/5.0 (Linux; Android 6.0.1; Nexus 5X Build/MMB29P) AppleWebKit/537.36 (KHTML, like Gecko) Chrome/141.0.7390.122 Mobile Safari/537.36 (compatible; Googlebot/2.1; +http://www.google.com/bot.html)" 472 **0/472628**
66.249.72.227 - - [01/Nov/2025:05:14:03 -0700] "GET /?a=118187046041690&mod=e6e537c2&uri=blog.php%3Fid%3D3954621-1064%26name%3Dgraco+quattro+tour+duo+les+poussettes+graco HTTP/1.1" 200 21069 "-" "Mozilla/5.0 (Linux; Android 6.0.1; Nexus 5X Build/MMB29P) AppleWebKit/537.36 (KHTML, like Gecko) Chrome/141.0.7390.122 Mobile Safari/537.36 (compatible; Googlebot/2.1; +http://www.google.com/bot.html)" 326 **0/326757**
66.249.69.140 - - [01/Nov/2025:05:14:04 -0700] "GET /?a=4503104001690&mod=f81dee42&uri=article.php%3Fid%3D150589-39%26name%3Dmalabar+gold+sets+with+price HTTP/1.1" 200 21230 "-" "Mozilla/5.0 (Linux; Android 6.0.1; Nexus 5X Build/MMB29P) AppleWebKit/537.36 (KHTML, like Gecko) Chrome/141.0.7390.122 Mobile Safari/537.36 (compatible; Googlebot/2.1; +http://www.google.com/bot.html)" 299 **0/299373**
66.249.69.140 - - [01/Nov/2025:05:14:05 -0700] "GET /?a=33647934021690&mod=240aa617&uri=form.php%3Fid%3D1125601-773%26name%3De+bike+hub+cromotor+hub+motor HTTP/1.1" 200 20956 "-" "Mozilla/5.0 (Linux; Android 6.0.1; Nexus 5X Build/MMB29P) AppleWebKit/537.36 (KHTML, like Gecko) Chrome/141.0.7390.122 Mobile Safari/537.36 (compatible; Googlebot/2.1; +http://www.google.com/bot.html)" 342 **0/342345**
66.249.69.128 - - [01/Nov/2025:05:14:05 -0700] "GET /?a=33574178051690&mod=1b86e56e&uri=blog.php%3Fid%3D1123134-796%26name%3Drueda+trasera+rueda+700x28c HTTP/1.1" 200 20514 "-" "Mozilla/5.0 (Linux; Android 6.0.1; Nexus 5X Build/MMB29P) AppleWebKit/537.36 (KHTML, like Gecko) Chrome/141.0.7390.122 Mobile Safari/537.36 (compatible; Googlebot/2.1; +http://www.google.com/bot.html)" 284 **0/284200**
66.249.69.128 - - [01/Nov/2025:05:14:07 -0700] "GET /?a=33665526091690&mod=889a669f&uri=brands.php%3Fid%3D1126188-219%26name%3Dcompact+stroller+pushchairs+with+klarna HTTP/1.1" 200 21573 "-" "Mozilla/5.0 (Linux; Android 6.0.1; Nexus 5X Build/MMB29P) AppleWebKit/537.36 (KHTML, like Gecko) Chrome/141.0.7390.122 Mobile Safari/537.36 (compatible; Googlebot/2.1; +http://www.google.com/bot.html)" 321 **0/321320**
66.249.69.141 - - [01/Nov/2025:05:14:08 -0700] "GET /?a=33995340001690&mod=3f16ca18&uri=goods.php%3Fid%3D1137221-1500%26name%3Dcon+calzado+de+invierno+hombre HTTP/1.1" 200 20647 "-" "Mozilla/5.0 (Linux; Android 6.0.1; Nexus 5X Build/MMB29P) AppleWebKit/537.36 (KHTML, like Gecko) Chrome/141.0.7390.122 Mobile Safari/537.36 (compatible; Googlebot/2.1; +http://www.google.com/bot.html)" 284 **0/284318**
66.249.69.141 - - [01/Nov/2025:05:14:10 -0700] "GET /?a=72358060001690&mod=e0f120ee&uri=category-info.php%3Fid%3D2420899-44%26name%3Da+leather+pouch+for+phones HTTP/1.1" 200 20602 "-" "Mozilla/5.0 (Linux; Android 6.0.1; Nexus 5X Build/MMB29P) AppleWebKit/537.36 (KHTML, like Gecko) Chrome/141.0.7390.122 Mobile Safari/537.36 (compatible; Googlebot/2.1; +http://www.google.com/bot.html)" 312 **0/312831**
66.249.72.227 - - [01/Nov/2025:05:14:12 -0700] "GET /?a=76922145001690&mod=de561104&uri=brands.php%3Fid%3D2573713-1313%26name%3Dnova+2025+white+plus+size+dress+fashion+nova HTTP/1.1" 200 21392 "-" "Mozilla/5.0 (Linux; Android 6.0.1; Nexus 5X Build/MMB29P) AppleWebKit/537.36 (KHTML, like Gecko) Chrome/141.0.7390.122 Mobile Safari/537.36 (compatible; Googlebot/2.1; +http://www.google.com/bot.html)" 328 **0/328798**
66.249.69.140 - - [01/Nov/2025:05:14:12 -0700] "GET /?a=31641298021690&mod=39016cfe&uri=search.php%3Fid%3D1058463-91%26name%3Dadidas+originals+usa+84+shoes HTTP/1.1" 200 20565 "-" "Mozilla/5.0 (Linux; Android 6.0.1; Nexus 5X Build/MMB29P) AppleWebKit/537.36 (KHTML, like Gecko) Chrome/141.0.7390.122 Mobile Safari/537.36 (compatible; Googlebot/2.1; +http://www.google.com/bot.html)" 346 **0/346503**
157.55.39.8 - - [01/Nov/2025:05:14:12 -0700] "GET /?a=73960081001690&mod=fe09c574&uri=category-info.php%3Fid%3D2474517-282%26name%3Dknee+high+boots+walking+boots+sainsburys HTTP/2.0" 200 21245 "-" "Mozilla/5.0 AppleWebKit/537.36 (KHTML, like Gecko; compatible; bingbot/2.0; +http://www.bing.com/bingbot.htm) Chrome/116.0.1938.76 Safari/537.36" 302 **0/302141**
66.249.72.227 - - [01/Nov/2025:05:14:13 -0700] "GET /?a=53973054001690&mod=0feaf58e&uri=goods.php%3Fid%3D1805627-156%26name%3Dabbigliamento+neve+abbigliamento+da+sci+tecnico HTTP/1.1" 200 20204 "-" "Mozilla/5.0 (Linux; Android 6.0.1; Nexus 5X Build/MMB29P) AppleWebKit/537.36 (KHTML, like Gecko) Chrome/141.0.7390.122 Mobile Safari/537.36 (compatible; Googlebot/2.1; +http://www.google.com/bot.html)" 312 **0/312266**
157.55.39.203 - - [01/Nov/2025:05:14:13 -0700] "GET /?a=114585492041690&mod=be077c4d&uri=products.php%3Fid%3D3834079-1784%26name%3Dwrist+wait+time+for+rolex+daytona HTTP/2.0" 200 19997 "-" "Mozilla/5.0 AppleWebKit/537.36 (KHTML, like Gecko; compatible; bingbot/2.0; +http://www.bing.com/bingbot.htm) Chrome/116.0.1938.76 Safari/537.36" 314 **0/314845**
157.55.39.203 - - [01/Nov/2025:05:14:13 -0700] "GET /?a=93913794031690&mod=3292cdae&uri=search.php%3Fid%3D3142305-476%26name%3Dcardigan+gilet+boutonne HTTP/2.0" 200 20680 "-" "Mozilla/5.0 AppleWebKit/537.36 (KHTML, like Gecko; compatible; bingbot/2.0; +http://www.bing.com/bingbot.htm) Chrome/116.0.1938.76 Safari/537.36" 289 **0/289282**
66.249.69.140 - - [01/Nov/2025:05:14:14 -0700] "GET /?a=67034244031690&mod=6f31b4d2&uri=products.php%3Fid%3D2242710-307%26name%3Dscooter+50cc+scooter+tnt+grido HTTP/1.1" 200 21152 "-" "Mozilla/5.0 (Linux; Android 6.0.1; Nexus 5X Build/MMB29P) AppleWebKit/537.36 (KHTML, like Gecko) Chrome/141.0.7390.122 Mobile Safari/537.36 (compatible; Googlebot/2.1; +http://www.google.com/bot.html)" 512 **0/512674**
52.167.144.192 - - [01/Nov/2025:05:14:16 -0700] "GET /?a=63764570041690&mod=a9d44cca&uri=news.php%3Fid%3D2133339-1010%26name%3Doutfits+black+winter+chelsea+boots HTTP/2.0" 200 20848 "-" "Mozilla/5.0 AppleWebKit/537.36 (KHTML, like Gecko; compatible; bingbot/2.0; +http://www.bing.com/bingbot.htm) Chrome/116.0.1938.76 Safari/537.36" 343 **0/343164**
66.249.69.140 - - [01/Nov/2025:05:14:18 -0700] "GET /?a=82981295101690&mod=6c46caa1&uri=products.php%3Fid%3D2776435-737%26name%3Dflare+pants+lakers+leggings+forever+21 HTTP/1.1" 200 20207 "-" "Mozilla/5.0 (Linux; Android 6.0.1; Nexus 5X Build/MMB29P) AppleWebKit/537.36 (KHTML, like Gecko) Chrome/141.0.7390.122 Mobile Safari/537.36 (compatible; Googlebot/2.1; +http://www.google.com/bot.html)" 351 **0/351535**
66.249.72.226 - - [01/Nov/2025:05:14:18 -0700] "GET /?a=56311295041690&mod=e744f91c&uri=info.php%3Fid%3D1883909-9%26name%3Dwireless+earbuds+how+to+switch+on+bluetooth+earphones HTTP/1.1" 200 21635 "-" "Mozilla/5.0 (Linux; Android 6.0.1; Nexus 5X Build/MMB29P) AppleWebKit/537.36 (KHTML, like Gecko) Chrome/141.0.7390.122 Mobile Safari/537.36 (compatible; Googlebot/2.1; +http://www.google.com/bot.html)" 299 **0/299894**
66.249.69.140 - - [01/Nov/2025:05:14:19 -0700] "GET /?a=66898146031690&mod=92276dd8&uri=itm.php%3Fid%3D2238151-763%26name%3Dxxl+snorlax HTTP/1.1" 200 20099 "-" "Mozilla/5.0 (Linux; Android 6.0.1; Nexus 5X Build/MMB29P) AppleWebKit/537.36 (KHTML, like Gecko) Chrome/141.0.7390.122 Mobile Safari/537.36 (compatible; Googlebot/2.1; +http://www.google.com/bot.html)" 284 **0/284631**
66.249.69.140 - - [01/Nov/2025:05:14:20 -0700] "GET /?a=66895296011690&mod=8d161876&uri=info.php%3Fid%3D2238056-536%26name%3Dold+skool+vans+alte+donna HTTP/1.1" 200 20926 "-" "Mozilla/5.0 (Linux; Android 6.0.1; Nexus 5X Build/MMB29P) AppleWebKit/537.36 (KHTML, like Gecko) Chrome/141.0.7390.122 Mobile Safari/537.36 (compatible; Googlebot/2.1; +http://www.google.com/bot.html)" 347 **0/347589**
66.249.69.140 - - [01/Nov/2025:05:14:22 -0700] "GET /?a=9052173001690&mod=990094b6&uri=article.php%3Fid%3D302807-587%26name%3Dpantalon+large+cuir+homme HTTP/1.1" 200 20768 "-" "Mozilla/5.0 (Linux; Android 6.0.1; Nexus 5X Build/MMB29P) AppleWebKit/537.36 (KHTML, like Gecko) Chrome/141.0.7390.122 Mobile Safari/537.36 (compatible; Googlebot/2.1; +http://www.google.com/bot.html)" 965 **0/965790**
66.249.69.140 - - [01/Nov/2025:05:14:23 -0700] "GET /?a=9052713001690&mod=990094b6&uri=product.php%3Fid%3D302825-587%26name%3Ddoudoune+femme+decathlon+doudoune+trek+100 HTTP/1.1" 200 20573 "-" "Mozilla/5.0 (Linux; Android 6.0.1; Nexus 5X Build/MMB29P) AppleWebKit/537.36 (KHTML, like Gecko) Chrome/141.0.7390.122 Mobile Safari/537.36 (compatible; Googlebot/2.1; +http://www.google.com/bot.html)" 1100 **1/1100265**
66.249.69.140 - - [01/Nov/2025:05:14:24 -0700] "GET /?a=66870618041690&mod=8d161876&uri=dp.php%3Fid%3D2237231-536%26name%3Dgrand+court+scarpe+adidas+zalando HTTP/1.1" 200 20647 "-" "Mozilla/5.0 (Linux; Android 6.0.1; Nexus 5X Build/MMB29P) AppleWebKit/537.36 (KHTML, like Gecko) Chrome/141.0.7390.122 Mobile Safari/537.36 (compatible; Googlebot/2.1; +http://www.google.com/bot.html)" 1014 **1/1014535**
207.46.13.150 - - [01/Nov/2025:05:14:24 -0700] "GET /?a=23833749081690&mod=607f0983&uri=shop.php%3Fid%3D797317-556%26name%3Dmagician+hat+kids+plastic+top+hats HTTP/2.0" 200 21237 "-" "Mozilla/5.0 AppleWebKit/537.36 (KHTML, like Gecko; compatible; bingbot/2.0; +http://www.bing.com/bingbot.htm) Chrome/116.0.1938.76 Safari/537.36" 1143 **1/1143706**
66.249.69.140 - - [01/Nov/2025:05:14:25 -0700] "GET /?a=66844670041690&mod=0b518a25&uri=dp.php%3Fid%3D2236364-102%26name%3Dleaves+elements+wood+table+leaf+blanks HTTP/1.1" 200 20878 "-" "Mozilla/5.0 (Linux; Android 6.0.1; Nexus 5X Build/MMB29P) AppleWebKit/537.36 (KHTML, like Gecko) Chrome/141.0.7390.122 Mobile Safari/537.36 (compatible; Googlebot/2.1; +http://www.google.com/bot.html)" 1042 **1/1042665**
66.249.69.140 - - [01/Nov/2025:05:14:26 -0700] "GET /?a=66844370031690&mod=2fc02e92&uri=info.php%3Fid%3D2236354-152%26name%3Dvent+mount+galaxy+s20+car+mount HTTP/1.1" 200 21577 "-" "Mozilla/5.0 (Linux; Android 6.0.1; Nexus 5X Build/MMB29P) AppleWebKit/537.36 (KHTML, like Gecko) Chrome/141.0.7390.122 Mobile Safari/537.36 (compatible; Googlebot/2.1; +http://www.google.com/bot.html)" 1141 **1/1141990**
20.15.133.184 - - [01/Nov/2025:05:14:27 -0700] "GET /?a=60538137041690&mod=ae06fbdc&uri=category-info.php%3Fid%3D2025373-54%26name%3Dreina+letizia+vestido+estilo+oriental+boda HTTP/2.0" 200 21027 "-" "Mozilla/5.0 AppleWebKit/537.36 (KHTML, like Gecko; compatible; bingbot/2.0; +http://www.bing.com/bingbot.htm) Chrome/116.0.1938.76 Safari/537.36" 1079 **1/1079660**
66.249.69.140 - - [01/Nov/2025:05:14:27 -0700] "GET /?a=67108343011690&mod=06138bc5&uri=blog.php%3Fid%3D2245189-2%26name%3Dcolumbia+powder+keg+powder+women+padded+ski+jacket HTTP/1.1" 200 20980 "-" "Mozilla/5.0 (Linux; Android 6.0.1; Nexus 5X Build/MMB29P) AppleWebKit/537.36 (KHTML, like Gecko) Chrome/141.0.7390.122 Mobile Safari/537.36 (compatible; Googlebot/2.1; +http://www.google.com/bot.html)" 1116 **1/1116862**
66.249.69.141 - - [01/Nov/2025:05:14:29 -0700] "GET /?a=66932132001690&mod=f3314823&uri=brands.php%3Fid%3D2239289-378%26name%3Dindocut+leggings+comfort+lady+indo+cut+leggings HTTP/1.1" 200 20707 "-" "Mozilla/5.0 (Linux; Android 6.0.1; Nexus 5X Build/MMB29P) AppleWebKit/537.36 (KHTML, like Gecko) Chrome/141.0.7390.122 Mobile Safari/537.36 (compatible; Googlebot/2.1; +http://www.google.com/bot.html)" 901 **0/901104**
66.249.69.141 - - [01/Nov/2025:05:14:30 -0700] "GET /?a=66941806061690&mod=966142f9&uri=products.php%3Fid%3D2239613-956%26name%3Dprinted+tshirt+the+shining+t+shirt+h%26m HTTP/1.1" 200 20294 "-" "Mozilla/5.0 (Linux; Android 6.0.1; Nexus 5X Build/MMB29P) AppleWebKit/537.36 (KHTML, like Gecko) Chrome/141.0.7390.122 Mobile Safari/537.36 (compatible; Googlebot/2.1; +http://www.google.com/bot.html)" 619 **0/619746**
66.249.69.140 - - [01/Nov/2025:05:14:30 -0700] "GET /?a=66848330001690&mod=991de292&uri=blog.php%3Fid%3D2236486-14%26name%3Dbabylisspro+new+babyliss+trimmer+2021 HTTP/1.1" 200 21649 "-" "Mozilla/5.0 (Linux; Android 6.0.1; Nexus 5X Build/MMB29P) AppleWebKit/537.36 (KHTML, like Gecko) Chrome/141.0.7390.122 Mobile Safari/537.36 (compatible; Googlebot/2.1; +http://www.google.com/bot.html)" 981 **0/981949**
66.249.69.140 - - [01/Nov/2025:05:14:31 -0700] "GET /?a=66848870031690&mod=2fc02e92&uri=product.php%3Fid%3D2236504-152%26name%3Dmagnetic+phone+cell+phone+holder+for+car+air+vent HTTP/1.1" 200 21405 "-" "Mozilla/5.0 (Linux; Android 6.0.1; Nexus 5X Build/MMB29P) AppleWebKit/537.36 (KHTML, like Gecko) Chrome/141.0.7390.122 Mobile Safari/537.36 (compatible; Googlebot/2.1; +http://www.google.com/bot.html)" 667 **0/667143**
66.249.72.226 - - [01/Nov/2025:05:14:32 -0700] "GET /product/edit/20088318021690 HTTP/1.1" 200 21374 "-" "Mozilla/5.0 (Linux; Android 6.0.1; Nexus 5X Build/MMB29P) AppleWebKit/537.36 (KHTML, like Gecko) Chrome/141.0.7390.122 Mobile Safari/537.36 (compatible; Googlebot/2.1; +http://www.google.com/bot.html)" 1059 **1/1059019**
66.249.69.141 - - [01/Nov/2025:05:14:32 -0700] "GET /?a=66813417081690&mod=be547580&uri=category-info.php%3Fid%3D2235319-474%26name%3Dscott+jordan+jordan+x+cactus+jack+shirt HTTP/1.1" 200 20467 "-" "Mozilla/5.0 (Linux; Android 6.0.1; Nexus 5X Build/MMB29P) AppleWebKit/537.36 (KHTML, like Gecko) Chrome/141.0.7390.122 Mobile Safari/537.36 (compatible; Googlebot/2.1; +http://www.google.com/bot.html)" 1019 **1/1019950**
66.249.69.141 - - [01/Nov/2025:05:14:34 -0700] "GET /?a=66878867031690&mod=8d161876&uri=article.php%3Fid%3D2237506-536%26name%3Dslip+on+sneakers+ea7 HTTP/1.1" 200 20984 "-" "Mozilla/5.0 (Linux; Android 6.0.1; Nexus 5X Build/MMB29P) AppleWebKit/537.36 (KHTML, like Gecko) Chrome/141.0.7390.122 Mobile Safari/537.36 (compatible; Googlebot/2.1; +http://www.google.com/bot.html)" 766 **0/766668**
66.249.72.226 - - [01/Nov/2025:05:14:35 -0700] "GET /product/edit/20088318021690?/js_757ed0132a844208f409fbb5067dfa2d/_styles_js_lightbox HTTP/1.1" 200 4711 "https://www.blalockdialysiscenter.com/product/edit/20088318021690" "Mozilla/5.0 (Linux; Android 6.0.1; Nexus 5X Build/MMB29P) AppleWebKit/537.36 (KHTML, like Gecko) Chrome/141.0.7390.122 Mobile Safari/537.36 (compatible; Googlebot/2.1; +http://www.google.com/bot.html)" 116 **0/116593**
66.249.69.141 - - [01/Nov/2025:05:14:35 -0700] "GET /?a=66875147041690&mod=8d161876&uri=form.php%3Fid%3D2237382-536%26name%3Dcasual+shoe+pull+and+bear+scarpe+uomo HTTP/1.1" 200 19764 "-" "Mozilla/5.0 (Linux; Android 6.0.1; Nexus 5X Build/MMB29P) AppleWebKit/537.36 (KHTML, like Gecko) Chrome/141.0.7390.122 Mobile Safari/537.36 (compatible; Googlebot/2.1; +http://www.google.com/bot.html)" 729 **0/729733**
66.249.72.226 - - [01/Nov/2025:05:14:36 -0700] "GET /product/edit/20088318021690?/css_757ed0132a844208f409fbb5067dfa2d/_drupal_sites_default_files_css_css_LmUrbIckCDCKvN2_Q3zbp044aJ28BPsL4EcroazBk2w HTTP/1.1" 200 42233 "https://www.blalockdialysiscenter.com/product/edit/20088318021690" "Mozilla/5.0 (Linux; Android 6.0.1; Nexus 5X Build/MMB29P) AppleWebKit/537.36 (KHTML, like Gecko) Chrome/141.0.7390.122 Mobile Safari/537.36 (compatible; Googlebot/2.1; +http://www.google.com/bot.html)" 211 **0/211430**
66.249.72.226 - - [01/Nov/2025:05:14:36 -0700] "GET /product/edit/20088318021690?/css_757ed0132a844208f409fbb5067dfa2d/_drupal_sites_default_files_css_css_YLUY2usEybPXqNO15-ozAgAYsZmniqhrU6f3bp69-r4 HTTP/1.1" 200 3874 "https://www.blalockdialysiscenter.com/product/edit/20088318021690" "Mozilla/5.0 (Linux; Android 6.0.1; Nexus 5X Build/MMB29P) AppleWebKit/537.36 (KHTML, like Gecko) Chrome/141.0.7390.122 Mobile Safari/537.36 (compatible; Googlebot/2.1; +http://www.google.com/bot.html)" 114 **0/114662**
66.249.72.226 - - [01/Nov/2025:05:14:37 -0700] "GET /product/edit/20088318021690?/js_757ed0132a844208f409fbb5067dfa2d/_styles_js_lazysizes.min HTTP/1.1" 200 3188 "https://www.blalockdialysiscenter.com/product/edit/20088318021690" "Mozilla/5.0 (Linux; Android 6.0.1; Nexus 5X Build/MMB29P) AppleWebKit/537.36 (KHTML, like Gecko) Chrome/141.0.7390.122 Mobile Safari/537.36 (compatible; Googlebot/2.1; +http://www.google.com/bot.html)" 114 **0/114363**
66.249.72.226 - - [01/Nov/2025:05:14:37 -0700] "GET /product/edit/20088318021690?/css_757ed0132a844208f409fbb5067dfa2d/_styles_css_product-detail-ex01 HTTP/1.1" 200 397 "https://www.blalockdialysiscenter.com/product/edit/20088318021690" "Mozilla/5.0 (Linux; Android 6.0.1; Nexus 5X Build/MMB29P) AppleWebKit/537.36 (KHTML, like Gecko) Chrome/141.0.7390.122 Mobile Safari/537.36 (compatible; Googlebot/2.1; +http://www.google.com/bot.html)" 113 **0/113208**
66.249.72.226 - - [01/Nov/2025:05:14:37 -0700] "GET /product/edit/20088318021690?/css_757ed0132a844208f409fbb5067dfa2d/_styles_css_wanderer-fg HTTP/1.1" 200 184 "https://www.blalockdialysiscenter.com/product/edit/20088318021690" "Mozilla/5.0 (Linux; Android 6.0.1; Nexus 5X Build/MMB29P) AppleWebKit/537.36 (KHTML, like Gecko) Chrome/141.0.7390.122 Mobile Safari/537.36 (compatible; Googlebot/2.1; +http://www.google.com/bot.html)" 109 **0/109518**
66.249.72.226 - - [01/Nov/2025:05:14:38 -0700] "GET /product/edit/20088318021690?/js_757ed0132a844208f409fbb5067dfa2d/_drupal_sites_default_files_js_js_G878YGhv0pYpg9iZ_hIm3vCCQWyhWgLawk-6b6wmZuU HTTP/1.1" 200 52631 "https://www.blalockdialysiscenter.com/product/edit/20088318021690" "Mozilla/5.0 (Linux; Android 6.0.1; Nexus 5X Build/MMB29P) AppleWebKit/537.36 (KHTML, like Gecko) Chrome/141.0.7390.122 Mobile Safari/537.36 (compatible; Googlebot/2.1; +http://www.google.com/bot.html)" 198 **0/198612**
66.249.72.226 - - [01/Nov/2025:05:14:38 -0700] "GET /?a=81590407111690&mod=d7cbbc7d&uri=news.php%3Fid%3D2729879-171%26name%3Dwidebody+polo HTTP/1.1" 200 20315 "-" "Mozilla/5.0 (Linux; Android 6.0.1; Nexus 5X Build/MMB29P) AppleWebKit/537.36 (KHTML, like Gecko) Chrome/141.0.7390.122 Mobile Safari/537.36 (compatible; Googlebot/2.1; +http://www.google.com/bot.html)" 674 **0/674239**
66.249.72.226 - - [01/Nov/2025:05:14:39 -0700] "GET /product/edit/20088318021690?/css_757ed0132a844208f409fbb5067dfa2d/_drupal_modules_product_detail_assets_css_new_pc_product_detail HTTP/1.1" 200 5213 "https://www.blalockdialysiscenter.com/product/edit/20088318021690" "Mozilla/5.0 (Linux; Android 6.0.1; Nexus 5X Build/MMB29P) AppleWebKit/537.36 (KHTML, like Gecko) Chrome/141.0.7390.122 Mobile Safari/537.36 (compatible; Googlebot/2.1; +http://www.google.com/bot.html)" 113 **0/113670**
66.249.72.226 - - [01/Nov/2025:05:14:39 -0700] "GET /product/edit/20088318021690?/js_757ed0132a844208f409fbb5067dfa2d/_drupal_sites_default_files_js_js_nfGRbDhyXF9_dFjG2rkRRw84Gy6p5a4aGnpYcOKhuC4 HTTP/1.1" 200 96506 "https://www.blalockdialysiscenter.com/product/edit/20088318021690" "Mozilla/5.0 (Linux; Android 6.0.1; Nexus 5X Build/MMB29P) AppleWebKit/537.36 (KHTML, like Gecko) Chrome/141.0.7390.122 Mobile Safari/537.36 (compatible; Googlebot/2.1; +http://www.google.com/bot.html)" 273 **0/273197**
66.249.69.140 - - [01/Nov/2025:05:14:38 -0700] "GET /?a=98721465131690&mod=ec1f683c&uri=shop.php%3Fid%3D3303265-381%26name%3Daluminium+panniers+triumph+tiger+800+xc+panniers HTTP/1.1" 200 20481 "-" "Mozilla/5.0 (Linux; Android 6.0.1; Nexus 5X Build/MMB29P) AppleWebKit/537.36 (KHTML, like Gecko) Chrome/141.0.7390.122 Mobile Safari/537.36 (compatible; Googlebot/2.1; +http://www.google.com/bot.html)" 1011 **1/1011913**
66.249.72.226 - - [01/Nov/2025:05:14:39 -0700] "GET /product/edit/20088318021690?/js_757ed0132a844208f409fbb5067dfa2d/_drupal_sites_default_files_js_js_z1qFDrghecTCI5Rjumn4rMBYPHvd-E4L0DVpS2JCjnw HTTP/1.1" 200 320 "https://www.blalockdialysiscenter.com/product/edit/20088318021690" "Mozilla/5.0 (Linux; Android 6.0.1; Nexus 5X Build/MMB29P) AppleWebKit/537.36 (KHTML, like Gecko) Chrome/141.0.7390.122 Mobile Safari/537.36 (compatible; Googlebot/2.1; +http://www.google.com/bot.html)" 115 **0/115129**
