66.249.72.227 - - [01/Nov/2025:05:20:05 -0700] "GET /product/edit/60150764081690?/js_757ed0132a844208f409fbb5067dfa2d/_drupal_sites_default_files_js_js_G878YGhv0pYpg9iZ_hIm3vCCQWyhWgLawk-6b6wmZuU HTTP/1.1" 200 52631 "https://www.blalockdialysiscenter.com/product/edit/60150764081690" "Mozilla/5.0 (Linux; Android 6.0.1; Nexus 5X Build/MMB29P) AppleWebKit/537.36 (KHTML, like Gecko) Chrome/141.0.7390.122 Mobile Safari/537.36 (compatible; Googlebot/2.1; +http://www.google.com/bot.html)" 221 **0/221879**
66.249.69.140 - - [01/Nov/2025:05:20:06 -0700] "GET /?a=64715064031690&mod=44ac09ac&uri=category-info.php%3Fid%3D2165131-27%26name%3Ddog+dashboard+doll+bobble+head HTTP/1.1" 200 21815 "-" "Mozilla/5.0 (Linux; Android 6.0.1; Nexus 5X Build/MMB29P) AppleWebKit/537.36 (KHTML, like Gecko) Chrome/141.0.7390.122 Mobile Safari/537.36 (compatible; Googlebot/2.1; +http://www.google.com/bot.html)" 342 **0/342880**
66.249.69.140 - - [01/Nov/2025:05:20:06 -0700] "GET /?a=115610927131690&mod=fb4c4860&uri=category-info.php%3Fid%3D3868436-40%26name%3Dmelody+baby+bee+doll HTTP/1.1" 200 20900 "-" "Mozilla/5.0 (Linux; Android 6.0.1; Nexus 5X Build/MMB29P) AppleWebKit/537.36 (KHTML, like Gecko) Chrome/141.0.7390.122 Mobile Safari/537.36 (compatible; Googlebot/2.1; +http://www.google.com/bot.html)" 323 **0/323811**
66.249.69.140 - - [01/Nov/2025:05:20:06 -0700] "GET /?a=25193945071690&mod=47b71271&uri=category-info.php%3Fid%3D842816-592%26name%3Dglasses+spy+haymaker HTTP/1.1" 200 20162 "-" "Mozilla/5.0 (Linux; Android 6.0.1; Nexus 5X Build/MMB29P) AppleWebKit/537.36 (KHTML, like Gecko) Chrome/141.0.7390.122 Mobile Safari/537.36 (compatible; Googlebot/2.1; +http://www.google.com/bot.html)" 337 **0/337663**
66.249.69.140 - - [01/Nov/2025:05:20:07 -0700] "GET /?a=62632893051690&mod=bd0cc810&uri=products.php%3Fid%3D2095488-21%26name%3Ddolce+rosa+excelsa+rose+dolce+and+gabbana+perfume HTTP/1.1" 200 20339 "-" "Mozilla/5.0 (Linux; Android 6.0.1; Nexus 5X Build/MMB29P) AppleWebKit/537.36 (KHTML, like Gecko) Chrome/141.0.7390.122 Mobile Safari/537.36 (compatible; Googlebot/2.1; +http://www.google.com/bot.html)" 301 **0/301338**
66.249.72.227 - - [01/Nov/2025:05:20:07 -0700] "GET /product/edit/10274026001690?/css_757ed0132a844208f409fbb5067dfa2d/_drupal_modules_product_detail_assets_css_new_pc_product_detail HTTP/1.1" 200 5213 "https://www.blalockdialysiscenter.com/product/edit/10274026001690" "Mozilla/5.0 AppleWebKit/537.36 (KHTML, like Gecko; compatible; Googlebot/2.1; +http://www.google.com/bot.html) Chrome/141.0.7390.122 Safari/537.36" 127 **0/127560**
66.249.69.140 - - [01/Nov/2025:05:20:07 -0700] "GET /?a=112773621071690&mod=6b210b25&uri=category-info.php%3Fid%3D3773480-195%26name%3Dstaghead+designs+northern+lights+wedding+band HTTP/1.1" 200 21249 "-" "Mozilla/5.0 (Linux; Android 6.0.1; Nexus 5X Build/MMB29P) AppleWebKit/537.36 (KHTML, like Gecko) Chrome/141.0.7390.122 Mobile Safari/537.36 (compatible; Googlebot/2.1; +http://www.google.com/bot.html)" 822 **0/822909**
66.249.72.226 - - [01/Nov/2025:05:20:08 -0700] "GET /product/edit/10274026001690?/css_757ed0132a844208f409fbb5067dfa2d/_styles_css_product-detail-ex01 HTTP/1.1" 200 397 "https://www.blalockdialysiscenter.com/product/edit/10274026001690" "Mozilla/5.0 (Linux; Android 6.0.1; Nexus 5X Build/MMB29P) AppleWebKit/537.36 (KHTML, like Gecko) Chrome/141.0.7390.122 Mobile Safari/537.36 (compatible; Googlebot/2.1; +http://www.google.com/bot.html)" 116 **0/116390**
66.249.72.226 - - [01/Nov/2025:05:20:09 -0700] "GET /product/edit/10274026001690?/css_757ed0132a844208f409fbb5067dfa2d/_drupal_modules_product_detail_assets_css_new_pc_product_detail HTTP/1.1" 200 5213 "https://www.blalockdialysiscenter.com/product/edit/10274026001690" "Mozilla/5.0 (Linux; Android 6.0.1; Nexus 5X Build/MMB29P) AppleWebKit/537.36 (KHTML, like Gecko) Chrome/141.0.7390.122 Mobile Safari/537.36 (compatible; Googlebot/2.1; +http://www.google.com/bot.html)" 122 **0/122458**
66.249.69.140 - - [01/Nov/2025:05:20:08 -0700] "GET /?a=39811133011690&mod=2684e5bd&uri=category-info.php%3Fid%3D1331725-1655%26name%3Dcampaign+tommy+girl+1985 HTTP/1.1" 200 20440 "-" "Mozilla/5.0 (Linux; Android 6.0.1; Nexus 5X Build/MMB29P) AppleWebKit/537.36 (KHTML, like Gecko) Chrome/141.0.7390.122 Mobile Safari/537.36 (compatible; Googlebot/2.1; +http://www.google.com/bot.html)" 542 **0/542305**
66.249.72.228 - - [01/Nov/2025:05:20:10 -0700] "GET /product/edit/46809506051690?/js_757ed0132a844208f409fbb5067dfa2d/_drupal_sites_default_files_js_js_z1qFDrghecTCI5Rjumn4rMBYPHvd-E4L0DVpS2JCjnw HTTP/1.1" 200 320 "https://www.blalockdialysiscenter.com/product/edit/46809506051690" "Mozilla/5.0 (Linux; Android 6.0.1; Nexus 5X Build/MMB29P) AppleWebKit/537.36 (KHTML, like Gecko) Chrome/141.0.7390.122 Mobile Safari/537.36 (compatible; Googlebot/2.1; +http://www.google.com/bot.html)" 119 **0/119897**
66.249.69.140 - - [01/Nov/2025:05:20:09 -0700] "GET /?a=30467571041690&mod=11b465ea&uri=article.php%3Fid%3D1019183-198%26name%3Dwedge+tamaris+mule+sandals HTTP/1.1" 200 20865 "-" "Mozilla/5.0 (Linux; Android 6.0.1; Nexus 5X Build/MMB29P) AppleWebKit/537.36 (KHTML, like Gecko) Chrome/141.0.7390.122 Mobile Safari/537.36 (compatible; Googlebot/2.1; +http://www.google.com/bot.html)" 675 **0/675629**
66.249.69.140 - - [01/Nov/2025:05:20:10 -0700] "GET /?a=85571647031690&mod=665d5cbb&uri=category-info.php%3Fid%3D2863151-43%26name%3Despalda+aprender+a+hacer+dominadas HTTP/1.1" 200 20761 "-" "Mozilla/5.0 (Linux; Android 6.0.1; Nexus 5X Build/MMB29P) AppleWebKit/537.36 (KHTML, like Gecko) Chrome/141.0.7390.122 Mobile Safari/537.36 (compatible; Googlebot/2.1; +http://www.google.com/bot.html)" 966 **0/966815**
66.249.72.228 - - [01/Nov/2025:05:20:11 -0700] "GET /product/edit/105697835051690?/js_757ed0132a844208f409fbb5067dfa2d/_styles_js_lightbox HTTP/1.1" 200 4711 "https://www.blalockdialysiscenter.com/product/edit/105697835051690" "Mozilla/5.0 (Linux; Android 6.0.1; Nexus 5X Build/MMB29P) AppleWebKit/537.36 (KHTML, like Gecko) Chrome/141.0.7390.122 Mobile Safari/537.36 (compatible; Googlebot/2.1; +http://www.google.com/bot.html)" 119 **0/119863**
66.249.69.140 - - [01/Nov/2025:05:20:10 -0700] "GET /?a=37166150051690&mod=2f020508&uri=category-info.php%3Fid%3D1243304-713%26name%3Dasics+footwear+gel+nimbus+22+uk HTTP/1.1" 200 20380 "-" "Mozilla/5.0 (Linux; Android 6.0.1; Nexus 5X Build/MMB29P) AppleWebKit/537.36 (KHTML, like Gecko) Chrome/141.0.7390.122 Mobile Safari/537.36 (compatible; Googlebot/2.1; +http://www.google.com/bot.html)" 910 **0/910410**
66.249.72.227 - - [01/Nov/2025:05:20:11 -0700] "GET /product/edit/6063722041690?/js_757ed0132a844208f409fbb5067dfa2d/_drupal_sites_default_files_js_js_z1qFDrghecTCI5Rjumn4rMBYPHvd-E4L0DVpS2JCjnw HTTP/1.1" 200 320 "https://www.blalockdialysiscenter.com/product/edit/6063722041690" "Mozilla/5.0 (Linux; Android 6.0.1; Nexus 5X Build/MMB29P) AppleWebKit/537.36 (KHTML, like Gecko) Chrome/141.0.7390.122 Mobile Safari/537.36 (compatible; Googlebot/2.1; +http://www.google.com/bot.html)" 115 **0/115650**
66.249.69.140 - - [01/Nov/2025:05:20:12 -0700] "GET /?a=43544435021690&mod=30cef342&uri=category-info.php%3Fid%3D1456691-1282%26name%3Dankle+boots+christian+louboutin+so+kate+85 HTTP/1.1" 200 20982 "-" "Mozilla/5.0 (Linux; Android 6.0.1; Nexus 5X Build/MMB29P) AppleWebKit/537.36 (KHTML, like Gecko) Chrome/141.0.7390.122 Mobile Safari/537.36 (compatible; Googlebot/2.1; +http://www.google.com/bot.html)" 967 **0/967284**
66.249.69.141 - - [01/Nov/2025:05:20:12 -0700] "GET /?a=38224779041690&mod=5197cb12&uri=category-info.php%3Fid%3D1278699-933%26name%3Dgrey+black+and+white+nike+air+force+mid HTTP/1.1" 200 20214 "-" "Mozilla/5.0 (Linux; Android 6.0.1; Nexus 5X Build/MMB29P) AppleWebKit/537.36 (KHTML, like Gecko) Chrome/141.0.7390.122 Mobile Safari/537.36 (compatible; Googlebot/2.1; +http://www.google.com/bot.html)" 896 **0/896134**
66.249.69.140 - - [01/Nov/2025:05:20:13 -0700] "GET /?a=33615415001690&mod=e744f91c&uri=category-info.php%3Fid%3D1124513-9%26name%3Dphilips+she1505bk+philips+rich+bass+earphones HTTP/1.1" 200 21128 "-" "Mozilla/5.0 (Linux; Android 6.0.1; Nexus 5X Build/MMB29P) AppleWebKit/537.36 (KHTML, like Gecko) Chrome/141.0.7390.122 Mobile Safari/537.36 (compatible; Googlebot/2.1; +http://www.google.com/bot.html)" 949 **0/949981**
40.77.167.47 - - [01/Nov/2025:05:20:13 -0700] "GET /product/edit/65193630061690 HTTP/2.0" 200 21306 "-" "Mozilla/5.0 AppleWebKit/537.36 (KHTML, like Gecko; compatible; bingbot/2.0; +http://www.bing.com/bingbot.htm) Chrome/116.0.1938.76 Safari/537.36" 822 **0/822246**
66.249.69.141 - - [01/Nov/2025:05:20:14 -0700] "GET /?a=64549613031690&mod=5e4d0656&uri=shared.php%3Fid%3D2159604-334%26name%3Dfan+with+remote+lasko+oscillating+tower+fan+2510 HTTP/1.1" 200 20571 "-" "Mozilla/5.0 (Linux; Android 6.0.1; Nexus 5X Build/MMB29P) AppleWebKit/537.36 (KHTML, like Gecko) Chrome/141.0.7390.122 Mobile Safari/537.36 (compatible; Googlebot/2.1; +http://www.google.com/bot.html)" 1061 **1/1061903**
66.249.69.141 - - [01/Nov/2025:05:20:14 -0700] "GET /?a=37086851031690&mod=a34aecca&uri=category-info.php%3Fid%3D1240654-859%26name%3Dleg+tall+jogging+bottoms+womens HTTP/1.1" 200 20608 "-" "Mozilla/5.0 (Linux; Android 6.0.1; Nexus 5X Build/MMB29P) AppleWebKit/537.36 (KHTML, like Gecko) Chrome/141.0.7390.122 Mobile Safari/537.36 (compatible; Googlebot/2.1; +http://www.google.com/bot.html)" 932 **0/932660**
66.249.72.226 - - [01/Nov/2025:05:20:15 -0700] "GET /product/edit/112099822001690?/js_757ed0132a844208f409fbb5067dfa2d/_drupal_sites_default_files_js_js_G878YGhv0pYpg9iZ_hIm3vCCQWyhWgLawk-6b6wmZuU HTTP/1.1" 200 52631 "https://www.blalockdialysiscenter.com/product/edit/112099822001690" "Mozilla/5.0 (Linux; Android 6.0.1; Nexus 5X Build/MMB29P) AppleWebKit/537.36 (KHTML, like Gecko) Chrome/141.0.7390.122 Mobile Safari/537.36 (compatible; Googlebot/2.1; +http://www.google.com/bot.html)" 219 **0/219151**
66.249.72.226 - - [01/Nov/2025:05:20:16 -0700] "GET /product/edit/116053933051690?/js_757ed0132a844208f409fbb5067dfa2d/_drupal_sites_default_files_js_js_z1qFDrghecTCI5Rjumn4rMBYPHvd-E4L0DVpS2JCjnw HTTP/1.1" 200 320 "https://www.blalockdialysiscenter.com/product/edit/116053933051690" "Mozilla/5.0 (Linux; Android 6.0.1; Nexus 5X Build/MMB29P) AppleWebKit/537.36 (KHTML, like Gecko) Chrome/141.0.7390.122 Mobile Safari/537.36 (compatible; Googlebot/2.1; +http://www.google.com/bot.html)" 118 **0/118912**
40.77.167.51 - - [01/Nov/2025:05:20:15 -0700] "GET /?a=26841656011690&mod=103a00f6&uri=info.php%3Fid%3D897912-199%26name%3Dapache+160+apache+rr+310+bs6+360+view HTTP/2.0" 200 20928 "-" "Mozilla/5.0 AppleWebKit/537.36 (KHTML, like Gecko; compatible; bingbot/2.0; +http://www.bing.com/bingbot.htm) Chrome/116.0.1938.76 Safari/537.36" 799 **0/799100**
66.249.69.141 - - [01/Nov/2025:05:20:15 -0700] "GET /?a=21130057021690&mod=6b18886b&uri=category-info.php%3Fid%3D706872-136%26name%3Dbest+hindi+web+series+prime+hindi HTTP/1.1" 200 20978 "-" "Mozilla/5.0 (Linux; Android 6.0.1; Nexus 5X Build/MMB29P) AppleWebKit/537.36 (KHTML, like Gecko) Chrome/141.0.7390.122 Mobile Safari/537.36 (compatible; Googlebot/2.1; +http://www.google.com/bot.html)" 834 **0/834969**
66.249.72.226 - - [01/Nov/2025:05:20:16 -0700] "GET /product/edit/112099822001690?/css_757ed0132a844208f409fbb5067dfa2d/_drupal_sites_default_files_css_css_LmUrbIckCDCKvN2_Q3zbp044aJ28BPsL4EcroazBk2w HTTP/1.1" 200 42233 "https://www.blalockdialysiscenter.com/product/edit/112099822001690" "Mozilla/5.0 (Linux; Android 6.0.1; Nexus 5X Build/MMB29P) AppleWebKit/537.36 (KHTML, like Gecko) Chrome/141.0.7390.122 Mobile Safari/537.36 (compatible; Googlebot/2.1; +http://www.google.com/bot.html)" 215 **0/215181**
66.249.69.141 - - [01/Nov/2025:05:20:16 -0700] "GET /?a=73768874051690&mod=69a2835d&uri=article.php%3Fid%3D2468126-266%26name%3Dsouthside+serpents+sweatshirt+riverdale HTTP/1.1" 200 20431 "-" "Mozilla/5.0 (Linux; Android 6.0.1; Nexus 5X Build/MMB29P) AppleWebKit/537.36 (KHTML, like Gecko) Chrome/141.0.7390.122 Mobile Safari/537.36 (compatible; Googlebot/2.1; +http://www.google.com/bot.html)" 855 **0/855784**
66.249.72.227 - - [01/Nov/2025:05:20:17 -0700] "GET /product/edit/84607727041690?/js_757ed0132a844208f409fbb5067dfa2d/_drupal_sites_default_files_js_js_i3BGasXGb_pVk8CAUeSJnjMmyNE-bFprX9j4_djQznQ HTTP/1.1" 200 3857 "https://www.blalockdialysiscenter.com/product/edit/84607727041690" "Mozilla/5.0 (Linux; Android 6.0.1; Nexus 5X Build/MMB29P) AppleWebKit/537.36 (KHTML, like Gecko) Chrome/141.0.7390.122 Mobile Safari/537.36 (compatible; Googlebot/2.1; +http://www.google.com/bot.html)" 128 **0/128936**
66.249.69.140 - - [01/Nov/2025:05:20:17 -0700] "GET /?a=49145756061690&mod=1a32df83&uri=category-info.php%3Fid%3D1644129-81%26name%3Dbrushless+drill+milwaukee+m18+drill+set HTTP/1.1" 200 21427 "-" "Mozilla/5.0 (Linux; Android 6.0.1; Nexus 5X Build/MMB29P) AppleWebKit/537.36 (KHTML, like Gecko) Chrome/141.0.7390.122 Mobile Safari/537.36 (compatible; Googlebot/2.1; +http://www.google.com/bot.html)" 838 **0/838825**
66.249.72.226 - - [01/Nov/2025:05:20:18 -0700] "GET /product/edit/57217331051690?/js_757ed0132a844208f409fbb5067dfa2d/_drupal_sites_default_files_js_js_z1qFDrghecTCI5Rjumn4rMBYPHvd-E4L0DVpS2JCjnw HTTP/1.1" 200 320 "https://www.blalockdialysiscenter.com/product/edit/57217331051690" "Mozilla/5.0 (Linux; Android 6.0.1; Nexus 5X Build/MMB29P) AppleWebKit/537.36 (KHTML, like Gecko) Chrome/141.0.7390.122 Mobile Safari/537.36 (compatible; Googlebot/2.1; +http://www.google.com/bot.html)" 111 **0/111489**
66.249.69.141 - - [01/Nov/2025:05:20:17 -0700] "GET /?a=18768633041690&mod=a274406e&uri=category-info.php%3Fid%3D627905-608%26name%3Del+corte+ingl%C3%A9s+adolfo+dom%C3%83%C2%ADnguez+moda+mujer HTTP/1.1" 200 21560 "-" "Mozilla/5.0 (Linux; Android 6.0.1; Nexus 5X Build/MMB29P) AppleWebKit/537.36 (KHTML, like Gecko) Chrome/141.0.7390.122 Mobile Safari/537.36 (compatible; Googlebot/2.1; +http://www.google.com/bot.html)" 772 **0/772153**
66.249.72.227 - - [01/Nov/2025:05:20:19 -0700] "GET /product/edit/116053933051690?/js_757ed0132a844208f409fbb5067dfa2d/_drupal_sites_default_files_js_js_i3BGasXGb_pVk8CAUeSJnjMmyNE-bFprX9j4_djQznQ HTTP/1.1" 200 3857 "https://www.blalockdialysiscenter.com/product/edit/116053933051690" "Mozilla/5.0 (Linux; Android 6.0.1; Nexus 5X Build/MMB29P) AppleWebKit/537.36 (KHTML, like Gecko) Chrome/141.0.7390.122 Mobile Safari/537.36 (compatible; Googlebot/2.1; +http://www.google.com/bot.html)" 113 **0/113836**
66.249.69.140 - - [01/Nov/2025:05:20:18 -0700] "GET /?a=14988106091690&mod=398024cb&uri=category-info.php%3Fid%3D501420-78%26name%3Daliexpress+large+ball+jointed+doll HTTP/1.1" 200 21434 "-" "Mozilla/5.0 (Linux; Android 6.0.1; Nexus 5X Build/MMB29P) AppleWebKit/537.36 (KHTML, like Gecko) Chrome/141.0.7390.122 Mobile Safari/537.36 (compatible; Googlebot/2.1; +http://www.google.com/bot.html)" 805 **0/805274**
66.249.72.226 - - [01/Nov/2025:05:20:19 -0700] "GET /product/edit/6063722041690?/js_757ed0132a844208f409fbb5067dfa2d/_drupal_sites_default_files_js_js_i3BGasXGb_pVk8CAUeSJnjMmyNE-bFprX9j4_djQznQ HTTP/1.1" 200 3857 "https://www.blalockdialysiscenter.com/product/edit/6063722041690" "Mozilla/5.0 (Linux; Android 6.0.1; Nexus 5X Build/MMB29P) AppleWebKit/537.36 (KHTML, like Gecko) Chrome/141.0.7390.122 Mobile Safari/537.36 (compatible; Googlebot/2.1; +http://www.google.com/bot.html)" 124 **0/124883**
66.249.72.226 - - [01/Nov/2025:05:20:20 -0700] "GET /product/edit/112099822001690?/js_757ed0132a844208f409fbb5067dfa2d/_drupal_sites_default_files_js_js_nfGRbDhyXF9_dFjG2rkRRw84Gy6p5a4aGnpYcOKhuC4 HTTP/1.1" 200 96506 "https://www.blalockdialysiscenter.com/product/edit/112099822001690" "Mozilla/5.0 (Linux; Android 6.0.1; Nexus 5X Build/MMB29P) AppleWebKit/537.36 (KHTML, like Gecko) Chrome/141.0.7390.122 Mobile Safari/537.36 (compatible; Googlebot/2.1; +http://www.google.com/bot.html)" 261 **0/261903**
66.249.69.140 - - [01/Nov/2025:05:20:19 -0700] "GET /?a=43079951021690&mod=054f8880&uri=category-info.php%3Fid%3D1441153-396%26name%3Dblazer+women%27s+formal+pantsuits+for+weddings HTTP/1.1" 200 21560 "-" "Mozilla/5.0 (Linux; Android 6.0.1; Nexus 5X Build/MMB29P) AppleWebKit/537.36 (KHTML, like Gecko) Chrome/141.0.7390.122 Mobile Safari/537.36 (compatible; Googlebot/2.1; +http://www.google.com/bot.html)" 853 **0/853539**
66.249.72.226 - - [01/Nov/2025:05:20:20 -0700] "GET /product/edit/112099822001690?/css_757ed0132a844208f409fbb5067dfa2d/_drupal_sites_default_files_css_css_YLUY2usEybPXqNO15-ozAgAYsZmniqhrU6f3bp69-r4 HTTP/1.1" 200 3874 "https://www.blalockdialysiscenter.com/product/edit/112099822001690" "Mozilla/5.0 (Linux; Android 6.0.1; Nexus 5X Build/MMB29P) AppleWebKit/537.36 (KHTML, like Gecko) Chrome/141.0.7390.122 Mobile Safari/537.36 (compatible; Googlebot/2.1; +http://www.google.com/bot.html)" 116 **0/116967**
66.249.72.226 - - [01/Nov/2025:05:20:21 -0700] "GET /product/edit/60150764081690?/js_757ed0132a844208f409fbb5067dfa2d/_drupal_sites_default_files_js_js_z1qFDrghecTCI5Rjumn4rMBYPHvd-E4L0DVpS2JCjnw HTTP/1.1" 200 320 "https://www.blalockdialysiscenter.com/product/edit/60150764081690" "Mozilla/5.0 (Linux; Android 6.0.1; Nexus 5X Build/MMB29P) AppleWebKit/537.36 (KHTML, like Gecko) Chrome/141.0.7390.122 Mobile Safari/537.36 (compatible; Googlebot/2.1; +http://www.google.com/bot.html)" 118 **0/118586**
66.249.69.140 - - [01/Nov/2025:05:20:20 -0700] "GET /?a=73552805091690&mod=5aa99ed4&uri=shop.php%3Fid%3D2460868-191%26name%3Dmp3+song+o+dil+tod+ke+hansti+ho+mera HTTP/1.1" 200 21411 "-" "Mozilla/5.0 (Linux; Android 6.0.1; Nexus 5X Build/MMB29P) AppleWebKit/537.36 (KHTML, like Gecko) Chrome/141.0.7390.122 Mobile Safari/537.36 (compatible; Googlebot/2.1; +http://www.google.com/bot.html)" 952 **0/952803**
66.249.69.140 - - [01/Nov/2025:05:20:21 -0700] "GET /?a=48160752081690&mod=8be8d5f3&uri=category-info.php%3Fid%3D1611130-106%26name%3Dhandtaschen+arten+welche+taschen+sind+in HTTP/1.1" 200 21669 "-" "Mozilla/5.0 (Linux; Android 6.0.1; Nexus 5X Build/MMB29P) AppleWebKit/537.36 (KHTML, like Gecko) Chrome/141.0.7390.122 Mobile Safari/537.36 (compatible; Googlebot/2.1; +http://www.google.com/bot.html)" 1141 **1/1141989**
66.249.72.226 - - [01/Nov/2025:05:20:22 -0700] "GET /product/edit/112099822001690?/js_757ed0132a844208f409fbb5067dfa2d/_drupal_sites_default_files_js_js_z1qFDrghecTCI5Rjumn4rMBYPHvd-E4L0DVpS2JCjnw HTTP/1.1" 200 320 "https://www.blalockdialysiscenter.com/product/edit/112099822001690" "Mozilla/5.0 (Linux; Android 6.0.1; Nexus 5X Build/MMB29P) AppleWebKit/537.36 (KHTML, like Gecko) Chrome/141.0.7390.122 Mobile Safari/537.36 (compatible; Googlebot/2.1; +http://www.google.com/bot.html)" 112 **0/112711**
66.249.72.226 - - [01/Nov/2025:05:20:23 -0700] "GET /product/edit/112099822001690?/js_757ed0132a844208f409fbb5067dfa2d/_drupal_sites_default_files_js_js_i3BGasXGb_pVk8CAUeSJnjMmyNE-bFprX9j4_djQznQ HTTP/1.1" 200 3857 "https://www.blalockdialysiscenter.com/product/edit/112099822001690" "Mozilla/5.0 (Linux; Android 6.0.1; Nexus 5X Build/MMB29P) AppleWebKit/537.36 (KHTML, like Gecko) Chrome/141.0.7390.122 Mobile Safari/537.36 (compatible; Googlebot/2.1; +http://www.google.com/bot.html)" 117 **0/117718**
66.249.69.140 - - [01/Nov/2025:05:20:23 -0700] "GET /?a=47266847071690&mod=aaf096cc&uri=category-info.php%3Fid%3D1581211-812%26name%3Ddiecast+miniature+porsche+911+gt3+rs HTTP/1.1" 200 21433 "-" "Mozilla/5.0 (Linux; Android 6.0.1; Nexus 5X Build/MMB29P) AppleWebKit/537.36 (KHTML, like Gecko) Chrome/141.0.7390.122 Mobile Safari/537.36 (compatible; Googlebot/2.1; +http://www.google.com/bot.html)" 1290 **1/1290216**
66.249.69.140 - - [01/Nov/2025:05:20:24 -0700] "GET /?a=18682967101690&mod=670fb2f6&uri=category-info.php%3Fid%3D625043-418%26name%3Dfemelle+lidl+angelica+perfume HTTP/1.1" 200 20197 "-" "Mozilla/5.0 (Linux; Android 6.0.1; Nexus 5X Build/MMB29P) AppleWebKit/537.36 (KHTML, like Gecko) Chrome/141.0.7390.122 Mobile Safari/537.36 (compatible; Googlebot/2.1; +http://www.google.com/bot.html)" 1153 **1/1153798**
66.249.69.141 - - [01/Nov/2025:05:20:24 -0700] "GET /?a=73540051071690&mod=6d918e39&uri=category-info.php%3Fid%3D2460434-1356%26name%3Dadidas+yeezy+sneakers+yeezy+wave+runner+700+uk HTTP/1.1" 200 19941 "-" "Mozilla/5.0 (Linux; Android 6.0.1; Nexus 5X Build/MMB29P) AppleWebKit/537.36 (KHTML, like Gecko) Chrome/141.0.7390.122 Mobile Safari/537.36 (compatible; Googlebot/2.1; +http://www.google.com/bot.html)" 1059 **1/1059960**
157.55.39.203 - - [01/Nov/2025:05:20:24 -0700] "GET /?a=26169082031690&mod=aaaac19f&uri=search.php%3Fid%3D875423-111%26name%3Dmagsafe+black+mirror+iphone+case HTTP/2.0" 200 20805 "-" "Mozilla/5.0 AppleWebKit/537.36 (KHTML, like Gecko; compatible; bingbot/2.0; +http://www.bing.com/bingbot.htm) Chrome/116.0.1938.76 Safari/537.36" 1130 **1/1130302**
66.249.69.128 - - [01/Nov/2025:05:20:26 -0700] "GET /?a=61492900141690&mod=4c26774d&uri=category-info.php%3Fid%3D2057340-58%26name%3Dcycle+chain+colored+bicycle+chain HTTP/1.1" 200 20786 "-" "Mozilla/5.0 (Linux; Android 6.0.1; Nexus 5X Build/MMB29P) AppleWebKit/537.36 (KHTML, like Gecko) Chrome/141.0.7390.122 Mobile Safari/537.36 (compatible; Googlebot/2.1; +http://www.google.com/bot.html)" 739 **0/739408**
66.249.69.128 - - [01/Nov/2025:05:20:26 -0700] "GET /?a=31895134011690&mod=aa682b47&uri=category-info.php%3Fid%3D1066950-310%26name%3Dnorth+face+chandal+moda+mujer HTTP/1.1" 200 20402 "-" "Mozilla/5.0 (Linux; Android 6.0.1; Nexus 5X Build/MMB29P) AppleWebKit/537.36 (KHTML, like Gecko) Chrome/141.0.7390.122 Mobile Safari/537.36 (compatible; Googlebot/2.1; +http://www.google.com/bot.html)" 693 **0/693824**
66.249.69.141 - - [01/Nov/2025:05:20:27 -0700] "GET /?a=34837392081690&mod=20ce78bd&uri=category-info.php%3Fid%3D1165390-1494%26name%3Dbest+baby+cot+top+10+cribs HTTP/1.1" 200 20120 "-" "Mozilla/5.0 (Linux; Android 6.0.1; Nexus 5X Build/MMB29P) AppleWebKit/537.36 (KHTML, like Gecko) Chrome/141.0.7390.122 Mobile Safari/537.36 (compatible; Googlebot/2.1; +http://www.google.com/bot.html)" 837 **0/837843**
66.249.69.141 - - [01/Nov/2025:05:20:27 -0700] "GET /?a=104212439071690&mod=3e8895f2&uri=category-info.php%3Fid%3D3487030-208%26name%3Dpink+shoes+running+shoes+for+girl HTTP/1.1" 200 20829 "-" "Mozilla/5.0 (Linux; Android 6.0.1; Nexus 5X Build/MMB29P) AppleWebKit/537.36 (KHTML, like Gecko) Chrome/141.0.7390.122 Mobile Safari/537.36 (compatible; Googlebot/2.1; +http://www.google.com/bot.html)" 904 **0/904659**
66.249.72.226 - - [01/Nov/2025:05:20:28 -0700] "GET /?a=14945521011690&mod=14726ad4&uri=shop.php%3Fid%3D499994-1149%26name%3Dreplacement+lenses+oakley+radar+ev+clear+lenses HTTP/1.1" 200 20852 "-" "Mozilla/5.0 (Linux; Android 6.0.1; Nexus 5X Build/MMB29P) AppleWebKit/537.36 (KHTML, like Gecko) Chrome/141.0.7390.122 Mobile Safari/537.36 (compatible; Googlebot/2.1; +http://www.google.com/bot.html)" 940 **0/940195**
66.249.69.128 - - [01/Nov/2025:05:20:28 -0700] "GET /?a=97150724001690&mod=e1228be4&uri=category-info.php%3Fid%3D3250669-36%26name%3Dlego+city+adventures+series HTTP/1.1" 200 20593 "-" "Mozilla/5.0 (Linux; Android 6.0.1; Nexus 5X Build/MMB29P) AppleWebKit/537.36 (KHTML, like Gecko) Chrome/141.0.7390.122 Mobile Safari/537.36 (compatible; Googlebot/2.1; +http://www.google.com/bot.html)" 706 **0/706085**
66.249.72.226 - - [01/Nov/2025:05:20:29 -0700] "GET /?a=3693677051690&mod=4ee8fc10&uri=shared.php%3Fid%3D123512-233%26name%3Dfitness+smartwatch+garmin+venu+2s+wasserdicht HTTP/1.1" 200 21239 "-" "Mozilla/5.0 (Linux; Android 6.0.1; Nexus 5X Build/MMB29P) AppleWebKit/537.36 (KHTML, like Gecko) Chrome/141.0.7390.122 Mobile Safari/537.36 (compatible; Googlebot/2.1; +http://www.google.com/bot.html)" 479 **0/479102**
66.249.69.128 - - [01/Nov/2025:05:20:29 -0700] "GET /?a=119328588031690&mod=fb4c2277&uri=category-info.php%3Fid%3D3992818-703%26name%3Dskate+shoes+nike+sb+beige+damen HTTP/1.1" 200 21628 "-" "Mozilla/5.0 (Linux; Android 6.0.1; Nexus 5X Build/MMB29P) AppleWebKit/537.36 (KHTML, like Gecko) Chrome/141.0.7390.122 Mobile Safari/537.36 (compatible; Googlebot/2.1; +http://www.google.com/bot.html)" 331 **0/331750**
66.249.69.140 - - [01/Nov/2025:05:20:30 -0700] "GET /?a=35374777001690&mod=1a32df83&uri=category-info.php%3Fid%3D1183367-81%26name%3Dbilt+pony+riding+troy+bilt+42in+riding+mower HTTP/1.1" 200 21310 "-" "Mozilla/5.0 (Linux; Android 6.0.1; Nexus 5X Build/MMB29P) AppleWebKit/537.36 (KHTML, like Gecko) Chrome/141.0.7390.122 Mobile Safari/537.36 (compatible; Googlebot/2.1; +http://www.google.com/bot.html)" 328 **0/328462**
66.249.69.128 - - [01/Nov/2025:05:20:30 -0700] "GET /?a=102483338011690&mod=530ad673&uri=category-info.php%3Fid%3D3429168-100%26name%3Dcropped+stanford+sweatshirt HTTP/1.1" 200 21697 "-" "Mozilla/5.0 (Linux; Android 6.0.1; Nexus 5X Build/MMB29P) AppleWebKit/537.36 (KHTML, like Gecko) Chrome/141.0.7390.122 Mobile Safari/537.36 (compatible; Googlebot/2.1; +http://www.google.com/bot.html)" 342 **0/342165**
66.249.69.141 - - [01/Nov/2025:05:20:30 -0700] "GET /?a=119412882071690&mod=3f6ad121&uri=category-info.php%3Fid%3D3995636-393%26name%3Dcoconut+gymshark+ultra+seamless+shorts HTTP/1.1" 200 20653 "-" "Mozilla/5.0 (Linux; Android 6.0.1; Nexus 5X Build/MMB29P) AppleWebKit/537.36 (KHTML, like Gecko) Chrome/141.0.7390.122 Mobile Safari/537.36 (compatible; Googlebot/2.1; +http://www.google.com/bot.html)" 344 **0/344432**
66.249.69.128 - - [01/Nov/2025:05:20:31 -0700] "GET /?a=102127892061690&mod=b3b6a68e&uri=category-info.php%3Fid%3D3417263-1170%26name%3Dcolorado+avalanche+stanley+cup+stream+free HTTP/1.1" 200 21582 "-" "Mozilla/5.0 (Linux; Android 6.0.1; Nexus 5X Build/MMB29P) AppleWebKit/537.36 (KHTML, like Gecko) Chrome/141.0.7390.122 Mobile Safari/537.36 (compatible; Googlebot/2.1; +http://www.google.com/bot.html)" 325 **0/325601**
66.249.69.128 - - [01/Nov/2025:05:20:31 -0700] "GET /?a=98359017041690&mod=47f1adc4&uri=category-info.php%3Fid%3D3291142-500%26name%3Dcaban+marina+abbigliamento+marina+militare+italiana HTTP/1.1" 200 20924 "-" "Mozilla/5.0 (Linux; Android 6.0.1; Nexus 5X Build/MMB29P) AppleWebKit/537.36 (KHTML, like Gecko) Chrome/141.0.7390.122 Mobile Safari/537.36 (compatible; Googlebot/2.1; +http://www.google.com/bot.html)" 433 **0/433801**
66.249.69.140 - - [01/Nov/2025:05:20:31 -0700] "GET /?a=38639468041690&mod=9e2c1a75&uri=category-info.php%3Fid%3D1292571-637%26name%3Dfunda+nordica+ikea+verde HTTP/1.1" 200 20420 "-" "Mozilla/5.0 (Linux; Android 6.0.1; Nexus 5X Build/MMB29P) AppleWebKit/537.36 (KHTML, like Gecko) Chrome/141.0.7390.122 Mobile Safari/537.36 (compatible; Googlebot/2.1; +http://www.google.com/bot.html)" 454 **0/454880**
66.249.69.140 - - [01/Nov/2025:05:20:32 -0700] "GET /?a=34190471061690&mod=467e7933&uri=category-info.php%3Fid%3D1143751-215%26name%3Dleather+boots+crown+vintage+tatham+boot HTTP/1.1" 200 20734 "-" "Mozilla/5.0 (Linux; Android 6.0.1; Nexus 5X Build/MMB29P) AppleWebKit/537.36 (KHTML, like Gecko) Chrome/141.0.7390.122 Mobile Safari/537.36 (compatible; Googlebot/2.1; +http://www.google.com/bot.html)" 413 **0/413407**
66.249.69.128 - - [01/Nov/2025:05:20:32 -0700] "GET /?a=103871194051690&mod=fc0a485c&uri=category-info.php%3Fid%3D3475608-319%26name%3Dbarbie+dreamhouse+barbie+coupons HTTP/1.1" 200 20698 "-" "Mozilla/5.0 (Linux; Android 6.0.1; Nexus 5X Build/MMB29P) AppleWebKit/537.36 (KHTML, like Gecko) Chrome/141.0.7390.122 Mobile Safari/537.36 (compatible; Googlebot/2.1; +http://www.google.com/bot.html)" 496 **0/496962**
40.77.167.51 - - [01/Nov/2025:05:20:32 -0700] "GET /?a=43822079021690&mod=fb4c4860&uri=category-info.php%3Fid%3D1466007-40%26name%3Dplush+toy+kidrobot+animaniacs HTTP/2.0" 200 21881 "-" "Mozilla/5.0 AppleWebKit/537.36 (KHTML, like Gecko; compatible; bingbot/2.0; +http://www.bing.com/bingbot.htm) Chrome/116.0.1938.76 Safari/537.36" 471 **0/471147**
66.249.69.141 - - [01/Nov/2025:05:20:32 -0700] "GET /?a=83098142031690&mod=f3daeb3f&uri=category-info.php%3Fid%3D2780344-206%26name%3Dnike+sneakers+nike+sb+white+womens HTTP/1.1" 200 20053 "-" "Mozilla/5.0 (Linux; Android 6.0.1; Nexus 5X Build/MMB29P) AppleWebKit/537.36 (KHTML, like Gecko) Chrome/141.0.7390.122 Mobile Safari/537.36 (compatible; Googlebot/2.1; +http://www.google.com/bot.html)" 425 **0/425209**
66.249.69.141 - - [01/Nov/2025:05:20:33 -0700] "GET /?a=37533053021690&mod=71a30c33&uri=category-info.php%3Fid%3D1255564-1627%26name%3Dkids+garmin+vivofit+watch HTTP/1.1" 200 20345 "-" "Mozilla/5.0 (Linux; Android 6.0.1; Nexus 5X Build/MMB29P) AppleWebKit/537.36 (KHTML, like Gecko) Chrome/141.0.7390.122 Mobile Safari/537.36 (compatible; Googlebot/2.1; +http://www.google.com/bot.html)" 317 **0/317005**
66.249.69.141 - - [01/Nov/2025:05:20:33 -0700] "GET /?a=83976650021690&mod=ee6db913&uri=category-info.php%3Fid%3D2809721-120%26name%3Dmotion+detector+adt+camera+not+recording+motion HTTP/1.1" 200 21078 "-" "Mozilla/5.0 (Linux; Android 6.0.1; Nexus 5X Build/MMB29P) AppleWebKit/537.36 (KHTML, like Gecko) Chrome/141.0.7390.122 Mobile Safari/537.36 (compatible; Googlebot/2.1; +http://www.google.com/bot.html)" 352 **0/352934**
104.198.36.41 - - [01/Nov/2025:05:20:33 -0700] "HEAD /?a=25738162001690&mod=22b8064b&name=sylviatoledano%2Bsylvia%2Btoledano%2Bjewelry&uri=goods.php%3Fid%3D861005-264 HTTP/2.0" 200 - "-" "Mozilla/5.0 (X11; Linux x86_64) AppleWebKit/537.36 (KHTML, like Gecko) Chrome/136.0.0.0 Safari/537.36" 118 **0/118843**
66.249.69.128 - - [01/Nov/2025:05:20:33 -0700] "GET /?a=49680960021690&mod=e1228be4&uri=category-info.php%3Fid%3D1662034-36%26name%3Dlego+bricks+lego+technic+2016+sets HTTP/1.1" 200 20337 "-" "Mozilla/5.0 (Linux; Android 6.0.1; Nexus 5X Build/MMB29P) AppleWebKit/537.36 (KHTML, like Gecko) Chrome/141.0.7390.122 Mobile Safari/537.36 (compatible; Googlebot/2.1; +http://www.google.com/bot.html)" 302 **0/302761**
66.249.69.140 - - [01/Nov/2025:05:20:34 -0700] "GET /?a=73430968011690&mod=751867da&uri=category-info.php%3Fid%3D2456785-212%26name%3Dchicken+dog+grooming+glove+asda HTTP/1.1" 200 20615 "-" "Mozilla/5.0 (Linux; Android 6.0.1; Nexus 5X Build/MMB29P) AppleWebKit/537.36 (KHTML, like Gecko) Chrome/141.0.7390.122 Mobile Safari/537.36 (compatible; Googlebot/2.1; +http://www.google.com/bot.html)" 377 **0/377699**
157.55.39.193 - - [01/Nov/2025:05:20:35 -0700] "GET /?a=51095063051690&mod=bead7746&uri=blog.php%3Fid%3D1709328-470%26name%3Da+una+graduacion+vestidos+para+asistir+a+ceremonia+de+grados HTTP/2.0" 200 20791 "-" "Mozilla/5.0 AppleWebKit/537.36 (KHTML, like Gecko; compatible; bingbot/2.0; +http://www.bing.com/bingbot.htm) Chrome/116.0.1938.76 Safari/537.36" 320 **0/320708**
66.249.69.129 - - [01/Nov/2025:05:20:36 -0700] "GET /?a=30019158041690&mod=6f31b4d2&uri=article.php%3Fid%3D1004189-307%26name%3Dmichelin+city+grip+saver+michelin+vespa+sprint HTTP/1.1" 200 21339 "-" "Mozilla/5.0 (Linux; Android 6.0.1; Nexus 5X Build/MMB29P) AppleWebKit/537.36 (KHTML, like Gecko) Chrome/141.0.7390.122 Mobile Safari/537.36 (compatible; Googlebot/2.1; +http://www.google.com/bot.html)" 483 **0/483026**
66.249.69.140 - - [01/Nov/2025:05:20:37 -0700] "GET /?a=114077535041690&mod=cdabd261&uri=products.php%3Fid%3D3817096-1447%26name%3Dfrench+terry+nike+towel+shorts HTTP/1.1" 200 21268 "-" "Mozilla/5.0 (Linux; Android 6.0.1; Nexus 5X Build/MMB29P) AppleWebKit/537.36 (KHTML, like Gecko) Chrome/141.0.7390.122 Mobile Safari/537.36 (compatible; Googlebot/2.1; +http://www.google.com/bot.html)" 539 **0/539374**
66.249.69.140 - - [01/Nov/2025:05:20:37 -0700] "GET /?a=78197033051690&mod=ba723fe0&uri=blog.php%3Fid%3D2616346-1833%26name%3Dtalons+hauts+zara+chaussures+talons HTTP/1.1" 200 19974 "-" "Mozilla/5.0 (Linux; Android 6.0.1; Nexus 5X Build/MMB29P) AppleWebKit/537.36 (KHTML, like Gecko) Chrome/141.0.7390.122 Mobile Safari/537.36 (compatible; Googlebot/2.1; +http://www.google.com/bot.html)" 501 **0/501112**
66.249.69.129 - - [01/Nov/2025:05:20:37 -0700] "GET /?a=32015257031690&mod=e7fa39d5&uri=products.php%3Fid%3D1070968-1547%26name%3Doriginals+nova+adidas+originals+retro+pullover HTTP/1.1" 200 21120 "-" "Mozilla/5.0 (Linux; Android 6.0.1; Nexus 5X Build/MMB29P) AppleWebKit/537.36 (KHTML, like Gecko) Chrome/141.0.7390.122 Mobile Safari/537.36 (compatible; Googlebot/2.1; +http://www.google.com/bot.html)" 473 **0/473191**
66.249.69.140 - - [01/Nov/2025:05:20:38 -0700] "GET /?a=109593000031690&mod=79097f53&uri=product.php%3Fid%3D3667139-1116%26name%3Ddeals+nike+nike+air+max+thea+purple+smoke HTTP/1.1" 200 20389 "-" "Mozilla/5.0 (Linux; Android 6.0.1; Nexus 5X Build/MMB29P) AppleWebKit/537.36 (KHTML, like Gecko) Chrome/141.0.7390.122 Mobile Safari/537.36 (compatible; Googlebot/2.1; +http://www.google.com/bot.html)" 389 **0/389920**
66.249.69.129 - - [01/Nov/2025:05:20:38 -0700] "GET /?a=99501468041690&mod=e0b6c164&uri=goods.php%3Fid%3D3329401-399%26name%3Donline+adidas+adidas+originals+eeuu+2019 HTTP/1.1" 200 20807 "-" "Mozilla/5.0 (Linux; Android 6.0.1; Nexus 5X Build/MMB29P) AppleWebKit/537.36 (KHTML, like Gecko) Chrome/141.0.7390.122 Mobile Safari/537.36 (compatible; Googlebot/2.1; +http://www.google.com/bot.html)" 412 **0/412579**
104.198.36.41 - - [01/Nov/2025:05:20:34 -0700] "GET /?a=25738162001690&mod=22b8064b&name=sylviatoledano%2Bsylvia%2Btoledano%2Bjewelry&uri=goods.php%3Fid%3D861005-264 HTTP/2.0" 200 2554 "-" "Mozilla/5.0 (X11; Linux x86_64) AppleWebKit/537.36 (KHTML, like Gecko) Chrome/136.0.0.0 Safari/537.36" 5114 **5/5114477**
66.249.69.141 - - [01/Nov/2025:05:20:39 -0700] "GET /?a=11291200001690&mod=127f7590&uri=shop.php%3Fid%3D377765-420%26name%3Dgps+garmin+los+relojes+garmin+son+compatibles+con+iphone HTTP/1.1" 200 20597 "-" "Mozilla/5.0 (Linux; Android 6.0.1; Nexus 5X Build/MMB29P) AppleWebKit/537.36 (KHTML, like Gecko) Chrome/141.0.7390.122 Mobile Safari/537.36 (compatible; Googlebot/2.1; +http://www.google.com/bot.html)" 547 **0/547345**
66.249.69.130 - - [01/Nov/2025:05:20:39 -0700] "GET /?a=116740979041690&mod=bc558732&uri=news.php%3Fid%3D3906235-1580%26name%3Dladies+jeans+sisley+jeans+buy+online HTTP/1.1" 200 19950 "-" "Mozilla/5.0 (Linux; Android 6.0.1; Nexus 5X Build/MMB29P) AppleWebKit/537.36 (KHTML, like Gecko) Chrome/141.0.7390.122 Mobile Safari/537.36 (compatible; Googlebot/2.1; +http://www.google.com/bot.html)" 473 **0/473289**
66.249.69.140 - - [01/Nov/2025:05:20:40 -0700] "GET /?a=64848796011690&mod=8c2ea383&uri=form.php%3Fid%3D2169606-1597%26name%3Dpink+fancy+dog+collars+for+female+dogs HTTP/1.1" 200 21497 "-" "Mozilla/5.0 (Linux; Android 6.0.1; Nexus 5X Build/MMB29P) AppleWebKit/537.36 (KHTML, like Gecko) Chrome/141.0.7390.122 Mobile Safari/537.36 (compatible; Googlebot/2.1; +http://www.google.com/bot.html)" 410 **0/410410**
66.249.72.226 - - [01/Nov/2025:05:20:40 -0700] "GET /?a=12510486011690&mod=73830f56&uri=goods.php%3Fid%3D418562-636%26name%3Dface+supreme+jacket+north+face+weltkarte+jacke HTTP/1.1" 200 20945 "-" "Mozilla/5.0 (Linux; Android 6.0.1; Nexus 5X Build/MMB29P) AppleWebKit/537.36 (KHTML, like Gecko) Chrome/141.0.7390.122 Mobile Safari/537.36 (compatible; Googlebot/2.1; +http://www.google.com/bot.html)" 432 **0/432276**
66.249.72.226 - - [01/Nov/2025:05:20:42 -0700] "GET /?a=74046142051690&mod=0ff73ca2&uri=brands.php%3Fid%3D2477420-459%26name%3Dwomen%27s+plaid+sherpa+jacket HTTP/1.1" 200 20990 "-" "Mozilla/5.0 (Linux; Android 6.0.1; Nexus 5X Build/MMB29P) AppleWebKit/537.36 (KHTML, like Gecko) Chrome/141.0.7390.122 Mobile Safari/537.36 (compatible; Googlebot/2.1; +http://www.google.com/bot.html)" 322 **0/322963**
40.77.167.47 - - [01/Nov/2025:05:20:44 -0700] "GET /?a=97619201021690&mod=c18ea4a4&uri=article.php%3Fid%3D3266347-1382%26name%3Dscarpe+hogan+donna+hogan+interactive+verdi HTTP/2.0" 200 20456 "-" "Mozilla/5.0 AppleWebKit/537.36 (KHTML, like Gecko; compatible; bingbot/2.0; +http://www.bing.com/bingbot.htm) Chrome/116.0.1938.76 Safari/537.36" 415 **0/415384**
66.249.69.129 - - [01/Nov/2025:05:20:44 -0700] "GET /?a=50287522021690&mod=dc6a6489&uri=pin.php%3Fid%3D1682327-4%26name%3Dbedding+what+weight+of+a+weighted+blanket+should+i+get HTTP/1.1" 200 21569 "-" "Mozilla/5.0 (Linux; Android 6.0.1; Nexus 5X Build/MMB29P) AppleWebKit/537.36 (KHTML, like Gecko) Chrome/141.0.7390.122 Mobile Safari/537.36 (compatible; Googlebot/2.1; +http://www.google.com/bot.html)" 542 **0/542566**
66.249.72.226 - - [01/Nov/2025:05:20:44 -0700] "GET /?a=84147191051690&mod=7d81b8b7&uri=goods.php%3Fid%3D2815456-885%26name%3Ddiadora+scarpe+ciclismo+diadora+vortex+pro+uomo+oro HTTP/1.1" 200 20669 "-" "Mozilla/5.0 (Linux; Android 6.0.1; Nexus 5X Build/MMB29P) AppleWebKit/537.36 (KHTML, like Gecko) Chrome/141.0.7390.122 Mobile Safari/537.36 (compatible; Googlebot/2.1; +http://www.google.com/bot.html)" 597 **0/597189**
40.77.167.47 - - [01/Nov/2025:05:20:44 -0700] "GET /?a=65540515031690&mod=f78038fa&uri=brands.php%3Fid%3D2192740-1311%26name%3Dbelly+fat+how+many+days+should+you+wear+a+waist+trainer HTTP/2.0" 200 20571 "-" "Mozilla/5.0 AppleWebKit/537.36 (KHTML, like Gecko; compatible; bingbot/2.0; +http://www.bing.com/bingbot.htm) Chrome/116.0.1938.76 Safari/537.36" 544 **0/544732**
66.249.69.141 - - [01/Nov/2025:05:20:45 -0700] "GET /?a=106764653001690&mod=73830f56&uri=shared.php%3Fid%3D3572477-636%26name%3Dhemsedal+jacke+trollkids+116 HTTP/1.1" 200 21513 "-" "Mozilla/5.0 (Linux; Android 6.0.1; Nexus 5X Build/MMB29P) AppleWebKit/537.36 (KHTML, like Gecko) Chrome/141.0.7390.122 Mobile Safari/537.36 (compatible; Googlebot/2.1; +http://www.google.com/bot.html)" 617 **0/617330**
66.249.72.226 - - [01/Nov/2025:05:20:45 -0700] "GET /?a=20739525031690&mod=7cc5a754&uri=search.php%3Fid%3D693812-80%26name%3Daccent+chairs+custom+stadium+chairs HTTP/1.1" 200 21478 "-" "Mozilla/5.0 (Linux; Android 6.0.1; Nexus 5X Build/MMB29P) AppleWebKit/537.36 (KHTML, like Gecko) Chrome/141.0.7390.122 Mobile Safari/537.36 (compatible; Googlebot/2.1; +http://www.google.com/bot.html)" 536 **0/536888**
66.249.72.226 - - [01/Nov/2025:05:20:45 -0700] "GET /?a=74877478081690&mod=4250ce6e&uri=itm.php%3Fid%3D2505233-1241%26name%3Dnike+air+flight+huarache+all+gold+huaraches+for+sale HTTP/1.1" 200 20210 "-" "Mozilla/5.0 (Linux; Android 6.0.1; Nexus 5X Build/MMB29P) AppleWebKit/537.36 (KHTML, like Gecko) Chrome/141.0.7390.122 Mobile Safari/537.36 (compatible; Googlebot/2.1; +http://www.google.com/bot.html)" 538 **0/538870**
66.249.69.130 - - [01/Nov/2025:05:20:46 -0700] "GET /?a=26540773031690&mod=aab11087&uri=shop.php%3Fid%3D887864-51%26name%3Dhd+4870+radeon+premium+graphics HTTP/1.1" 200 20317 "-" "Mozilla/5.0 (Linux; Android 6.0.1; Nexus 5X Build/MMB29P) AppleWebKit/537.36 (KHTML, like Gecko) Chrome/141.0.7390.122 Mobile Safari/537.36 (compatible; Googlebot/2.1; +http://www.google.com/bot.html)" 595 **0/595227**
66.249.69.140 - - [01/Nov/2025:05:20:48 -0700] "GET /?a=67362735001690&mod=8d161876&uri=category-info.php%3Fid%3D2253687-536%26name%3Dmelluso+sales+scarpe+melluso+estive HTTP/1.1" 200 20381 "-" "Mozilla/5.0 (Linux; Android 6.0.1; Nexus 5X Build/MMB29P) AppleWebKit/537.36 (KHTML, like Gecko) Chrome/141.0.7390.122 Mobile Safari/537.36 (compatible; Googlebot/2.1; +http://www.google.com/bot.html)" 920 **0/920016**
66.249.72.227 - - [01/Nov/2025:05:20:49 -0700] "GET /?/js_757ed0132a844208f409fbb5067dfa2d/_drupal_sites_default_files_js_js_i3BGasXGb_pVk8CAUeSJnjMmyNE-bFprX9j4_djQznQ HTTP/1.1" 200 3857 "https://www.blalockdialysiscenter.com/?a=74046142051690&mod=0ff73ca2&uri=brands.php%3Fid%3D2477420-459%26name%3Dwomen%27s+plaid+sherpa+jacket" "Mozilla/5.0 (Linux; Android 6.0.1; Nexus 5X Build/MMB29P) AppleWebKit/537.36 (KHTML, like Gecko) Chrome/141.0.7390.122 Mobile Safari/537.36 (compatible; Googlebot/2.1; +http://www.google.com/bot.html)" 113 **0/113182**
66.249.69.129 - - [01/Nov/2025:05:20:49 -0700] "GET /?a=47771905031690&mod=00f1c0fd&uri=goods.php%3Fid%3D1598122-1227%26name%3Dadjustable+beds+raising+your+bed+for+acid+reflux HTTP/1.1" 200 20197 "-" "Mozilla/5.0 (Linux; Android 6.0.1; Nexus 5X Build/MMB29P) AppleWebKit/537.36 (KHTML, like Gecko) Chrome/141.0.7390.122 Mobile Safari/537.36 (compatible; Googlebot/2.1; +http://www.google.com/bot.html)" 885 **0/885559**
66.249.69.129 - - [01/Nov/2025:05:20:50 -0700] "GET /?a=65751319031690&mod=06138bc5&uri=goods.php%3Fid%3D2199786-2%26name%3Dhooded+poncho+dock+and+bay+adult+poncho HTTP/1.1" 200 21556 "-" "Mozilla/5.0 (Linux; Android 6.0.1; Nexus 5X Build/MMB29P) AppleWebKit/537.36 (KHTML, like Gecko) Chrome/141.0.7390.122 Mobile Safari/537.36 (compatible; Googlebot/2.1; +http://www.google.com/bot.html)" 604 **0/604843**
66.249.69.141 - - [01/Nov/2025:05:20:51 -0700] "GET /?a=79064921041690&mod=ad034549&uri=us.php%3Fid%3D2645427-260%26name%3Dwaterproof+socks+water+socks+reviews HTTP/1.1" 200 21293 "-" "Mozilla/5.0 (Linux; Android 6.0.1; Nexus 5X Build/MMB29P) AppleWebKit/537.36 (KHTML, like Gecko) Chrome/141.0.7390.122 Mobile Safari/537.36 (compatible; Googlebot/2.1; +http://www.google.com/bot.html)" 909 **0/909175**
207.46.13.151 - - [01/Nov/2025:05:20:55 -0700] "GET /?a=96896087031690&mod=2c2620e2&uri=article.php%3Fid%3D3242138-1735%26name%3Dsupreme+x+bape+crewneck HTTP/2.0" 200 20120 "-" "Mozilla/5.0 AppleWebKit/537.36 (KHTML, like Gecko; compatible; bingbot/2.0; +http://www.bing.com/bingbot.htm) Chrome/116.0.1938.76 Safari/537.36" 356 **0/356848**
66.249.69.141 - - [01/Nov/2025:05:20:57 -0700] "GET /?a=36870747091690&mod=03c43589&uri=goods.php%3Fid%3D1233432-220%26name%3Dslow+juicer+best+single+serve+juicer HTTP/1.1" 200 21281 "-" "Mozilla/5.0 (Linux; Android 6.0.1; Nexus 5X Build/MMB29P) AppleWebKit/537.36 (KHTML, like Gecko) Chrome/141.0.7390.122 Mobile Safari/537.36 (compatible; Googlebot/2.1; +http://www.google.com/bot.html)" 321 **0/321518**
66.249.69.129 - - [01/Nov/2025:05:20:58 -0700] "GET /?a=82694119001690&mod=c89cef51&uri=form.php%3Fid%3D2766817-259%26name%3Dseiko+best+automatic+watches+under+500+2018 HTTP/1.1" 200 21479 "-" "Mozilla/5.0 (Linux; Android 6.0.1; Nexus 5X Build/MMB29P) AppleWebKit/537.36 (KHTML, like Gecko) Chrome/141.0.7390.122 Mobile Safari/537.36 (compatible; Googlebot/2.1; +http://www.google.com/bot.html)" 635 **0/635337**
66.249.69.128 - - [01/Nov/2025:05:20:59 -0700] "GET /?a=75546437021690&mod=07c0dec6&uri=shared.php%3Fid%3D2527621-273%26name%3Dpost+parto+pigiami+dopo+parto HTTP/1.1" 200 21711 "-" "Mozilla/5.0 (Linux; Android 6.0.1; Nexus 5X Build/MMB29P) AppleWebKit/537.36 (KHTML, like Gecko) Chrome/141.0.7390.122 Mobile Safari/537.36 (compatible; Googlebot/2.1; +http://www.google.com/bot.html)" 433 **0/433825**
66.249.69.130 - - [01/Nov/2025:05:21:00 -0700] "GET /?a=75607611071690&mod=c9041cfd&uri=info.php%3Fid%3D2529668-202%26name%3Dbest+louis+vuitton+perfume+for+men HTTP/1.1" 200 20216 "-" "Mozilla/5.0 (Linux; Android 6.0.1; Nexus 5X Build/MMB29P) AppleWebKit/537.36 (KHTML, like Gecko) Chrome/141.0.7390.122 Mobile Safari/537.36 (compatible; Googlebot/2.1; +http://www.google.com/bot.html)" 338 **0/338534**
66.249.69.128 - - [01/Nov/2025:05:21:01 -0700] "GET /?a=102740555031690&mod=44286435&uri=form.php%3Fid%3D3437770-1195%26name%3Dline+baby+pink+slip+on+vans HTTP/1.1" 200 19920 "-" "Mozilla/5.0 (Linux; Android 6.0.1; Nexus 5X Build/MMB29P) AppleWebKit/537.36 (KHTML, like Gecko) Chrome/141.0.7390.122 Mobile Safari/537.36 (compatible; Googlebot/2.1; +http://www.google.com/bot.html)" 546 **0/546685**
66.249.69.130 - - [01/Nov/2025:05:21:02 -0700] "GET /?a=117466501021690&mod=ad034549&uri=blog.php%3Fid%3D3930517-260%26name%3Dneoprene+beach+soccer+shoes HTTP/1.1" 200 20747 "-" "Mozilla/5.0 (Linux; Android 6.0.1; Nexus 5X Build/MMB29P) AppleWebKit/537.36 (KHTML, like Gecko) Chrome/141.0.7390.122 Mobile Safari/537.36 (compatible; Googlebot/2.1; +http://www.google.com/bot.html)" 601 **0/601972**
66.249.69.140 - - [01/Nov/2025:05:21:03 -0700] "GET /?a=85005325001690&mod=38990c06&uri=category-info.php%3Fid%3D2844199-527%26name%3Dcrime+thriller+movies+drishyam+malayalam+hotstar HTTP/1.1" 200 20785 "-" "Mozilla/5.0 (Linux; Android 6.0.1; Nexus 5X Build/MMB29P) AppleWebKit/537.36 (KHTML, like Gecko) Chrome/141.0.7390.122 Mobile Safari/537.36 (compatible; Googlebot/2.1; +http://www.google.com/bot.html)" 356 **0/356041**
66.249.69.141 - - [01/Nov/2025:05:21:03 -0700] "GET /?a=14605611001690&mod=06b614fc&uri=shared.php%3Fid%3D488609-770%26name%3Dconverse+shoes+grey+jack+purcell+converse HTTP/1.1" 200 21252 "-" "Mozilla/5.0 (Linux; Android 6.0.1; Nexus 5X Build/MMB29P) AppleWebKit/537.36 (KHTML, like Gecko) Chrome/141.0.7390.122 Mobile Safari/537.36 (compatible; Googlebot/2.1; +http://www.google.com/bot.html)" 342 **0/342308**
66.249.69.130 - - [01/Nov/2025:05:21:04 -0700] "GET /?a=30909401041690&mod=7e676226&uri=info.php%3Fid%3D1033977-176%26name%3Ddanza+hebrea+vestimenta+de+danza+cristiana+para+varones HTTP/1.1" 200 21513 "-" "Mozilla/5.0 (Linux; Android 6.0.1; Nexus 5X Build/MMB29P) AppleWebKit/537.36 (KHTML, like Gecko) Chrome/141.0.7390.122 Mobile Safari/537.36 (compatible; Googlebot/2.1; +http://www.google.com/bot.html)" 390 **0/390748**
66.249.69.128 - - [01/Nov/2025:05:21:06 -0700] "GET /?a=113722600071690&mod=0ac34cb7&uri=products.php%3Fid%3D3805210-1404%26name%3Dwedge+sandalen+sale+zalando HTTP/1.1" 200 21225 "-" "Mozilla/5.0 (Linux; Android 6.0.1; Nexus 5X Build/MMB29P) AppleWebKit/537.36 (KHTML, like Gecko) Chrome/141.0.7390.122 Mobile Safari/537.36 (compatible; Googlebot/2.1; +http://www.google.com/bot.html)" 345 **0/345636**
40.77.167.51 - - [01/Nov/2025:05:21:07 -0700] "GET /?a=5578400021690&mod=c2b9b2c4&uri=dp.php%3Fid%3D186591-819%26name%3Dpatent+leather+mango+shoes HTTP/2.0" 200 20476 "-" "Mozilla/5.0 AppleWebKit/537.36 (KHTML, like Gecko; compatible; bingbot/2.0; +http://www.bing.com/bingbot.htm) Chrome/116.0.1938.76 Safari/537.36" 421 **0/421948**
66.249.69.140 - - [01/Nov/2025:05:21:08 -0700] "GET /?a=32038782031690&mod=e7fa39d5&uri=pin.php%3Fid%3D1071754-1547%26name%3Dleather+satchel+black+dr+martens+inch+satchel+precio HTTP/1.1" 200 20013 "-" "Mozilla/5.0 (Linux; Android 6.0.1; Nexus 5X Build/MMB29P) AppleWebKit/537.36 (KHTML, like Gecko) Chrome/141.0.7390.122 Mobile Safari/537.36 (compatible; Googlebot/2.1; +http://www.google.com/bot.html)" 627 **0/627554**
66.249.69.141 - - [01/Nov/2025:05:21:09 -0700] "GET /?a=94531306121690&mod=cdabd261&uri=search.php%3Fid%3D3162968-1447%26name%3Dgolf+apparel+womens+red+golf+skort HTTP/1.1" 200 20135 "-" "Mozilla/5.0 (Linux; Android 6.0.1; Nexus 5X Build/MMB29P) AppleWebKit/537.36 (KHTML, like Gecko) Chrome/141.0.7390.122 Mobile Safari/537.36 (compatible; Googlebot/2.1; +http://www.google.com/bot.html)" 906 **0/906391**
66.249.69.141 - - [01/Nov/2025:05:21:09 -0700] "GET /?a=22466744041690&mod=4625d8e3&uri=brands.php%3Fid%3D751581-37%26name%3Dzulu+culture+african+zulu+necklace HTTP/1.1" 200 20742 "-" "Mozilla/5.0 (Linux; Android 6.0.1; Nexus 5X Build/MMB29P) AppleWebKit/537.36 (KHTML, like Gecko) Chrome/141.0.7390.122 Mobile Safari/537.36 (compatible; Googlebot/2.1; +http://www.google.com/bot.html)" 918 **0/918823**
66.249.72.226 - - [01/Nov/2025:05:21:11 -0700] "GET /product/edit/20040954081690 HTTP/1.1" 200 21185 "-" "Mozilla/5.0 (Linux; Android 6.0.1; Nexus 5X Build/MMB29P) AppleWebKit/537.36 (KHTML, like Gecko) Chrome/141.0.7390.122 Mobile Safari/537.36 (compatible; Googlebot/2.1; +http://www.google.com/bot.html)" 873 **0/873739**
66.249.69.140 - - [01/Nov/2025:05:21:12 -0700] "GET /?a=59330681001690&mod=83187550&uri=category-info.php%3Fid%3D1984951-70%26name%3Dsoft+blanket+yankee+candle+teddy+bear HTTP/1.1" 200 20684 "-" "Mozilla/5.0 (Linux; Android 6.0.1; Nexus 5X Build/MMB29P) AppleWebKit/537.36 (KHTML, like Gecko) Chrome/141.0.7390.122 Mobile Safari/537.36 (compatible; Googlebot/2.1; +http://www.google.com/bot.html)" 827 **0/827749**
66.249.69.140 - - [01/Nov/2025:05:21:13 -0700] "GET /?a=119050906001690&mod=74456719&uri=shared.php%3Fid%3D3983537-1507%26name%3Dbasketball+shoes+nike+zoom+mens+red HTTP/1.1" 200 20226 "-" "Mozilla/5.0 (Linux; Android 6.0.1; Nexus 5X Build/MMB29P) AppleWebKit/537.36 (KHTML, like Gecko) Chrome/141.0.7390.122 Mobile Safari/537.36 (compatible; Googlebot/2.1; +http://www.google.com/bot.html)" 818 **0/818661**
66.249.69.141 - - [01/Nov/2025:05:21:13 -0700] "GET /?a=80595258011690&mod=82bb7d31&uri=blog.php%3Fid%3D2696607-567%26name%3Dbebe+glasses+model HTTP/1.1" 200 20597 "-" "Mozilla/5.0 (Linux; Android 6.0.1; Nexus 5X Build/MMB29P) AppleWebKit/537.36 (KHTML, like Gecko) Chrome/141.0.7390.122 Mobile Safari/537.36 (compatible; Googlebot/2.1; +http://www.google.com/bot.html)" 933 **0/933544**
66.249.69.140 - - [01/Nov/2025:05:21:14 -0700] "GET /?a=12628983061690&mod=82d3149f&uri=info.php%3Fid%3D422519-94%26name%3Droof+rack+cross+bars+toyota+rav4 HTTP/1.1" 200 21376 "-" "Mozilla/5.0 (Linux; Android 6.0.1; Nexus 5X Build/MMB29P) AppleWebKit/537.36 (KHTML, like Gecko) Chrome/141.0.7390.122 Mobile Safari/537.36 (compatible; Googlebot/2.1; +http://www.google.com/bot.html)" 1078 **1/1078802**
66.249.69.141 - - [01/Nov/2025:05:21:14 -0700] "GET /?a=114951720071690&mod=2b0499a3&uri=products.php%3Fid%3D3846350-172%26name%3Dbattery+charger+how+does+phone+wireless+charging+work HTTP/1.1" 200 20878 "-" "Mozilla/5.0 (Linux; Android 6.0.1; Nexus 5X Build/MMB29P) AppleWebKit/537.36 (KHTML, like Gecko) Chrome/141.0.7390.122 Mobile Safari/537.36 (compatible; Googlebot/2.1; +http://www.google.com/bot.html)" 959 **0/959175**
66.249.69.141 - - [01/Nov/2025:05:21:16 -0700] "GET /?a=90166364011690&mod=70e17786&uri=info.php%3Fid%3D3016877-398%26name%3Dcasaco+infantil+roupas+infantis+de+frio HTTP/1.1" 200 21325 "-" "Mozilla/5.0 (Linux; Android 6.0.1; Nexus 5X Build/MMB29P) AppleWebKit/537.36 (KHTML, like Gecko) Chrome/141.0.7390.122 Mobile Safari/537.36 (compatible; Googlebot/2.1; +http://www.google.com/bot.html)" 786 **0/786481**
66.249.69.140 - - [01/Nov/2025:05:21:16 -0700] "GET /?a=48135188061690&mod=0feaf58e&uri=shop.php%3Fid%3D1610276-156%26name%3Dzipper+stone+island+bimbi HTTP/1.1" 200 20690 "-" "Mozilla/5.0 (Linux; Android 6.0.1; Nexus 5X Build/MMB29P) AppleWebKit/537.36 (KHTML, like Gecko) Chrome/141.0.7390.122 Mobile Safari/537.36 (compatible; Googlebot/2.1; +http://www.google.com/bot.html)" 605 **0/605659**
