66.249.69.128 - - [01/Nov/2025:05:28:38 -0700] "GET /product/edit/64187083051690?/css_6356af597ebeb154b969e538d3e95f0f/_drupal_sites_default_files_css_css_LmUrbIckCDCKvN2_Q3zbp044aJ28BPsL4EcroazBk2w HTTP/1.1" 200 42233 "https://blalockdialysiscenter.com/product/edit/64187083051690" "Mozilla/5.0 (Linux; Android 6.0.1; Nexus 5X Build/MMB29P) AppleWebKit/537.36 (KHTML, like Gecko) Chrome/141.0.7390.122 Mobile Safari/537.36 (compatible; Googlebot/2.1; +http://www.google.com/bot.html)" 196 **0/196720**
66.249.69.141 - - [01/Nov/2025:05:28:39 -0700] "GET /product/edit/65321379131690?/css_6356af597ebeb154b969e538d3e95f0f/_drupal_sites_default_files_css_css_LmUrbIckCDCKvN2_Q3zbp044aJ28BPsL4EcroazBk2w HTTP/1.1" 200 42233 "https://blalockdialysiscenter.com/product/edit/65321379131690" "Mozilla/5.0 (Linux; Android 6.0.1; Nexus 5X Build/MMB29P) AppleWebKit/537.36 (KHTML, like Gecko) Chrome/141.0.7390.122 Mobile Safari/537.36 (compatible; Googlebot/2.1; +http://www.google.com/bot.html)" 215 **0/215041**
66.249.69.129 - - [01/Nov/2025:05:28:38 -0700] "GET /?a=62160997021690&mod=d9d47929&uri=shop.php%3Fid%3D2079701-365%26name%3Danime+bride+vestidos+de+novia+anime HTTP/1.1" 200 21817 "-" "Mozilla/5.0 (Linux; Android 6.0.1; Nexus 5X Build/MMB29P) AppleWebKit/537.36 (KHTML, like Gecko) Chrome/141.0.7390.122 Mobile Safari/537.36 (compatible; Googlebot/2.1; +http://www.google.com/bot.html)" 732 **0/732317**
66.249.69.129 - - [01/Nov/2025:05:28:39 -0700] "GET /product/edit/65321379131690?/js_6356af597ebeb154b969e538d3e95f0f/_styles_js_lazysizes.min HTTP/1.1" 200 3188 "https://blalockdialysiscenter.com/product/edit/65321379131690" "Mozilla/5.0 (Linux; Android 6.0.1; Nexus 5X Build/MMB29P) AppleWebKit/537.36 (KHTML, like Gecko) Chrome/141.0.7390.122 Mobile Safari/537.36 (compatible; Googlebot/2.1; +http://www.google.com/bot.html)" 116 **0/116096**
66.249.69.140 - - [01/Nov/2025:05:28:39 -0700] "GET /?a=79020976041690&mod=404bfdec&uri=itm.php%3Fid%3D2643957-694%26name%3Dfendi+swim+shorts+costume+da+bagno+fendi+uomo HTTP/1.1" 200 20525 "-" "Mozilla/5.0 (Linux; Android 6.0.1; Nexus 5X Build/MMB29P) AppleWebKit/537.36 (KHTML, like Gecko) Chrome/141.0.7390.122 Mobile Safari/537.36 (compatible; Googlebot/2.1; +http://www.google.com/bot.html)" 618 **0/618685**
66.249.69.141 - - [01/Nov/2025:05:28:40 -0700] "GET /?a=31289332021690&mod=655ea4bd&uri=blog.php%3Fid%3D1046688-15%26name%3Dwhite+shirt+blue+jeans+combination+men HTTP/1.1" 200 21565 "-" "Mozilla/5.0 (Linux; Android 6.0.1; Nexus 5X Build/MMB29P) AppleWebKit/537.36 (KHTML, like Gecko) Chrome/141.0.7390.122 Mobile Safari/537.36 (compatible; Googlebot/2.1; +http://www.google.com/bot.html)" 349 **0/349857**
66.249.69.141 - - [01/Nov/2025:05:28:40 -0700] "GET /?a=68740124041690&mod=83e1fbae&uri=shop.php%3Fid%3D2299798-1005%26name%3Dhat+burgundy+pants+brown+shoes HTTP/1.1" 200 21461 "-" "Mozilla/5.0 (Linux; Android 6.0.1; Nexus 5X Build/MMB29P) AppleWebKit/537.36 (KHTML, like Gecko) Chrome/141.0.7390.122 Mobile Safari/537.36 (compatible; Googlebot/2.1; +http://www.google.com/bot.html)" 458 **0/458637**
66.249.69.128 - - [01/Nov/2025:05:28:41 -0700] "GET /product/edit/64187083051690?/js_6356af597ebeb154b969e538d3e95f0f/_drupal_sites_default_files_js_js_z1qFDrghecTCI5Rjumn4rMBYPHvd-E4L0DVpS2JCjnw HTTP/1.1" 200 320 "https://blalockdialysiscenter.com/product/edit/64187083051690" "Mozilla/5.0 (Linux; Android 6.0.1; Nexus 5X Build/MMB29P) AppleWebKit/537.36 (KHTML, like Gecko) Chrome/141.0.7390.122 Mobile Safari/537.36 (compatible; Googlebot/2.1; +http://www.google.com/bot.html)" 109 **0/109011**
66.249.69.141 - - [01/Nov/2025:05:28:42 -0700] "GET /product/edit/64187083051690?/js_6356af597ebeb154b969e538d3e95f0f/_drupal_sites_default_files_js_js_i3BGasXGb_pVk8CAUeSJnjMmyNE-bFprX9j4_djQznQ HTTP/1.1" 200 3857 "https://blalockdialysiscenter.com/product/edit/64187083051690" "Mozilla/5.0 (Linux; Android 6.0.1; Nexus 5X Build/MMB29P) AppleWebKit/537.36 (KHTML, like Gecko) Chrome/141.0.7390.122 Mobile Safari/537.36 (compatible; Googlebot/2.1; +http://www.google.com/bot.html)" 110 **0/110066**
66.249.69.128 - - [01/Nov/2025:05:28:42 -0700] "GET /?a=45957412031690&mod=7cc7188f&uri=product.php%3Fid%3D1537430-588%26name%3Dpiece+coat+white+colour+ka+coat+pant HTTP/1.1" 200 21206 "-" "Mozilla/5.0 (Linux; Android 6.0.1; Nexus 5X Build/MMB29P) AppleWebKit/537.36 (KHTML, like Gecko) Chrome/141.0.7390.122 Mobile Safari/537.36 (compatible; Googlebot/2.1; +http://www.google.com/bot.html)" 331 **0/331832**
66.249.69.141 - - [01/Nov/2025:05:28:43 -0700] "GET /?a=6557328051690&mod=7881243c&uri=news.php%3Fid%3D219325-605%26name%3Dpuffer+marc+o+polo+windjacke HTTP/1.1" 200 20940 "-" "Mozilla/5.0 (Linux; Android 6.0.1; Nexus 5X Build/MMB29P) AppleWebKit/537.36 (KHTML, like Gecko) Chrome/141.0.7390.122 Mobile Safari/537.36 (compatible; Googlebot/2.1; +http://www.google.com/bot.html)" 291 **0/291554**
66.249.69.141 - - [01/Nov/2025:05:28:43 -0700] "GET /product/edit/86831847001690?/css_6356af597ebeb154b969e538d3e95f0f/_drupal_sites_default_files_css_css_YLUY2usEybPXqNO15-ozAgAYsZmniqhrU6f3bp69-r4 HTTP/1.1" 200 3874 "https://blalockdialysiscenter.com/product/edit/86831847001690" "Mozilla/5.0 (Linux; Android 6.0.1; Nexus 5X Build/MMB29P) AppleWebKit/537.36 (KHTML, like Gecko) Chrome/141.0.7390.122 Mobile Safari/537.36 (compatible; Googlebot/2.1; +http://www.google.com/bot.html)" 110 **0/110700**
66.249.69.129 - - [01/Nov/2025:05:28:44 -0700] "GET /?a=114829711001690&mod=20337d9c&uri=product.php%3Fid%3D3842259-114%26name%3Dairtel+broadband+plans+airtel+xstream+premium+channels+list HTTP/1.1" 200 20869 "-" "Mozilla/5.0 (Linux; Android 6.0.1; Nexus 5X Build/MMB29P) AppleWebKit/537.36 (KHTML, like Gecko) Chrome/141.0.7390.122 Mobile Safari/537.36 (compatible; Googlebot/2.1; +http://www.google.com/bot.html)" 312 **0/312063**
66.249.69.140 - - [01/Nov/2025:05:28:44 -0700] "GET /product/edit/86831847001690?/js_6356af597ebeb154b969e538d3e95f0f/_styles_js_lightbox HTTP/1.1" 200 4711 "https://blalockdialysiscenter.com/product/edit/86831847001690" "Mozilla/5.0 (Linux; Android 6.0.1; Nexus 5X Build/MMB29P) AppleWebKit/537.36 (KHTML, like Gecko) Chrome/141.0.7390.122 Mobile Safari/537.36 (compatible; Googlebot/2.1; +http://www.google.com/bot.html)" 115 **0/115461**
66.249.69.128 - - [01/Nov/2025:05:28:45 -0700] "GET /?a=20540910011690&mod=fc0de4e0&uri=search.php%3Fid%3D687167-89%26name%3Ddiagram+one+pipe+system+radiator+valves HTTP/1.1" 200 21824 "-" "Mozilla/5.0 (Linux; Android 6.0.1; Nexus 5X Build/MMB29P) AppleWebKit/537.36 (KHTML, like Gecko) Chrome/141.0.7390.122 Mobile Safari/537.36 (compatible; Googlebot/2.1; +http://www.google.com/bot.html)" 343 **0/343069**
52.167.144.180 - - [01/Nov/2025:05:28:45 -0700] "GET /?a=98760498081690&mod=ec4ecf2f&uri=brands.php%3Fid%3D3304569-290%26name%3Dsubaru+swap+subaru+powered+baja+bug HTTP/2.0" 200 21125 "-" "Mozilla/5.0 AppleWebKit/537.36 (KHTML, like Gecko; compatible; bingbot/2.0; +http://www.bing.com/bingbot.htm) Chrome/116.0.1938.76 Safari/537.36" 316 **0/316995**
66.249.69.141 - - [01/Nov/2025:05:28:45 -0700] "GET /?a=117364904021690&mod=8c2c1e2e&uri=info.php%3Fid%3D3927107-844%26name%3Dfaux+leather+ashley+stewart+dress+pants HTTP/1.1" 200 21121 "-" "Mozilla/5.0 (Linux; Android 6.0.1; Nexus 5X Build/MMB29P) AppleWebKit/537.36 (KHTML, like Gecko) Chrome/141.0.7390.122 Mobile Safari/537.36 (compatible; Googlebot/2.1; +http://www.google.com/bot.html)" 357 **0/357136**
66.249.69.128 - - [01/Nov/2025:05:28:45 -0700] "GET /?a=12954581051690&mod=cc617957&uri=us.php%3Fid%3D433403-836%26name%3Dmartens+nere+scarpe+dr+martens+jadon HTTP/1.1" 200 19790 "-" "Mozilla/5.0 (Linux; Android 6.0.1; Nexus 5X Build/MMB29P) AppleWebKit/537.36 (KHTML, like Gecko) Chrome/141.0.7390.122 Mobile Safari/537.36 (compatible; Googlebot/2.1; +http://www.google.com/bot.html)" 396 **0/396500**
66.249.69.141 - - [01/Nov/2025:05:28:46 -0700] "GET /product/edit/86831847001690?/js_6356af597ebeb154b969e538d3e95f0f/_drupal_sites_default_files_js_js_nfGRbDhyXF9_dFjG2rkRRw84Gy6p5a4aGnpYcOKhuC4 HTTP/1.1" 200 96506 "https://blalockdialysiscenter.com/product/edit/86831847001690" "Mozilla/5.0 (Linux; Android 6.0.1; Nexus 5X Build/MMB29P) AppleWebKit/537.36 (KHTML, like Gecko) Chrome/141.0.7390.122 Mobile Safari/537.36 (compatible; Googlebot/2.1; +http://www.google.com/bot.html)" 262 **0/262045**
66.249.69.129 - - [01/Nov/2025:05:28:46 -0700] "GET /?a=32633452031690&mod=937f578a&uri=brands.php%3Fid%3D1091650-300%26name%3Devatest+cuanto+cuesta+test+embarazo HTTP/1.1" 200 21340 "-" "Mozilla/5.0 (Linux; Android 6.0.1; Nexus 5X Build/MMB29P) AppleWebKit/537.36 (KHTML, like Gecko) Chrome/141.0.7390.122 Mobile Safari/537.36 (compatible; Googlebot/2.1; +http://www.google.com/bot.html)" 408 **0/408547**
66.249.69.140 - - [01/Nov/2025:05:28:47 -0700] "GET /?a=53616787011690&mod=d3e06fa2&uri=products.php%3Fid%3D1793708-926%26name%3Dmangalyam+thali+south+indian+mangalsutra HTTP/1.1" 200 21074 "-" "Mozilla/5.0 (Linux; Android 6.0.1; Nexus 5X Build/MMB29P) AppleWebKit/537.36 (KHTML, like Gecko) Chrome/141.0.7390.122 Mobile Safari/537.36 (compatible; Googlebot/2.1; +http://www.google.com/bot.html)" 431 **0/431291**
66.249.69.129 - - [01/Nov/2025:05:28:47 -0700] "GET /product/edit/86831847001690?/css_6356af597ebeb154b969e538d3e95f0f/_styles_css_product-detail-ex01 HTTP/1.1" 200 397 "https://blalockdialysiscenter.com/product/edit/86831847001690" "Mozilla/5.0 (Linux; Android 6.0.1; Nexus 5X Build/MMB29P) AppleWebKit/537.36 (KHTML, like Gecko) Chrome/141.0.7390.122 Mobile Safari/537.36 (compatible; Googlebot/2.1; +http://www.google.com/bot.html)" 114 **0/114319**
66.249.69.141 - - [01/Nov/2025:05:28:48 -0700] "GET /?a=114946112051690&mod=286142eb&uri=itm.php%3Fid%3D3846162-481%26name%3Dessential+crew+nike+socken+streifen HTTP/1.1" 200 20744 "-" "Mozilla/5.0 (Linux; Android 6.0.1; Nexus 5X Build/MMB29P) AppleWebKit/537.36 (KHTML, like Gecko) Chrome/141.0.7390.122 Mobile Safari/537.36 (compatible; Googlebot/2.1; +http://www.google.com/bot.html)" 323 **0/323899**
66.249.69.140 - - [01/Nov/2025:05:28:48 -0700] "GET /?a=77173013041690&mod=d157d577&uri=itm.php%3Fid%3D2582111-239%26name%3Dclaim+form+air+canada+damaged+baggage+claim HTTP/1.1" 200 21643 "-" "Mozilla/5.0 (Linux; Android 6.0.1; Nexus 5X Build/MMB29P) AppleWebKit/537.36 (KHTML, like Gecko) Chrome/141.0.7390.122 Mobile Safari/537.36 (compatible; Googlebot/2.1; +http://www.google.com/bot.html)" 326 **0/326531**
66.249.69.140 - - [01/Nov/2025:05:28:48 -0700] "GET /?a=81600645001690&mod=0d104b26&uri=goods.php%3Fid%3D2730223-830%26name%3Dcat+eye+occhiali+montature+occhiali+donna+da+vista HTTP/1.1" 200 20105 "-" "Mozilla/5.0 (Linux; Android 6.0.1; Nexus 5X Build/MMB29P) AppleWebKit/537.36 (KHTML, like Gecko) Chrome/141.0.7390.122 Mobile Safari/537.36 (compatible; Googlebot/2.1; +http://www.google.com/bot.html)" 347 **0/347807**
66.249.69.129 - - [01/Nov/2025:05:28:49 -0700] "GET /product/edit/86831847001690?/js_6356af597ebeb154b969e538d3e95f0f/_drupal_sites_default_files_js_js_G878YGhv0pYpg9iZ_hIm3vCCQWyhWgLawk-6b6wmZuU HTTP/1.1" 200 52631 "https://blalockdialysiscenter.com/product/edit/86831847001690" "Mozilla/5.0 (Linux; Android 6.0.1; Nexus 5X Build/MMB29P) AppleWebKit/537.36 (KHTML, like Gecko) Chrome/141.0.7390.122 Mobile Safari/537.36 (compatible; Googlebot/2.1; +http://www.google.com/bot.html)" 202 **0/202168**
66.249.69.140 - - [01/Nov/2025:05:28:50 -0700] "GET /product/edit/100159255011690?/css_6356af597ebeb154b969e538d3e95f0f/_drupal_sites_default_files_css_css_LmUrbIckCDCKvN2_Q3zbp044aJ28BPsL4EcroazBk2w HTTP/1.1" 200 42233 "https://blalockdialysiscenter.com/product/edit/100159255011690" "Mozilla/5.0 (Linux; Android 6.0.1; Nexus 5X Build/MMB29P) AppleWebKit/537.36 (KHTML, like Gecko) Chrome/141.0.7390.122 Mobile Safari/537.36 (compatible; Googlebot/2.1; +http://www.google.com/bot.html)" 209 **0/209249**
66.249.69.130 - - [01/Nov/2025:05:28:49 -0700] "GET /?a=17189546051690&mod=9db1c4a3&uri=form.php%3Fid%3D575070-620%26name%3Dgold+alloy+aluminum+alloy+jewelry HTTP/1.1" 200 20638 "-" "Mozilla/5.0 (Linux; Android 6.0.1; Nexus 5X Build/MMB29P) AppleWebKit/537.36 (KHTML, like Gecko) Chrome/141.0.7390.122 Mobile Safari/537.36 (compatible; Googlebot/2.1; +http://www.google.com/bot.html)" 574 **0/574061**
207.46.13.155 - - [01/Nov/2025:05:28:50 -0700] "GET /?a=26216004031690&mod=069802d4&uri=form.php%3Fid%3D876992-158%26name%3Dlight+mount+google+home+mini+ceiling+mount HTTP/2.0" 200 21341 "-" "Mozilla/5.0 AppleWebKit/537.36 (KHTML, like Gecko; compatible; bingbot/2.0; +http://www.bing.com/bingbot.htm) Chrome/116.0.1938.76 Safari/537.36" 581 **0/581417**
66.249.69.141 - - [01/Nov/2025:05:28:50 -0700] "GET /product/edit/65321379131690?/js_6356af597ebeb154b969e538d3e95f0f/_drupal_sites_default_files_js_js_i3BGasXGb_pVk8CAUeSJnjMmyNE-bFprX9j4_djQznQ HTTP/1.1" 200 3857 "https://blalockdialysiscenter.com/product/edit/65321379131690" "Mozilla/5.0 (Linux; Android 6.0.1; Nexus 5X Build/MMB29P) AppleWebKit/537.36 (KHTML, like Gecko) Chrome/141.0.7390.122 Mobile Safari/537.36 (compatible; Googlebot/2.1; +http://www.google.com/bot.html)" 116 **0/116528**
66.249.69.130 - - [01/Nov/2025:05:28:50 -0700] "GET /?a=87055682081690&mod=14d2bc47&uri=brands.php%3Fid%3D2912804-148%26name%3Djaqueta+motociclista+casaco+x11+masculino HTTP/1.1" 200 21284 "-" "Mozilla/5.0 (Linux; Android 6.0.1; Nexus 5X Build/MMB29P) AppleWebKit/537.36 (KHTML, like Gecko) Chrome/141.0.7390.122 Mobile Safari/537.36 (compatible; Googlebot/2.1; +http://www.google.com/bot.html)" 604 **0/604035**
66.249.69.130 - - [01/Nov/2025:05:28:51 -0700] "GET /product/edit/100159255011690?/js_6356af597ebeb154b969e538d3e95f0f/_styles_js_lightbox HTTP/1.1" 200 4711 "https://blalockdialysiscenter.com/product/edit/100159255011690" "Mozilla/5.0 (Linux; Android 6.0.1; Nexus 5X Build/MMB29P) AppleWebKit/537.36 (KHTML, like Gecko) Chrome/141.0.7390.122 Mobile Safari/537.36 (compatible; Googlebot/2.1; +http://www.google.com/bot.html)" 109 **0/109712**
66.249.72.228 - - [01/Nov/2025:05:28:51 -0700] "GET /?a=54546068021690&mod=889a669f&uri=products.php%3Fid%3D1824817-219%26name%3Dmetal+gate+summer+west+end+safety+gate HTTP/1.1" 200 21359 "-" "Mozilla/5.0 (Linux; Android 6.0.1; Nexus 5X Build/MMB29P) AppleWebKit/537.36 (KHTML, like Gecko) Chrome/141.0.7390.122 Mobile Safari/537.36 (compatible; Googlebot/2.1; +http://www.google.com/bot.html)" 369 **0/369446**
66.249.69.140 - - [01/Nov/2025:05:28:52 -0700] "GET /?a=61339188041690&mod=d83041db&uri=article.php%3Fid%3D2052205-823%26name%3Dnike+revolution+t%C3%83%C2%AAnis+da+nike+do+mercadolivre HTTP/1.1" 200 20959 "-" "Mozilla/5.0 (Linux; Android 6.0.1; Nexus 5X Build/MMB29P) AppleWebKit/537.36 (KHTML, like Gecko) Chrome/141.0.7390.122 Mobile Safari/537.36 (compatible; Googlebot/2.1; +http://www.google.com/bot.html)" 353 **0/353436**
66.249.69.130 - - [01/Nov/2025:05:28:52 -0700] "GET /product/edit/86831847001690?/js_6356af597ebeb154b969e538d3e95f0f/_drupal_sites_default_files_js_js_z1qFDrghecTCI5Rjumn4rMBYPHvd-E4L0DVpS2JCjnw HTTP/1.1" 200 320 "https://blalockdialysiscenter.com/product/edit/86831847001690" "Mozilla/5.0 (Linux; Android 6.0.1; Nexus 5X Build/MMB29P) AppleWebKit/537.36 (KHTML, like Gecko) Chrome/141.0.7390.122 Mobile Safari/537.36 (compatible; Googlebot/2.1; +http://www.google.com/bot.html)" 109 **0/109242**
66.249.69.141 - - [01/Nov/2025:05:28:52 -0700] "GET /?a=45593776061690&mod=dc6a6489&uri=form.php%3Fid%3D1525267-4%26name%3Dfurniture+large+white+cotton+throws+for+sofas HTTP/1.1" 200 22018 "-" "Mozilla/5.0 (Linux; Android 6.0.1; Nexus 5X Build/MMB29P) AppleWebKit/537.36 (KHTML, like Gecko) Chrome/141.0.7390.122 Mobile Safari/537.36 (compatible; Googlebot/2.1; +http://www.google.com/bot.html)" 856 **0/856845**
66.249.69.128 - - [01/Nov/2025:05:28:54 -0700] "GET /product/edit/86831847001690?/js_6356af597ebeb154b969e538d3e95f0f/_drupal_sites_default_files_js_js_i3BGasXGb_pVk8CAUeSJnjMmyNE-bFprX9j4_djQznQ HTTP/1.1" 200 3857 "https://blalockdialysiscenter.com/product/edit/86831847001690" "Mozilla/5.0 (Linux; Android 6.0.1; Nexus 5X Build/MMB29P) AppleWebKit/537.36 (KHTML, like Gecko) Chrome/141.0.7390.122 Mobile Safari/537.36 (compatible; Googlebot/2.1; +http://www.google.com/bot.html)" 128 **0/128267**
66.249.69.141 - - [01/Nov/2025:05:28:53 -0700] "GET /?a=13267474051690&mod=14d2bc47&uri=form.php%3Fid%3D443864-148%26name%3Dmasculino+infantil+liso+corte+de+cabelo+social+cheio HTTP/1.1" 200 21223 "-" "Mozilla/5.0 (Linux; Android 6.0.1; Nexus 5X Build/MMB29P) AppleWebKit/537.36 (KHTML, like Gecko) Chrome/141.0.7390.122 Mobile Safari/537.36 (compatible; Googlebot/2.1; +http://www.google.com/bot.html)" 959 **0/959852**
66.249.69.131 - - [01/Nov/2025:05:28:55 -0700] "GET /product/edit/100159255011690?/js_6356af597ebeb154b969e538d3e95f0f/_drupal_sites_default_files_js_js_z1qFDrghecTCI5Rjumn4rMBYPHvd-E4L0DVpS2JCjnw HTTP/1.1" 200 320 "https://blalockdialysiscenter.com/product/edit/100159255011690" "Mozilla/5.0 (Linux; Android 6.0.1; Nexus 5X Build/MMB29P) AppleWebKit/537.36 (KHTML, like Gecko) Chrome/141.0.7390.122 Mobile Safari/537.36 (compatible; Googlebot/2.1; +http://www.google.com/bot.html)" 108 **0/108333**
66.249.69.129 - - [01/Nov/2025:05:28:54 -0700] "GET /?a=104856044021690&mod=655ea4bd&uri=pin.php%3Fid%3D3508569-15%26name%3Dwinter+cloak+women%27s+wool+cape+with+hood HTTP/1.1" 200 20416 "-" "Mozilla/5.0 (Linux; Android 6.0.1; Nexus 5X Build/MMB29P) AppleWebKit/537.36 (KHTML, like Gecko) Chrome/141.0.7390.122 Mobile Safari/537.36 (compatible; Googlebot/2.1; +http://www.google.com/bot.html)" 959 **0/959246**
66.249.69.141 - - [01/Nov/2025:05:28:55 -0700] "GET /product/edit/100159255011690?/js_6356af597ebeb154b969e538d3e95f0f/_drupal_sites_default_files_js_js_i3BGasXGb_pVk8CAUeSJnjMmyNE-bFprX9j4_djQznQ HTTP/1.1" 200 3857 "https://blalockdialysiscenter.com/product/edit/100159255011690" "Mozilla/5.0 (Linux; Android 6.0.1; Nexus 5X Build/MMB29P) AppleWebKit/537.36 (KHTML, like Gecko) Chrome/141.0.7390.122 Mobile Safari/537.36 (compatible; Googlebot/2.1; +http://www.google.com/bot.html)" 115 **0/115300**
66.249.69.130 - - [01/Nov/2025:05:28:55 -0700] "GET /?a=19578090141690&mod=e744f91c&uri=news.php%3Fid%3D654975-9%26name%3Dapple+2025+apple+tv+listen+with+headphones HTTP/1.1" 200 21062 "-" "Mozilla/5.0 (Linux; Android 6.0.1; Nexus 5X Build/MMB29P) AppleWebKit/537.36 (KHTML, like Gecko) Chrome/141.0.7390.122 Mobile Safari/537.36 (compatible; Googlebot/2.1; +http://www.google.com/bot.html)" 993 **0/993119**
52.167.144.180 - - [01/Nov/2025:05:28:55 -0700] "GET /?a=30692176041690&mod=c80d4a2c&uri=itm.php%3Fid%3D1026696-249%26name%3Dquartz+how+to+tell+if+a+gem+is+a+diamond HTTP/2.0" 200 20196 "-" "Mozilla/5.0 AppleWebKit/537.36 (KHTML, like Gecko; compatible; bingbot/2.0; +http://www.bing.com/bingbot.htm) Chrome/116.0.1938.76 Safari/537.36" 908 **0/908742**
66.249.69.140 - - [01/Nov/2025:05:28:57 -0700] "GET /?a=4144627071690&mod=d98420da&uri=goods.php%3Fid%3D138600-397%26name%3Dtassel+handbags+for+school+new+look HTTP/1.1" 200 20162 "-" "Mozilla/5.0 (Linux; Android 6.0.1; Nexus 5X Build/MMB29P) AppleWebKit/537.36 (KHTML, like Gecko) Chrome/141.0.7390.122 Mobile Safari/537.36 (compatible; Googlebot/2.1; +http://www.google.com/bot.html)" 331 **0/331585**
207.46.13.9 - - [01/Nov/2025:05:28:57 -0700] "GET /?a=33604193001690&mod=44ac09ac&uri=shared.php%3Fid%3D1124137-27%26name%3Dcaterpillar+baby+eric+carle+baby+toys HTTP/2.0" 200 21418 "-" "Mozilla/5.0 AppleWebKit/537.36 (KHTML, like Gecko; compatible; bingbot/2.0; +http://www.bing.com/bingbot.htm) Chrome/116.0.1938.76 Safari/537.36" 309 **0/309172**
66.249.69.129 - - [01/Nov/2025:05:28:58 -0700] "GET /?a=114603964001690&mod=494b9174&uri=pin.php%3Fid%3D3834699-593%26name%3Dtronas+bebe+trona+jane+precio HTTP/1.1" 200 21552 "-" "Mozilla/5.0 (Linux; Android 6.0.1; Nexus 5X Build/MMB29P) AppleWebKit/537.36 (KHTML, like Gecko) Chrome/141.0.7390.122 Mobile Safari/537.36 (compatible; Googlebot/2.1; +http://www.google.com/bot.html)" 554 **0/554845**
66.249.69.130 - - [01/Nov/2025:05:28:58 -0700] "GET /?a=6573726031690&mod=468608d8&uri=brands.php%3Fid%3D219873-669%26name%3Dprice+elie+saab+geschenkset HTTP/1.1" 200 21341 "-" "Mozilla/5.0 (Linux; Android 6.0.1; Nexus 5X Build/MMB29P) AppleWebKit/537.36 (KHTML, like Gecko) Chrome/141.0.7390.122 Mobile Safari/537.36 (compatible; Googlebot/2.1; +http://www.google.com/bot.html)" 585 **0/585295**
66.249.69.129 - - [01/Nov/2025:05:28:59 -0700] "GET /?a=33804217021690&mod=fb4c4860&uri=brands.php%3Fid%3D1130819-40%26name%3Dmotor+bearing+magnetic+ball+bearings HTTP/1.1" 200 20821 "-" "Mozilla/5.0 (Linux; Android 6.0.1; Nexus 5X Build/MMB29P) AppleWebKit/537.36 (KHTML, like Gecko) Chrome/141.0.7390.122 Mobile Safari/537.36 (compatible; Googlebot/2.1; +http://www.google.com/bot.html)" 378 **0/378559**
66.249.69.140 - - [01/Nov/2025:05:28:59 -0700] "GET /?a=27929122141690&mod=fbf53b6b&uri=itm.php%3Fid%3D934308-358%26name%3Dcon+que+crema+me+puedo+depilar+la+cara HTTP/1.1" 200 19863 "-" "Mozilla/5.0 (Linux; Android 6.0.1; Nexus 5X Build/MMB29P) AppleWebKit/537.36 (KHTML, like Gecko) Chrome/141.0.7390.122 Mobile Safari/537.36 (compatible; Googlebot/2.1; +http://www.google.com/bot.html)" 405 **0/405544**
207.46.13.9 - - [01/Nov/2025:05:28:59 -0700] "GET /?a=68137608081690&mod=a8d4c6ab&uri=us.php%3Fid%3D2279617-525%26name%3Dvasos+desechables+plato+base+desechable HTTP/2.0" 200 21423 "-" "Mozilla/5.0 AppleWebKit/537.36 (KHTML, like Gecko; compatible; bingbot/2.0; +http://www.bing.com/bingbot.htm) Chrome/116.0.1938.76 Safari/537.36" 392 **0/392907**
66.249.69.128 - - [01/Nov/2025:05:29:00 -0700] "GET /?a=102242188071690&mod=263a8fc7&uri=blog.php%3Fid%3D3421090-711%26name%3Dbottes+chaussures+femme+think HTTP/1.1" 200 20417 "-" "Mozilla/5.0 (Linux; Android 6.0.1; Nexus 5X Build/MMB29P) AppleWebKit/537.36 (KHTML, like Gecko) Chrome/141.0.7390.122 Mobile Safari/537.36 (compatible; Googlebot/2.1; +http://www.google.com/bot.html)" 298 **0/298479**
207.46.13.9 - - [01/Nov/2025:05:29:00 -0700] "GET /?a=64781491041690&mod=c53efb25&uri=goods.php%3Fid%3D2167349-318%26name%3Dshoe+sale+ssense+footwear HTTP/2.0" 200 21506 "-" "Mozilla/5.0 AppleWebKit/537.36 (KHTML, like Gecko; compatible; bingbot/2.0; +http://www.bing.com/bingbot.htm) Chrome/116.0.1938.76 Safari/537.36" 314 **0/314267**
66.249.72.226 - - [01/Nov/2025:05:29:00 -0700] "GET /?a=64784684031690&mod=7c9c1ec6&uri=us.php%3Fid%3D2167456-270%26name%3Dshoulder+bag+bolso+de+mano+ralph+lauren HTTP/1.1" 200 20721 "-" "Mozilla/5.0 (Linux; Android 6.0.1; Nexus 5X Build/MMB29P) AppleWebKit/537.36 (KHTML, like Gecko) Chrome/141.0.7390.122 Mobile Safari/537.36 (compatible; Googlebot/2.1; +http://www.google.com/bot.html)" 303 **0/303780**
66.249.69.141 - - [01/Nov/2025:05:29:00 -0700] "GET /?a=79015168111690&mod=0cdbec7f&uri=itm.php%3Fid%3D2643763-1825%26name%3Drhinestone+silver+block+heel+closed+toe HTTP/1.1" 200 19772 "-" "Mozilla/5.0 (Linux; Android 6.0.1; Nexus 5X Build/MMB29P) AppleWebKit/537.36 (KHTML, like Gecko) Chrome/141.0.7390.122 Mobile Safari/537.36 (compatible; Googlebot/2.1; +http://www.google.com/bot.html)" 265 **0/265989**
66.249.69.140 - - [01/Nov/2025:05:29:01 -0700] "GET /?a=113731499071690&mod=a9d44cca&uri=category-info.php%3Fid%3D3805508-1010%26name%3Ddior+b27+dior+stussy+sneaker HTTP/1.1" 200 20973 "-" "Mozilla/5.0 (Linux; Android 6.0.1; Nexus 5X Build/MMB29P) AppleWebKit/537.36 (KHTML, like Gecko) Chrome/141.0.7390.122 Mobile Safari/537.36 (compatible; Googlebot/2.1; +http://www.google.com/bot.html)" 382 **0/382490**
66.249.69.130 - - [01/Nov/2025:05:29:01 -0700] "GET /?a=37316489141690&mod=6789016f&uri=us.php%3Fid%3D1248323-1318%26name%3Dnike+air+max+tartan+pack HTTP/1.1" 200 19789 "-" "Mozilla/5.0 (Linux; Android 6.0.1; Nexus 5X Build/MMB29P) AppleWebKit/537.36 (KHTML, like Gecko) Chrome/141.0.7390.122 Mobile Safari/537.36 (compatible; Googlebot/2.1; +http://www.google.com/bot.html)" 335 **0/335119**
66.249.69.128 - - [01/Nov/2025:05:29:02 -0700] "GET /?a=70166433051690&mod=934c067d&uri=shop.php%3Fid%3D2347516-262%26name%3D5ta+generaci%C3%B3n+diferencia+entre+alexa+generacion+y HTTP/1.1" 200 21238 "-" "Mozilla/5.0 (Linux; Android 6.0.1; Nexus 5X Build/MMB29P) AppleWebKit/537.36 (KHTML, like Gecko) Chrome/141.0.7390.122 Mobile Safari/537.36 (compatible; Googlebot/2.1; +http://www.google.com/bot.html)" 348 **0/348707**
66.249.69.140 - - [01/Nov/2025:05:29:02 -0700] "GET /?a=56172714001690&mod=ec4ecf2f&uri=product.php%3Fid%3D1879269-290%26name%3Ddining+room+hernwood+furniture HTTP/1.1" 200 20136 "-" "Mozilla/5.0 (Linux; Android 6.0.1; Nexus 5X Build/MMB29P) AppleWebKit/537.36 (KHTML, like Gecko) Chrome/141.0.7390.122 Mobile Safari/537.36 (compatible; Googlebot/2.1; +http://www.google.com/bot.html)" 327 **0/327928**
66.249.69.140 - - [01/Nov/2025:05:29:02 -0700] "GET /?a=32675936001690&mod=850a40f2&uri=pin.php%3Fid%3D1093075-125%26name%3Dmotorbike+bike+riding+school+near+me HTTP/1.1" 200 21155 "-" "Mozilla/5.0 (Linux; Android 6.0.1; Nexus 5X Build/MMB29P) AppleWebKit/537.36 (KHTML, like Gecko) Chrome/141.0.7390.122 Mobile Safari/537.36 (compatible; Googlebot/2.1; +http://www.google.com/bot.html)" 309 **0/309682**
66.249.69.129 - - [01/Nov/2025:05:29:03 -0700] "GET /?a=26004265001690&mod=628f16b2&uri=shared.php%3Fid%3D869902-112%26name%3Dislanda+pantaloni+escursionismo+uomo HTTP/1.1" 200 21557 "-" "Mozilla/5.0 (Linux; Android 6.0.1; Nexus 5X Build/MMB29P) AppleWebKit/537.36 (KHTML, like Gecko) Chrome/141.0.7390.122 Mobile Safari/537.36 (compatible; Googlebot/2.1; +http://www.google.com/bot.html)" 357 **0/357498**
66.249.69.140 - - [01/Nov/2025:05:29:03 -0700] "GET /?a=102674681101690&mod=0d0f2422&uri=news.php%3Fid%3D3435567-1177%26name%3Dconjuntos+deportivos+pantalon+deporte+embarazada HTTP/1.1" 200 19957 "-" "Mozilla/5.0 (Linux; Android 6.0.1; Nexus 5X Build/MMB29P) AppleWebKit/537.36 (KHTML, like Gecko) Chrome/141.0.7390.122 Mobile Safari/537.36 (compatible; Googlebot/2.1; +http://www.google.com/bot.html)" 302 **0/302138**
66.249.69.141 - - [01/Nov/2025:05:29:04 -0700] "GET /?a=110094916061690&mod=e744f91c&uri=form.php%3Fid%3D3683927-9%26name%3Dsteelseries+arctis+pro+best+headset+for+apex+legends HTTP/1.1" 200 21383 "-" "Mozilla/5.0 (Linux; Android 6.0.1; Nexus 5X Build/MMB29P) AppleWebKit/537.36 (KHTML, like Gecko) Chrome/141.0.7390.122 Mobile Safari/537.36 (compatible; Googlebot/2.1; +http://www.google.com/bot.html)" 370 **0/370016**
66.249.69.130 - - [01/Nov/2025:05:29:05 -0700] "GET /?a=29124405061690&mod=c6927253&uri=goods.php%3Fid%3D974270-550%26name%3Dsweat+shorts+diy+running+shorts HTTP/1.1" 200 20164 "-" "Mozilla/5.0 (Linux; Android 6.0.1; Nexus 5X Build/MMB29P) AppleWebKit/537.36 (KHTML, like Gecko) Chrome/141.0.7390.122 Mobile Safari/537.36 (compatible; Googlebot/2.1; +http://www.google.com/bot.html)" 277 **0/277795**
66.249.69.140 - - [01/Nov/2025:05:29:05 -0700] "GET /?a=16896171011690&mod=0b5b89bb&uri=form.php%3Fid%3D565248-1228%26name%3Dcardinals+merchandise+st+louis+cardinals+team+shop HTTP/1.1" 200 20607 "-" "Mozilla/5.0 (Linux; Android 6.0.1; Nexus 5X Build/MMB29P) AppleWebKit/537.36 (KHTML, like Gecko) Chrome/141.0.7390.122 Mobile Safari/537.36 (compatible; Googlebot/2.1; +http://www.google.com/bot.html)" 316 **0/316997**
52.167.144.180 - - [01/Nov/2025:05:29:05 -0700] "GET /?a=68187050011690&mod=eeb835dc&uri=info.php%3Fid%3D2281270-425%26name%3Dfast+motion+hd+slow+motion+app HTTP/2.0" 200 21023 "-" "Mozilla/5.0 AppleWebKit/537.36 (KHTML, like Gecko; compatible; bingbot/2.0; +http://www.bing.com/bingbot.htm) Chrome/116.0.1938.76 Safari/537.36" 596 **0/596418**
66.249.69.129 - - [01/Nov/2025:05:29:05 -0700] "GET /?a=37044522031690&mod=cc3f9686&uri=pin.php%3Fid%3D1239238-721%26name%3Devga+geforce+16+series+graphics+card HTTP/1.1" 200 20810 "-" "Mozilla/5.0 (Linux; Android 6.0.1; Nexus 5X Build/MMB29P) AppleWebKit/537.36 (KHTML, like Gecko) Chrome/141.0.7390.122 Mobile Safari/537.36 (compatible; Googlebot/2.1; +http://www.google.com/bot.html)" 637 **0/637860**
66.249.69.140 - - [01/Nov/2025:05:29:06 -0700] "GET /?a=53247840041690&mod=17cb0fd7&uri=news.php%3Fid%3D1781371-346%26name%3D670p+2tb+intel+670p+512gb HTTP/1.1" 200 21599 "-" "Mozilla/5.0 (Linux; Android 6.0.1; Nexus 5X Build/MMB29P) AppleWebKit/537.36 (KHTML, like Gecko) Chrome/141.0.7390.122 Mobile Safari/537.36 (compatible; Googlebot/2.1; +http://www.google.com/bot.html)" 752 **0/752819**
66.249.69.141 - - [01/Nov/2025:05:29:06 -0700] "GET /?a=12341042001690&mod=a2e8e57d&uri=form.php%3Fid%3D412895-196%26name%3Dprimi+passi+mocassini+da+bambino HTTP/1.1" 200 20842 "-" "Mozilla/5.0 (Linux; Android 6.0.1; Nexus 5X Build/MMB29P) AppleWebKit/537.36 (KHTML, like Gecko) Chrome/141.0.7390.122 Mobile Safari/537.36 (compatible; Googlebot/2.1; +http://www.google.com/bot.html)" 747 **0/747279**
66.249.69.128 - - [01/Nov/2025:05:29:07 -0700] "GET /?a=54875962011690&mod=cc3f9686&uri=article.php%3Fid%3D1835866-721%26name%3Dvulkan+api+amd+gpu+api HTTP/1.1" 200 20763 "-" "Mozilla/5.0 (Linux; Android 6.0.1; Nexus 5X Build/MMB29P) AppleWebKit/537.36 (KHTML, like Gecko) Chrome/141.0.7390.122 Mobile Safari/537.36 (compatible; Googlebot/2.1; +http://www.google.com/bot.html)" 895 **0/895503**
66.249.69.128 - - [01/Nov/2025:05:29:07 -0700] "GET /?a=4291587011690&mod=b4f124c6&uri=article.php%3Fid%3D143516-728%26name%3Dvs+original+vans+tarocche HTTP/1.1" 200 20950 "-" "Mozilla/5.0 (Linux; Android 6.0.1; Nexus 5X Build/MMB29P) AppleWebKit/537.36 (KHTML, like Gecko) Chrome/141.0.7390.122 Mobile Safari/537.36 (compatible; Googlebot/2.1; +http://www.google.com/bot.html)" 824 **0/824691**
66.249.69.140 - - [01/Nov/2025:05:29:08 -0700] "GET /?a=113265726011690&mod=9a7c7917&uri=blog.php%3Fid%3D3789928-1412%26name%3Dcasual+shoes+onitsuka+tiger+ultimate+81+womens+2017 HTTP/1.1" 200 21154 "-" "Mozilla/5.0 (Linux; Android 6.0.1; Nexus 5X Build/MMB29P) AppleWebKit/537.36 (KHTML, like Gecko) Chrome/141.0.7390.122 Mobile Safari/537.36 (compatible; Googlebot/2.1; +http://www.google.com/bot.html)" 792 **0/792791**
66.249.69.129 - - [01/Nov/2025:05:29:08 -0700] "GET /?a=42756635081690&mod=0eb71de4&uri=shop.php%3Fid%3D1430329-598%26name%3Dmountain+bike+bike+seat+clamp+halfords HTTP/1.1" 200 20385 "-" "Mozilla/5.0 (Linux; Android 6.0.1; Nexus 5X Build/MMB29P) AppleWebKit/537.36 (KHTML, like Gecko) Chrome/141.0.7390.122 Mobile Safari/537.36 (compatible; Googlebot/2.1; +http://www.google.com/bot.html)" 820 **0/820017**
66.249.69.140 - - [01/Nov/2025:05:29:09 -0700] "GET /?a=43564753051690&mod=ab74cae5&uri=article.php%3Fid%3D1457374-390%26name%3Dfurniture+minimalis+series+apple+watch+42 HTTP/1.1" 200 20635 "-" "Mozilla/5.0 (Linux; Android 6.0.1; Nexus 5X Build/MMB29P) AppleWebKit/537.36 (KHTML, like Gecko) Chrome/141.0.7390.122 Mobile Safari/537.36 (compatible; Googlebot/2.1; +http://www.google.com/bot.html)" 824 **0/824944**
66.249.69.129 - - [01/Nov/2025:05:29:09 -0700] "GET /?a=36860569041690&mod=d0234892&uri=blog.php%3Fid%3D1233091-1642%26name%3Dsneaker+deals+air+max+95+noir+et+or HTTP/1.1" 200 19824 "-" "Mozilla/5.0 (Linux; Android 6.0.1; Nexus 5X Build/MMB29P) AppleWebKit/537.36 (KHTML, like Gecko) Chrome/141.0.7390.122 Mobile Safari/537.36 (compatible; Googlebot/2.1; +http://www.google.com/bot.html)" 896 **0/896080**
66.249.69.129 - - [01/Nov/2025:05:29:10 -0700] "GET /?a=54880762011690&mod=cc3f9686&uri=us.php%3Fid%3D1836026-721%26name%3Drtx+3090+asus+tuf+rtx+3080+oc+gaming+10gb HTTP/1.1" 200 20928 "-" "Mozilla/5.0 (Linux; Android 6.0.1; Nexus 5X Build/MMB29P) AppleWebKit/537.36 (KHTML, like Gecko) Chrome/141.0.7390.122 Mobile Safari/537.36 (compatible; Googlebot/2.1; +http://www.google.com/bot.html)" 901 **0/901798**
207.46.13.155 - - [01/Nov/2025:05:29:10 -0700] "GET /product/edit/19672698011690 HTTP/2.0" 200 20814 "-" "Mozilla/5.0 AppleWebKit/537.36 (KHTML, like Gecko; compatible; bingbot/2.0; +http://www.bing.com/bingbot.htm) Chrome/116.0.1938.76 Safari/537.36" 990 **0/990994**
66.249.69.140 - - [01/Nov/2025:05:29:10 -0700] "GET /?a=88858878001690&mod=e744f91c&uri=brands.php%3Fid%3D2973145-9%26name%3Doptical+mini+audio+jack HTTP/1.1" 200 21400 "-" "Mozilla/5.0 (Linux; Android 6.0.1; Nexus 5X Build/MMB29P) AppleWebKit/537.36 (KHTML, like Gecko) Chrome/141.0.7390.122 Mobile Safari/537.36 (compatible; Googlebot/2.1; +http://www.google.com/bot.html)" 981 **0/981602**
66.249.69.129 - - [01/Nov/2025:05:29:11 -0700] "GET /?a=112558481031690&mod=d74a5ee4&uri=category-info.php%3Fid%3D3766293-564%26name%3Dbolsos+bandolera+mujer+bolsos+rafia+en+amazon HTTP/1.1" 200 21179 "-" "Mozilla/5.0 (Linux; Android 6.0.1; Nexus 5X Build/MMB29P) AppleWebKit/537.36 (KHTML, like Gecko) Chrome/141.0.7390.122 Mobile Safari/537.36 (compatible; Googlebot/2.1; +http://www.google.com/bot.html)" 828 **0/828519**
66.249.69.128 - - [01/Nov/2025:05:29:11 -0700] "GET /?a=63999943051690&mod=b0dde169&uri=shared.php%3Fid%3D2141208-236%26name%3Dmansion+playset+scooby+doo+haunted+house+playmobil HTTP/1.1" 200 20720 "-" "Mozilla/5.0 (Linux; Android 6.0.1; Nexus 5X Build/MMB29P) AppleWebKit/537.36 (KHTML, like Gecko) Chrome/141.0.7390.122 Mobile Safari/537.36 (compatible; Googlebot/2.1; +http://www.google.com/bot.html)" 801 **0/801991**
66.249.69.129 - - [01/Nov/2025:05:29:11 -0700] "GET /?a=87038457141690&mod=98ab5ebd&uri=goods.php%3Fid%3D2912228-1783%26name%3Doz+derek+lam+10+crosby+perfume+2am+kiss HTTP/1.1" 200 20101 "-" "Mozilla/5.0 (Linux; Android 6.0.1; Nexus 5X Build/MMB29P) AppleWebKit/537.36 (KHTML, like Gecko) Chrome/141.0.7390.122 Mobile Safari/537.36 (compatible; Googlebot/2.1; +http://www.google.com/bot.html)" 643 **0/643720**
66.249.69.140 - - [01/Nov/2025:05:29:12 -0700] "GET /?a=33703688071690&mod=308fa1ba&uri=shared.php%3Fid%3D1127462-354%26name%3Dwear+plazo+designer+suit+plazo+wale HTTP/1.1" 200 21161 "-" "Mozilla/5.0 (Linux; Android 6.0.1; Nexus 5X Build/MMB29P) AppleWebKit/537.36 (KHTML, like Gecko) Chrome/141.0.7390.122 Mobile Safari/537.36 (compatible; Googlebot/2.1; +http://www.google.com/bot.html)" 809 **0/809809**
207.46.13.155 - - [01/Nov/2025:05:29:12 -0700] "GET /?a=102840012001690&mod=2adafb1b&uri=shared.php%3Fid%3D3441101-61%26name%3Dveste+oversize+maje+veste+cuir HTTP/2.0" 200 21179 "-" "Mozilla/5.0 AppleWebKit/537.36 (KHTML, like Gecko; compatible; bingbot/2.0; +http://www.bing.com/bingbot.htm) Chrome/116.0.1938.76 Safari/537.36" 742 **0/742578**
66.249.69.140 - - [01/Nov/2025:05:29:12 -0700] "GET /?a=37248046051690&mod=870271b3&uri=search.php%3Fid%3D1246038-160%26name%3Dnew+jeans+style+girl HTTP/1.1" 200 21264 "-" "Mozilla/5.0 (Linux; Android 6.0.1; Nexus 5X Build/MMB29P) AppleWebKit/537.36 (KHTML, like Gecko) Chrome/141.0.7390.122 Mobile Safari/537.36 (compatible; Googlebot/2.1; +http://www.google.com/bot.html)" 880 **0/880072**
66.249.69.128 - - [01/Nov/2025:05:29:13 -0700] "GET /?a=108621067091690&mod=70d706e7&uri=pin.php%3Fid%3D3634600-731%26name%3Dhpi+savage+auto+a+scoppio+monster+truck HTTP/1.1" 200 20066 "-" "Mozilla/5.0 (Linux; Android 6.0.1; Nexus 5X Build/MMB29P) AppleWebKit/537.36 (KHTML, like Gecko) Chrome/141.0.7390.122 Mobile Safari/537.36 (compatible; Googlebot/2.1; +http://www.google.com/bot.html)" 944 **0/944120**
66.249.69.141 - - [01/Nov/2025:05:29:13 -0700] "GET /?a=96868067101690&mod=87eaf855&uri=info.php%3Fid%3D3241200-712%26name%3Dnike+shoes+nike+presto+sock HTTP/1.1" 200 21180 "-" "Mozilla/5.0 (Linux; Android 6.0.1; Nexus 5X Build/MMB29P) AppleWebKit/537.36 (KHTML, like Gecko) Chrome/141.0.7390.122 Mobile Safari/537.36 (compatible; Googlebot/2.1; +http://www.google.com/bot.html)" 1127 **1/1127810**
66.249.69.140 - - [01/Nov/2025:05:29:15 -0700] "GET /?a=38733570041690&mod=54a96ac3&uri=blog.php%3Fid%3D1295719-314%26name%3Dwedding+signs+disposable+cameras+for+wedding+tables HTTP/1.1" 200 20014 "-" "Mozilla/5.0 (Linux; Android 6.0.1; Nexus 5X Build/MMB29P) AppleWebKit/537.36 (KHTML, like Gecko) Chrome/141.0.7390.122 Mobile Safari/537.36 (compatible; Googlebot/2.1; +http://www.google.com/bot.html)" 912 **0/912065**
66.249.69.128 - - [01/Nov/2025:05:29:15 -0700] "GET /?a=28075779011690&mod=f373c0ea&uri=article.php%3Fid%3D939218-573%26name%3Dsnxs79+seiko+snxs79j HTTP/1.1" 200 21133 "-" "Mozilla/5.0 (Linux; Android 6.0.1; Nexus 5X Build/MMB29P) AppleWebKit/537.36 (KHTML, like Gecko) Chrome/141.0.7390.122 Mobile Safari/537.36 (compatible; Googlebot/2.1; +http://www.google.com/bot.html)" 959 **0/959902**
66.249.69.140 - - [01/Nov/2025:05:29:16 -0700] "GET /?a=37925016051690&mod=6716543c&uri=form.php%3Fid%3D1268670-557%26name%3Dvestidos+largos+pinterest+moda+vestidos+de+fiesta HTTP/1.1" 200 21146 "-" "Mozilla/5.0 (Linux; Android 6.0.1; Nexus 5X Build/MMB29P) AppleWebKit/537.36 (KHTML, like Gecko) Chrome/141.0.7390.122 Mobile Safari/537.36 (compatible; Googlebot/2.1; +http://www.google.com/bot.html)" 1092 **1/1092014**
66.249.69.128 - - [01/Nov/2025:05:29:16 -0700] "GET /?a=37933402081690&mod=2d6893a5&uri=us.php%3Fid%3D1268950-555%26name%3Dplayeras+deportivas+crear+camisetas+de+futbol HTTP/1.1" 200 19790 "-" "Mozilla/5.0 (Linux; Android 6.0.1; Nexus 5X Build/MMB29P) AppleWebKit/537.36 (KHTML, like Gecko) Chrome/141.0.7390.122 Mobile Safari/537.36 (compatible; Googlebot/2.1; +http://www.google.com/bot.html)" 1017 **1/1017001**
207.46.13.9 - - [01/Nov/2025:05:29:17 -0700] "GET /?a=45790663071690&mod=7eb7eabb&uri=us.php%3Fid%3D1531856-17%26name%3Dcasio+g+baby+g+world+time HTTP/2.0" 200 20523 "-" "Mozilla/5.0 AppleWebKit/537.36 (KHTML, like Gecko; compatible; bingbot/2.0; +http://www.bing.com/bingbot.htm) Chrome/116.0.1938.76 Safari/537.36" 1046 **1/1046261**
66.249.69.128 - - [01/Nov/2025:05:29:17 -0700] "GET /?a=64825885051690&mod=52806725&uri=itm.php%3Fid%3D2168840-643%26name%3Drobe+africaine+robe+evasee+femme HTTP/1.1" 200 21140 "-" "Mozilla/5.0 (Linux; Android 6.0.1; Nexus 5X Build/MMB29P) AppleWebKit/537.36 (KHTML, like Gecko) Chrome/141.0.7390.122 Mobile Safari/537.36 (compatible; Googlebot/2.1; +http://www.google.com/bot.html)" 1045 **1/1045926**
66.249.69.128 - - [01/Nov/2025:05:29:17 -0700] "GET /?a=51746230031690&mod=494b9174&uri=search.php%3Fid%3D1731118-593%26name%3Dbershka+espa%C3%B1a+camiseta+nadadora+bershka HTTP/1.1" 200 21679 "-" "Mozilla/5.0 (Linux; Android 6.0.1; Nexus 5X Build/MMB29P) AppleWebKit/537.36 (KHTML, like Gecko) Chrome/141.0.7390.122 Mobile Safari/537.36 (compatible; Googlebot/2.1; +http://www.google.com/bot.html)" 1070 **1/1070511**
66.249.69.140 - - [01/Nov/2025:05:29:18 -0700] "GET /?a=114204019051690&mod=bb2ab638&uri=info.php%3Fid%3D3821330-632%26name%3Dbest+selling+game+for+nintendo+switch HTTP/1.1" 200 21011 "-" "Mozilla/5.0 (Linux; Android 6.0.1; Nexus 5X Build/MMB29P) AppleWebKit/537.36 (KHTML, like Gecko) Chrome/141.0.7390.122 Mobile Safari/537.36 (compatible; Googlebot/2.1; +http://www.google.com/bot.html)" 1054 **1/1054955**
66.249.69.141 - - [01/Nov/2025:05:29:18 -0700] "GET /?a=114202579021690&mod=b579d45d&uri=info.php%3Fid%3D3821282-640%26name%3Dwide+leg+two+piece+jumpsuit HTTP/1.1" 200 20995 "-" "Mozilla/5.0 (Linux; Android 6.0.1; Nexus 5X Build/MMB29P) AppleWebKit/537.36 (KHTML, like Gecko) Chrome/141.0.7390.122 Mobile Safari/537.36 (compatible; Googlebot/2.1; +http://www.google.com/bot.html)" 1037 **1/1037419**
66.249.69.140 - - [01/Nov/2025:05:29:19 -0700] "GET /?a=26794704111690&mod=abbcf606&uri=news.php%3Fid%3D896344-169%26name%3Daesthetic+shadow+the+hedgehog+backpack HTTP/1.1" 200 20541 "-" "Mozilla/5.0 (Linux; Android 6.0.1; Nexus 5X Build/MMB29P) AppleWebKit/537.36 (KHTML, like Gecko) Chrome/141.0.7390.122 Mobile Safari/537.36 (compatible; Googlebot/2.1; +http://www.google.com/bot.html)" 1127 **1/1127326**
66.249.69.140 - - [01/Nov/2025:05:29:20 -0700] "GET /?a=52516935001690&mod=11dd08ef&uri=blog.php%3Fid%3D1756899-98%26name%3Dmercurial+superfly+nike+mercurial+vapor+pe+modric HTTP/1.1" 200 21085 "-" "Mozilla/5.0 (Linux; Android 6.0.1; Nexus 5X Build/MMB29P) AppleWebKit/537.36 (KHTML, like Gecko) Chrome/141.0.7390.122 Mobile Safari/537.36 (compatible; Googlebot/2.1; +http://www.google.com/bot.html)" 1148 **1/1148082**
66.249.69.129 - - [01/Nov/2025:05:29:21 -0700] "GET /?a=71344501071690&mod=a7d3468a&uri=info.php%3Fid%3D2386970-597%26name%3Doxford+shirt+white+long+sleeve+ralph+lauren+shirt HTTP/1.1" 200 20501 "-" "Mozilla/5.0 (Linux; Android 6.0.1; Nexus 5X Build/MMB29P) AppleWebKit/537.36 (KHTML, like Gecko) Chrome/141.0.7390.122 Mobile Safari/537.36 (compatible; Googlebot/2.1; +http://www.google.com/bot.html)" 776 **0/776480**
66.249.69.141 - - [01/Nov/2025:05:29:21 -0700] "GET /?a=3357031001690&mod=c86038fe&uri=goods.php%3Fid%3D112257-123%26name%3Ddura+ace+lockring+cassette HTTP/1.1" 200 20717 "-" "Mozilla/5.0 (Linux; Android 6.0.1; Nexus 5X Build/MMB29P) AppleWebKit/537.36 (KHTML, like Gecko) Chrome/141.0.7390.122 Mobile Safari/537.36 (compatible; Googlebot/2.1; +http://www.google.com/bot.html)" 719 **0/719921**
66.249.69.140 - - [01/Nov/2025:05:29:21 -0700] "GET /?a=30538810071690&mod=dffe93f9&uri=news.php%3Fid%3D1021570-466%26name%3Dadidas+ch%C3%83%C2%A1ndal+de+deporte HTTP/1.1" 200 20747 "-" "Mozilla/5.0 (Linux; Android 6.0.1; Nexus 5X Build/MMB29P) AppleWebKit/537.36 (KHTML, like Gecko) Chrome/141.0.7390.122 Mobile Safari/537.36 (compatible; Googlebot/2.1; +http://www.google.com/bot.html)" 1127 **1/1127932**
66.249.69.140 - - [01/Nov/2025:05:29:22 -0700] "GET /?a=83962989041690&mod=ee6db913&uri=form.php%3Fid%3D2809262-120%26name%3Dsurveillance+camera+canavis+dvr+manual HTTP/1.1" 200 21059 "-" "Mozilla/5.0 (Linux; Android 6.0.1; Nexus 5X Build/MMB29P) AppleWebKit/537.36 (KHTML, like Gecko) Chrome/141.0.7390.122 Mobile Safari/537.36 (compatible; Googlebot/2.1; +http://www.google.com/bot.html)" 1319 **1/1319462**
66.249.69.141 - - [01/Nov/2025:05:29:23 -0700] "GET /?a=89587084031690&mod=01392668&uri=form.php%3Fid%3D2997487-272%26name%3Dpaw+print+small+dog+urns+for+ashes HTTP/1.1" 200 21391 "-" "Mozilla/5.0 (Linux; Android 6.0.1; Nexus 5X Build/MMB29P) AppleWebKit/537.36 (KHTML, like Gecko) Chrome/141.0.7390.122 Mobile Safari/537.36 (compatible; Googlebot/2.1; +http://www.google.com/bot.html)" 1315 **1/1315890**
66.249.69.141 - - [01/Nov/2025:05:29:24 -0700] "GET /?a=25971629121690&mod=3ea68227&uri=article.php%3Fid%3D868810-743%26name%3Dcroch%C3%A3%C2%AA+sapatinho+sapatinho+vermelho+de+croche+para+bebe HTTP/1.1" 200 21175 "-" "Mozilla/5.0 (Linux; Android 6.0.1; Nexus 5X Build/MMB29P) AppleWebKit/537.36 (KHTML, like Gecko) Chrome/141.0.7390.122 Mobile Safari/537.36 (compatible; Googlebot/2.1; +http://www.google.com/bot.html)" 1156 **1/1156077**
66.249.69.128 - - [01/Nov/2025:05:29:25 -0700] "GET /?a=30608427001690&mod=0c74b7f7&uri=product.php%3Fid%3D1023897-3%26name%3Dhealthrider+h20t+treadmill+healthrider+softstrider+treadmill+manual HTTP/1.1" 200 21346 "-" "Mozilla/5.0 (Linux; Android 6.0.1; Nexus 5X Build/MMB29P) AppleWebKit/537.36 (KHTML, like Gecko) Chrome/141.0.7390.122 Mobile Safari/537.36 (compatible; Googlebot/2.1; +http://www.google.com/bot.html)" 1179 **1/1179657**
66.249.72.226 - - [01/Nov/2025:05:29:26 -0700] "GET /?a=71544100001690&mod=fd59225c&uri=shop.php%3Fid%3D2393659-1121%26name%3Dhunting+apparel+under+armour+hunting+base+layer HTTP/1.1" 200 20582 "-" "Mozilla/5.0 (Linux; Android 6.0.1; Nexus 5X Build/MMB29P) AppleWebKit/537.36 (KHTML, like Gecko) Chrome/141.0.7390.122 Mobile Safari/537.36 (compatible; Googlebot/2.1; +http://www.google.com/bot.html)" 1126 **1/1126778**
66.249.69.141 - - [01/Nov/2025:05:29:26 -0700] "GET /?a=4131508061690&mod=ff62b2ef&uri=pin.php%3Fid%3D138162-638%26name%3Dvestidos+sencillos+como+hacer+vestidos+f%C3%83%C2%A1ciles HTTP/1.1" 200 21475 "-" "Mozilla/5.0 (Linux; Android 6.0.1; Nexus 5X Build/MMB29P) AppleWebKit/537.36 (KHTML, like Gecko) Chrome/141.0.7390.122 Mobile Safari/537.36 (compatible; Googlebot/2.1; +http://www.google.com/bot.html)" 1150 **1/1150524**
66.249.69.129 - - [01/Nov/2025:05:29:27 -0700] "GET /?a=85734354041690&mod=ee6db913&uri=product.php%3Fid%3D2868597-120%26name%3Dnight+vision+zclever+dvr+manual HTTP/1.1" 200 20483 "-" "Mozilla/5.0 (Linux; Android 6.0.1; Nexus 5X Build/MMB29P) AppleWebKit/537.36 (KHTML, like Gecko) Chrome/141.0.7390.122 Mobile Safari/537.36 (compatible; Googlebot/2.1; +http://www.google.com/bot.html)" 969 **0/969307**
66.249.69.141 - - [01/Nov/2025:05:29:27 -0700] "GET /?a=83699743021690&mod=b275aac1&uri=itm.php%3Fid%3D2800461-429%26name%3Dcity+away+jersey+man+city+yellow+and+pink+kit HTTP/1.1" 200 20772 "-" "Mozilla/5.0 (Linux; Android 6.0.1; Nexus 5X Build/MMB29P) AppleWebKit/537.36 (KHTML, like Gecko) Chrome/141.0.7390.122 Mobile Safari/537.36 (compatible; Googlebot/2.1; +http://www.google.com/bot.html)" 894 **0/894978**
66.249.69.128 - - [01/Nov/2025:05:29:28 -0700] "GET /?a=3788575001690&mod=4c26774d&uri=products.php%3Fid%3D126689-58%26name%3Dfahrrad+ebike+beste HTTP/1.1" 200 20794 "-" "Mozilla/5.0 (Linux; Android 6.0.1; Nexus 5X Build/MMB29P) AppleWebKit/537.36 (KHTML, like Gecko) Chrome/141.0.7390.122 Mobile Safari/537.36 (compatible; Googlebot/2.1; +http://www.google.com/bot.html)" 1058 **1/1058423**
66.249.69.141 - - [01/Nov/2025:05:29:28 -0700] "GET /?a=46588620001690&mod=2b4c9cfa&uri=pin.php%3Fid%3D1558535-180%26name%3Delectric+heater+dimplex+dxff30tsn+3kw+fan+heater HTTP/1.1" 200 21074 "-" "Mozilla/5.0 (Linux; Android 6.0.1; Nexus 5X Build/MMB29P) AppleWebKit/537.36 (KHTML, like Gecko) Chrome/141.0.7390.122 Mobile Safari/537.36 (compatible; Googlebot/2.1; +http://www.google.com/bot.html)" 1071 **1/1071929**
66.249.69.140 - - [01/Nov/2025:05:29:29 -0700] "GET /?a=104763243031690&mod=4c26774d&uri=info.php%3Fid%3D3505455-58%26name%3Dmountain+bike+scott+aspect+730+blue+grey HTTP/1.1" 200 21551 "-" "Mozilla/5.0 (Linux; Android 6.0.1; Nexus 5X Build/MMB29P) AppleWebKit/537.36 (KHTML, like Gecko) Chrome/141.0.7390.122 Mobile Safari/537.36 (compatible; Googlebot/2.1; +http://www.google.com/bot.html)" 1062 **1/1062512**
66.249.69.140 - - [01/Nov/2025:05:29:29 -0700] "GET /?a=83357319031690&mod=340725bb&uri=blog.php%3Fid%3D2789017-776%26name%3Dkawhi+leonard+mamba+academy+nba+players HTTP/1.1" 200 20974 "-" "Mozilla/5.0 (Linux; Android 6.0.1; Nexus 5X Build/MMB29P) AppleWebKit/537.36 (KHTML, like Gecko) Chrome/141.0.7390.122 Mobile Safari/537.36 (compatible; Googlebot/2.1; +http://www.google.com/bot.html)" 1016 **1/1016394**
66.249.69.140 - - [01/Nov/2025:05:29:30 -0700] "GET /?a=88475525011690&mod=83e1fbae&uri=blog.php%3Fid%3D2960328-1005%26name%3Dblack+dress+womens+leather+dress+boots+low+heel HTTP/1.1" 200 21445 "-" "Mozilla/5.0 (Linux; Android 6.0.1; Nexus 5X Build/MMB29P) AppleWebKit/537.36 (KHTML, like Gecko) Chrome/141.0.7390.122 Mobile Safari/537.36 (compatible; Googlebot/2.1; +http://www.google.com/bot.html)" 1017 **1/1017542**
66.249.69.140 - - [01/Nov/2025:05:29:31 -0700] "GET /?a=81039978021690&mod=61b6369e&uri=shared.php%3Fid%3D2711476-774%26name%3Dathletic+shoes+jubilees+shoes HTTP/1.1" 200 20374 "-" "Mozilla/5.0 (Linux; Android 6.0.1; Nexus 5X Build/MMB29P) AppleWebKit/537.36 (KHTML, like Gecko) Chrome/141.0.7390.122 Mobile Safari/537.36 (compatible; Googlebot/2.1; +http://www.google.com/bot.html)" 946 **0/946470**
66.249.69.141 - - [01/Nov/2025:05:29:31 -0700] "GET /?a=4599128041690&mod=500adf40&uri=itm.php%3Fid%3D153797-751%26name%3Dnew+phone+sync+photos+with+apple+watch HTTP/1.1" 200 20442 "-" "Mozilla/5.0 (Linux; Android 6.0.1; Nexus 5X Build/MMB29P) AppleWebKit/537.36 (KHTML, like Gecko) Chrome/141.0.7390.122 Mobile Safari/537.36 (compatible; Googlebot/2.1; +http://www.google.com/bot.html)" 1094 **1/1094930**
66.249.69.129 - - [01/Nov/2025:05:29:32 -0700] "GET /?a=32460591121690&mod=d41b4390&uri=goods.php%3Fid%3D1085869-427%26name%3Dpantaloni+estivi+pantaloni+in+cotone+con+elastico+in+vita HTTP/1.1" 200 20516 "-" "Mozilla/5.0 (Linux; Android 6.0.1; Nexus 5X Build/MMB29P) AppleWebKit/537.36 (KHTML, like Gecko) Chrome/141.0.7390.122 Mobile Safari/537.36 (compatible; Googlebot/2.1; +http://www.google.com/bot.html)" 1112 **1/1112970**
66.249.69.128 - - [01/Nov/2025:05:29:33 -0700] "GET /?a=86132813021690&mod=4b8cdf66&uri=itm.php%3Fid%3D2881925-261%26name%3Diom+tt+arai+rx+7v+racing+2020 HTTP/1.1" 200 21417 "-" "Mozilla/5.0 (Linux; Android 6.0.1; Nexus 5X Build/MMB29P) AppleWebKit/537.36 (KHTML, like Gecko) Chrome/141.0.7390.122 Mobile Safari/537.36 (compatible; Googlebot/2.1; +http://www.google.com/bot.html)" 1130 **1/1130180**
66.249.69.140 - - [01/Nov/2025:05:29:33 -0700] "GET /?a=67853925061690&mod=054f8880&uri=itm.php%3Fid%3D2270125-396%26name%3Dsequin+burgundy+formal+dress+with+sleeves HTTP/1.1" 200 21155 "-" "Mozilla/5.0 (Linux; Android 6.0.1; Nexus 5X Build/MMB29P) AppleWebKit/537.36 (KHTML, like Gecko) Chrome/141.0.7390.122 Mobile Safari/537.36 (compatible; Googlebot/2.1; +http://www.google.com/bot.html)" 1055 **1/1055079**
66.249.72.226 - - [01/Nov/2025:05:29:34 -0700] "GET /?/js_757ed0132a844208f409fbb5067dfa2d/_drupal_sites_default_files_js_js_i3BGasXGb_pVk8CAUeSJnjMmyNE-bFprX9j4_djQznQ HTTP/1.1" 200 3857 "https://www.blalockdialysiscenter.com/?a=71544100001690&mod=fd59225c&uri=shop.php%3Fid%3D2393659-1121%26name%3Dhunting+apparel+under+armour+hunting+base+layer" "Mozilla/5.0 (Linux; Android 6.0.1; Nexus 5X Build/MMB29P) AppleWebKit/537.36 (KHTML, like Gecko) Chrome/141.0.7390.122 Mobile Safari/537.36 (compatible; Googlebot/2.1; +http://www.google.com/bot.html)" 121 **0/121331**
66.249.69.130 - - [01/Nov/2025:05:29:35 -0700] "GET /?a=90947756081690&mod=3ea68227&uri=dp.php%3Fid%3D3043061-743%26name%3Dtamanco+anabela+metalizada HTTP/1.1" 200 20595 "-" "Mozilla/5.0 (Linux; Android 6.0.1; Nexus 5X Build/MMB29P) AppleWebKit/537.36 (KHTML, like Gecko) Chrome/141.0.7390.122 Mobile Safari/537.36 (compatible; Googlebot/2.1; +http://www.google.com/bot.html)" 760 **0/760157**
66.249.69.130 - - [01/Nov/2025:05:29:35 -0700] "GET /?a=36940590011690&mod=2ff56dc2&uri=dp.php%3Fid%3D1235764-1364%26name%3Dadelgazar+rapido+que+ejercicios+hacer+para+bajar+de+peso+en+casa HTTP/1.1" 200 20196 "-" "Mozilla/5.0 (Linux; Android 6.0.1; Nexus 5X Build/MMB29P) AppleWebKit/537.36 (KHTML, like Gecko) Chrome/141.0.7390.122 Mobile Safari/537.36 (compatible; Googlebot/2.1; +http://www.google.com/bot.html)" 703 **0/703044**
