66.249.72.226 - - [01/Nov/2025:05:46:32 -0700] "GET /?a=72951433011690&mod=e1228be4&uri=goods.php%3Fid%3D2440746-36%26name%3Dvehicle+ninjago+pirate HTTP/1.1" 200 21321 "-" "Mozilla/5.0 (Linux; Android 6.0.1; Nexus 5X Build/MMB29P) AppleWebKit/537.36 (KHTML, like Gecko) Chrome/141.0.7390.122 Mobile Safari/537.36 (compatible; Googlebot/2.1; +http://www.google.com/bot.html)" 1177 **1/1177737**
207.46.13.130 - - [01/Nov/2025:05:46:32 -0700] "GET /?a=2536466021690&mod=eaac44ee&uri=dp.php%3Fid%3D84795-419%26name%3Dapple+watch+se+cellular+44mm HTTP/2.0" 200 21447 "-" "Mozilla/5.0 AppleWebKit/537.36 (KHTML, like Gecko; compatible; bingbot/2.0; +http://www.bing.com/bingbot.htm) Chrome/116.0.1938.76 Safari/537.36" 878 **0/878967**
66.249.69.141 - - [01/Nov/2025:05:46:32 -0700] "GET /?a=50860084071690&mod=edb554ed&uri=news.php%3Fid%3D1701468-1746%26name%3Dframe+le+original+step+hem+high+waist+jeans HTTP/1.1" 200 20490 "-" "Mozilla/5.0 (Linux; Android 6.0.1; Nexus 5X Build/MMB29P) AppleWebKit/537.36 (KHTML, like Gecko) Chrome/141.0.7390.122 Mobile Safari/537.36 (compatible; Googlebot/2.1; +http://www.google.com/bot.html)" 831 **0/831436**
66.249.72.226 - - [01/Nov/2025:05:46:33 -0700] "GET /?a=51664955041690&mod=c53efb25&uri=pin.php%3Fid%3D1728395-318%26name%3Dboots+clearance+aldi+safety+trainers HTTP/1.1" 200 21102 "-" "Mozilla/5.0 (Linux; Android 6.0.1; Nexus 5X Build/MMB29P) AppleWebKit/537.36 (KHTML, like Gecko) Chrome/141.0.7390.122 Mobile Safari/537.36 (compatible; Googlebot/2.1; +http://www.google.com/bot.html)" 1024 **1/1024158**
66.249.69.141 - - [01/Nov/2025:05:46:34 -0700] "GET /?a=89836548041690&mod=6d895859&uri=news.php%3Fid%3D3005830-985%26name%3Dhermle+mechanisches+uhrwerk+mit+pendel HTTP/1.1" 200 21598 "-" "Mozilla/5.0 (Linux; Android 6.0.1; Nexus 5X Build/MMB29P) AppleWebKit/537.36 (KHTML, like Gecko) Chrome/141.0.7390.122 Mobile Safari/537.36 (compatible; Googlebot/2.1; +http://www.google.com/bot.html)" 1140 **1/1140733**
66.249.72.227 - - [01/Nov/2025:05:46:34 -0700] "GET /?a=40016648031690&mod=44ac09ac&uri=products.php%3Fid%3D1338616-27%26name%3Del+toro+loco+monster+jam+ride+on+toys HTTP/1.1" 200 21608 "-" "Mozilla/5.0 (Linux; Android 6.0.1; Nexus 5X Build/MMB29P) AppleWebKit/537.36 (KHTML, like Gecko) Chrome/141.0.7390.122 Mobile Safari/537.36 (compatible; Googlebot/2.1; +http://www.google.com/bot.html)" 1231 **1/1231636**
66.249.72.226 - - [01/Nov/2025:05:46:35 -0700] "GET /?a=95305470031690&mod=92a78814&uri=blog.php%3Fid%3D3188840-321%26name%3Dabito+cerimonia+amazon+vestiti+estivi+economici+amazon HTTP/1.1" 200 20774 "-" "Mozilla/5.0 (Linux; Android 6.0.1; Nexus 5X Build/MMB29P) AppleWebKit/537.36 (KHTML, like Gecko) Chrome/141.0.7390.122 Mobile Safari/537.36 (compatible; Googlebot/2.1; +http://www.google.com/bot.html)" 1182 **1/1182941**
52.167.144.238 - - [01/Nov/2025:05:46:35 -0700] "GET /?a=50748900041690&mod=9e2291f3&uri=article.php%3Fid%3D1697755-759%26name%3Dstorage+containers+red+sterilite+tote HTTP/2.0" 200 21802 "-" "Mozilla/5.0 AppleWebKit/537.36 (KHTML, like Gecko; compatible; bingbot/2.0; +http://www.bing.com/bingbot.htm) Chrome/116.0.1938.76 Safari/537.36" 1138 **1/1138119**
66.249.69.141 - - [01/Nov/2025:05:46:36 -0700] "GET /?a=105833278041690&mod=0ac34cb7&uri=form.php%3Fid%3D3541333-1404%26name%3Dhiking+shoes+winter+wanderstiefel+herren+wasserdicht HTTP/1.1" 200 20397 "-" "Mozilla/5.0 (Linux; Android 6.0.1; Nexus 5X Build/MMB29P) AppleWebKit/537.36 (KHTML, like Gecko) Chrome/141.0.7390.122 Mobile Safari/537.36 (compatible; Googlebot/2.1; +http://www.google.com/bot.html)" 1079 **1/1079302**
66.249.72.227 - - [01/Nov/2025:05:46:36 -0700] "GET /?a=32165182001690&mod=36fa774e&uri=shared.php%3Fid%3D1075993-471%26name%3Ddell+inspiron+15+i5+8gb+512gb+ssd+laptop HTTP/1.1" 200 20992 "-" "Mozilla/5.0 (Linux; Android 6.0.1; Nexus 5X Build/MMB29P) AppleWebKit/537.36 (KHTML, like Gecko) Chrome/141.0.7390.122 Mobile Safari/537.36 (compatible; Googlebot/2.1; +http://www.google.com/bot.html)" 1160 **1/1160180**
157.55.39.15 - - [01/Nov/2025:05:46:37 -0700] "GET /product/edit/94086076051690 HTTP/2.0" 200 21499 "-" "Mozilla/5.0 AppleWebKit/537.36 (KHTML, like Gecko; compatible; bingbot/2.0; +http://www.bing.com/bingbot.htm) Chrome/116.0.1938.76 Safari/537.36" 1156 **1/1156753**
52.167.144.238 - - [01/Nov/2025:05:46:37 -0700] "GET /?a=65872175001690&mod=991de292&uri=search.php%3Fid%3D2203823-14%26name%3Dkettle+switch+electric+kettle+function HTTP/2.0" 200 21504 "-" "Mozilla/5.0 AppleWebKit/537.36 (KHTML, like Gecko; compatible; bingbot/2.0; +http://www.bing.com/bingbot.htm) Chrome/116.0.1938.76 Safari/537.36" 1155 **1/1155193**
66.249.69.140 - - [01/Nov/2025:05:46:38 -0700] "GET /?a=105796185011690&mod=06138bc5&uri=news.php%3Fid%3D3540092-2%26name%3Ddog+family+christmas+pj+set HTTP/1.1" 200 21208 "-" "Mozilla/5.0 (Linux; Android 6.0.1; Nexus 5X Build/MMB29P) AppleWebKit/537.36 (KHTML, like Gecko) Chrome/141.0.7390.122 Mobile Safari/537.36 (compatible; Googlebot/2.1; +http://www.google.com/bot.html)" 1146 **1/1146324**
66.249.72.227 - - [01/Nov/2025:05:46:38 -0700] "GET /?a=19797278051690&mod=7813d159&uri=us.php%3Fid%3D662308-69%26name%3Ddalmatian+puppy+dalmatian+owners+guide HTTP/1.1" 200 21314 "-" "Mozilla/5.0 (Linux; Android 6.0.1; Nexus 5X Build/MMB29P) AppleWebKit/537.36 (KHTML, like Gecko) Chrome/141.0.7390.122 Mobile Safari/537.36 (compatible; Googlebot/2.1; +http://www.google.com/bot.html)" 1121 **1/1121444**
66.249.69.128 - - [01/Nov/2025:05:46:39 -0700] "GET /?a=62140093051690&mod=11dd08ef&uri=pin.php%3Fid%3D2079002-98%26name%3Dubuy+horse+riding+boots+online HTTP/1.1" 200 20591 "-" "Mozilla/5.0 (Linux; Android 6.0.1; Nexus 5X Build/MMB29P) AppleWebKit/537.36 (KHTML, like Gecko) Chrome/141.0.7390.122 Mobile Safari/537.36 (compatible; Googlebot/2.1; +http://www.google.com/bot.html)" 1059 **1/1059724**
66.249.69.140 - - [01/Nov/2025:05:46:39 -0700] "GET /?a=60127653001690&mod=7e676226&uri=form.php%3Fid%3D2011643-176%26name%3Dcuello+redondo+jersey+la+vespita HTTP/1.1" 200 20292 "-" "Mozilla/5.0 (Linux; Android 6.0.1; Nexus 5X Build/MMB29P) AppleWebKit/537.36 (KHTML, like Gecko) Chrome/141.0.7390.122 Mobile Safari/537.36 (compatible; Googlebot/2.1; +http://www.google.com/bot.html)" 962 **0/962038**
66.249.69.140 - - [01/Nov/2025:05:46:40 -0700] "GET /?a=46792928031690&mod=c6429c03&uri=dp.php%3Fid%3D1565375-368%26name%3Dncaa+tournament+baylor+basketball+uniforms+2021 HTTP/1.1" 200 20655 "-" "Mozilla/5.0 (Linux; Android 6.0.1; Nexus 5X Build/MMB29P) AppleWebKit/537.36 (KHTML, like Gecko) Chrome/141.0.7390.122 Mobile Safari/537.36 (compatible; Googlebot/2.1; +http://www.google.com/bot.html)" 886 **0/886985**
66.249.72.227 - - [01/Nov/2025:05:46:41 -0700] "GET /?a=85884777041690&mod=e744f91c&uri=form.php%3Fid%3D2873624-9%26name%3Dapple+lightning+cable+iphone+xr+headphones+near+me HTTP/1.1" 200 20859 "-" "Mozilla/5.0 (Linux; Android 6.0.1; Nexus 5X Build/MMB29P) AppleWebKit/537.36 (KHTML, like Gecko) Chrome/141.0.7390.122 Mobile Safari/537.36 (compatible; Googlebot/2.1; +http://www.google.com/bot.html)" 917 **0/917852**
66.249.69.140 - - [01/Nov/2025:05:46:41 -0700] "GET /?a=72821990021690&mod=22b8064b&uri=shop.php%3Fid%3D2436412-264%26name%3Dreal+blumoon+diamonds HTTP/1.1" 200 21814 "-" "Mozilla/5.0 (Linux; Android 6.0.1; Nexus 5X Build/MMB29P) AppleWebKit/537.36 (KHTML, like Gecko) Chrome/141.0.7390.122 Mobile Safari/537.36 (compatible; Googlebot/2.1; +http://www.google.com/bot.html)" 960 **0/960835**
66.249.72.226 - - [01/Nov/2025:05:46:44 -0700] "GET /?a=61005852041690&mod=b6581914&uri=category-info.php%3Fid%3D2041047-1664%26name%3Drunning+shoes+asics+fille+bleu HTTP/1.1" 200 20882 "-" "Mozilla/5.0 (Linux; Android 6.0.1; Nexus 5X Build/MMB29P) AppleWebKit/537.36 (KHTML, like Gecko) Chrome/141.0.7390.122 Mobile Safari/537.36 (compatible; Googlebot/2.1; +http://www.google.com/bot.html)" 1044 **1/1044861**
66.249.69.140 - - [01/Nov/2025:05:46:46 -0700] "GET /?a=59314402031690&mod=55312eec&uri=form.php%3Fid%3D1984406-60%26name%3Dshoe+air+jordan+primer+modelo HTTP/1.1" 200 20957 "-" "Mozilla/5.0 (Linux; Android 6.0.1; Nexus 5X Build/MMB29P) AppleWebKit/537.36 (KHTML, like Gecko) Chrome/141.0.7390.122 Mobile Safari/537.36 (compatible; Googlebot/2.1; +http://www.google.com/bot.html)" 1083 **1/1083818**
66.249.69.128 - - [01/Nov/2025:05:46:46 -0700] "GET /?a=80513984011690&mod=0c74b7f7&uri=products.php%3Fid%3D2693892-3%26name%3Ddt5+treadmill+desk+tr800+treadmill HTTP/1.1" 200 20774 "-" "Mozilla/5.0 (Linux; Android 6.0.1; Nexus 5X Build/MMB29P) AppleWebKit/537.36 (KHTML, like Gecko) Chrome/141.0.7390.122 Mobile Safari/537.36 (compatible; Googlebot/2.1; +http://www.google.com/bot.html)" 1065 **1/1065090**
66.249.69.128 - - [01/Nov/2025:05:46:47 -0700] "GET /?a=105825492011690&mod=a0946d73&uri=info.php%3Fid%3D3541072-362%26name%3Dgore+tex+touring+star+gtx HTTP/1.1" 200 20299 "-" "Mozilla/5.0 (Linux; Android 6.0.1; Nexus 5X Build/MMB29P) AppleWebKit/537.36 (KHTML, like Gecko) Chrome/141.0.7390.122 Mobile Safari/537.36 (compatible; Googlebot/2.1; +http://www.google.com/bot.html)" 863 **0/863533**
66.249.72.227 - - [01/Nov/2025:05:46:47 -0700] "GET /?a=76243374011690&mod=c6429c03&uri=info.php%3Fid%3D2550975-368%26name%3Dcricket+jersey+sydney+sixers+full+hand HTTP/1.1" 200 21174 "-" "Mozilla/5.0 (Linux; Android 6.0.1; Nexus 5X Build/MMB29P) AppleWebKit/537.36 (KHTML, like Gecko) Chrome/141.0.7390.122 Mobile Safari/537.36 (compatible; Googlebot/2.1; +http://www.google.com/bot.html)" 815 **0/815003**
66.249.72.228 - - [01/Nov/2025:05:46:48 -0700] "GET /?a=60042847001690&mod=f6ed5734&uri=blog.php%3Fid%3D2008805-974%26name%3Dwax+look+jacket+womens HTTP/1.1" 200 20630 "-" "Mozilla/5.0 (Linux; Android 6.0.1; Nexus 5X Build/MMB29P) AppleWebKit/537.36 (KHTML, like Gecko) Chrome/141.0.7390.122 Mobile Safari/537.36 (compatible; Googlebot/2.1; +http://www.google.com/bot.html)" 714 **0/714343**
66.249.69.128 - - [01/Nov/2025:05:46:48 -0700] "GET /?a=35758711041690&mod=30cef342&uri=goods.php%3Fid%3D1196241-1282%26name%3Dboots+unozero+cleats HTTP/1.1" 200 21460 "-" "Mozilla/5.0 (Linux; Android 6.0.1; Nexus 5X Build/MMB29P) AppleWebKit/537.36 (KHTML, like Gecko) Chrome/141.0.7390.122 Mobile Safari/537.36 (compatible; Googlebot/2.1; +http://www.google.com/bot.html)" 741 **0/741568**
66.249.72.227 - - [01/Nov/2025:05:46:49 -0700] "GET /?a=44749398071690&mod=61b5c689&uri=products.php%3Fid%3D1497035-134%26name%3Dpencil+2nd+gen+what+is+the+use+of+apple+pencil HTTP/1.1" 200 21191 "-" "Mozilla/5.0 (Linux; Android 6.0.1; Nexus 5X Build/MMB29P) AppleWebKit/537.36 (KHTML, like Gecko) Chrome/141.0.7390.122 Mobile Safari/537.36 (compatible; Googlebot/2.1; +http://www.google.com/bot.html)" 778 **0/778030**
66.249.69.141 - - [01/Nov/2025:05:46:50 -0700] "GET /?a=43823999041690&mod=70e17786&uri=shared.php%3Fid%3D1466071-398%26name%3Dcouro+ecol%C3%B3gico+cal%C3%83%C2%A7a+couro+fake+mercado+livre HTTP/1.1" 200 21741 "-" "Mozilla/5.0 (Linux; Android 6.0.1; Nexus 5X Build/MMB29P) AppleWebKit/537.36 (KHTML, like Gecko) Chrome/141.0.7390.122 Mobile Safari/537.36 (compatible; Googlebot/2.1; +http://www.google.com/bot.html)" 873 **0/873146**
66.249.69.128 - - [01/Nov/2025:05:46:51 -0700] "GET /?a=13290360031690&mod=14d2bc47&uri=news.php%3Fid%3D444628-148%26name%3Dyamaha+racing+jaqueta+couro+yamaha HTTP/1.1" 200 21301 "-" "Mozilla/5.0 (Linux; Android 6.0.1; Nexus 5X Build/MMB29P) AppleWebKit/537.36 (KHTML, like Gecko) Chrome/141.0.7390.122 Mobile Safari/537.36 (compatible; Googlebot/2.1; +http://www.google.com/bot.html)" 611 **0/611451**
66.249.72.226 - - [01/Nov/2025:05:46:52 -0700] "GET /?a=70788330121690&mod=91953802&uri=dp.php%3Fid%3D2368327-533%26name%3Dea+sports+logo+512x512+adidas+2018 HTTP/1.1" 200 19657 "-" "Mozilla/5.0 (Linux; Android 6.0.1; Nexus 5X Build/MMB29P) AppleWebKit/537.36 (KHTML, like Gecko) Chrome/141.0.7390.122 Mobile Safari/537.36 (compatible; Googlebot/2.1; +http://www.google.com/bot.html)" 486 **0/486510**
66.249.69.128 - - [01/Nov/2025:05:46:52 -0700] "GET /?a=94885460111690&mod=628f16b2&uri=dp.php%3Fid%3D3174808-112%26name%3Dabiti+estivi+vestiti+2021+elisabetta+franchi HTTP/1.1" 200 20490 "-" "Mozilla/5.0 (Linux; Android 6.0.1; Nexus 5X Build/MMB29P) AppleWebKit/537.36 (KHTML, like Gecko) Chrome/141.0.7390.122 Mobile Safari/537.36 (compatible; Googlebot/2.1; +http://www.google.com/bot.html)" 511 **0/511994**
207.46.13.130 - - [01/Nov/2025:05:46:53 -0700] "GET /?a=98809076001690&mod=cd53dd33&uri=brands.php%3Fid%3D3306192-244%26name%3Dengineering+helly+hansen+nurses+discount HTTP/2.0" 200 20412 "-" "Mozilla/5.0 AppleWebKit/537.36 (KHTML, like Gecko; compatible; bingbot/2.0; +http://www.bing.com/bingbot.htm) Chrome/116.0.1938.76 Safari/537.36" 681 **0/681071**
66.249.69.128 - - [01/Nov/2025:05:46:53 -0700] "GET /?a=30458193051690&mod=82d3149f&uri=shared.php%3Fid%3D1018868-94%26name%3Dborneobulletin+com+mid+century+paper+towel+holder HTTP/1.1" 200 21539 "-" "Mozilla/5.0 (Linux; Android 6.0.1; Nexus 5X Build/MMB29P) AppleWebKit/537.36 (KHTML, like Gecko) Chrome/141.0.7390.122 Mobile Safari/537.36 (compatible; Googlebot/2.1; +http://www.google.com/bot.html)" 757 **0/757688**
66.249.72.228 - - [01/Nov/2025:05:46:54 -0700] "GET /?a=100739208121690&mod=28d6adbc&uri=itm.php%3Fid%3D3370818-1888%26name%3Dadidas+all+szn+hoodie HTTP/1.1" 200 19880 "-" "Mozilla/5.0 (Linux; Android 6.0.1; Nexus 5X Build/MMB29P) AppleWebKit/537.36 (KHTML, like Gecko) Chrome/141.0.7390.122 Mobile Safari/537.36 (compatible; Googlebot/2.1; +http://www.google.com/bot.html)" 664 **0/664274**
66.249.69.128 - - [01/Nov/2025:05:46:55 -0700] "GET /?a=4241734021690&mod=6ff5c9f4&uri=article.php%3Fid%3D141849-718%26name%3Drain+boot+joules+glossy+wellies HTTP/1.1" 200 20427 "-" "Mozilla/5.0 (Linux; Android 6.0.1; Nexus 5X Build/MMB29P) AppleWebKit/537.36 (KHTML, like Gecko) Chrome/141.0.7390.122 Mobile Safari/537.36 (compatible; Googlebot/2.1; +http://www.google.com/bot.html)" 669 **0/669015**
66.249.69.129 - - [01/Nov/2025:05:46:56 -0700] "GET /?/js_6356af597ebeb154b969e538d3e95f0f/_drupal_sites_default_files_js_js_i3BGasXGb_pVk8CAUeSJnjMmyNE-bFprX9j4_djQznQ HTTP/1.1" 200 3857 "https://blalockdialysiscenter.com/?a=43823999041690&mod=70e17786&uri=shared.php%3Fid%3D1466071-398%26name%3Dcouro+ecol%C3%B3gico+cal%C3%83%C2%A7a+couro+fake+mercado+livre" "Mozilla/5.0 (Linux; Android 6.0.1; Nexus 5X Build/MMB29P) AppleWebKit/537.36 (KHTML, like Gecko) Chrome/141.0.7390.122 Mobile Safari/537.36 (compatible; Googlebot/2.1; +http://www.google.com/bot.html)" 110 **0/110659**
66.249.72.226 - - [01/Nov/2025:05:46:56 -0700] "GET /?a=55128571011690&mod=bd0cc810&uri=form.php%3Fid%3D1844311-21%26name%3Doud+vibrant+leather+oud+perfume+price HTTP/1.1" 200 21335 "-" "Mozilla/5.0 (Linux; Android 6.0.1; Nexus 5X Build/MMB29P) AppleWebKit/537.36 (KHTML, like Gecko) Chrome/141.0.7390.122 Mobile Safari/537.36 (compatible; Googlebot/2.1; +http://www.google.com/bot.html)" 362 **0/362980**
66.249.69.128 - - [01/Nov/2025:05:46:57 -0700] "GET /?a=50672676041690&mod=ae5941ae&uri=info.php%3Fid%3D1695209-1459%26name%3D9060+new+balance+590+verdes+mujer HTTP/1.1" 200 20355 "-" "Mozilla/5.0 (Linux; Android 6.0.1; Nexus 5X Build/MMB29P) AppleWebKit/537.36 (KHTML, like Gecko) Chrome/141.0.7390.122 Mobile Safari/537.36 (compatible; Googlebot/2.1; +http://www.google.com/bot.html)" 551 **0/551070**
66.249.69.141 - - [01/Nov/2025:05:46:58 -0700] "GET /?a=8053775031690&mod=e744f91c&uri=us.php%3Fid%3D269372-9%26name%3Dwireless+earbuds+devia+tws+wireless+earphone+v9 HTTP/1.1" 200 21582 "-" "Mozilla/5.0 (Linux; Android 6.0.1; Nexus 5X Build/MMB29P) AppleWebKit/537.36 (KHTML, like Gecko) Chrome/141.0.7390.122 Mobile Safari/537.36 (compatible; Googlebot/2.1; +http://www.google.com/bot.html)" 528 **0/528625**
66.249.69.141 - - [01/Nov/2025:05:46:58 -0700] "GET /?a=96114001061690&mod=2d6893a5&uri=blog.php%3Fid%3D3215935-555%26name%3Db%C3%B3ng+chuy%E1%BB%81n+camisetas+de+voleibol+masculino HTTP/1.1" 200 20742 "-" "Mozilla/5.0 (Linux; Android 6.0.1; Nexus 5X Build/MMB29P) AppleWebKit/537.36 (KHTML, like Gecko) Chrome/141.0.7390.122 Mobile Safari/537.36 (compatible; Googlebot/2.1; +http://www.google.com/bot.html)" 315 **0/315667**
66.249.69.129 - - [01/Nov/2025:05:46:59 -0700] "GET /?a=4205967121690&mod=069802d4&uri=products.php%3Fid%3D140651-158%26name%3Dwireless+earbuds+water+resistant+bluetooth HTTP/1.1" 200 21700 "-" "Mozilla/5.0 (Linux; Android 6.0.1; Nexus 5X Build/MMB29P) AppleWebKit/537.36 (KHTML, like Gecko) Chrome/141.0.7390.122 Mobile Safari/537.36 (compatible; Googlebot/2.1; +http://www.google.com/bot.html)" 620 **0/620760**
66.249.72.228 - - [01/Nov/2025:05:47:00 -0700] "GET /?a=109705328031690&mod=faf8c572&uri=info.php%3Fid%3D3670899-1082%26name%3Ddeboned+chicken+wellness+complete+health+chicken HTTP/1.1" 200 20263 "-" "Mozilla/5.0 (Linux; Android 6.0.1; Nexus 5X Build/MMB29P) AppleWebKit/537.36 (KHTML, like Gecko) Chrome/141.0.7390.122 Mobile Safari/537.36 (compatible; Googlebot/2.1; +http://www.google.com/bot.html)" 387 **0/387431**
66.249.69.141 - - [01/Nov/2025:05:47:00 -0700] "GET /?a=4181253021690&mod=069802d4&uri=article.php%3Fid%3D139826-158%26name%3Dbluetooth+speaker+harman+kardon+omni+20+bluetooth+setup HTTP/1.1" 200 21238 "-" "Mozilla/5.0 (Linux; Android 6.0.1; Nexus 5X Build/MMB29P) AppleWebKit/537.36 (KHTML, like Gecko) Chrome/141.0.7390.122 Mobile Safari/537.36 (compatible; Googlebot/2.1; +http://www.google.com/bot.html)" 310 **0/310543**
66.249.69.141 - - [01/Nov/2025:05:47:01 -0700] "GET /?a=80443178041690&mod=361f991a&uri=brands.php%3Fid%3D2691519-452%26name%3Dgo+walk+skechers+shoes+men+white HTTP/1.1" 200 20379 "-" "Mozilla/5.0 (Linux; Android 6.0.1; Nexus 5X Build/MMB29P) AppleWebKit/537.36 (KHTML, like Gecko) Chrome/141.0.7390.122 Mobile Safari/537.36 (compatible; Googlebot/2.1; +http://www.google.com/bot.html)" 367 **0/367616**
66.249.72.226 - - [01/Nov/2025:05:47:02 -0700] "GET /?a=101470719011690&mod=fd9c99c4&uri=dp.php%3Fid%3D3395274-330%26name%3Dphone+case+radius+case+iphone+11 HTTP/1.1" 200 21551 "-" "Mozilla/5.0 (Linux; Android 6.0.1; Nexus 5X Build/MMB29P) AppleWebKit/537.36 (KHTML, like Gecko) Chrome/141.0.7390.122 Mobile Safari/537.36 (compatible; Googlebot/2.1; +http://www.google.com/bot.html)" 361 **0/361865**
66.249.69.140 - - [01/Nov/2025:05:47:03 -0700] "GET /?a=88554924011690&mod=2210bc8c&uri=itm.php%3Fid%3D2962982-286%26name%3Dfoldable+shoe+rack+shopee+shoe+box HTTP/1.1" 200 21156 "-" "Mozilla/5.0 (Linux; Android 6.0.1; Nexus 5X Build/MMB29P) AppleWebKit/537.36 (KHTML, like Gecko) Chrome/141.0.7390.122 Mobile Safari/537.36 (compatible; Googlebot/2.1; +http://www.google.com/bot.html)" 331 **0/331961**
66.249.72.226 - - [01/Nov/2025:05:47:03 -0700] "GET /?a=113748628011690&mod=47f1adc4&uri=goods.php%3Fid%3D3806084-500%26name%3Dzalando+vestiti+tuta+elegante+per+cerimonia+zalando HTTP/1.1" 200 20921 "-" "Mozilla/5.0 (Linux; Android 6.0.1; Nexus 5X Build/MMB29P) AppleWebKit/537.36 (KHTML, like Gecko) Chrome/141.0.7390.122 Mobile Safari/537.36 (compatible; Googlebot/2.1; +http://www.google.com/bot.html)" 347 **0/347592**
66.249.69.141 - - [01/Nov/2025:05:47:04 -0700] "GET /?a=75636701051690&mod=eaac44ee&uri=shop.php%3Fid%3D2530640-419%26name%3Drel%C3%B3gio+masculino+skmei+1218 HTTP/1.1" 200 20907 "-" "Mozilla/5.0 (Linux; Android 6.0.1; Nexus 5X Build/MMB29P) AppleWebKit/537.36 (KHTML, like Gecko) Chrome/141.0.7390.122 Mobile Safari/537.36 (compatible; Googlebot/2.1; +http://www.google.com/bot.html)" 478 **0/478028**
66.249.69.140 - - [01/Nov/2025:05:47:05 -0700] "GET /?a=24934762041690&mod=ee6db913&uri=dp.php%3Fid%3D834153-120%26name%3Ddahua+hac+hfw+camera+dahua+1200 HTTP/1.1" 200 21308 "-" "Mozilla/5.0 (Linux; Android 6.0.1; Nexus 5X Build/MMB29P) AppleWebKit/537.36 (KHTML, like Gecko) Chrome/141.0.7390.122 Mobile Safari/537.36 (compatible; Googlebot/2.1; +http://www.google.com/bot.html)" 343 **0/343714**
66.249.72.227 - - [01/Nov/2025:05:47:06 -0700] "GET /?a=34861319051690&mod=4c26774d&uri=category-info.php%3Fid%3D1166192-58%26name%3Dvelo+end+zone+bike+seat HTTP/1.1" 200 21235 "-" "Mozilla/5.0 (Linux; Android 6.0.1; Nexus 5X Build/MMB29P) AppleWebKit/537.36 (KHTML, like Gecko) Chrome/141.0.7390.122 Mobile Safari/537.36 (compatible; Googlebot/2.1; +http://www.google.com/bot.html)" 380 **0/380367**
66.249.69.140 - - [01/Nov/2025:05:47:06 -0700] "GET /?a=92414063071690&mod=c4d2c9b7&uri=pin.php%3Fid%3D3092132-253%26name%3Dleather+suit+alpinestars+motegi+v3+review HTTP/1.1" 200 21540 "-" "Mozilla/5.0 (Linux; Android 6.0.1; Nexus 5X Build/MMB29P) AppleWebKit/537.36 (KHTML, like Gecko) Chrome/141.0.7390.122 Mobile Safari/537.36 (compatible; Googlebot/2.1; +http://www.google.com/bot.html)" 504 **0/504666**
66.249.72.226 - - [01/Nov/2025:05:47:07 -0700] "GET /?a=32340981041690&mod=665d5cbb&uri=pin.php%3Fid%3D1081868-43%26name%3Dexfoliar+pasos+para+depilar+las+piernas HTTP/1.1" 200 20493 "-" "Mozilla/5.0 (Linux; Android 6.0.1; Nexus 5X Build/MMB29P) AppleWebKit/537.36 (KHTML, like Gecko) Chrome/141.0.7390.122 Mobile Safari/537.36 (compatible; Googlebot/2.1; +http://www.google.com/bot.html)" 719 **0/719603**
207.46.13.92 - - [01/Nov/2025:05:47:07 -0700] "GET /?a=81554146081690&mod=87eaf855&uri=article.php%3Fid%3D2728665-712%26name%3Ddvd+air+force+1997 HTTP/2.0" 200 20621 "-" "Mozilla/5.0 AppleWebKit/537.36 (KHTML, like Gecko; compatible; bingbot/2.0; +http://www.bing.com/bingbot.htm) Chrome/116.0.1938.76 Safari/537.36" 857 **0/857475**
66.249.69.140 - - [01/Nov/2025:05:47:07 -0700] "GET /?a=52946763031690&mod=3d3f53e1&uri=product.php%3Fid%3D1771299-265%26name%3Dathletic+shoelaces+off+white+red+shoelaces HTTP/1.1" 200 20793 "-" "Mozilla/5.0 (Linux; Android 6.0.1; Nexus 5X Build/MMB29P) AppleWebKit/537.36 (KHTML, like Gecko) Chrome/141.0.7390.122 Mobile Safari/537.36 (compatible; Googlebot/2.1; +http://www.google.com/bot.html)" 892 **0/892849**
66.249.72.226 - - [01/Nov/2025:05:47:08 -0700] "GET /?a=115892160021690&mod=754b911b&uri=info.php%3Fid%3D3877841-1696%26name%3Dtenis+tommy+zapatos+de+verano+tommy+hilfiger+hombre HTTP/1.1" 200 20123 "-" "Mozilla/5.0 (Linux; Android 6.0.1; Nexus 5X Build/MMB29P) AppleWebKit/537.36 (KHTML, like Gecko) Chrome/141.0.7390.122 Mobile Safari/537.36 (compatible; Googlebot/2.1; +http://www.google.com/bot.html)" 802 **0/802124**
66.249.69.140 - - [01/Nov/2025:05:47:09 -0700] "GET /?a=4307783021690&mod=77b87d49&uri=products.php%3Fid%3D144061-730%26name%3Dt%C3%AAnis+adidas+superstar+rosa+e+bianche HTTP/1.1" 200 20198 "-" "Mozilla/5.0 (Linux; Android 6.0.1; Nexus 5X Build/MMB29P) AppleWebKit/537.36 (KHTML, like Gecko) Chrome/141.0.7390.122 Mobile Safari/537.36 (compatible; Googlebot/2.1; +http://www.google.com/bot.html)" 918 **0/918310**
66.249.69.140 - - [01/Nov/2025:05:47:10 -0700] "GET /?a=89622746001690&mod=1e2d681b&uri=news.php%3Fid%3D2998677-235%26name%3Dsurya+wood+burning+water+heating+system HTTP/1.1" 200 21208 "-" "Mozilla/5.0 (Linux; Android 6.0.1; Nexus 5X Build/MMB29P) AppleWebKit/537.36 (KHTML, like Gecko) Chrome/141.0.7390.122 Mobile Safari/537.36 (compatible; Googlebot/2.1; +http://www.google.com/bot.html)" 829 **0/829194**
66.249.72.226 - - [01/Nov/2025:05:47:11 -0700] "GET /?a=13246749011690&mod=0ff73ca2&uri=blog.php%3Fid%3D443172-459%26name%3Dscience+safety+tees HTTP/1.1" 200 21422 "-" "Mozilla/5.0 (Linux; Android 6.0.1; Nexus 5X Build/MMB29P) AppleWebKit/537.36 (KHTML, like Gecko) Chrome/141.0.7390.122 Mobile Safari/537.36 (compatible; Googlebot/2.1; +http://www.google.com/bot.html)" 877 **0/877202**
66.249.69.140 - - [01/Nov/2025:05:47:11 -0700] "GET /?a=41713905021690&mod=50d9f0bb&uri=news.php%3Fid%3D1395422-1076%26name%3Ddiamond+youth+birthstone+rings HTTP/1.1" 200 20732 "-" "Mozilla/5.0 (Linux; Android 6.0.1; Nexus 5X Build/MMB29P) AppleWebKit/537.36 (KHTML, like Gecko) Chrome/141.0.7390.122 Mobile Safari/537.36 (compatible; Googlebot/2.1; +http://www.google.com/bot.html)" 1000 **1/1000084**
66.249.69.140 - - [01/Nov/2025:05:47:12 -0700] "GET /?a=112540273011690&mod=954599b8&uri=news.php%3Fid%3D3765682-753%26name%3Dfelpa+nera+felpa+datch+uomo+prezzi HTTP/1.1" 200 20762 "-" "Mozilla/5.0 (Linux; Android 6.0.1; Nexus 5X Build/MMB29P) AppleWebKit/537.36 (KHTML, like Gecko) Chrome/141.0.7390.122 Mobile Safari/537.36 (compatible; Googlebot/2.1; +http://www.google.com/bot.html)" 886 **0/886890**
207.46.13.130 - - [01/Nov/2025:05:47:12 -0700] "GET /?a=10703060101690&mod=33936698&uri=product.php%3Fid%3D358099-360%26name%3Dtrail+map+bike+ride+route+planner HTTP/2.0" 200 20968 "-" "Mozilla/5.0 AppleWebKit/537.36 (KHTML, like Gecko; compatible; bingbot/2.0; +http://www.bing.com/bingbot.htm) Chrome/116.0.1938.76 Safari/537.36" 830 **0/830771**
66.249.69.140 - - [01/Nov/2025:05:47:12 -0700] "GET /?a=25935120011690&mod=f61071f7&uri=brands.php%3Fid%3D867592-1251%26name%3Dinfant+insert+ergo+360+video HTTP/1.1" 200 20221 "-" "Mozilla/5.0 (Linux; Android 6.0.1; Nexus 5X Build/MMB29P) AppleWebKit/537.36 (KHTML, like Gecko) Chrome/141.0.7390.122 Mobile Safari/537.36 (compatible; Googlebot/2.1; +http://www.google.com/bot.html)" 650 **0/650411**
66.249.72.226 - - [01/Nov/2025:05:47:13 -0700] "GET /?a=102663484011690&mod=c16891ae&uri=product.php%3Fid%3D3435193-1229%26name%3Dvestido+verde+vestidos+plisados+de+fiesta HTTP/1.1" 200 20699 "-" "Mozilla/5.0 (Linux; Android 6.0.1; Nexus 5X Build/MMB29P) AppleWebKit/537.36 (KHTML, like Gecko) Chrome/141.0.7390.122 Mobile Safari/537.36 (compatible; Googlebot/2.1; +http://www.google.com/bot.html)" 803 **0/803835**
66.249.69.140 - - [01/Nov/2025:05:47:14 -0700] "GET /?a=49748250001690&mod=79e54ae5&uri=itm.php%3Fid%3D1664285-1315%26name%3Dshoes+clothes+new+balance+446+kinder+blau HTTP/1.1" 200 20195 "-" "Mozilla/5.0 (Linux; Android 6.0.1; Nexus 5X Build/MMB29P) AppleWebKit/537.36 (KHTML, like Gecko) Chrome/141.0.7390.122 Mobile Safari/537.36 (compatible; Googlebot/2.1; +http://www.google.com/bot.html)" 864 **0/864217**
66.249.69.140 - - [01/Nov/2025:05:47:15 -0700] "GET /?/css_6356af597ebeb154b969e538d3e95f0f/_styles_css_product-detail-ex01 HTTP/1.1" 200 397 "https://blalockdialysiscenter.com/?a=52946763031690&mod=3d3f53e1&uri=product.php%3Fid%3D1771299-265%26name%3Dathletic+shoelaces+off+white+red+shoelaces" "Mozilla/5.0 (Linux; Android 6.0.1; Nexus 5X Build/MMB29P) AppleWebKit/537.36 (KHTML, like Gecko) Chrome/141.0.7390.122 Mobile Safari/537.36 (compatible; Googlebot/2.1; +http://www.google.com/bot.html)" 122 **0/122632**
66.249.72.226 - - [01/Nov/2025:05:47:14 -0700] "GET /?a=11092958001690&mod=6f31b4d2&uri=info.php%3Fid%3D371134-307%26name%3Dmtb+bici+bolt+prezzo HTTP/1.1" 200 22034 "-" "Mozilla/5.0 (Linux; Android 6.0.1; Nexus 5X Build/MMB29P) AppleWebKit/537.36 (KHTML, like Gecko) Chrome/141.0.7390.122 Mobile Safari/537.36 (compatible; Googlebot/2.1; +http://www.google.com/bot.html)" 999 **0/999272**
66.249.69.140 - - [01/Nov/2025:05:47:15 -0700] "GET /?a=95888185021690&mod=b33bb1e9&uri=article.php%3Fid%3D3208377-1370%26name%3Druffwear+highlands+dog+dog+sleeping+bag+camping HTTP/1.1" 200 20083 "-" "Mozilla/5.0 (Linux; Android 6.0.1; Nexus 5X Build/MMB29P) AppleWebKit/537.36 (KHTML, like Gecko) Chrome/141.0.7390.122 Mobile Safari/537.36 (compatible; Googlebot/2.1; +http://www.google.com/bot.html)" 768 **0/768891**
66.249.69.140 - - [01/Nov/2025:05:47:17 -0700] "GET /?a=61763571011690&mod=36fa774e&uri=search.php%3Fid%3D2066394-471%26name%3D1tb+external+hard+drive+seagate+stea1000400+expansion+portable+1tb HTTP/1.1" 200 21437 "-" "Mozilla/5.0 (Linux; Android 6.0.1; Nexus 5X Build/MMB29P) AppleWebKit/537.36 (KHTML, like Gecko) Chrome/141.0.7390.122 Mobile Safari/537.36 (compatible; Googlebot/2.1; +http://www.google.com/bot.html)" 826 **0/826290**
66.249.72.226 - - [01/Nov/2025:05:47:17 -0700] "GET /?a=6632450021690&mod=559ccfaf&uri=goods.php%3Fid%3D221837-618%26name%3Dcano+curto+bota+da+azaleia HTTP/1.1" 200 20679 "-" "Mozilla/5.0 (Linux; Android 6.0.1; Nexus 5X Build/MMB29P) AppleWebKit/537.36 (KHTML, like Gecko) Chrome/141.0.7390.122 Mobile Safari/537.36 (compatible; Googlebot/2.1; +http://www.google.com/bot.html)" 827 **0/827233**
66.249.69.141 - - [01/Nov/2025:05:47:18 -0700] "GET /?a=82691209011690&mod=c89cef51&uri=products.php%3Fid%3D2766720-259%26name%3Dcase+back+engrave+a+watch+near+me HTTP/1.1" 200 21396 "-" "Mozilla/5.0 (Linux; Android 6.0.1; Nexus 5X Build/MMB29P) AppleWebKit/537.36 (KHTML, like Gecko) Chrome/141.0.7390.122 Mobile Safari/537.36 (compatible; Googlebot/2.1; +http://www.google.com/bot.html)" 652 **0/652477**
66.249.69.141 - - [01/Nov/2025:05:47:19 -0700] "GET /?a=33712852021690&mod=dc6a6489&uri=info.php%3Fid%3D1127768-4%26name%3Ddreamland+electric+over+blanket+double HTTP/1.1" 200 21652 "-" "Mozilla/5.0 (Linux; Android 6.0.1; Nexus 5X Build/MMB29P) AppleWebKit/537.36 (KHTML, like Gecko) Chrome/141.0.7390.122 Mobile Safari/537.36 (compatible; Googlebot/2.1; +http://www.google.com/bot.html)" 709 **0/709005**
66.249.69.141 - - [01/Nov/2025:05:47:20 -0700] "GET /?/css_6356af597ebeb154b969e538d3e95f0f/_styles_css_product-detail-ex01 HTTP/1.1" 200 397 "https://blalockdialysiscenter.com/?a=49748250001690&mod=79e54ae5&uri=itm.php%3Fid%3D1664285-1315%26name%3Dshoes+clothes+new+balance+446+kinder+blau" "Mozilla/5.0 (Linux; Android 6.0.1; Nexus 5X Build/MMB29P) AppleWebKit/537.36 (KHTML, like Gecko) Chrome/141.0.7390.122 Mobile Safari/537.36 (compatible; Googlebot/2.1; +http://www.google.com/bot.html)" 113 **0/113062**
66.249.72.226 - - [01/Nov/2025:05:47:19 -0700] "GET /?a=68056013021690&mod=75144d9c&uri=info.php%3Fid%3D2276883-140%26name%3Dmiss+marc+jacobs+nylon+purse HTTP/1.1" 200 21707 "-" "Mozilla/5.0 (Linux; Android 6.0.1; Nexus 5X Build/MMB29P) AppleWebKit/537.36 (KHTML, like Gecko) Chrome/141.0.7390.122 Mobile Safari/537.36 (compatible; Googlebot/2.1; +http://www.google.com/bot.html)" 756 **0/756034**
66.249.69.140 - - [01/Nov/2025:05:47:20 -0700] "GET /?a=5425990021690&mod=069802d4&uri=dp.php%3Fid%3D181491-158%26name%3Dwireless+bluetooth+boat+stone+260+portable+bluetooth+speakers HTTP/1.1" 200 21464 "-" "Mozilla/5.0 (Linux; Android 6.0.1; Nexus 5X Build/MMB29P) AppleWebKit/537.36 (KHTML, like Gecko) Chrome/141.0.7390.122 Mobile Safari/537.36 (compatible; Googlebot/2.1; +http://www.google.com/bot.html)" 923 **0/923408**
66.249.69.140 - - [01/Nov/2025:05:47:21 -0700] "GET /?a=17307239071690&mod=5e4d0656&uri=shared.php%3Fid%3D579008-334%26name%3Dinstant+geyser+gas+geyser+cover+box+price HTTP/1.1" 200 20937 "-" "Mozilla/5.0 (Linux; Android 6.0.1; Nexus 5X Build/MMB29P) AppleWebKit/537.36 (KHTML, like Gecko) Chrome/141.0.7390.122 Mobile Safari/537.36 (compatible; Googlebot/2.1; +http://www.google.com/bot.html)" 1005 **1/1005545**
66.249.72.226 - - [01/Nov/2025:05:47:22 -0700] "GET /?a=6760830021690&mod=1cea629c&uri=dp.php%3Fid%3D226133-886%26name%3Dnike+men%27s+where+to+get+cheap+nike+gear HTTP/1.1" 200 21024 "-" "Mozilla/5.0 (Linux; Android 6.0.1; Nexus 5X Build/MMB29P) AppleWebKit/537.36 (KHTML, like Gecko) Chrome/141.0.7390.122 Mobile Safari/537.36 (compatible; Googlebot/2.1; +http://www.google.com/bot.html)" 997 **0/997170**
66.249.69.141 - - [01/Nov/2025:05:47:23 -0700] "GET /?/css_6356af597ebeb154b969e538d3e95f0f/_styles_css_product-detail-ex01 HTTP/1.1" 200 397 "https://blalockdialysiscenter.com/?a=82691209011690&mod=c89cef51&uri=products.php%3Fid%3D2766720-259%26name%3Dcase+back+engrave+a+watch+near+me" "Mozilla/5.0 (Linux; Android 6.0.1; Nexus 5X Build/MMB29P) AppleWebKit/537.36 (KHTML, like Gecko) Chrome/141.0.7390.122 Mobile Safari/537.36 (compatible; Googlebot/2.1; +http://www.google.com/bot.html)" 113 **0/113312**
66.249.69.141 - - [01/Nov/2025:05:47:25 -0700] "GET /?/css_6356af597ebeb154b969e538d3e95f0f/_styles_css_product-detail-ex01 HTTP/1.1" 200 397 "https://blalockdialysiscenter.com/?a=61763571011690&mod=36fa774e&uri=search.php%3Fid%3D2066394-471%26name%3D1tb+external+hard+drive+seagate+stea1000400+expansion+portable+1tb" "Mozilla/5.0 (Linux; Android 6.0.1; Nexus 5X Build/MMB29P) AppleWebKit/537.36 (KHTML, like Gecko) Chrome/141.0.7390.122 Mobile Safari/537.36 (compatible; Googlebot/2.1; +http://www.google.com/bot.html)" 116 **0/116191**
66.249.72.226 - - [01/Nov/2025:05:47:25 -0700] "GET /?/js_757ed0132a844208f409fbb5067dfa2d/_drupal_sites_default_files_js_js_i3BGasXGb_pVk8CAUeSJnjMmyNE-bFprX9j4_djQznQ HTTP/1.1" 200 3857 "https://www.blalockdialysiscenter.com/?a=68056013021690&mod=75144d9c&uri=info.php%3Fid%3D2276883-140%26name%3Dmiss+marc+jacobs+nylon+purse" "Mozilla/5.0 (Linux; Android 6.0.1; Nexus 5X Build/MMB29P) AppleWebKit/537.36 (KHTML, like Gecko) Chrome/141.0.7390.122 Mobile Safari/537.36 (compatible; Googlebot/2.1; +http://www.google.com/bot.html)" 113 **0/113923**
52.167.144.238 - - [01/Nov/2025:05:47:25 -0700] "GET /?a=63547870001690&mod=73830f56&uri=category-info.php%3Fid%3D2126085-636%26name%3Dthe+north+face+triclimate+herren HTTP/2.0" 200 21568 "-" "Mozilla/5.0 AppleWebKit/537.36 (KHTML, like Gecko; compatible; bingbot/2.0; +http://www.bing.com/bingbot.htm) Chrome/116.0.1938.76 Safari/537.36" 1225 **1/1225490**
66.249.69.140 - - [01/Nov/2025:05:47:26 -0700] "GET /?/css_6356af597ebeb154b969e538d3e95f0f/_styles_css_product-detail-ex01 HTTP/1.1" 200 397 "https://blalockdialysiscenter.com/?a=95888185021690&mod=b33bb1e9&uri=article.php%3Fid%3D3208377-1370%26name%3Druffwear+highlands+dog+dog+sleeping+bag+camping" "Mozilla/5.0 (Linux; Android 6.0.1; Nexus 5X Build/MMB29P) AppleWebKit/537.36 (KHTML, like Gecko) Chrome/141.0.7390.122 Mobile Safari/537.36 (compatible; Googlebot/2.1; +http://www.google.com/bot.html)" 114 **0/114430**
52.167.144.238 - - [01/Nov/2025:05:47:27 -0700] "GET /?a=32726547031690&mod=36fa774e&uri=products.php%3Fid%3D1094768-471%26name%3Ddesktop+x2670g HTTP/2.0" 200 20427 "-" "Mozilla/5.0 AppleWebKit/537.36 (KHTML, like Gecko; compatible; bingbot/2.0; +http://www.bing.com/bingbot.htm) Chrome/116.0.1938.76 Safari/537.36" 997 **0/997408**
66.249.72.227 - - [01/Nov/2025:05:47:27 -0700] "GET /?a=68408648051690&mod=3e7e22b6&uri=info.php%3Fid%3D2288678-295%26name%3Dchihuahua+jack+jack+russell+mixed+with+bichon+frise HTTP/1.1" 200 21658 "-" "Mozilla/5.0 (Linux; Android 6.0.1; Nexus 5X Build/MMB29P) AppleWebKit/537.36 (KHTML, like Gecko) Chrome/141.0.7390.122 Mobile Safari/537.36 (compatible; Googlebot/2.1; +http://www.google.com/bot.html)" 1034 **1/1034586**
157.55.39.15 - - [01/Nov/2025:05:47:28 -0700] "GET /?a=72791649051690&mod=48b28637&uri=brands.php%3Fid%3D2435396-1824%26name%3Dred+sonic+sonic+sneakers HTTP/2.0" 200 20332 "-" "Mozilla/5.0 AppleWebKit/537.36 (KHTML, like Gecko; compatible; bingbot/2.0; +http://www.bing.com/bingbot.htm) Chrome/116.0.1938.76 Safari/537.36" 1120 **1/1120996**
66.249.72.227 - - [01/Nov/2025:05:47:28 -0700] "GET /?a=119040586041690&mod=74456719&uri=shared.php%3Fid%3D3983193-1507%26name%3Dskechers+work+shoes+skechers+steel+toe+cap+trainers+uk HTTP/1.1" 200 21292 "-" "Mozilla/5.0 (Linux; Android 6.0.1; Nexus 5X Build/MMB29P) AppleWebKit/537.36 (KHTML, like Gecko) Chrome/141.0.7390.122 Mobile Safari/537.36 (compatible; Googlebot/2.1; +http://www.google.com/bot.html)" 1146 **1/1146841**
66.249.72.226 - - [01/Nov/2025:05:47:28 -0700] "GET /?a=27135405041690&mod=c53efb25&uri=products.php%3Fid%3D907733-318%26name%3Dankle+boots+coldwater+creek+shoes HTTP/1.1" 200 20072 "-" "Mozilla/5.0 (Linux; Android 6.0.1; Nexus 5X Build/MMB29P) AppleWebKit/537.36 (KHTML, like Gecko) Chrome/141.0.7390.122 Mobile Safari/537.36 (compatible; Googlebot/2.1; +http://www.google.com/bot.html)" 1219 **1/1219322**
66.249.69.141 - - [01/Nov/2025:05:47:29 -0700] "GET /?a=33510399021690&mod=6ec59538&uri=dp.php%3Fid%3D1120996-403%26name%3Ddalmatians+1961+bloodhound+101 HTTP/1.1" 200 21896 "-" "Mozilla/5.0 (Linux; Android 6.0.1; Nexus 5X Build/MMB29P) AppleWebKit/537.36 (KHTML, like Gecko) Chrome/141.0.7390.122 Mobile Safari/537.36 (compatible; Googlebot/2.1; +http://www.google.com/bot.html)" 1120 **1/1120734**
157.55.39.15 - - [01/Nov/2025:05:47:29 -0700] "GET /?a=98622948021690&mod=b60baa74&uri=article.php%3Fid%3D3299973-1618%26name%3Dparty+wear+gown+for+years+girl HTTP/2.0" 200 19976 "-" "Mozilla/5.0 AppleWebKit/537.36 (KHTML, like Gecko; compatible; bingbot/2.0; +http://www.bing.com/bingbot.htm) Chrome/116.0.1938.76 Safari/537.36" 1100 **1/1100160**
66.249.72.226 - - [01/Nov/2025:05:47:29 -0700] "GET /?a=2965304091690&mod=68d17645&uri=article.php%3Fid%3D99138-590%26name%3Dneuman+women%27s+lace+up+ankle+shoes HTTP/1.1" 200 21320 "-" "Mozilla/5.0 (Linux; Android 6.0.1; Nexus 5X Build/MMB29P) AppleWebKit/537.36 (KHTML, like Gecko) Chrome/141.0.7390.122 Mobile Safari/537.36 (compatible; Googlebot/2.1; +http://www.google.com/bot.html)" 1143 **1/1143784**
66.249.72.227 - - [01/Nov/2025:05:47:30 -0700] "GET /?a=74763886011690&mod=7cc5a754&uri=goods.php%3Fid%3D2501436-80%26name%3Ddining+set+century+furniture+dining+chairs HTTP/1.1" 200 21812 "-" "Mozilla/5.0 (Linux; Android 6.0.1; Nexus 5X Build/MMB29P) AppleWebKit/537.36 (KHTML, like Gecko) Chrome/141.0.7390.122 Mobile Safari/537.36 (compatible; Googlebot/2.1; +http://www.google.com/bot.html)" 1239 **1/1239715**
66.249.69.140 - - [01/Nov/2025:05:47:31 -0700] "GET /?a=105998607031690&mod=e4f0a7d6&uri=product.php%3Fid%3D3546864-369%26name%3Dducha+peirano+lorca HTTP/1.1" 200 21255 "-" "Mozilla/5.0 (Linux; Android 6.0.1; Nexus 5X Build/MMB29P) AppleWebKit/537.36 (KHTML, like Gecko) Chrome/141.0.7390.122 Mobile Safari/537.36 (compatible; Googlebot/2.1; +http://www.google.com/bot.html)" 1197 **1/1197117**
66.249.72.226 - - [01/Nov/2025:05:47:31 -0700] "GET /?a=51567866031690&mod=69e76024&uri=products.php%3Fid%3D1725145-325%26name%3Dtravel+case+portable+insulin+cooler+battery HTTP/1.1" 200 20833 "-" "Mozilla/5.0 (Linux; Android 6.0.1; Nexus 5X Build/MMB29P) AppleWebKit/537.36 (KHTML, like Gecko) Chrome/141.0.7390.122 Mobile Safari/537.36 (compatible; Googlebot/2.1; +http://www.google.com/bot.html)" 992 **0/992490**
66.249.69.140 - - [01/Nov/2025:05:47:32 -0700] "GET /?a=63355464041690&mod=44dccbf4&uri=us.php%3Fid%3D2119651-1539%26name%3Dspring+fashion+stylish+dressing+over+50 HTTP/1.1" 200 20247 "-" "Mozilla/5.0 (Linux; Android 6.0.1; Nexus 5X Build/MMB29P) AppleWebKit/537.36 (KHTML, like Gecko) Chrome/141.0.7390.122 Mobile Safari/537.36 (compatible; Googlebot/2.1; +http://www.google.com/bot.html)" 947 **0/947163**
66.249.72.226 - - [01/Nov/2025:05:47:33 -0700] "GET /?a=100762407031690&mod=aaaac19f&uri=product.php%3Fid%3D3371594-111%26name%3Dsamsung+galaxy+a71+cover+a71+glass+back HTTP/1.1" 200 21665 "-" "Mozilla/5.0 (Linux; Android 6.0.1; Nexus 5X Build/MMB29P) AppleWebKit/537.36 (KHTML, like Gecko) Chrome/141.0.7390.122 Mobile Safari/537.36 (compatible; Googlebot/2.1; +http://www.google.com/bot.html)" 1275 **1/1275885**
207.46.13.102 - - [01/Nov/2025:05:47:33 -0700] "GET /?a=84519749021690&mod=5befb7cc&uri=dp.php%3Fid%3D2827915-1248%26name%3Djeans+late+90s+outfits HTTP/2.0" 200 20880 "-" "Mozilla/5.0 AppleWebKit/537.36 (KHTML, like Gecko; compatible; bingbot/2.0; +http://www.bing.com/bingbot.htm) Chrome/116.0.1938.76 Safari/537.36" 1237 **1/1237254**
66.249.69.141 - - [01/Nov/2025:05:47:34 -0700] "GET /?a=67136093031690&mod=91cbfe32&uri=search.php%3Fid%3D2246116-186%26name%3Dpoup%C3%A9e+site+de+vente+pour+b%C3%83%C2%A9b%C3%83%C2%A9 HTTP/1.1" 200 20181 "-" "Mozilla/5.0 (Linux; Android 6.0.1; Nexus 5X Build/MMB29P) AppleWebKit/537.36 (KHTML, like Gecko) Chrome/141.0.7390.122 Mobile Safari/537.36 (compatible; Googlebot/2.1; +http://www.google.com/bot.html)" 1084 **1/1084084**
66.249.69.140 - - [01/Nov/2025:05:47:34 -0700] "GET /?a=109512709081690&mod=17cb0fd7&uri=brands.php%3Fid%3D3664459-346%26name%3Dlatitude+7420+dell+laptop+with+512+ssd HTTP/1.1" 200 20766 "-" "Mozilla/5.0 (Linux; Android 6.0.1; Nexus 5X Build/MMB29P) AppleWebKit/537.36 (KHTML, like Gecko) Chrome/141.0.7390.122 Mobile Safari/537.36 (compatible; Googlebot/2.1; +http://www.google.com/bot.html)" 1065 **1/1065638**
66.249.72.227 - - [01/Nov/2025:05:47:35 -0700] "GET /?a=17840019081690&mod=17cb0fd7&uri=search.php%3Fid%3D596839-346%26name%3Dseagate+big+hard+drive+external HTTP/1.1" 200 21333 "-" "Mozilla/5.0 (Linux; Android 6.0.1; Nexus 5X Build/MMB29P) AppleWebKit/537.36 (KHTML, like Gecko) Chrome/141.0.7390.122 Mobile Safari/537.36 (compatible; Googlebot/2.1; +http://www.google.com/bot.html)" 949 **0/949923**
66.249.72.227 - - [01/Nov/2025:05:47:36 -0700] "GET /?a=88301256011690&mod=ea56b27f&uri=goods.php%3Fid%3D2954503-328%26name%3Dauriculares+gaming+audifonos+con+microfono+bluetooth+para+pc HTTP/1.1" 200 21245 "-" "Mozilla/5.0 (Linux; Android 6.0.1; Nexus 5X Build/MMB29P) AppleWebKit/537.36 (KHTML, like Gecko) Chrome/141.0.7390.122 Mobile Safari/537.36 (compatible; Googlebot/2.1; +http://www.google.com/bot.html)" 1063 **1/1063830**
66.249.69.141 - - [01/Nov/2025:05:47:37 -0700] "GET /?a=105431231031690&mod=398024cb&uri=category-info.php%3Fid%3D3527868-78%26name%3Dsurprise+under+wraps+top+secret+lol+surprise+box HTTP/1.1" 200 20970 "-" "Mozilla/5.0 (Linux; Android 6.0.1; Nexus 5X Build/MMB29P) AppleWebKit/537.36 (KHTML, like Gecko) Chrome/141.0.7390.122 Mobile Safari/537.36 (compatible; Googlebot/2.1; +http://www.google.com/bot.html)" 1144 **1/1144792**
66.249.72.226 - - [01/Nov/2025:05:47:39 -0700] "GET /?a=90359898031690&mod=da3670f6&uri=shop.php%3Fid%3D3023370-246%26name%3Dcuir+converse+basic+blanche HTTP/1.1" 200 21517 "-" "Mozilla/5.0 (Linux; Android 6.0.1; Nexus 5X Build/MMB29P) AppleWebKit/537.36 (KHTML, like Gecko) Chrome/141.0.7390.122 Mobile Safari/537.36 (compatible; Googlebot/2.1; +http://www.google.com/bot.html)" 786 **0/786184**
66.249.72.226 - - [01/Nov/2025:05:47:40 -0700] "GET /?a=102739355011690&mod=c11382b9&uri=shop.php%3Fid%3D3437730-1325%26name%3Dvans+white+high+tops HTTP/1.1" 200 20640 "-" "Mozilla/5.0 (Linux; Android 6.0.1; Nexus 5X Build/MMB29P) AppleWebKit/537.36 (KHTML, like Gecko) Chrome/141.0.7390.122 Mobile Safari/537.36 (compatible; Googlebot/2.1; +http://www.google.com/bot.html)" 929 **0/929595**
66.249.69.128 - - [01/Nov/2025:05:47:42 -0700] "GET /?a=36686153021690&mod=103bb8b2&uri=blog.php%3Fid%3D1227262-672%26name%3Dshelf+best+way+to+store+purses+in+your+closet HTTP/1.1" 200 21068 "-" "Mozilla/5.0 (Linux; Android 6.0.1; Nexus 5X Build/MMB29P) AppleWebKit/537.36 (KHTML, like Gecko) Chrome/141.0.7390.122 Mobile Safari/537.36 (compatible; Googlebot/2.1; +http://www.google.com/bot.html)" 451 **0/451812**
66.249.69.141 - - [01/Nov/2025:05:47:43 -0700] "GET /?/css_6356af597ebeb154b969e538d3e95f0f/_styles_css_product-detail-ex01 HTTP/1.1" 200 397 "https://blalockdialysiscenter.com/?a=105431231031690&mod=398024cb&uri=category-info.php%3Fid%3D3527868-78%26name%3Dsurprise+under+wraps+top+secret+lol+surprise+box" "Mozilla/5.0 (Linux; Android 6.0.1; Nexus 5X Build/MMB29P) AppleWebKit/537.36 (KHTML, like Gecko) Chrome/141.0.7390.122 Mobile Safari/537.36 (compatible; Googlebot/2.1; +http://www.google.com/bot.html)" 114 **0/114345**
66.249.72.227 - - [01/Nov/2025:05:47:43 -0700] "GET /?a=89909187091690&mod=c025eb4e&uri=form.php%3Fid%3D3008259-345%26name%3Dcamera+lens+best+place+to+buy+dslr HTTP/1.1" 200 20998 "-" "Mozilla/5.0 (Linux; Android 6.0.1; Nexus 5X Build/MMB29P) AppleWebKit/537.36 (KHTML, like Gecko) Chrome/141.0.7390.122 Mobile Safari/537.36 (compatible; Googlebot/2.1; +http://www.google.com/bot.html)" 576 **0/576126**
66.249.69.128 - - [01/Nov/2025:05:47:43 -0700] "GET /?a=116135092011690&mod=eb9b2480&uri=brands.php%3Fid%3D3885976-283%26name%3Dwindshield+typhoon+x+50 HTTP/1.1" 200 21101 "-" "Mozilla/5.0 (Linux; Android 6.0.1; Nexus 5X Build/MMB29P) AppleWebKit/537.36 (KHTML, like Gecko) Chrome/141.0.7390.122 Mobile Safari/537.36 (compatible; Googlebot/2.1; +http://www.google.com/bot.html)" 553 **0/553120**
66.249.69.141 - - [01/Nov/2025:05:47:45 -0700] "GET /?a=6229252031690&mod=02f657d5&uri=info.php%3Fid%3D208356-25%26name%3Dprotein+boost+boost+smoothies+prices HTTP/1.1" 200 20304 "-" "Mozilla/5.0 (Linux; Android 6.0.1; Nexus 5X Build/MMB29P) AppleWebKit/537.36 (KHTML, like Gecko) Chrome/141.0.7390.122 Mobile Safari/537.36 (compatible; Googlebot/2.1; +http://www.google.com/bot.html)" 938 **0/938601**
66.249.72.227 - - [01/Nov/2025:05:47:45 -0700] "GET /?a=57960130111690&mod=5e4d0656&uri=brands.php%3Fid%3D1939092-334%26name%3Doutdoor+world+bass+pro+arundel+mills+hours HTTP/1.1" 200 21203 "-" "Mozilla/5.0 (Linux; Android 6.0.1; Nexus 5X Build/MMB29P) AppleWebKit/537.36 (KHTML, like Gecko) Chrome/141.0.7390.122 Mobile Safari/537.36 (compatible; Googlebot/2.1; +http://www.google.com/bot.html)" 1060 **1/1060588**
66.249.72.226 - - [01/Nov/2025:05:47:47 -0700] "GET /?a=70035190031690&mod=30cd1e36&uri=blog.php%3Fid%3D2343124-130%26name%3Da3+4gb+ram+redmi+128+price HTTP/1.1" 200 21295 "-" "Mozilla/5.0 (Linux; Android 6.0.1; Nexus 5X Build/MMB29P) AppleWebKit/537.36 (KHTML, like Gecko) Chrome/141.0.7390.122 Mobile Safari/537.36 (compatible; Googlebot/2.1; +http://www.google.com/bot.html)" 946 **0/946457**
66.249.72.227 - - [01/Nov/2025:05:47:48 -0700] "GET /?a=101086423001690&mod=22cc83ba&uri=article.php%3Fid%3D3382425-1813%26name%3Dcuantas+libras+20+kg+en+lb HTTP/1.1" 200 21398 "-" "Mozilla/5.0 (Linux; Android 6.0.1; Nexus 5X Build/MMB29P) AppleWebKit/537.36 (KHTML, like Gecko) Chrome/141.0.7390.122 Mobile Safari/537.36 (compatible; Googlebot/2.1; +http://www.google.com/bot.html)" 812 **0/812541**
66.249.69.128 - - [01/Nov/2025:05:47:49 -0700] "GET /?a=67798613031690&mod=530ad673&uri=article.php%3Fid%3D2268276-100%26name%3Dalto+clef+christmas+themed+sweatshirts HTTP/1.1" 200 20629 "-" "Mozilla/5.0 (Linux; Android 6.0.1; Nexus 5X Build/MMB29P) AppleWebKit/537.36 (KHTML, like Gecko) Chrome/141.0.7390.122 Mobile Safari/537.36 (compatible; Googlebot/2.1; +http://www.google.com/bot.html)" 725 **0/725353**
66.249.69.128 - - [01/Nov/2025:05:47:50 -0700] "GET /?a=47481517141690&mod=f133a6cb&uri=blog.php%3Fid%3D1588398-645%26name%3Dblack+pants+giacca+beige+e+pantalone+nero HTTP/1.1" 200 20783 "-" "Mozilla/5.0 (Linux; Android 6.0.1; Nexus 5X Build/MMB29P) AppleWebKit/537.36 (KHTML, like Gecko) Chrome/141.0.7390.122 Mobile Safari/537.36 (compatible; Googlebot/2.1; +http://www.google.com/bot.html)" 891 **0/891733**
66.249.72.226 - - [01/Nov/2025:05:47:50 -0700] "GET /?a=4596278071690&mod=0b518a25&uri=shared.php%3Fid%3D153702-102%26name%3Dbuffet+sideboard+cream+and+oak HTTP/1.1" 200 20972 "-" "Mozilla/5.0 (Linux; Android 6.0.1; Nexus 5X Build/MMB29P) AppleWebKit/537.36 (KHTML, like Gecko) Chrome/141.0.7390.122 Mobile Safari/537.36 (compatible; Googlebot/2.1; +http://www.google.com/bot.html)" 949 **0/949933**
66.249.69.128 - - [01/Nov/2025:05:47:51 -0700] "GET /?a=119436258061690&mod=de19a434&uri=brands.php%3Fid%3D3996420-1369%26name%3Ddoudoune+homme+doudoune+joma HTTP/1.1" 200 20112 "-" "Mozilla/5.0 (Linux; Android 6.0.1; Nexus 5X Build/MMB29P) AppleWebKit/537.36 (KHTML, like Gecko) Chrome/141.0.7390.122 Mobile Safari/537.36 (compatible; Googlebot/2.1; +http://www.google.com/bot.html)" 903 **0/903184**
66.249.72.227 - - [01/Nov/2025:05:47:52 -0700] "GET /?a=2922760031690&mod=0b273b9a&uri=article.php%3Fid%3D97716-121%26name%3Dperfume+mexx+waterlove+woman+kaufen HTTP/1.1" 200 20405 "-" "Mozilla/5.0 (Linux; Android 6.0.1; Nexus 5X Build/MMB29P) AppleWebKit/537.36 (KHTML, like Gecko) Chrome/141.0.7390.122 Mobile Safari/537.36 (compatible; Googlebot/2.1; +http://www.google.com/bot.html)" 991 **0/991806**
66.249.69.141 - - [01/Nov/2025:05:47:53 -0700] "GET /?a=116304935011690&mod=473cd4bc&uri=shared.php%3Fid%3D3891651-1101%26name%3Dsports+shoes+waterproof+spring+shoes HTTP/1.1" 200 20874 "-" "Mozilla/5.0 (Linux; Android 6.0.1; Nexus 5X Build/MMB29P) AppleWebKit/537.36 (KHTML, like Gecko) Chrome/141.0.7390.122 Mobile Safari/537.36 (compatible; Googlebot/2.1; +http://www.google.com/bot.html)" 787 **0/787429**
66.249.69.141 - - [01/Nov/2025:05:47:55 -0700] "GET /?/css_6356af597ebeb154b969e538d3e95f0f/_styles_css_product-detail-ex01 HTTP/1.1" 200 397 "https://blalockdialysiscenter.com/?a=67798613031690&mod=530ad673&uri=article.php%3Fid%3D2268276-100%26name%3Dalto+clef+christmas+themed+sweatshirts" "Mozilla/5.0 (Linux; Android 6.0.1; Nexus 5X Build/MMB29P) AppleWebKit/537.36 (KHTML, like Gecko) Chrome/141.0.7390.122 Mobile Safari/537.36 (compatible; Googlebot/2.1; +http://www.google.com/bot.html)" 112 **0/112429**
66.249.69.140 - - [01/Nov/2025:05:47:56 -0700] "GET /?a=103383703071690&mod=2adafb1b&uri=pin.php%3Fid%3D3459281-61%26name%3Dworkwear+veste+en+jeans+lee+cooper HTTP/1.1" 200 20019 "-" "Mozilla/5.0 (Linux; Android 6.0.1; Nexus 5X Build/MMB29P) AppleWebKit/537.36 (KHTML, like Gecko) Chrome/141.0.7390.122 Mobile Safari/537.36 (compatible; Googlebot/2.1; +http://www.google.com/bot.html)" 800 **0/800565**
66.249.72.228 - - [01/Nov/2025:05:47:56 -0700] "GET /?a=88749530011690&mod=0eed89e7&uri=form.php%3Fid%3D2969490-1772%26name%3Dasics+gel+nimbus+21+size+11 HTTP/1.1" 200 19591 "-" "Mozilla/5.0 (Linux; Android 6.0.1; Nexus 5X Build/MMB29P) AppleWebKit/537.36 (KHTML, like Gecko) Chrome/141.0.7390.122 Mobile Safari/537.36 (compatible; Googlebot/2.1; +http://www.google.com/bot.html)" 825 **0/825273**
66.249.69.141 - - [01/Nov/2025:05:47:57 -0700] "GET /?a=30051783021690&mod=d39e8a0d&uri=products.php%3Fid%3D1005281-528%26name%3Dfitness+trackers+best+smartwatch+for+year+old HTTP/1.1" 200 21520 "-" "Mozilla/5.0 (Linux; Android 6.0.1; Nexus 5X Build/MMB29P) AppleWebKit/537.36 (KHTML, like Gecko) Chrome/141.0.7390.122 Mobile Safari/537.36 (compatible; Googlebot/2.1; +http://www.google.com/bot.html)" 891 **0/891484**
66.249.69.141 - - [01/Nov/2025:05:47:58 -0700] "GET /?a=27280325001690&mod=240aa617&uri=products.php%3Fid%3D912582-773%26name%3D24+inch+kenda+bicycle HTTP/1.1" 200 20438 "-" "Mozilla/5.0 (Linux; Android 6.0.1; Nexus 5X Build/MMB29P) AppleWebKit/537.36 (KHTML, like Gecko) Chrome/141.0.7390.122 Mobile Safari/537.36 (compatible; Googlebot/2.1; +http://www.google.com/bot.html)" 810 **0/810936**
