66.249.72.233 - - [01/Nov/2025:05:23:00 -0700] "GET /product/edit/103813167011690 HTTP/1.1" 200 21422 "-" "Mozilla/5.0 (Linux; Android 6.0.1; Nexus 5X Build/MMB29P) AppleWebKit/537.36 (KHTML, like Gecko) Chrome/141.0.7390.122 Mobile Safari/537.36 (compatible; Googlebot/2.1; +http://www.google.com/bot.html)" 302 **0/302512**
66.249.72.232 - - [01/Nov/2025:05:23:00 -0700] "GET /product/edit/119216001011690?/css_757ed0132a844208f409fbb5067dfa2d/_drupal_sites_default_files_css_css_LmUrbIckCDCKvN2_Q3zbp044aJ28BPsL4EcroazBk2w HTTP/1.1" 200 42233 "https://www.blalockdialysiscenter.com/product/edit/119216001011690" "Mozilla/5.0 (Linux; Android 6.0.1; Nexus 5X Build/MMB29P) AppleWebKit/537.36 (KHTML, like Gecko) Chrome/141.0.7390.122 Mobile Safari/537.36 (compatible; Googlebot/2.1; +http://www.google.com/bot.html)" 210 **0/210525**
66.249.72.227 - - [01/Nov/2025:05:23:00 -0700] "GET /product/edit/227624011690 HTTP/1.1" 200 21557 "-" "Mozilla/5.0 (Linux; Android 6.0.1; Nexus 5X Build/MMB29P) AppleWebKit/537.36 (KHTML, like Gecko) Chrome/141.0.7390.122 Mobile Safari/537.36 (compatible; Googlebot/2.1; +http://www.google.com/bot.html)" 338 **0/338350**
66.249.72.231 - - [01/Nov/2025:05:23:01 -0700] "GET /product/edit/119216001011690?/js_757ed0132a844208f409fbb5067dfa2d/_styles_js_lazysizes.min HTTP/1.1" 200 3188 "https://www.blalockdialysiscenter.com/product/edit/119216001011690" "Mozilla/5.0 (Linux; Android 6.0.1; Nexus 5X Build/MMB29P) AppleWebKit/537.36 (KHTML, like Gecko) Chrome/141.0.7390.122 Mobile Safari/537.36 (compatible; Googlebot/2.1; +http://www.google.com/bot.html)" 110 **0/110422**
66.249.69.140 - - [01/Nov/2025:05:23:01 -0700] "GET /?a=48247193021690&mod=b8b68793&uri=search.php%3Fid%3D1614023-410%26name%3Dpastry+best+piping+tips+for+cookies HTTP/1.1" 200 21239 "-" "Mozilla/5.0 (Linux; Android 6.0.1; Nexus 5X Build/MMB29P) AppleWebKit/537.36 (KHTML, like Gecko) Chrome/141.0.7390.122 Mobile Safari/537.36 (compatible; Googlebot/2.1; +http://www.google.com/bot.html)" 573 **0/573568**
66.249.72.231 - - [01/Nov/2025:05:23:01 -0700] "GET /product/edit/51782606071690 HTTP/1.1" 200 20206 "-" "Mozilla/5.0 (Linux; Android 6.0.1; Nexus 5X Build/MMB29P) AppleWebKit/537.36 (KHTML, like Gecko) Chrome/141.0.7390.122 Mobile Safari/537.36 (compatible; Googlebot/2.1; +http://www.google.com/bot.html)" 535 **0/535450**
66.249.72.230 - - [01/Nov/2025:05:23:02 -0700] "GET /product/edit/29691419041690 HTTP/1.1" 200 20350 "-" "Mozilla/5.0 (Linux; Android 6.0.1; Nexus 5X Build/MMB29P) AppleWebKit/537.36 (KHTML, like Gecko) Chrome/141.0.7390.122 Mobile Safari/537.36 (compatible; Googlebot/2.1; +http://www.google.com/bot.html)" 317 **0/317249**
66.249.72.228 - - [01/Nov/2025:05:23:02 -0700] "GET /product/edit/119216001011690?/css_757ed0132a844208f409fbb5067dfa2d/_drupal_modules_product_detail_assets_css_new_pc_product_detail HTTP/1.1" 200 5213 "https://www.blalockdialysiscenter.com/product/edit/119216001011690" "Mozilla/5.0 (Linux; Android 6.0.1; Nexus 5X Build/MMB29P) AppleWebKit/537.36 (KHTML, like Gecko) Chrome/141.0.7390.122 Mobile Safari/537.36 (compatible; Googlebot/2.1; +http://www.google.com/bot.html)" 116 **0/116637**
66.249.72.228 - - [01/Nov/2025:05:23:02 -0700] "GET /product/edit/100464367041690 HTTP/1.1" 200 20443 "-" "Mozilla/5.0 (Linux; Android 6.0.1; Nexus 5X Build/MMB29P) AppleWebKit/537.36 (KHTML, like Gecko) Chrome/141.0.7390.122 Mobile Safari/537.36 (compatible; Googlebot/2.1; +http://www.google.com/bot.html)" 415 **0/415089**
66.249.72.233 - - [01/Nov/2025:05:23:03 -0700] "GET /product/edit/85973819011690 HTTP/1.1" 200 20633 "-" "Mozilla/5.0 (Linux; Android 6.0.1; Nexus 5X Build/MMB29P) AppleWebKit/537.36 (KHTML, like Gecko) Chrome/141.0.7390.122 Mobile Safari/537.36 (compatible; Googlebot/2.1; +http://www.google.com/bot.html)" 365 **0/365046**
66.249.72.229 - - [01/Nov/2025:05:23:03 -0700] "GET /product/edit/22022929031690 HTTP/1.1" 200 21234 "-" "Mozilla/5.0 (Linux; Android 6.0.1; Nexus 5X Build/MMB29P) AppleWebKit/537.36 (KHTML, like Gecko) Chrome/141.0.7390.122 Mobile Safari/537.36 (compatible; Googlebot/2.1; +http://www.google.com/bot.html)" 379 **0/379507**
66.249.72.228 - - [01/Nov/2025:05:23:04 -0700] "GET /product/edit/45457380021690?/js_757ed0132a844208f409fbb5067dfa2d/_drupal_sites_default_files_js_js_G878YGhv0pYpg9iZ_hIm3vCCQWyhWgLawk-6b6wmZuU HTTP/1.1" 200 52631 "https://www.blalockdialysiscenter.com/product/edit/45457380021690" "Mozilla/5.0 (Linux; Android 6.0.1; Nexus 5X Build/MMB29P) AppleWebKit/537.36 (KHTML, like Gecko) Chrome/141.0.7390.122 Mobile Safari/537.36 (compatible; Googlebot/2.1; +http://www.google.com/bot.html)" 218 **0/218052**
66.249.72.228 - - [01/Nov/2025:05:23:04 -0700] "GET /product/edit/87013205031690 HTTP/1.1" 200 21071 "-" "Mozilla/5.0 (Linux; Android 6.0.1; Nexus 5X Build/MMB29P) AppleWebKit/537.36 (KHTML, like Gecko) Chrome/141.0.7390.122 Mobile Safari/537.36 (compatible; Googlebot/2.1; +http://www.google.com/bot.html)" 351 **0/351542**
66.249.72.227 - - [01/Nov/2025:05:23:04 -0700] "GET /product/edit/44326494001690 HTTP/1.1" 200 20229 "-" "Mozilla/5.0 (Linux; Android 6.0.1; Nexus 5X Build/MMB29P) AppleWebKit/537.36 (KHTML, like Gecko) Chrome/141.0.7390.122 Mobile Safari/537.36 (compatible; Googlebot/2.1; +http://www.google.com/bot.html)" 324 **0/324310**
66.249.72.230 - - [01/Nov/2025:05:23:05 -0700] "GET /product/edit/62162066041690?/js_757ed0132a844208f409fbb5067dfa2d/_styles_js_lightbox HTTP/1.1" 200 4711 "https://www.blalockdialysiscenter.com/product/edit/62162066041690" "Mozilla/5.0 (Linux; Android 6.0.1; Nexus 5X Build/MMB29P) AppleWebKit/537.36 (KHTML, like Gecko) Chrome/141.0.7390.122 Mobile Safari/537.36 (compatible; Googlebot/2.1; +http://www.google.com/bot.html)" 111 **0/111126**
66.249.72.230 - - [01/Nov/2025:05:23:05 -0700] "GET /product/edit/19008993081690 HTTP/1.1" 200 21239 "-" "Mozilla/5.0 (Linux; Android 6.0.1; Nexus 5X Build/MMB29P) AppleWebKit/537.36 (KHTML, like Gecko) Chrome/141.0.7390.122 Mobile Safari/537.36 (compatible; Googlebot/2.1; +http://www.google.com/bot.html)" 364 **0/364342**
66.249.72.231 - - [01/Nov/2025:05:23:05 -0700] "GET /product/edit/116459541041690?/css_757ed0132a844208f409fbb5067dfa2d/_styles_css_product-detail-ex01 HTTP/1.1" 200 397 "https://www.blalockdialysiscenter.com/product/edit/116459541041690" "Mozilla/5.0 (Linux; Android 6.0.1; Nexus 5X Build/MMB29P) AppleWebKit/537.36 (KHTML, like Gecko) Chrome/141.0.7390.122 Mobile Safari/537.36 (compatible; Googlebot/2.1; +http://www.google.com/bot.html)" 114 **0/114070**
207.46.13.9 - - [01/Nov/2025:05:23:05 -0700] "GET /?a=98547532011690&mod=27d342e9&uri=us.php%3Fid%3D3297448-363%26name%3Dv%C3%A9lo+%C3%A9lectrique+cube+vtc+electrique HTTP/2.0" 200 20609 "-" "Mozilla/5.0 AppleWebKit/537.36 (KHTML, like Gecko; compatible; bingbot/2.0; +http://www.bing.com/bingbot.htm) Chrome/116.0.1938.76 Safari/537.36" 252 **0/252440**
66.249.72.231 - - [01/Nov/2025:05:23:06 -0700] "GET /product/edit/34955944061690 HTTP/1.1" 200 21232 "-" "Mozilla/5.0 (Linux; Android 6.0.1; Nexus 5X Build/MMB29P) AppleWebKit/537.36 (KHTML, like Gecko) Chrome/141.0.7390.122 Mobile Safari/537.36 (compatible; Googlebot/2.1; +http://www.google.com/bot.html)" 381 **0/381466**
66.249.72.226 - - [01/Nov/2025:05:23:06 -0700] "GET /product/edit/40504516001690?/js_757ed0132a844208f409fbb5067dfa2d/_drupal_sites_default_files_js_js_G878YGhv0pYpg9iZ_hIm3vCCQWyhWgLawk-6b6wmZuU HTTP/1.1" 200 52631 "https://www.blalockdialysiscenter.com/product/edit/40504516001690" "Mozilla/5.0 (Linux; Android 6.0.1; Nexus 5X Build/MMB29P) AppleWebKit/537.36 (KHTML, like Gecko) Chrome/141.0.7390.122 Mobile Safari/537.36 (compatible; Googlebot/2.1; +http://www.google.com/bot.html)" 193 **0/193371**
66.249.72.226 - - [01/Nov/2025:05:23:06 -0700] "GET /product/edit/118087066031690 HTTP/1.1" 200 20631 "-" "Mozilla/5.0 (Linux; Android 6.0.1; Nexus 5X Build/MMB29P) AppleWebKit/537.36 (KHTML, like Gecko) Chrome/141.0.7390.122 Mobile Safari/537.36 (compatible; Googlebot/2.1; +http://www.google.com/bot.html)" 593 **0/593638**
66.249.72.231 - - [01/Nov/2025:05:23:07 -0700] "GET /product/edit/83690654011690 HTTP/1.1" 200 22097 "-" "Mozilla/5.0 (Linux; Android 6.0.1; Nexus 5X Build/MMB29P) AppleWebKit/537.36 (KHTML, like Gecko) Chrome/141.0.7390.122 Mobile Safari/537.36 (compatible; Googlebot/2.1; +http://www.google.com/bot.html)" 479 **0/479312**
66.249.72.226 - - [01/Nov/2025:05:23:07 -0700] "GET /product/edit/29116182031690?/js_757ed0132a844208f409fbb5067dfa2d/_styles_js_lightbox HTTP/1.1" 200 4711 "https://www.blalockdialysiscenter.com/product/edit/29116182031690" "Mozilla/5.0 (Linux; Android 6.0.1; Nexus 5X Build/MMB29P) AppleWebKit/537.36 (KHTML, like Gecko) Chrome/141.0.7390.122 Mobile Safari/537.36 (compatible; Googlebot/2.1; +http://www.google.com/bot.html)" 113 **0/113520**
66.249.72.230 - - [01/Nov/2025:05:23:08 -0700] "GET /product/edit/29116182031690?/css_757ed0132a844208f409fbb5067dfa2d/_styles_css_product-detail-ex01 HTTP/1.1" 200 397 "https://www.blalockdialysiscenter.com/product/edit/29116182031690" "Mozilla/5.0 (Linux; Android 6.0.1; Nexus 5X Build/MMB29P) AppleWebKit/537.36 (KHTML, like Gecko) Chrome/141.0.7390.122 Mobile Safari/537.36 (compatible; Googlebot/2.1; +http://www.google.com/bot.html)" 111 **0/111657**
66.249.72.226 - - [01/Nov/2025:05:23:09 -0700] "GET /product/edit/40504516001690?/css_757ed0132a844208f409fbb5067dfa2d/_drupal_sites_default_files_css_css_YLUY2usEybPXqNO15-ozAgAYsZmniqhrU6f3bp69-r4 HTTP/1.1" 200 3874 "https://www.blalockdialysiscenter.com/product/edit/40504516001690" "Mozilla/5.0 (Linux; Android 6.0.1; Nexus 5X Build/MMB29P) AppleWebKit/537.36 (KHTML, like Gecko) Chrome/141.0.7390.122 Mobile Safari/537.36 (compatible; Googlebot/2.1; +http://www.google.com/bot.html)" 115 **0/115980**
66.249.72.228 - - [01/Nov/2025:05:23:09 -0700] "GET /product/edit/115574711041690 HTTP/1.1" 200 19873 "-" "Mozilla/5.0 (Linux; Android 6.0.1; Nexus 5X Build/MMB29P) AppleWebKit/537.36 (KHTML, like Gecko) Chrome/141.0.7390.122 Mobile Safari/537.36 (compatible; Googlebot/2.1; +http://www.google.com/bot.html)" 530 **0/530747**
66.249.72.227 - - [01/Nov/2025:05:23:10 -0700] "GET /product/edit/29116182031690?/js_757ed0132a844208f409fbb5067dfa2d/_drupal_sites_default_files_js_js_z1qFDrghecTCI5Rjumn4rMBYPHvd-E4L0DVpS2JCjnw HTTP/1.1" 200 320 "https://www.blalockdialysiscenter.com/product/edit/29116182031690" "Mozilla/5.0 (Linux; Android 6.0.1; Nexus 5X Build/MMB29P) AppleWebKit/537.36 (KHTML, like Gecko) Chrome/141.0.7390.122 Mobile Safari/537.36 (compatible; Googlebot/2.1; +http://www.google.com/bot.html)" 115 **0/115824**
66.249.72.228 - - [01/Nov/2025:05:23:09 -0700] "GET /product/edit/26970058001690 HTTP/1.1" 200 21468 "-" "Mozilla/5.0 (Linux; Android 6.0.1; Nexus 5X Build/MMB29P) AppleWebKit/537.36 (KHTML, like Gecko) Chrome/141.0.7390.122 Mobile Safari/537.36 (compatible; Googlebot/2.1; +http://www.google.com/bot.html)" 486 **0/486514**
66.249.72.229 - - [01/Nov/2025:05:23:10 -0700] "GET /product/edit/41478061031690 HTTP/1.1" 200 21112 "-" "Mozilla/5.0 (Linux; Android 6.0.1; Nexus 5X Build/MMB29P) AppleWebKit/537.36 (KHTML, like Gecko) Chrome/141.0.7390.122 Mobile Safari/537.36 (compatible; Googlebot/2.1; +http://www.google.com/bot.html)" 643 **0/643246**
66.249.72.226 - - [01/Nov/2025:05:23:11 -0700] "GET /product/edit/29116182031690?/css_757ed0132a844208f409fbb5067dfa2d/_drupal_sites_default_files_css_css_YLUY2usEybPXqNO15-ozAgAYsZmniqhrU6f3bp69-r4 HTTP/1.1" 200 3874 "https://www.blalockdialysiscenter.com/product/edit/29116182031690" "Mozilla/5.0 (Linux; Android 6.0.1; Nexus 5X Build/MMB29P) AppleWebKit/537.36 (KHTML, like Gecko) Chrome/141.0.7390.122 Mobile Safari/537.36 (compatible; Googlebot/2.1; +http://www.google.com/bot.html)" 114 **0/114706**
66.249.72.228 - - [01/Nov/2025:05:23:10 -0700] "GET /product/edit/85126923001690 HTTP/1.1" 200 21174 "-" "Mozilla/5.0 (Linux; Android 6.0.1; Nexus 5X Build/MMB29P) AppleWebKit/537.36 (KHTML, like Gecko) Chrome/141.0.7390.122 Mobile Safari/537.36 (compatible; Googlebot/2.1; +http://www.google.com/bot.html)" 634 **0/634018**
66.249.72.226 - - [01/Nov/2025:05:23:12 -0700] "GET /product/edit/84213497071690?/js_757ed0132a844208f409fbb5067dfa2d/_drupal_sites_default_files_js_js_z1qFDrghecTCI5Rjumn4rMBYPHvd-E4L0DVpS2JCjnw HTTP/1.1" 200 320 "https://www.blalockdialysiscenter.com/product/edit/84213497071690" "Mozilla/5.0 (Linux; Android 6.0.1; Nexus 5X Build/MMB29P) AppleWebKit/537.36 (KHTML, like Gecko) Chrome/141.0.7390.122 Mobile Safari/537.36 (compatible; Googlebot/2.1; +http://www.google.com/bot.html)" 116 **0/116566**
66.249.72.226 - - [01/Nov/2025:05:23:11 -0700] "GET /product/edit/57105669031690 HTTP/1.1" 200 21186 "-" "Mozilla/5.0 (Linux; Android 6.0.1; Nexus 5X Build/MMB29P) AppleWebKit/537.36 (KHTML, like Gecko) Chrome/141.0.7390.122 Mobile Safari/537.36 (compatible; Googlebot/2.1; +http://www.google.com/bot.html)" 746 **0/746297**
66.249.72.227 - - [01/Nov/2025:05:23:12 -0700] "GET /product/edit/116576388011690?/css_757ed0132a844208f409fbb5067dfa2d/_drupal_sites_default_files_css_css_LmUrbIckCDCKvN2_Q3zbp044aJ28BPsL4EcroazBk2w HTTP/1.1" 200 42233 "https://www.blalockdialysiscenter.com/product/edit/116576388011690" "Mozilla/5.0 (Linux; Android 6.0.1; Nexus 5X Build/MMB29P) AppleWebKit/537.36 (KHTML, like Gecko) Chrome/141.0.7390.122 Mobile Safari/537.36 (compatible; Googlebot/2.1; +http://www.google.com/bot.html)" 199 **0/199771**
66.249.72.228 - - [01/Nov/2025:05:23:12 -0700] "GET /product/edit/106249202051690 HTTP/1.1" 200 21145 "-" "Mozilla/5.0 (Linux; Android 6.0.1; Nexus 5X Build/MMB29P) AppleWebKit/537.36 (KHTML, like Gecko) Chrome/141.0.7390.122 Mobile Safari/537.36 (compatible; Googlebot/2.1; +http://www.google.com/bot.html)" 690 **0/690547**
66.249.72.229 - - [01/Nov/2025:05:23:13 -0700] "GET /product/edit/50493134001690 HTTP/1.1" 200 21063 "-" "Mozilla/5.0 (Linux; Android 6.0.1; Nexus 5X Build/MMB29P) AppleWebKit/537.36 (KHTML, like Gecko) Chrome/141.0.7390.122 Mobile Safari/537.36 (compatible; Googlebot/2.1; +http://www.google.com/bot.html)" 498 **0/498957**
66.249.72.229 - - [01/Nov/2025:05:23:13 -0700] "GET /product/edit/116576388011690?/js_757ed0132a844208f409fbb5067dfa2d/_drupal_sites_default_files_js_js_z1qFDrghecTCI5Rjumn4rMBYPHvd-E4L0DVpS2JCjnw HTTP/1.1" 200 320 "https://www.blalockdialysiscenter.com/product/edit/116576388011690" "Mozilla/5.0 (Linux; Android 6.0.1; Nexus 5X Build/MMB29P) AppleWebKit/537.36 (KHTML, like Gecko) Chrome/141.0.7390.122 Mobile Safari/537.36 (compatible; Googlebot/2.1; +http://www.google.com/bot.html)" 109 **0/109107**
66.249.72.226 - - [01/Nov/2025:05:23:13 -0700] "GET /product/edit/6251971051690 HTTP/1.1" 200 20227 "-" "Mozilla/5.0 (Linux; Android 6.0.1; Nexus 5X Build/MMB29P) AppleWebKit/537.36 (KHTML, like Gecko) Chrome/141.0.7390.122 Mobile Safari/537.36 (compatible; Googlebot/2.1; +http://www.google.com/bot.html)" 571 **0/571452**
66.249.72.228 - - [01/Nov/2025:05:23:14 -0700] "GET /product/edit/118409524071690 HTTP/1.1" 200 20883 "-" "Mozilla/5.0 (Linux; Android 6.0.1; Nexus 5X Build/MMB29P) AppleWebKit/537.36 (KHTML, like Gecko) Chrome/141.0.7390.122 Mobile Safari/537.36 (compatible; Googlebot/2.1; +http://www.google.com/bot.html)" 783 **0/783971**
66.249.69.140 - - [01/Nov/2025:05:23:15 -0700] "GET /?a=60821877011690&mod=e0f120ee&uri=blog.php%3Fid%3D2034882-44%26name%3Ddopp+kit+leather+wash+bag+australia HTTP/1.1" 200 20745 "-" "Mozilla/5.0 (Linux; Android 6.0.1; Nexus 5X Build/MMB29P) AppleWebKit/537.36 (KHTML, like Gecko) Chrome/141.0.7390.122 Mobile Safari/537.36 (compatible; Googlebot/2.1; +http://www.google.com/bot.html)" 584 **0/584053**
66.249.72.227 - - [01/Nov/2025:05:23:15 -0700] "GET /product/edit/116576388011690?/css_757ed0132a844208f409fbb5067dfa2d/_styles_css_product-detail-ex01 HTTP/1.1" 200 397 "https://www.blalockdialysiscenter.com/product/edit/116576388011690" "Mozilla/5.0 (Linux; Android 6.0.1; Nexus 5X Build/MMB29P) AppleWebKit/537.36 (KHTML, like Gecko) Chrome/141.0.7390.122 Mobile Safari/537.36 (compatible; Googlebot/2.1; +http://www.google.com/bot.html)" 114 **0/114738**
66.249.72.228 - - [01/Nov/2025:05:23:16 -0700] "GET /product/edit/45457380021690?/js_757ed0132a844208f409fbb5067dfa2d/_drupal_sites_default_files_js_js_z1qFDrghecTCI5Rjumn4rMBYPHvd-E4L0DVpS2JCjnw HTTP/1.1" 200 320 "https://www.blalockdialysiscenter.com/product/edit/45457380021690" "Mozilla/5.0 (Linux; Android 6.0.1; Nexus 5X Build/MMB29P) AppleWebKit/537.36 (KHTML, like Gecko) Chrome/141.0.7390.122 Mobile Safari/537.36 (compatible; Googlebot/2.1; +http://www.google.com/bot.html)" 111 **0/111381**
66.249.72.226 - - [01/Nov/2025:05:23:16 -0700] "GET /product/edit/51485881021690 HTTP/1.1" 200 21231 "-" "Mozilla/5.0 (Linux; Android 6.0.1; Nexus 5X Build/MMB29P) AppleWebKit/537.36 (KHTML, like Gecko) Chrome/141.0.7390.122 Mobile Safari/537.36 (compatible; Googlebot/2.1; +http://www.google.com/bot.html)" 428 **0/428585**
66.249.72.226 - - [01/Nov/2025:05:23:17 -0700] "GET /product/edit/116576388011690?/css_757ed0132a844208f409fbb5067dfa2d/_styles_css_wanderer-fg HTTP/1.1" 200 184 "https://www.blalockdialysiscenter.com/product/edit/116576388011690" "Mozilla/5.0 (Linux; Android 6.0.1; Nexus 5X Build/MMB29P) AppleWebKit/537.36 (KHTML, like Gecko) Chrome/141.0.7390.122 Mobile Safari/537.36 (compatible; Googlebot/2.1; +http://www.google.com/bot.html)" 105 **0/105922**
66.249.72.226 - - [01/Nov/2025:05:23:17 -0700] "GET /?a=83181630041690&mod=7cfefe1a&uri=brands.php%3Fid%3D2783132-1554%26name%3Drobe+blanche+robe+ans+mariage HTTP/1.1" 200 20333 "-" "Mozilla/5.0 (Linux; Android 6.0.1; Nexus 5X Build/MMB29P) AppleWebKit/537.36 (KHTML, like Gecko) Chrome/141.0.7390.122 Mobile Safari/537.36 (compatible; Googlebot/2.1; +http://www.google.com/bot.html)" 373 **0/373390**
66.249.72.226 - - [01/Nov/2025:05:23:17 -0700] "GET /product/edit/78889144091690 HTTP/1.1" 200 19699 "-" "Mozilla/5.0 (Linux; Android 6.0.1; Nexus 5X Build/MMB29P) AppleWebKit/537.36 (KHTML, like Gecko) Chrome/141.0.7390.122 Mobile Safari/537.36 (compatible; Googlebot/2.1; +http://www.google.com/bot.html)" 397 **0/397628**
66.249.72.227 - - [01/Nov/2025:05:23:18 -0700] "GET /product/edit/82030662041690?/js_757ed0132a844208f409fbb5067dfa2d/_styles_js_lazysizes.min HTTP/1.1" 200 3188 "https://www.blalockdialysiscenter.com/product/edit/82030662041690" "Mozilla/5.0 (Linux; Android 6.0.1; Nexus 5X Build/MMB29P) AppleWebKit/537.36 (KHTML, like Gecko) Chrome/141.0.7390.122 Mobile Safari/537.36 (compatible; Googlebot/2.1; +http://www.google.com/bot.html)" 111 **0/111790**
66.249.72.227 - - [01/Nov/2025:05:23:18 -0700] "GET /product/edit/59690856081690 HTTP/1.1" 200 21417 "-" "Mozilla/5.0 (Linux; Android 6.0.1; Nexus 5X Build/MMB29P) AppleWebKit/537.36 (KHTML, like Gecko) Chrome/141.0.7390.122 Mobile Safari/537.36 (compatible; Googlebot/2.1; +http://www.google.com/bot.html)" 331 **0/331853**
66.249.72.226 - - [01/Nov/2025:05:23:18 -0700] "GET /product/edit/49324411071690 HTTP/1.1" 200 21468 "-" "Mozilla/5.0 (Linux; Android 6.0.1; Nexus 5X Build/MMB29P) AppleWebKit/537.36 (KHTML, like Gecko) Chrome/141.0.7390.122 Mobile Safari/537.36 (compatible; Googlebot/2.1; +http://www.google.com/bot.html)" 432 **0/432159**
66.249.72.227 - - [01/Nov/2025:05:23:19 -0700] "GET /product/edit/21411927051690 HTTP/1.1" 200 20658 "-" "Mozilla/5.0 (Linux; Android 6.0.1; Nexus 5X Build/MMB29P) AppleWebKit/537.36 (KHTML, like Gecko) Chrome/141.0.7390.122 Mobile Safari/537.36 (compatible; Googlebot/2.1; +http://www.google.com/bot.html)" 575 **0/575667**
66.249.72.228 - - [01/Nov/2025:05:23:19 -0700] "GET /product/edit/7641801001690 HTTP/1.1" 200 22103 "-" "Mozilla/5.0 (Linux; Android 6.0.1; Nexus 5X Build/MMB29P) AppleWebKit/537.36 (KHTML, like Gecko) Chrome/141.0.7390.122 Mobile Safari/537.36 (compatible; Googlebot/2.1; +http://www.google.com/bot.html)" 619 **0/619805**
66.249.72.228 - - [01/Nov/2025:05:23:20 -0700] "GET /product/edit/50493134001690?/css_757ed0132a844208f409fbb5067dfa2d/_styles_css_product-detail-ex01 HTTP/1.1" 200 397 "https://www.blalockdialysiscenter.com/product/edit/50493134001690" "Mozilla/5.0 (Linux; Android 6.0.1; Nexus 5X Build/MMB29P) AppleWebKit/537.36 (KHTML, like Gecko) Chrome/141.0.7390.122 Mobile Safari/537.36 (compatible; Googlebot/2.1; +http://www.google.com/bot.html)" 113 **0/113844**
66.249.72.226 - - [01/Nov/2025:05:23:21 -0700] "GET /product/edit/50493134001690?/js_757ed0132a844208f409fbb5067dfa2d/_styles_js_lightbox HTTP/1.1" 200 4711 "https://www.blalockdialysiscenter.com/product/edit/50493134001690" "Mozilla/5.0 (Linux; Android 6.0.1; Nexus 5X Build/MMB29P) AppleWebKit/537.36 (KHTML, like Gecko) Chrome/141.0.7390.122 Mobile Safari/537.36 (compatible; Googlebot/2.1; +http://www.google.com/bot.html)" 114 **0/114557**
66.249.69.140 - - [01/Nov/2025:05:23:21 -0700] "GET /?a=89083434041690&mod=70e17786&uri=shared.php%3Fid%3D2980652-398%26name%3Dvestido+bandage+vestido+manga+longa+e+bota HTTP/1.1" 200 21669 "-" "Mozilla/5.0 (Linux; Android 6.0.1; Nexus 5X Build/MMB29P) AppleWebKit/537.36 (KHTML, like Gecko) Chrome/141.0.7390.122 Mobile Safari/537.36 (compatible; Googlebot/2.1; +http://www.google.com/bot.html)" 831 **0/831821**
66.249.72.226 - - [01/Nov/2025:05:23:22 -0700] "GET /product/edit/57105669031690?/js_757ed0132a844208f409fbb5067dfa2d/_styles_js_lazysizes.min HTTP/1.1" 200 3188 "https://www.blalockdialysiscenter.com/product/edit/57105669031690" "Mozilla/5.0 (Linux; Android 6.0.1; Nexus 5X Build/MMB29P) AppleWebKit/537.36 (KHTML, like Gecko) Chrome/141.0.7390.122 Mobile Safari/537.36 (compatible; Googlebot/2.1; +http://www.google.com/bot.html)" 118 **0/118563**
66.249.69.140 - - [01/Nov/2025:05:23:22 -0700] "GET /?a=91261419071690&mod=9b559e99&uri=category-info.php%3Fid%3D3053564-197%26name%3Dshoe+look+escarpin+rouge HTTP/1.1" 200 21174 "-" "Mozilla/5.0 (Linux; Android 6.0.1; Nexus 5X Build/MMB29P) AppleWebKit/537.36 (KHTML, like Gecko) Chrome/141.0.7390.122 Mobile Safari/537.36 (compatible; Googlebot/2.1; +http://www.google.com/bot.html)" 976 **0/976129**
66.249.72.226 - - [01/Nov/2025:05:23:23 -0700] "GET /product/edit/57105669031690?/js_757ed0132a844208f409fbb5067dfa2d/_styles_js_lightbox HTTP/1.1" 200 4711 "https://www.blalockdialysiscenter.com/product/edit/57105669031690" "Mozilla/5.0 (Linux; Android 6.0.1; Nexus 5X Build/MMB29P) AppleWebKit/537.36 (KHTML, like Gecko) Chrome/141.0.7390.122 Mobile Safari/537.36 (compatible; Googlebot/2.1; +http://www.google.com/bot.html)" 117 **0/117497**
66.249.72.228 - - [01/Nov/2025:05:23:23 -0700] "GET /product/edit/57105669031690?/js_757ed0132a844208f409fbb5067dfa2d/_drupal_sites_default_files_js_js_G878YGhv0pYpg9iZ_hIm3vCCQWyhWgLawk-6b6wmZuU HTTP/1.1" 200 52631 "https://www.blalockdialysiscenter.com/product/edit/57105669031690" "Mozilla/5.0 (Linux; Android 6.0.1; Nexus 5X Build/MMB29P) AppleWebKit/537.36 (KHTML, like Gecko) Chrome/141.0.7390.122 Mobile Safari/537.36 (compatible; Googlebot/2.1; +http://www.google.com/bot.html)" 208 **0/208147**
66.249.72.228 - - [01/Nov/2025:05:23:24 -0700] "GET /product/edit/57105669031690?/js_757ed0132a844208f409fbb5067dfa2d/_drupal_sites_default_files_js_js_nfGRbDhyXF9_dFjG2rkRRw84Gy6p5a4aGnpYcOKhuC4 HTTP/1.1" 200 96506 "https://www.blalockdialysiscenter.com/product/edit/57105669031690" "Mozilla/5.0 (Linux; Android 6.0.1; Nexus 5X Build/MMB29P) AppleWebKit/537.36 (KHTML, like Gecko) Chrome/141.0.7390.122 Mobile Safari/537.36 (compatible; Googlebot/2.1; +http://www.google.com/bot.html)" 264 **0/264849**
66.249.69.140 - - [01/Nov/2025:05:23:23 -0700] "GET /?a=91343829081690&mod=2ce5c4c3&uri=article.php%3Fid%3D3056323-469%26name%3Ddamart+ladies+cotton+jersey+dressing+gown HTTP/1.1" 200 20527 "-" "Mozilla/5.0 (Linux; Android 6.0.1; Nexus 5X Build/MMB29P) AppleWebKit/537.36 (KHTML, like Gecko) Chrome/141.0.7390.122 Mobile Safari/537.36 (compatible; Googlebot/2.1; +http://www.google.com/bot.html)" 908 **0/908947**
66.249.69.140 - - [01/Nov/2025:05:23:24 -0700] "GET /?a=20383201021690&mod=0c74b7f7&uri=category-info.php%3Fid%3D681899-3%26name%3Dbody+workout+men%27s+kettlebell+exercises HTTP/1.1" 200 21186 "-" "Mozilla/5.0 (Linux; Android 6.0.1; Nexus 5X Build/MMB29P) AppleWebKit/537.36 (KHTML, like Gecko) Chrome/141.0.7390.122 Mobile Safari/537.36 (compatible; Googlebot/2.1; +http://www.google.com/bot.html)" 1004 **1/1004862**
66.249.72.228 - - [01/Nov/2025:05:23:25 -0700] "GET /product/edit/118409524071690?/js_757ed0132a844208f409fbb5067dfa2d/_styles_js_lazysizes.min HTTP/1.1" 200 3188 "https://www.blalockdialysiscenter.com/product/edit/118409524071690" "Mozilla/5.0 (Linux; Android 6.0.1; Nexus 5X Build/MMB29P) AppleWebKit/537.36 (KHTML, like Gecko) Chrome/141.0.7390.122 Mobile Safari/537.36 (compatible; Googlebot/2.1; +http://www.google.com/bot.html)" 122 **0/122423**
66.249.69.140 - - [01/Nov/2025:05:23:24 -0700] "GET /?a=115164360001690&mod=a24a23fb&uri=category-info.php%3Fid%3D3853489-344%26name%3Dshiv+bhajan+sawan+ke+bhakti+geet HTTP/1.1" 200 20086 "-" "Mozilla/5.0 (Linux; Android 6.0.1; Nexus 5X Build/MMB29P) AppleWebKit/537.36 (KHTML, like Gecko) Chrome/141.0.7390.122 Mobile Safari/537.36 (compatible; Googlebot/2.1; +http://www.google.com/bot.html)" 951 **0/951728**
66.249.72.227 - - [01/Nov/2025:05:23:26 -0700] "GET /product/edit/7641801001690?/css_757ed0132a844208f409fbb5067dfa2d/_drupal_sites_default_files_css_css_LmUrbIckCDCKvN2_Q3zbp044aJ28BPsL4EcroazBk2w HTTP/1.1" 200 42233 "https://www.blalockdialysiscenter.com/product/edit/7641801001690" "Mozilla/5.0 AppleWebKit/537.36 (KHTML, like Gecko; compatible; Googlebot/2.1; +http://www.google.com/bot.html) Chrome/141.0.7390.122 Safari/537.36" 250 **0/250044**
66.249.72.226 - - [01/Nov/2025:05:23:26 -0700] "GET /product/edit/118409524071690?/js_757ed0132a844208f409fbb5067dfa2d/_drupal_sites_default_files_js_js_i3BGasXGb_pVk8CAUeSJnjMmyNE-bFprX9j4_djQznQ HTTP/1.1" 200 3857 "https://www.blalockdialysiscenter.com/product/edit/118409524071690" "Mozilla/5.0 (Linux; Android 6.0.1; Nexus 5X Build/MMB29P) AppleWebKit/537.36 (KHTML, like Gecko) Chrome/141.0.7390.122 Mobile Safari/537.36 (compatible; Googlebot/2.1; +http://www.google.com/bot.html)" 121 **0/121252**
66.249.69.140 - - [01/Nov/2025:05:23:26 -0700] "GET /?a=100899489041690&mod=1935652b&uri=category-info.php%3Fid%3D3376176-887%26name%3Dnike+2025+nike+air+force+run+large HTTP/1.1" 200 20125 "-" "Mozilla/5.0 (Linux; Android 6.0.1; Nexus 5X Build/MMB29P) AppleWebKit/537.36 (KHTML, like Gecko) Chrome/141.0.7390.122 Mobile Safari/537.36 (compatible; Googlebot/2.1; +http://www.google.com/bot.html)" 885 **0/885864**
66.249.72.227 - - [01/Nov/2025:05:23:27 -0700] "GET /product/edit/78889144091690?/css_757ed0132a844208f409fbb5067dfa2d/_styles_css_product-detail-ex01 HTTP/1.1" 200 397 "https://www.blalockdialysiscenter.com/product/edit/78889144091690" "Mozilla/5.0 (Linux; Android 6.0.1; Nexus 5X Build/MMB29P) AppleWebKit/537.36 (KHTML, like Gecko) Chrome/141.0.7390.122 Mobile Safari/537.36 (compatible; Googlebot/2.1; +http://www.google.com/bot.html)" 113 **0/113480**
66.249.72.227 - - [01/Nov/2025:05:23:28 -0700] "GET /product/edit/78889144091690?/js_757ed0132a844208f409fbb5067dfa2d/_drupal_sites_default_files_js_js_G878YGhv0pYpg9iZ_hIm3vCCQWyhWgLawk-6b6wmZuU HTTP/1.1" 200 52631 "https://www.blalockdialysiscenter.com/product/edit/78889144091690" "Mozilla/5.0 (Linux; Android 6.0.1; Nexus 5X Build/MMB29P) AppleWebKit/537.36 (KHTML, like Gecko) Chrome/141.0.7390.122 Mobile Safari/537.36 (compatible; Googlebot/2.1; +http://www.google.com/bot.html)" 205 **0/205869**
66.249.69.140 - - [01/Nov/2025:05:23:28 -0700] "GET /?a=59359012041690&mod=ba1ccf02&uri=article.php%3Fid%3D1985905-153%26name%3Dsmart+tv+teleparty+safari HTTP/1.1" 200 21061 "-" "Mozilla/5.0 (Linux; Android 6.0.1; Nexus 5X Build/MMB29P) AppleWebKit/537.36 (KHTML, like Gecko) Chrome/141.0.7390.122 Mobile Safari/537.36 (compatible; Googlebot/2.1; +http://www.google.com/bot.html)" 1098 **1/1098798**
66.249.72.228 - - [01/Nov/2025:05:23:29 -0700] "GET /product/edit/51485881021690?/css_757ed0132a844208f409fbb5067dfa2d/_drupal_sites_default_files_css_css_LmUrbIckCDCKvN2_Q3zbp044aJ28BPsL4EcroazBk2w HTTP/1.1" 200 42233 "https://www.blalockdialysiscenter.com/product/edit/51485881021690" "Mozilla/5.0 (Linux; Android 6.0.1; Nexus 5X Build/MMB29P) AppleWebKit/537.36 (KHTML, like Gecko) Chrome/141.0.7390.122 Mobile Safari/537.36 (compatible; Googlebot/2.1; +http://www.google.com/bot.html)" 207 **0/207098**
66.249.69.140 - - [01/Nov/2025:05:23:28 -0700] "GET /?a=57025240031690&mod=c6429c03&uri=category-info.php%3Fid%3D1907802-368%26name%3Dbaseball+women%27s+slam+diego+shirt HTTP/1.1" 200 21800 "-" "Mozilla/5.0 (Linux; Android 6.0.1; Nexus 5X Build/MMB29P) AppleWebKit/537.36 (KHTML, like Gecko) Chrome/141.0.7390.122 Mobile Safari/537.36 (compatible; Googlebot/2.1; +http://www.google.com/bot.html)" 813 **0/813143**
66.249.72.227 - - [01/Nov/2025:05:23:29 -0700] "GET /product/edit/29691419041690?/js_757ed0132a844208f409fbb5067dfa2d/_drupal_sites_default_files_js_js_i3BGasXGb_pVk8CAUeSJnjMmyNE-bFprX9j4_djQznQ HTTP/1.1" 200 3857 "https://www.blalockdialysiscenter.com/product/edit/29691419041690" "Mozilla/5.0 (Linux; Android 6.0.1; Nexus 5X Build/MMB29P) AppleWebKit/537.36 (KHTML, like Gecko) Chrome/141.0.7390.122 Mobile Safari/537.36 (compatible; Googlebot/2.1; +http://www.google.com/bot.html)" 113 **0/113786**
66.249.69.140 - - [01/Nov/2025:05:23:29 -0700] "GET /?a=5924498031690&mod=7cc5a754&uri=category-info.php%3Fid%3D198163-80%26name%3Dmost+comfortable+recliners+best+rated+power+recliner+chairs HTTP/1.1" 200 21476 "-" "Mozilla/5.0 (Linux; Android 6.0.1; Nexus 5X Build/MMB29P) AppleWebKit/537.36 (KHTML, like Gecko) Chrome/141.0.7390.122 Mobile Safari/537.36 (compatible; Googlebot/2.1; +http://www.google.com/bot.html)" 910 **0/910358**
66.249.72.228 - - [01/Nov/2025:05:23:30 -0700] "GET /product/edit/85126923001690?/js_757ed0132a844208f409fbb5067dfa2d/_drupal_sites_default_files_js_js_nfGRbDhyXF9_dFjG2rkRRw84Gy6p5a4aGnpYcOKhuC4 HTTP/1.1" 200 96506 "https://www.blalockdialysiscenter.com/product/edit/85126923001690" "Mozilla/5.0 (Linux; Android 6.0.1; Nexus 5X Build/MMB29P) AppleWebKit/537.36 (KHTML, like Gecko) Chrome/141.0.7390.122 Mobile Safari/537.36 (compatible; Googlebot/2.1; +http://www.google.com/bot.html)" 285 **0/285001**
66.249.69.140 - - [01/Nov/2025:05:23:30 -0700] "GET /?a=88059111021690&mod=77932584&uri=category-info.php%3Fid%3D2946401-676%26name%3Dshoe+runnea+pegasus+38 HTTP/1.1" 200 21063 "-" "Mozilla/5.0 (Linux; Android 6.0.1; Nexus 5X Build/MMB29P) AppleWebKit/537.36 (KHTML, like Gecko) Chrome/141.0.7390.122 Mobile Safari/537.36 (compatible; Googlebot/2.1; +http://www.google.com/bot.html)" 988 **0/988021**
66.249.72.228 - - [01/Nov/2025:05:23:31 -0700] "GET /product/edit/78889144091690?/css_757ed0132a844208f409fbb5067dfa2d/_drupal_sites_default_files_css_css_LmUrbIckCDCKvN2_Q3zbp044aJ28BPsL4EcroazBk2w HTTP/1.1" 200 42233 "https://www.blalockdialysiscenter.com/product/edit/78889144091690" "Mozilla/5.0 (Linux; Android 6.0.1; Nexus 5X Build/MMB29P) AppleWebKit/537.36 (KHTML, like Gecko) Chrome/141.0.7390.122 Mobile Safari/537.36 (compatible; Googlebot/2.1; +http://www.google.com/bot.html)" 218 **0/218481**
66.249.69.140 - - [01/Nov/2025:05:23:30 -0700] "GET /?a=67698357051690&mod=069802d4&uri=category-info.php%3Fid%3D2264919-158%26name%3Dmidrange+speaker+menace+subwoofer HTTP/1.1" 200 20536 "-" "Mozilla/5.0 (Linux; Android 6.0.1; Nexus 5X Build/MMB29P) AppleWebKit/537.36 (KHTML, like Gecko) Chrome/141.0.7390.122 Mobile Safari/537.36 (compatible; Googlebot/2.1; +http://www.google.com/bot.html)" 913 **0/913104**
66.249.72.227 - - [01/Nov/2025:05:23:32 -0700] "GET /product/edit/227624011690?/js_757ed0132a844208f409fbb5067dfa2d/_drupal_sites_default_files_js_js_z1qFDrghecTCI5Rjumn4rMBYPHvd-E4L0DVpS2JCjnw HTTP/1.1" 200 320 "https://www.blalockdialysiscenter.com/product/edit/227624011690" "Mozilla/5.0 (Linux; Android 6.0.1; Nexus 5X Build/MMB29P) AppleWebKit/537.36 (KHTML, like Gecko) Chrome/141.0.7390.122 Mobile Safari/537.36 (compatible; Googlebot/2.1; +http://www.google.com/bot.html)" 123 **0/123320**
66.249.72.228 - - [01/Nov/2025:05:23:32 -0700] "GET /product/edit/34955944061690?/js_757ed0132a844208f409fbb5067dfa2d/_drupal_sites_default_files_js_js_i3BGasXGb_pVk8CAUeSJnjMmyNE-bFprX9j4_djQznQ HTTP/1.1" 200 3857 "https://www.blalockdialysiscenter.com/product/edit/34955944061690" "Mozilla/5.0 (Linux; Android 6.0.1; Nexus 5X Build/MMB29P) AppleWebKit/537.36 (KHTML, like Gecko) Chrome/141.0.7390.122 Mobile Safari/537.36 (compatible; Googlebot/2.1; +http://www.google.com/bot.html)" 113 **0/113604**
66.249.69.140 - - [01/Nov/2025:05:23:31 -0700] "GET /?a=102826106091690&mod=a0946d73&uri=category-info.php%3Fid%3D3440635-362%26name%3Dbailey+bow+ugs+winterschuhe HTTP/1.1" 200 20415 "-" "Mozilla/5.0 (Linux; Android 6.0.1; Nexus 5X Build/MMB29P) AppleWebKit/537.36 (KHTML, like Gecko) Chrome/141.0.7390.122 Mobile Safari/537.36 (compatible; Googlebot/2.1; +http://www.google.com/bot.html)" 829 **0/829570**
66.249.72.226 - - [01/Nov/2025:05:23:33 -0700] "GET /product/edit/51485881021690?/css_757ed0132a844208f409fbb5067dfa2d/_drupal_modules_product_detail_assets_css_new_pc_product_detail HTTP/1.1" 200 5213 "https://www.blalockdialysiscenter.com/product/edit/51485881021690" "Mozilla/5.0 (Linux; Android 6.0.1; Nexus 5X Build/MMB29P) AppleWebKit/537.36 (KHTML, like Gecko) Chrome/141.0.7390.122 Mobile Safari/537.36 (compatible; Googlebot/2.1; +http://www.google.com/bot.html)" 116 **0/116617**
66.249.69.140 - - [01/Nov/2025:05:23:33 -0700] "GET /?a=20407086031690&mod=1a32df83&uri=category-info.php%3Fid%3D682697-81%26name%3Dgrass+cutter+lawn+mower+brush+attachment HTTP/1.1" 200 21552 "-" "Mozilla/5.0 (Linux; Android 6.0.1; Nexus 5X Build/MMB29P) AppleWebKit/537.36 (KHTML, like Gecko) Chrome/141.0.7390.122 Mobile Safari/537.36 (compatible; Googlebot/2.1; +http://www.google.com/bot.html)" 798 **0/798319**
66.249.72.228 - - [01/Nov/2025:05:23:34 -0700] "GET /product/edit/21411927051690?/js_757ed0132a844208f409fbb5067dfa2d/_styles_js_lazysizes.min HTTP/1.1" 200 3188 "https://www.blalockdialysiscenter.com/product/edit/21411927051690" "Mozilla/5.0 (Linux; Android 6.0.1; Nexus 5X Build/MMB29P) AppleWebKit/537.36 (KHTML, like Gecko) Chrome/141.0.7390.122 Mobile Safari/537.36 (compatible; Googlebot/2.1; +http://www.google.com/bot.html)" 118 **0/118235**
66.249.69.140 - - [01/Nov/2025:05:23:33 -0700] "GET /?a=97137452021690&mod=564fff92&uri=category-info.php%3Fid%3D3250225-1522%26name%3Dangels+jersey+mlb+fan+jersey HTTP/1.1" 200 21138 "-" "Mozilla/5.0 (Linux; Android 6.0.1; Nexus 5X Build/MMB29P) AppleWebKit/537.36 (KHTML, like Gecko) Chrome/141.0.7390.122 Mobile Safari/537.36 (compatible; Googlebot/2.1; +http://www.google.com/bot.html)" 1024 **1/1024999**
66.249.72.227 - - [01/Nov/2025:05:23:35 -0700] "GET /product/edit/49324411071690?/css_757ed0132a844208f409fbb5067dfa2d/_drupal_sites_default_files_css_css_YLUY2usEybPXqNO15-ozAgAYsZmniqhrU6f3bp69-r4 HTTP/1.1" 200 3874 "https://www.blalockdialysiscenter.com/product/edit/49324411071690" "Mozilla/5.0 (Linux; Android 6.0.1; Nexus 5X Build/MMB29P) AppleWebKit/537.36 (KHTML, like Gecko) Chrome/141.0.7390.122 Mobile Safari/537.36 (compatible; Googlebot/2.1; +http://www.google.com/bot.html)" 123 **0/123615**
66.249.72.227 - - [01/Nov/2025:05:23:34 -0700] "GET /?a=20213150131690&mod=20337d9c&uri=pin.php%3Fid%3D676205-114%26name%3Done+piece+4kids+dub HTTP/1.1" 200 20719 "-" "Mozilla/5.0 (Linux; Android 6.0.1; Nexus 5X Build/MMB29P) AppleWebKit/537.36 (KHTML, like Gecko) Chrome/141.0.7390.122 Mobile Safari/537.36 (compatible; Googlebot/2.1; +http://www.google.com/bot.html)" 1097 **1/1097529**
207.46.13.151 - - [01/Nov/2025:05:23:34 -0700] "GET /?a=99198851011690&mod=15b6f283&uri=dp.php%3Fid%3D3319250-535%26name%3Dsleeve+kobe+bryant+jersey+official HTTP/2.0" 200 20602 "-" "Mozilla/5.0 AppleWebKit/537.36 (KHTML, like Gecko; compatible; bingbot/2.0; +http://www.bing.com/bingbot.htm) Chrome/116.0.1938.76 Safari/537.36" 1079 **1/1079116**
66.249.72.227 - - [01/Nov/2025:05:23:35 -0700] "GET /product/edit/49324411071690?/js_757ed0132a844208f409fbb5067dfa2d/_styles_js_lightbox HTTP/1.1" 200 4711 "https://www.blalockdialysiscenter.com/product/edit/49324411071690" "Mozilla/5.0 (Linux; Android 6.0.1; Nexus 5X Build/MMB29P) AppleWebKit/537.36 (KHTML, like Gecko) Chrome/141.0.7390.122 Mobile Safari/537.36 (compatible; Googlebot/2.1; +http://www.google.com/bot.html)" 115 **0/115007**
66.249.69.140 - - [01/Nov/2025:05:23:35 -0700] "GET /?a=55796249071690&mod=fb4c4860&uri=itm.php%3Fid%3D1866646-40%26name%3Ddeadpool+inch+action+figures HTTP/1.1" 200 20754 "-" "Mozilla/5.0 (Linux; Android 6.0.1; Nexus 5X Build/MMB29P) AppleWebKit/537.36 (KHTML, like Gecko) Chrome/141.0.7390.122 Mobile Safari/537.36 (compatible; Googlebot/2.1; +http://www.google.com/bot.html)" 909 **0/909330**
66.249.72.226 - - [01/Nov/2025:05:23:36 -0700] "GET /product/edit/49324411071690?/css_757ed0132a844208f409fbb5067dfa2d/_drupal_modules_product_detail_assets_css_new_pc_product_detail HTTP/1.1" 200 5213 "https://www.blalockdialysiscenter.com/product/edit/49324411071690" "Mozilla/5.0 (Linux; Android 6.0.1; Nexus 5X Build/MMB29P) AppleWebKit/537.36 (KHTML, like Gecko) Chrome/141.0.7390.122 Mobile Safari/537.36 (compatible; Googlebot/2.1; +http://www.google.com/bot.html)" 113 **0/113360**
40.77.167.51 - - [01/Nov/2025:05:23:35 -0700] "GET /pcmypage?callback=/product%2Fdetail%2F6100343052690 HTTP/2.0" 200 21268 "-" "Mozilla/5.0 AppleWebKit/537.36 (KHTML, like Gecko; compatible; bingbot/2.0; +http://www.bing.com/bingbot.htm) Chrome/116.0.1938.76 Safari/537.36" 871 **0/871337**
66.249.69.140 - - [01/Nov/2025:05:23:35 -0700] "GET /?a=41548289121690&mod=2f3bbb97&uri=category-info.php%3Fid%3D1389871-49%26name%3Dcharging+dock+charge+ps4+controller+wall+outlet HTTP/1.1" 200 20556 "-" "Mozilla/5.0 (Linux; Android 6.0.1; Nexus 5X Build/MMB29P) AppleWebKit/537.36 (KHTML, like Gecko) Chrome/141.0.7390.122 Mobile Safari/537.36 (compatible; Googlebot/2.1; +http://www.google.com/bot.html)" 923 **0/923564**
66.249.72.226 - - [01/Nov/2025:05:23:36 -0700] "GET /product/edit/49324411071690?/js_757ed0132a844208f409fbb5067dfa2d/_drupal_sites_default_files_js_js_nfGRbDhyXF9_dFjG2rkRRw84Gy6p5a4aGnpYcOKhuC4 HTTP/1.1" 200 96506 "https://www.blalockdialysiscenter.com/product/edit/49324411071690" "Mozilla/5.0 (Linux; Android 6.0.1; Nexus 5X Build/MMB29P) AppleWebKit/537.36 (KHTML, like Gecko) Chrome/141.0.7390.122 Mobile Safari/537.36 (compatible; Googlebot/2.1; +http://www.google.com/bot.html)" 271 **0/271964**
66.249.69.140 - - [01/Nov/2025:05:23:37 -0700] "GET /?a=99492514071690&mod=850a40f2&uri=category-info.php%3Fid%3D3329100-125%26name%3Dheadlight+hero+xpulse+200t+accessories+online HTTP/1.1" 200 21312 "-" "Mozilla/5.0 (Linux; Android 6.0.1; Nexus 5X Build/MMB29P) AppleWebKit/537.36 (KHTML, like Gecko) Chrome/141.0.7390.122 Mobile Safari/537.36 (compatible; Googlebot/2.1; +http://www.google.com/bot.html)" 903 **0/903794**
66.249.69.140 - - [01/Nov/2025:05:23:37 -0700] "GET /?a=113833981101690&mod=30cef342&uri=category-info.php%3Fid%3D3808939-1282%26name%3Dsnkrs+app+inside+snkrs HTTP/1.1" 200 20351 "-" "Mozilla/5.0 (Linux; Android 6.0.1; Nexus 5X Build/MMB29P) AppleWebKit/537.36 (KHTML, like Gecko) Chrome/141.0.7390.122 Mobile Safari/537.36 (compatible; Googlebot/2.1; +http://www.google.com/bot.html)" 1077 **1/1077147**
40.77.167.51 - - [01/Nov/2025:05:23:37 -0700] "GET /?a=6084121081690&mod=bead7746&uri=form.php%3Fid%3D203498-470%26name%3Dfashion+pantalones+de+vinilo+rojos HTTP/2.0" 200 21122 "-" "Mozilla/5.0 AppleWebKit/537.36 (KHTML, like Gecko; compatible; bingbot/2.0; +http://www.bing.com/bingbot.htm) Chrome/116.0.1938.76 Safari/537.36" 1067 **1/1067247**
66.249.72.229 - - [01/Nov/2025:05:23:38 -0700] "GET /product/edit/49324411071690?/js_757ed0132a844208f409fbb5067dfa2d/_drupal_sites_default_files_js_js_z1qFDrghecTCI5Rjumn4rMBYPHvd-E4L0DVpS2JCjnw HTTP/1.1" 200 320 "https://www.blalockdialysiscenter.com/product/edit/49324411071690" "Mozilla/5.0 (Linux; Android 6.0.1; Nexus 5X Build/MMB29P) AppleWebKit/537.36 (KHTML, like Gecko) Chrome/141.0.7390.122 Mobile Safari/537.36 (compatible; Googlebot/2.1; +http://www.google.com/bot.html)" 114 **0/114766**
66.249.69.141 - - [01/Nov/2025:05:23:38 -0700] "GET /?a=75312790051690&mod=fc6ac6be&uri=shared.php%3Fid%3D2519798-623%26name%3Ddodgers+2023+big+dodger+shirts HTTP/1.1" 200 20504 "-" "Mozilla/5.0 (Linux; Android 6.0.1; Nexus 5X Build/MMB29P) AppleWebKit/537.36 (KHTML, like Gecko) Chrome/141.0.7390.122 Mobile Safari/537.36 (compatible; Googlebot/2.1; +http://www.google.com/bot.html)" 1011 **1/1011589**
66.249.72.228 - - [01/Nov/2025:05:23:39 -0700] "GET /product/edit/51485881021690?/js_757ed0132a844208f409fbb5067dfa2d/_drupal_sites_default_files_js_js_i3BGasXGb_pVk8CAUeSJnjMmyNE-bFprX9j4_djQznQ HTTP/1.1" 200 3857 "https://www.blalockdialysiscenter.com/product/edit/51485881021690" "Mozilla/5.0 (Linux; Android 6.0.1; Nexus 5X Build/MMB29P) AppleWebKit/537.36 (KHTML, like Gecko) Chrome/141.0.7390.122 Mobile Safari/537.36 (compatible; Googlebot/2.1; +http://www.google.com/bot.html)" 120 **0/120133**
66.249.69.140 - - [01/Nov/2025:05:23:39 -0700] "GET /?a=85034415001690&mod=73830f56&uri=blog.php%3Fid%3D2845171-636%26name%3Dzalando+winterjacke+104+sale HTTP/1.1" 200 20269 "-" "Mozilla/5.0 (Linux; Android 6.0.1; Nexus 5X Build/MMB29P) AppleWebKit/537.36 (KHTML, like Gecko) Chrome/141.0.7390.122 Mobile Safari/537.36 (compatible; Googlebot/2.1; +http://www.google.com/bot.html)" 844 **0/844568**
66.249.72.229 - - [01/Nov/2025:05:23:40 -0700] "GET /product/edit/78889144091690?/js_757ed0132a844208f409fbb5067dfa2d/_drupal_sites_default_files_js_js_i3BGasXGb_pVk8CAUeSJnjMmyNE-bFprX9j4_djQznQ HTTP/1.1" 200 3857 "https://www.blalockdialysiscenter.com/product/edit/78889144091690" "Mozilla/5.0 (Linux; Android 6.0.1; Nexus 5X Build/MMB29P) AppleWebKit/537.36 (KHTML, like Gecko) Chrome/141.0.7390.122 Mobile Safari/537.36 (compatible; Googlebot/2.1; +http://www.google.com/bot.html)" 114 **0/114359**
40.77.167.51 - - [01/Nov/2025:05:23:39 -0700] "GET /?a=32049101001690&mod=236f119f&uri=search.php%3Fid%3D1072099-75%26name%3Dfinger+ring+carved+turquoise+ring HTTP/2.0" 200 21299 "-" "Mozilla/5.0 AppleWebKit/537.36 (KHTML, like Gecko; compatible; bingbot/2.0; +http://www.bing.com/bingbot.htm) Chrome/116.0.1938.76 Safari/537.36" 976 **0/976033**
66.249.69.140 - - [01/Nov/2025:05:23:39 -0700] "GET /?a=41888707021690&mod=3e7e22b6&uri=category-info.php%3Fid%3D1401271-295%26name%3Dpet+kitten+proof+home HTTP/1.1" 200 21562 "-" "Mozilla/5.0 (Linux; Android 6.0.1; Nexus 5X Build/MMB29P) AppleWebKit/537.36 (KHTML, like Gecko) Chrome/141.0.7390.122 Mobile Safari/537.36 (compatible; Googlebot/2.1; +http://www.google.com/bot.html)" 931 **0/931308**
66.249.72.229 - - [01/Nov/2025:05:23:41 -0700] "GET /product/edit/21411927051690?/js_757ed0132a844208f409fbb5067dfa2d/_drupal_sites_default_files_js_js_i3BGasXGb_pVk8CAUeSJnjMmyNE-bFprX9j4_djQznQ HTTP/1.1" 200 3857 "https://www.blalockdialysiscenter.com/product/edit/21411927051690" "Mozilla/5.0 (Linux; Android 6.0.1; Nexus 5X Build/MMB29P) AppleWebKit/537.36 (KHTML, like Gecko) Chrome/141.0.7390.122 Mobile Safari/537.36 (compatible; Googlebot/2.1; +http://www.google.com/bot.html)" 115 **0/115043**
66.249.69.140 - - [01/Nov/2025:05:23:40 -0700] "GET /?a=16760912141690&mod=9e068a4e&uri=category-info.php%3Fid%3D560728-1308%26name%3Dkaftan+dress+for+a+function HTTP/1.1" 200 20035 "-" "Mozilla/5.0 (Linux; Android 6.0.1; Nexus 5X Build/MMB29P) AppleWebKit/537.36 (KHTML, like Gecko) Chrome/141.0.7390.122 Mobile Safari/537.36 (compatible; Googlebot/2.1; +http://www.google.com/bot.html)" 920 **0/920237**
66.249.72.227 - - [01/Nov/2025:05:23:44 -0700] "GET /product/edit/108507241081690?/js_757ed0132a844208f409fbb5067dfa2d/_drupal_sites_default_files_js_js_z1qFDrghecTCI5Rjumn4rMBYPHvd-E4L0DVpS2JCjnw HTTP/1.1" 200 320 "https://www.blalockdialysiscenter.com/product/edit/108507241081690" "Mozilla/5.0 (Linux; Android 6.0.1; Nexus 5X Build/MMB29P) AppleWebKit/537.36 (KHTML, like Gecko) Chrome/141.0.7390.122 Mobile Safari/537.36 (compatible; Googlebot/2.1; +http://www.google.com/bot.html)" 111 **0/111343**
66.249.69.140 - - [01/Nov/2025:05:23:44 -0700] "GET /?a=75352572041690&mod=937f578a&uri=category-info.php%3Fid%3D2521127-300%26name%3Dflight+controller+x220+v2 HTTP/1.1" 200 21673 "-" "Mozilla/5.0 (Linux; Android 6.0.1; Nexus 5X Build/MMB29P) AppleWebKit/537.36 (KHTML, like Gecko) Chrome/141.0.7390.122 Mobile Safari/537.36 (compatible; Googlebot/2.1; +http://www.google.com/bot.html)" 961 **0/961880**
66.249.69.140 - - [01/Nov/2025:05:23:45 -0700] "GET /?a=37533533031690&mod=71a30c33&uri=category-info.php%3Fid%3D1255580-1627%26name%3Dlap+garmin+645+manual HTTP/1.1" 200 20385 "-" "Mozilla/5.0 (Linux; Android 6.0.1; Nexus 5X Build/MMB29P) AppleWebKit/537.36 (KHTML, like Gecko) Chrome/141.0.7390.122 Mobile Safari/537.36 (compatible; Googlebot/2.1; +http://www.google.com/bot.html)" 902 **0/902915**
66.249.72.227 - - [01/Nov/2025:05:23:46 -0700] "GET /product/edit/49324411071690?/js_757ed0132a844208f409fbb5067dfa2d/_drupal_sites_default_files_js_js_i3BGasXGb_pVk8CAUeSJnjMmyNE-bFprX9j4_djQznQ HTTP/1.1" 200 3857 "https://www.blalockdialysiscenter.com/product/edit/49324411071690" "Mozilla/5.0 (Linux; Android 6.0.1; Nexus 5X Build/MMB29P) AppleWebKit/537.36 (KHTML, like Gecko) Chrome/141.0.7390.122 Mobile Safari/537.36 (compatible; Googlebot/2.1; +http://www.google.com/bot.html)" 119 **0/119051**
207.46.13.9 - - [01/Nov/2025:05:23:45 -0700] "GET /?a=69091973061690&mod=4009fb33&uri=article.php%3Fid%3D2311555-164%26name%3Dcharging+stand+best+phone+charging+station HTTP/2.0" 200 21272 "-" "Mozilla/5.0 AppleWebKit/537.36 (KHTML, like Gecko; compatible; bingbot/2.0; +http://www.bing.com/bingbot.htm) Chrome/116.0.1938.76 Safari/537.36" 894 **0/894732**
66.249.69.141 - - [01/Nov/2025:05:23:46 -0700] "GET /?a=9963070031690&mod=51de85dd&uri=category-info.php%3Fid%3D333296-22%26name%3Dhalter+dress+balmain+leather+dress HTTP/1.1" 200 21494 "-" "Mozilla/5.0 (Linux; Android 6.0.1; Nexus 5X Build/MMB29P) AppleWebKit/537.36 (KHTML, like Gecko) Chrome/141.0.7390.122 Mobile Safari/537.36 (compatible; Googlebot/2.1; +http://www.google.com/bot.html)" 919 **0/919433**
66.249.69.140 - - [01/Nov/2025:05:23:47 -0700] "GET /?a=66095492001690&mod=a2e8e57d&uri=category-info.php%3Fid%3D2211289-196%26name%3Dbiancheria+intima+mutande+puro+cotone HTTP/1.1" 200 20813 "-" "Mozilla/5.0 (Linux; Android 6.0.1; Nexus 5X Build/MMB29P) AppleWebKit/537.36 (KHTML, like Gecko) Chrome/141.0.7390.122 Mobile Safari/537.36 (compatible; Googlebot/2.1; +http://www.google.com/bot.html)" 859 **0/859595**
66.249.69.128 - - [01/Nov/2025:05:23:48 -0700] "GET /?a=16345259031690&mod=06138bc5&uri=blog.php%3Fid%3D546819-2%26name%3Dlounge+pants+artisan+ny+sleepwear+elephant HTTP/1.1" 200 21248 "-" "Mozilla/5.0 (Linux; Android 6.0.1; Nexus 5X Build/MMB29P) AppleWebKit/537.36 (KHTML, like Gecko) Chrome/141.0.7390.122 Mobile Safari/537.36 (compatible; Googlebot/2.1; +http://www.google.com/bot.html)" 814 **0/814260**
207.46.13.151 - - [01/Nov/2025:05:23:48 -0700] "GET /?a=26009474041690&mod=b2251137&uri=article.php%3Fid%3D870076-161%26name%3Dgiacca+giubbini+denny+rose HTTP/2.0" 200 21715 "-" "Mozilla/5.0 AppleWebKit/537.36 (KHTML, like Gecko; compatible; bingbot/2.0; +http://www.bing.com/bingbot.htm) Chrome/116.0.1938.76 Safari/537.36" 812 **0/812031**
66.249.69.140 - - [01/Nov/2025:05:23:50 -0700] "GET /?a=60173130081690&mod=655ea4bd&uri=category-info.php%3Fid%3D2013163-15%26name%3Dss+techno+chanel+coat+dress HTTP/1.1" 200 20821 "-" "Mozilla/5.0 (Linux; Android 6.0.1; Nexus 5X Build/MMB29P) AppleWebKit/537.36 (KHTML, like Gecko) Chrome/141.0.7390.122 Mobile Safari/537.36 (compatible; Googlebot/2.1; +http://www.google.com/bot.html)" 910 **0/910449**
66.249.72.226 - - [01/Nov/2025:05:23:50 -0700] "GET /product/edit/110750771051690?/js_757ed0132a844208f409fbb5067dfa2d/_styles_js_lazysizes.min HTTP/1.1" 200 3188 "https://www.blalockdialysiscenter.com/product/edit/110750771051690" "Mozilla/5.0 (Linux; Android 6.0.1; Nexus 5X Build/MMB29P) AppleWebKit/537.36 (KHTML, like Gecko) Chrome/141.0.7390.122 Mobile Safari/537.36 (compatible; Googlebot/2.1; +http://www.google.com/bot.html)" 111 **0/111757**
66.249.69.128 - - [01/Nov/2025:05:23:51 -0700] "GET /?a=17958843051690&mod=ede2488d&uri=category-info.php%3Fid%3D600806-560%26name%3Dasics+glideride+asics+front+runner+2020 HTTP/1.1" 200 20892 "-" "Mozilla/5.0 (Linux; Android 6.0.1; Nexus 5X Build/MMB29P) AppleWebKit/537.36 (KHTML, like Gecko) Chrome/141.0.7390.122 Mobile Safari/537.36 (compatible; Googlebot/2.1; +http://www.google.com/bot.html)" 790 **0/790795**
66.249.69.140 - - [01/Nov/2025:05:23:51 -0700] "GET /?a=117325921041690&mod=54a96ac3&uri=category-info.php%3Fid%3D3925803-314%26name%3Dred+shutter+button+red+fujifilm+camera HTTP/1.1" 200 21254 "-" "Mozilla/5.0 (Linux; Android 6.0.1; Nexus 5X Build/MMB29P) AppleWebKit/537.36 (KHTML, like Gecko) Chrome/141.0.7390.122 Mobile Safari/537.36 (compatible; Googlebot/2.1; +http://www.google.com/bot.html)" 954 **0/954437**
66.249.69.128 - - [01/Nov/2025:05:23:52 -0700] "GET /?a=69125323061690&mod=bb2ab638&uri=category-info.php%3Fid%3D2312671-632%26name%3D3ds+nds+switch HTTP/1.1" 200 20511 "-" "Mozilla/5.0 (Linux; Android 6.0.1; Nexus 5X Build/MMB29P) AppleWebKit/537.36 (KHTML, like Gecko) Chrome/141.0.7390.122 Mobile Safari/537.36 (compatible; Googlebot/2.1; +http://www.google.com/bot.html)" 936 **0/936724**
66.249.69.140 - - [01/Nov/2025:05:23:53 -0700] "GET /?a=59895087011690&mod=cb4f0b02&uri=shop.php%3Fid%3D2003848-548%26name%3Dring+lakshmi+chain+designs HTTP/1.1" 200 20252 "-" "Mozilla/5.0 (Linux; Android 6.0.1; Nexus 5X Build/MMB29P) AppleWebKit/537.36 (KHTML, like Gecko) Chrome/141.0.7390.122 Mobile Safari/537.36 (compatible; Googlebot/2.1; +http://www.google.com/bot.html)" 862 **0/862154**
