66.249.69.141 - - [01/Nov/2025:05:27:31 -0700] "GET /?a=52698541101690&mod=e1228be4&uri=itm.php%3Fid%3D1762994-36%26name%3Dstar+wars+black+weekend+lego HTTP/1.1" 200 21228 "-" "Mozilla/5.0 (Linux; Android 6.0.1; Nexus 5X Build/MMB29P) AppleWebKit/537.36 (KHTML, like Gecko) Chrome/141.0.7390.122 Mobile Safari/537.36 (compatible; Googlebot/2.1; +http://www.google.com/bot.html)" 1037 **1/1037866**
66.249.69.128 - - [01/Nov/2025:05:27:32 -0700] "GET /?a=47071586021690&mod=1a32df83&uri=news.php%3Fid%3D1574687-81%26name%3Dvicta+push+button+start+push+mower HTTP/1.1" 200 21668 "-" "Mozilla/5.0 (Linux; Android 6.0.1; Nexus 5X Build/MMB29P) AppleWebKit/537.36 (KHTML, like Gecko) Chrome/141.0.7390.122 Mobile Safari/537.36 (compatible; Googlebot/2.1; +http://www.google.com/bot.html)" 1022 **1/1022739**
66.249.69.129 - - [01/Nov/2025:05:27:32 -0700] "GET /?a=20169468031690&mod=7cc5a754&uri=product.php%3Fid%3D674748-80%26name%3Dbrown+leather+chesterfield+sofa+seater+leather+lounge HTTP/1.1" 200 21576 "-" "Mozilla/5.0 (Linux; Android 6.0.1; Nexus 5X Build/MMB29P) AppleWebKit/537.36 (KHTML, like Gecko) Chrome/141.0.7390.122 Mobile Safari/537.36 (compatible; Googlebot/2.1; +http://www.google.com/bot.html)" 1005 **1/1005935**
66.249.69.141 - - [01/Nov/2025:05:27:33 -0700] "GET /?a=83161098141690&mod=16b21938&uri=blog.php%3Fid%3D2782444-421%26name%3Dmelitta+single+serve+soft+coffee+pods HTTP/1.1" 200 19784 "-" "Mozilla/5.0 (Linux; Android 6.0.1; Nexus 5X Build/MMB29P) AppleWebKit/537.36 (KHTML, like Gecko) Chrome/141.0.7390.122 Mobile Safari/537.36 (compatible; Googlebot/2.1; +http://www.google.com/bot.html)" 832 **0/832437**
66.249.69.129 - - [01/Nov/2025:05:27:33 -0700] "GET /?a=68744204021690&mod=83e1fbae&uri=goods.php%3Fid%3D2299934-1005%26name%3Debony+leopard+wool+scarf HTTP/1.1" 200 21079 "-" "Mozilla/5.0 (Linux; Android 6.0.1; Nexus 5X Build/MMB29P) AppleWebKit/537.36 (KHTML, like Gecko) Chrome/141.0.7390.122 Mobile Safari/537.36 (compatible; Googlebot/2.1; +http://www.google.com/bot.html)" 988 **0/988410**
66.249.69.129 - - [01/Nov/2025:05:27:34 -0700] "GET /?a=64762116011690&mod=7fa3a912&uri=article.php%3Fid%3D2166703-1185%26name%3Dropa+buzo+adidas+mujer+imitacion HTTP/1.1" 200 21420 "-" "Mozilla/5.0 (Linux; Android 6.0.1; Nexus 5X Build/MMB29P) AppleWebKit/537.36 (KHTML, like Gecko) Chrome/141.0.7390.122 Mobile Safari/537.36 (compatible; Googlebot/2.1; +http://www.google.com/bot.html)" 991 **0/991879**
66.249.69.128 - - [01/Nov/2025:05:27:34 -0700] "GET /?a=52548473041690&mod=4fbb3489&uri=dp.php%3Fid%3D1757967-1061%26name%3Dmizuno+white+volley+shoes HTTP/1.1" 200 20800 "-" "Mozilla/5.0 (Linux; Android 6.0.1; Nexus 5X Build/MMB29P) AppleWebKit/537.36 (KHTML, like Gecko) Chrome/141.0.7390.122 Mobile Safari/537.36 (compatible; Googlebot/2.1; +http://www.google.com/bot.html)" 991 **0/991345**
66.249.69.129 - - [01/Nov/2025:05:27:35 -0700] "GET /?a=65611485021690&mod=421f8eb2&uri=info.php%3Fid%3D2195113-104%26name%3Dseat+adjustment+giant+bike+seat+replacement HTTP/1.1" 200 21015 "-" "Mozilla/5.0 (Linux; Android 6.0.1; Nexus 5X Build/MMB29P) AppleWebKit/537.36 (KHTML, like Gecko) Chrome/141.0.7390.122 Mobile Safari/537.36 (compatible; Googlebot/2.1; +http://www.google.com/bot.html)" 903 **0/903034**
66.249.69.128 - - [01/Nov/2025:05:27:35 -0700] "GET /?a=71648349031690&mod=5aa99ed4&uri=dp.php%3Fid%3D2397151-191%26name%3Dtubidy+mp3+download+songs+tubidy+dont+com HTTP/1.1" 200 21180 "-" "Mozilla/5.0 (Linux; Android 6.0.1; Nexus 5X Build/MMB29P) AppleWebKit/537.36 (KHTML, like Gecko) Chrome/141.0.7390.122 Mobile Safari/537.36 (compatible; Googlebot/2.1; +http://www.google.com/bot.html)" 928 **0/928959**
66.249.69.129 - - [01/Nov/2025:05:27:36 -0700] "GET /?a=105149260001690&mod=17a8e685&uri=article.php%3Fid%3D3518425-178%26name%3Dbelts+missguided HTTP/1.1" 200 20320 "-" "Mozilla/5.0 (Linux; Android 6.0.1; Nexus 5X Build/MMB29P) AppleWebKit/537.36 (KHTML, like Gecko) Chrome/141.0.7390.122 Mobile Safari/537.36 (compatible; Googlebot/2.1; +http://www.google.com/bot.html)" 944 **0/944481**
66.249.69.141 - - [01/Nov/2025:05:27:37 -0700] "GET /?a=94662469041690&mod=25fac99a&uri=itm.php%3Fid%3D3167353-386%26name%3Dretro+high+og+air+jordan+royal+blue+218 HTTP/1.1" 200 20842 "-" "Mozilla/5.0 (Linux; Android 6.0.1; Nexus 5X Build/MMB29P) AppleWebKit/537.36 (KHTML, like Gecko) Chrome/141.0.7390.122 Mobile Safari/537.36 (compatible; Googlebot/2.1; +http://www.google.com/bot.html)" 1176 **1/1176031**
66.249.72.226 - - [01/Nov/2025:05:27:38 -0700] "GET /?a=96934587041690&mod=0545eaa6&uri=dp.php%3Fid%3D3243427-1425%26name%3Dzara+italia+giacca+doppiopetto+uomo+zara HTTP/1.1" 200 20403 "-" "Mozilla/5.0 (Linux; Android 6.0.1; Nexus 5X Build/MMB29P) AppleWebKit/537.36 (KHTML, like Gecko) Chrome/141.0.7390.122 Mobile Safari/537.36 (compatible; Googlebot/2.1; +http://www.google.com/bot.html)" 1095 **1/1095674**
66.249.69.129 - - [01/Nov/2025:05:27:39 -0700] "GET /?a=72470286011690&mod=0a6ba201&uri=pin.php%3Fid%3D2424650-917%26name%3Dscale+980+scott+scale+970+review+2018 HTTP/1.1" 200 20863 "-" "Mozilla/5.0 (Linux; Android 6.0.1; Nexus 5X Build/MMB29P) AppleWebKit/537.36 (KHTML, like Gecko) Chrome/141.0.7390.122 Mobile Safari/537.36 (compatible; Googlebot/2.1; +http://www.google.com/bot.html)" 829 **0/829884**
66.249.69.141 - - [01/Nov/2025:05:27:40 -0700] "GET /?a=94408599071690&mod=340725bb&uri=form.php%3Fid%3D3158864-776%26name%3Dnike+jordan+citrus HTTP/1.1" 200 21060 "-" "Mozilla/5.0 (Linux; Android 6.0.1; Nexus 5X Build/MMB29P) AppleWebKit/537.36 (KHTML, like Gecko) Chrome/141.0.7390.122 Mobile Safari/537.36 (compatible; Googlebot/2.1; +http://www.google.com/bot.html)" 670 **0/670945**
66.249.69.128 - - [01/Nov/2025:05:27:41 -0700] "GET /?/css_6356af597ebeb154b969e538d3e95f0f/_drupal_sites_default_files_css_css_LmUrbIckCDCKvN2_Q3zbp044aJ28BPsL4EcroazBk2w HTTP/1.1" 200 42233 "https://blalockdialysiscenter.com/?a=83161098141690&mod=16b21938&uri=blog.php%3Fid%3D2782444-421%26name%3Dmelitta+single+serve+soft+coffee+pods" "Mozilla/5.0 (Linux; Android 6.0.1; Nexus 5X Build/MMB29P) AppleWebKit/537.36 (KHTML, like Gecko) Chrome/141.0.7390.122 Mobile Safari/537.36 (compatible; Googlebot/2.1; +http://www.google.com/bot.html)" 211 **0/211176**
66.249.69.130 - - [01/Nov/2025:05:27:42 -0700] "GET /?a=59509904051690&mod=44ac09ac&uri=info.php%3Fid%3D1990957-27%26name%3Dbandai+pokemon+team+rocket+action+figures HTTP/1.1" 200 21216 "-" "Mozilla/5.0 (Linux; Android 6.0.1; Nexus 5X Build/MMB29P) AppleWebKit/537.36 (KHTML, like Gecko) Chrome/141.0.7390.122 Mobile Safari/537.36 (compatible; Googlebot/2.1; +http://www.google.com/bot.html)" 571 **0/571015**
66.249.69.141 - - [01/Nov/2025:05:27:44 -0700] "GET /?/css_6356af597ebeb154b969e538d3e95f0f/_drupal_sites_default_files_css_css_LmUrbIckCDCKvN2_Q3zbp044aJ28BPsL4EcroazBk2w HTTP/1.1" 200 42233 "https://blalockdialysiscenter.com/?a=13903578011690&mod=8287c4be&uri=product.php%3Fid%3D465140-856%26name%3Dsneakers+uomo+scarpe+sportive+bianche" "Mozilla/5.0 (Linux; Android 6.0.1; Nexus 5X Build/MMB29P) AppleWebKit/537.36 (KHTML, like Gecko) Chrome/141.0.7390.122 Mobile Safari/537.36 (compatible; Googlebot/2.1; +http://www.google.com/bot.html)" 198 **0/198443**
66.249.69.129 - - [01/Nov/2025:05:27:45 -0700] "GET /?a=65465446021690&mod=7cc7188f&uri=itm.php%3Fid%3D2190229-588%26name%3D2019+chevrolet+oakwood+metallic+blazer HTTP/1.1" 200 21070 "-" "Mozilla/5.0 (Linux; Android 6.0.1; Nexus 5X Build/MMB29P) AppleWebKit/537.36 (KHTML, like Gecko) Chrome/141.0.7390.122 Mobile Safari/537.36 (compatible; Googlebot/2.1; +http://www.google.com/bot.html)" 587 **0/587953**
207.46.13.170 - - [01/Nov/2025:05:27:45 -0700] "GET /?a=46213434011690&mod=1ce3e6e3&uri=product.php%3Fid%3D1546000-88%26name%3Dadriana+costantini+punto+roma+abrigos+y+chaquetones HTTP/2.0" 200 21290 "-" "Mozilla/5.0 AppleWebKit/537.36 (KHTML, like Gecko; compatible; bingbot/2.0; +http://www.bing.com/bingbot.htm) Chrome/116.0.1938.76 Safari/537.36" 512 **0/512227**
66.249.69.131 - - [01/Nov/2025:05:27:47 -0700] "GET /?a=18545000111690&mod=293d4b30&uri=itm.php%3Fid%3D620423-962%26name%3Dplaymobil+70287+comprar+playmobil+scooby+doo HTTP/1.1" 200 21055 "-" "Mozilla/5.0 (Linux; Android 6.0.1; Nexus 5X Build/MMB29P) AppleWebKit/537.36 (KHTML, like Gecko) Chrome/141.0.7390.122 Mobile Safari/537.36 (compatible; Googlebot/2.1; +http://www.google.com/bot.html)" 712 **0/712516**
66.249.69.141 - - [01/Nov/2025:05:27:48 -0700] "GET /?a=49461862031690&mod=4b8cdf66&uri=shop.php%3Fid%3D1654700-261%26name%3Darai+tear+offs HTTP/1.1" 200 20406 "-" "Mozilla/5.0 (Linux; Android 6.0.1; Nexus 5X Build/MMB29P) AppleWebKit/537.36 (KHTML, like Gecko) Chrome/141.0.7390.122 Mobile Safari/537.36 (compatible; Googlebot/2.1; +http://www.google.com/bot.html)" 745 **0/745857**
66.249.69.128 - - [01/Nov/2025:05:27:50 -0700] "GET /?a=102583634061690&mod=0d906a38&uri=shop.php%3Fid%3D3432523-151%26name%3Dactivity+goals+how+to+increase+activity+rings+on+apple+watch HTTP/1.1" 200 21080 "-" "Mozilla/5.0 (Linux; Android 6.0.1; Nexus 5X Build/MMB29P) AppleWebKit/537.36 (KHTML, like Gecko) Chrome/141.0.7390.122 Mobile Safari/537.36 (compatible; Googlebot/2.1; +http://www.google.com/bot.html)" 750 **0/750363**
66.249.69.129 - - [01/Nov/2025:05:27:51 -0700] "GET /?a=69217843081690&mod=cb12f0e9&uri=news.php%3Fid%3D2315762-1707%26name%3Dnfl+players+giants+color+rush+jersey+2016 HTTP/1.1" 200 19922 "-" "Mozilla/5.0 (Linux; Android 6.0.1; Nexus 5X Build/MMB29P) AppleWebKit/537.36 (KHTML, like Gecko) Chrome/141.0.7390.122 Mobile Safari/537.36 (compatible; Googlebot/2.1; +http://www.google.com/bot.html)" 812 **0/812266**
66.249.69.130 - - [01/Nov/2025:05:27:52 -0700] "GET /pcmypage?callback=/product%2Fdetail%2F110853872042690 HTTP/1.1" 200 19785 "-" "Mozilla/5.0 (Linux; Android 6.0.1; Nexus 5X Build/MMB29P) AppleWebKit/537.36 (KHTML, like Gecko) Chrome/141.0.7390.122 Mobile Safari/537.36 (compatible; Googlebot/2.1; +http://www.google.com/bot.html)" 570 **0/570681**
66.249.69.128 - - [01/Nov/2025:05:27:53 -0700] "GET /?a=100460715031690&mod=ec1f683c&uri=article.php%3Fid%3D3361495-381%26name%3Dcasual+mountain+bike+clothing HTTP/1.1" 200 21112 "-" "Mozilla/5.0 (Linux; Android 6.0.1; Nexus 5X Build/MMB29P) AppleWebKit/537.36 (KHTML, like Gecko) Chrome/141.0.7390.122 Mobile Safari/537.36 (compatible; Googlebot/2.1; +http://www.google.com/bot.html)" 551 **0/551868**
66.249.69.129 - - [01/Nov/2025:05:27:54 -0700] "GET /pcmypage?callback=/product%2Fdetail%2F105210597042690 HTTP/1.1" 200 20758 "-" "Mozilla/5.0 (Linux; Android 6.0.1; Nexus 5X Build/MMB29P) AppleWebKit/537.36 (KHTML, like Gecko) Chrome/141.0.7390.122 Mobile Safari/537.36 (compatible; Googlebot/2.1; +http://www.google.com/bot.html)" 614 **0/614656**
66.249.69.140 - - [01/Nov/2025:05:27:55 -0700] "GET /?a=36951327051690&mod=7fa3244f&uri=goods.php%3Fid%3D1236122-359%26name%3Danthracite+black+and+white+jordan+9s HTTP/1.1" 200 20369 "-" "Mozilla/5.0 (Linux; Android 6.0.1; Nexus 5X Build/MMB29P) AppleWebKit/537.36 (KHTML, like Gecko) Chrome/141.0.7390.122 Mobile Safari/537.36 (compatible; Googlebot/2.1; +http://www.google.com/bot.html)" 300 **0/300666**
66.249.69.128 - - [01/Nov/2025:05:27:55 -0700] "GET /?a=1837890061690&mod=9d38e6ea&uri=form.php%3Fid%3D61431-67%26name%3Dwinter+coat+bcbgeneration+coats HTTP/1.1" 200 20607 "-" "Mozilla/5.0 (Linux; Android 6.0.1; Nexus 5X Build/MMB29P) AppleWebKit/537.36 (KHTML, like Gecko) Chrome/141.0.7390.122 Mobile Safari/537.36 (compatible; Googlebot/2.1; +http://www.google.com/bot.html)" 349 **0/349083**
66.249.69.129 - - [01/Nov/2025:05:27:56 -0700] "GET /product/edit/115755220041690 HTTP/1.1" 200 21880 "-" "Mozilla/5.0 (Linux; Android 6.0.1; Nexus 5X Build/MMB29P) AppleWebKit/537.36 (KHTML, like Gecko) Chrome/141.0.7390.122 Mobile Safari/537.36 (compatible; Googlebot/2.1; +http://www.google.com/bot.html)" 564 **0/564636**
66.249.69.132 - - [01/Nov/2025:05:27:56 -0700] "GET /?a=75525663031690&mod=4c26774d&uri=news.php%3Fid%3D2526924-58%26name%3Dfinger+gloves+winter+hand+gloves+for+bike HTTP/1.1" 200 21429 "-" "Mozilla/5.0 (Linux; Android 6.0.1; Nexus 5X Build/MMB29P) AppleWebKit/537.36 (KHTML, like Gecko) Chrome/141.0.7390.122 Mobile Safari/537.36 (compatible; Googlebot/2.1; +http://www.google.com/bot.html)" 351 **0/351040**
66.249.69.140 - - [01/Nov/2025:05:27:57 -0700] "GET /?a=9149165001690&mod=6204ab9e&uri=us.php%3Fid%3D306061-767%26name%3Dde+soleil+femme+lunette+homme+chanel HTTP/1.1" 200 20155 "-" "Mozilla/5.0 (Linux; Android 6.0.1; Nexus 5X Build/MMB29P) AppleWebKit/537.36 (KHTML, like Gecko) Chrome/141.0.7390.122 Mobile Safari/537.36 (compatible; Googlebot/2.1; +http://www.google.com/bot.html)" 284 **0/284437**
66.249.69.131 - - [01/Nov/2025:05:27:58 -0700] "GET /product/edit/31859151021690 HTTP/1.1" 200 20570 "-" "Mozilla/5.0 (Linux; Android 6.0.1; Nexus 5X Build/MMB29P) AppleWebKit/537.36 (KHTML, like Gecko) Chrome/141.0.7390.122 Mobile Safari/537.36 (compatible; Googlebot/2.1; +http://www.google.com/bot.html)" 330 **0/330396**
66.249.69.141 - - [01/Nov/2025:05:27:59 -0700] "GET /?a=113447501021690&mod=c70f6b25&uri=blog.php%3Fid%3D3796013-660%26name%3Dtaglie+forti+abiti+da+casa+in+pile HTTP/1.1" 200 21366 "-" "Mozilla/5.0 (Linux; Android 6.0.1; Nexus 5X Build/MMB29P) AppleWebKit/537.36 (KHTML, like Gecko) Chrome/141.0.7390.122 Mobile Safari/537.36 (compatible; Googlebot/2.1; +http://www.google.com/bot.html)" 300 **0/300371**
66.249.69.128 - - [01/Nov/2025:05:27:59 -0700] "GET /product/edit/102649535001690 HTTP/1.1" 200 20607 "-" "Mozilla/5.0 (Linux; Android 6.0.1; Nexus 5X Build/MMB29P) AppleWebKit/537.36 (KHTML, like Gecko) Chrome/141.0.7390.122 Mobile Safari/537.36 (compatible; Googlebot/2.1; +http://www.google.com/bot.html)" 273 **0/273540**
66.249.69.141 - - [01/Nov/2025:05:28:00 -0700] "GET /?a=65421341001690&mod=fc322c6b&uri=form.php%3Fid%3D2188749-96%26name%3Dwomens+sandals+tory+burch+children%27s+flip+flops HTTP/1.1" 200 20592 "-" "Mozilla/5.0 (Linux; Android 6.0.1; Nexus 5X Build/MMB29P) AppleWebKit/537.36 (KHTML, like Gecko) Chrome/141.0.7390.122 Mobile Safari/537.36 (compatible; Googlebot/2.1; +http://www.google.com/bot.html)" 293 **0/293775**
66.249.69.140 - - [01/Nov/2025:05:28:00 -0700] "GET /product/edit/115755220041690?/js_6356af597ebeb154b969e538d3e95f0f/_styles_js_lightbox HTTP/1.1" 200 4711 "https://blalockdialysiscenter.com/product/edit/115755220041690" "Mozilla/5.0 (Linux; Android 6.0.1; Nexus 5X Build/MMB29P) AppleWebKit/537.36 (KHTML, like Gecko) Chrome/141.0.7390.122 Mobile Safari/537.36 (compatible; Googlebot/2.1; +http://www.google.com/bot.html)" 111 **0/111818**
66.249.69.128 - - [01/Nov/2025:05:28:01 -0700] "GET /product/edit/9782636021690 HTTP/1.1" 200 21312 "-" "Mozilla/5.0 (Linux; Android 6.0.1; Nexus 5X Build/MMB29P) AppleWebKit/537.36 (KHTML, like Gecko) Chrome/141.0.7390.122 Mobile Safari/537.36 (compatible; Googlebot/2.1; +http://www.google.com/bot.html)" 593 **0/593974**
66.249.69.128 - - [01/Nov/2025:05:28:01 -0700] "GET /product/edit/115755220041690?/css_6356af597ebeb154b969e538d3e95f0f/_drupal_modules_product_detail_assets_css_new_pc_product_detail HTTP/1.1" 200 5213 "https://blalockdialysiscenter.com/product/edit/115755220041690" "Mozilla/5.0 (Linux; Android 6.0.1; Nexus 5X Build/MMB29P) AppleWebKit/537.36 (KHTML, like Gecko) Chrome/141.0.7390.122 Mobile Safari/537.36 (compatible; Googlebot/2.1; +http://www.google.com/bot.html)" 130 **0/130540**
66.249.69.129 - - [01/Nov/2025:05:28:02 -0700] "GET /?a=31671194001690&mod=421f8eb2&uri=goods.php%3Fid%3D1059463-104%26name%3Dmuscles+how+the+bike+works HTTP/1.1" 200 21656 "-" "Mozilla/5.0 (Linux; Android 6.0.1; Nexus 5X Build/MMB29P) AppleWebKit/537.36 (KHTML, like Gecko) Chrome/141.0.7390.122 Mobile Safari/537.36 (compatible; Googlebot/2.1; +http://www.google.com/bot.html)" 559 **0/559837**
66.249.69.128 - - [01/Nov/2025:05:28:02 -0700] "GET /product/edit/106851694081690 HTTP/1.1" 200 21185 "-" "Mozilla/5.0 (Linux; Android 6.0.1; Nexus 5X Build/MMB29P) AppleWebKit/537.36 (KHTML, like Gecko) Chrome/141.0.7390.122 Mobile Safari/537.36 (compatible; Googlebot/2.1; +http://www.google.com/bot.html)" 623 **0/623237**
66.249.69.128 - - [01/Nov/2025:05:28:03 -0700] "GET /product/edit/115755220041690?/css_6356af597ebeb154b969e538d3e95f0f/_styles_css_product-detail-ex01 HTTP/1.1" 200 397 "https://blalockdialysiscenter.com/product/edit/115755220041690" "Mozilla/5.0 (Linux; Android 6.0.1; Nexus 5X Build/MMB29P) AppleWebKit/537.36 (KHTML, like Gecko) Chrome/141.0.7390.122 Mobile Safari/537.36 (compatible; Googlebot/2.1; +http://www.google.com/bot.html)" 125 **0/125419**
66.249.69.141 - - [01/Nov/2025:05:28:03 -0700] "GET /?a=74966219021690&mod=8594af4b&uri=shop.php%3Fid%3D2508203-647%26name%3Dshop+nike+air+max+plus+black+and+rose+gold HTTP/1.1" 200 20632 "-" "Mozilla/5.0 (Linux; Android 6.0.1; Nexus 5X Build/MMB29P) AppleWebKit/537.36 (KHTML, like Gecko) Chrome/141.0.7390.122 Mobile Safari/537.36 (compatible; Googlebot/2.1; +http://www.google.com/bot.html)" 494 **0/494209**
66.249.69.141 - - [01/Nov/2025:05:28:04 -0700] "GET /product/edit/115755220041690?/js_6356af597ebeb154b969e538d3e95f0f/_drupal_sites_default_files_js_js_nfGRbDhyXF9_dFjG2rkRRw84Gy6p5a4aGnpYcOKhuC4 HTTP/1.1" 200 96506 "https://blalockdialysiscenter.com/product/edit/115755220041690" "Mozilla/5.0 (Linux; Android 6.0.1; Nexus 5X Build/MMB29P) AppleWebKit/537.36 (KHTML, like Gecko) Chrome/141.0.7390.122 Mobile Safari/537.36 (compatible; Googlebot/2.1; +http://www.google.com/bot.html)" 262 **0/262038**
66.249.69.129 - - [01/Nov/2025:05:28:04 -0700] "GET /?a=102366953001690&mod=ab74cae5&uri=news.php%3Fid%3D3425275-390%26name%3Dfossil+fs5518+fossil+q+goodwin HTTP/1.1" 200 21403 "-" "Mozilla/5.0 (Linux; Android 6.0.1; Nexus 5X Build/MMB29P) AppleWebKit/537.36 (KHTML, like Gecko) Chrome/141.0.7390.122 Mobile Safari/537.36 (compatible; Googlebot/2.1; +http://www.google.com/bot.html)" 943 **0/943622**
207.46.13.170 - - [01/Nov/2025:05:28:05 -0700] "GET /?a=5661083071690&mod=5227fa9a&uri=blog.php%3Fid%3D189356-65%26name%3Dnikon+canon+professional+cameras+2020 HTTP/2.0" 200 21077 "-" "Mozilla/5.0 AppleWebKit/537.36 (KHTML, like Gecko; compatible; bingbot/2.0; +http://www.bing.com/bingbot.htm) Chrome/116.0.1938.76 Safari/537.36" 880 **0/880252**
66.249.69.129 - - [01/Nov/2025:05:28:05 -0700] "GET /product/edit/83853134001690 HTTP/1.1" 200 19743 "-" "Mozilla/5.0 (Linux; Android 6.0.1; Nexus 5X Build/MMB29P) AppleWebKit/537.36 (KHTML, like Gecko) Chrome/141.0.7390.122 Mobile Safari/537.36 (compatible; Googlebot/2.1; +http://www.google.com/bot.html)" 798 **0/798502**
66.249.69.140 - - [01/Nov/2025:05:28:06 -0700] "GET /product/edit/115755220041690?/js_6356af597ebeb154b969e538d3e95f0f/_drupal_sites_default_files_js_js_G878YGhv0pYpg9iZ_hIm3vCCQWyhWgLawk-6b6wmZuU HTTP/1.1" 200 52631 "https://blalockdialysiscenter.com/product/edit/115755220041690" "Mozilla/5.0 (Linux; Android 6.0.1; Nexus 5X Build/MMB29P) AppleWebKit/537.36 (KHTML, like Gecko) Chrome/141.0.7390.122 Mobile Safari/537.36 (compatible; Googlebot/2.1; +http://www.google.com/bot.html)" 200 **0/200858**
66.249.69.140 - - [01/Nov/2025:05:28:06 -0700] "GET /?a=91634816031690&mod=aaaac19f&uri=search.php%3Fid%3D3066060-111%26name%3Dglass+protector+tecno+spark+pro+back+cover HTTP/1.1" 200 21472 "-" "Mozilla/5.0 (Linux; Android 6.0.1; Nexus 5X Build/MMB29P) AppleWebKit/537.36 (KHTML, like Gecko) Chrome/141.0.7390.122 Mobile Safari/537.36 (compatible; Googlebot/2.1; +http://www.google.com/bot.html)" 876 **0/876764**
207.46.13.170 - - [01/Nov/2025:05:28:06 -0700] "GET /product/edit/18364011021690 HTTP/2.0" 200 20492 "-" "Mozilla/5.0 AppleWebKit/537.36 (KHTML, like Gecko; compatible; bingbot/2.0; +http://www.bing.com/bingbot.htm) Chrome/116.0.1938.76 Safari/537.36" 816 **0/816753**
66.249.69.140 - - [01/Nov/2025:05:28:07 -0700] "GET /product/edit/115755220041690?/css_6356af597ebeb154b969e538d3e95f0f/_styles_css_wanderer-fg HTTP/1.1" 200 184 "https://blalockdialysiscenter.com/product/edit/115755220041690" "Mozilla/5.0 (Linux; Android 6.0.1; Nexus 5X Build/MMB29P) AppleWebKit/537.36 (KHTML, like Gecko) Chrome/141.0.7390.122 Mobile Safari/537.36 (compatible; Googlebot/2.1; +http://www.google.com/bot.html)" 113 **0/113470**
66.249.69.128 - - [01/Nov/2025:05:28:06 -0700] "GET /product/edit/59048907021690 HTTP/1.1" 200 22097 "-" "Mozilla/5.0 (Linux; Android 6.0.1; Nexus 5X Build/MMB29P) AppleWebKit/537.36 (KHTML, like Gecko) Chrome/141.0.7390.122 Mobile Safari/537.36 (compatible; Googlebot/2.1; +http://www.google.com/bot.html)" 874 **0/874567**
66.249.69.140 - - [01/Nov/2025:05:28:08 -0700] "GET /product/edit/115755220041690?/css_6356af597ebeb154b969e538d3e95f0f/_drupal_sites_default_files_css_css_YLUY2usEybPXqNO15-ozAgAYsZmniqhrU6f3bp69-r4 HTTP/1.1" 200 3874 "https://blalockdialysiscenter.com/product/edit/115755220041690" "Mozilla/5.0 (Linux; Android 6.0.1; Nexus 5X Build/MMB29P) AppleWebKit/537.36 (KHTML, like Gecko) Chrome/141.0.7390.122 Mobile Safari/537.36 (compatible; Googlebot/2.1; +http://www.google.com/bot.html)" 116 **0/116086**
207.46.13.170 - - [01/Nov/2025:05:28:07 -0700] "GET /?a=6142792001690&mod=db59312b&uri=form.php%3Fid%3D205461-384%26name%3Djeans+gq+chukka+boots HTTP/2.0" 200 21553 "-" "Mozilla/5.0 AppleWebKit/537.36 (KHTML, like Gecko; compatible; bingbot/2.0; +http://www.bing.com/bingbot.htm) Chrome/116.0.1938.76 Safari/537.36" 1111 **1/1111450**
66.249.69.140 - - [01/Nov/2025:05:28:07 -0700] "GET /?a=31562348021690&mod=164710e8&uri=product.php%3Fid%3D1055821-137%26name%3Dreebok+club+c+85+vintage+reebok+suola+colorata HTTP/1.1" 200 21089 "-" "Mozilla/5.0 (Linux; Android 6.0.1; Nexus 5X Build/MMB29P) AppleWebKit/537.36 (KHTML, like Gecko) Chrome/141.0.7390.122 Mobile Safari/537.36 (compatible; Googlebot/2.1; +http://www.google.com/bot.html)" 1028 **1/1028364**
66.249.69.140 - - [01/Nov/2025:05:28:09 -0700] "GET /product/edit/94326215041690 HTTP/1.1" 200 21181 "-" "Mozilla/5.0 (Linux; Android 6.0.1; Nexus 5X Build/MMB29P) AppleWebKit/537.36 (KHTML, like Gecko) Chrome/141.0.7390.122 Mobile Safari/537.36 (compatible; Googlebot/2.1; +http://www.google.com/bot.html)" 793 **0/793158**
66.249.69.141 - - [01/Nov/2025:05:28:09 -0700] "GET /product/edit/115755220041690?/js_6356af597ebeb154b969e538d3e95f0f/_styles_js_lazysizes.min HTTP/1.1" 200 3188 "https://blalockdialysiscenter.com/product/edit/115755220041690" "Mozilla/5.0 (Linux; Android 6.0.1; Nexus 5X Build/MMB29P) AppleWebKit/537.36 (KHTML, like Gecko) Chrome/141.0.7390.122 Mobile Safari/537.36 (compatible; Googlebot/2.1; +http://www.google.com/bot.html)" 115 **0/115759**
66.249.69.140 - - [01/Nov/2025:05:28:10 -0700] "GET /product/edit/115755220041690?/css_6356af597ebeb154b969e538d3e95f0f/_drupal_sites_default_files_css_css_LmUrbIckCDCKvN2_Q3zbp044aJ28BPsL4EcroazBk2w HTTP/1.1" 200 42233 "https://blalockdialysiscenter.com/product/edit/115755220041690" "Mozilla/5.0 (Linux; Android 6.0.1; Nexus 5X Build/MMB29P) AppleWebKit/537.36 (KHTML, like Gecko) Chrome/141.0.7390.122 Mobile Safari/537.36 (compatible; Googlebot/2.1; +http://www.google.com/bot.html)" 209 **0/209373**
66.249.69.128 - - [01/Nov/2025:05:28:10 -0700] "GET /?a=64224196031690&mod=61b5c689&uri=article.php%3Fid%3D2148715-134%26name%3Dcalligraphy+sakura+pigma+micron HTTP/1.1" 200 20471 "-" "Mozilla/5.0 (Linux; Android 6.0.1; Nexus 5X Build/MMB29P) AppleWebKit/537.36 (KHTML, like Gecko) Chrome/141.0.7390.122 Mobile Safari/537.36 (compatible; Googlebot/2.1; +http://www.google.com/bot.html)" 1003 **1/1003091**
66.249.69.140 - - [01/Nov/2025:05:28:11 -0700] "GET /product/edit/31859151021690?/js_6356af597ebeb154b969e538d3e95f0f/_styles_js_lightbox HTTP/1.1" 200 4711 "https://blalockdialysiscenter.com/product/edit/31859151021690" "Mozilla/5.0 (Linux; Android 6.0.1; Nexus 5X Build/MMB29P) AppleWebKit/537.36 (KHTML, like Gecko) Chrome/141.0.7390.122 Mobile Safari/537.36 (compatible; Googlebot/2.1; +http://www.google.com/bot.html)" 118 **0/118985**
66.249.69.128 - - [01/Nov/2025:05:28:12 -0700] "GET /product/edit/31859151021690?/css_6356af597ebeb154b969e538d3e95f0f/_styles_css_wanderer-fg HTTP/1.1" 200 184 "https://blalockdialysiscenter.com/product/edit/31859151021690" "Mozilla/5.0 (Linux; Android 6.0.1; Nexus 5X Build/MMB29P) AppleWebKit/537.36 (KHTML, like Gecko) Chrome/141.0.7390.122 Mobile Safari/537.36 (compatible; Googlebot/2.1; +http://www.google.com/bot.html)" 115 **0/115739**
66.249.69.141 - - [01/Nov/2025:05:28:12 -0700] "GET /?a=14876740091690&mod=d123a7a9&uri=article.php%3Fid%3D497686-1001%26name%3Dnfl+magliette+stile+americano HTTP/1.1" 200 21380 "-" "Mozilla/5.0 (Linux; Android 6.0.1; Nexus 5X Build/MMB29P) AppleWebKit/537.36 (KHTML, like Gecko) Chrome/141.0.7390.122 Mobile Safari/537.36 (compatible; Googlebot/2.1; +http://www.google.com/bot.html)" 1186 **1/1186821**
66.249.69.141 - - [01/Nov/2025:05:28:13 -0700] "GET /product/edit/31859151021690?/js_6356af597ebeb154b969e538d3e95f0f/_drupal_sites_default_files_js_js_nfGRbDhyXF9_dFjG2rkRRw84Gy6p5a4aGnpYcOKhuC4 HTTP/1.1" 200 96506 "https://blalockdialysiscenter.com/product/edit/31859151021690" "Mozilla/5.0 (Linux; Android 6.0.1; Nexus 5X Build/MMB29P) AppleWebKit/537.36 (KHTML, like Gecko) Chrome/141.0.7390.122 Mobile Safari/537.36 (compatible; Googlebot/2.1; +http://www.google.com/bot.html)" 263 **0/263376**
66.249.69.141 - - [01/Nov/2025:05:28:13 -0700] "GET /product/edit/31859151021690?/css_6356af597ebeb154b969e538d3e95f0f/_drupal_sites_default_files_css_css_YLUY2usEybPXqNO15-ozAgAYsZmniqhrU6f3bp69-r4 HTTP/1.1" 200 3874 "https://blalockdialysiscenter.com/product/edit/31859151021690" "Mozilla/5.0 (Linux; Android 6.0.1; Nexus 5X Build/MMB29P) AppleWebKit/537.36 (KHTML, like Gecko) Chrome/141.0.7390.122 Mobile Safari/537.36 (compatible; Googlebot/2.1; +http://www.google.com/bot.html)" 119 **0/119047**
66.249.69.141 - - [01/Nov/2025:05:28:14 -0700] "GET /product/edit/115755220041690?/js_6356af597ebeb154b969e538d3e95f0f/_drupal_sites_default_files_js_js_z1qFDrghecTCI5Rjumn4rMBYPHvd-E4L0DVpS2JCjnw HTTP/1.1" 200 320 "https://blalockdialysiscenter.com/product/edit/115755220041690" "Mozilla/5.0 (Linux; Android 6.0.1; Nexus 5X Build/MMB29P) AppleWebKit/537.36 (KHTML, like Gecko) Chrome/141.0.7390.122 Mobile Safari/537.36 (compatible; Googlebot/2.1; +http://www.google.com/bot.html)" 113 **0/113110**
66.249.69.141 - - [01/Nov/2025:05:28:14 -0700] "GET /?a=13161707111690&mod=4c26774d&uri=product.php%3Fid%3D440327-58%26name%3Dsweat+net+sweat+catcher+bike+trainer HTTP/1.1" 200 20808 "-" "Mozilla/5.0 (Linux; Android 6.0.1; Nexus 5X Build/MMB29P) AppleWebKit/537.36 (KHTML, like Gecko) Chrome/141.0.7390.122 Mobile Safari/537.36 (compatible; Googlebot/2.1; +http://www.google.com/bot.html)" 892 **0/892206**
66.249.69.141 - - [01/Nov/2025:05:28:15 -0700] "GET /product/edit/102649535001690?/css_6356af597ebeb154b969e538d3e95f0f/_drupal_sites_default_files_css_css_YLUY2usEybPXqNO15-ozAgAYsZmniqhrU6f3bp69-r4 HTTP/1.1" 200 3874 "https://blalockdialysiscenter.com/product/edit/102649535001690" "Mozilla/5.0 (Linux; Android 6.0.1; Nexus 5X Build/MMB29P) AppleWebKit/537.36 (KHTML, like Gecko) Chrome/141.0.7390.122 Mobile Safari/537.36 (compatible; Googlebot/2.1; +http://www.google.com/bot.html)" 116 **0/116180**
52.167.144.180 - - [01/Nov/2025:05:28:15 -0700] "GET /?a=99041415091690&mod=8b1c998c&uri=form.php%3Fid%3D3313970-116%26name%3Dblack+wellensteyn+stardust+382+vs+565+unterschied HTTP/2.0" 200 20323 "-" "Mozilla/5.0 AppleWebKit/537.36 (KHTML, like Gecko; compatible; bingbot/2.0; +http://www.bing.com/bingbot.htm) Chrome/116.0.1938.76 Safari/537.36" 885 **0/885297**
66.249.69.140 - - [01/Nov/2025:05:28:16 -0700] "GET /product/edit/102649535001690?/js_6356af597ebeb154b969e538d3e95f0f/_styles_js_lazysizes.min HTTP/1.1" 200 3188 "https://blalockdialysiscenter.com/product/edit/102649535001690" "Mozilla/5.0 (Linux; Android 6.0.1; Nexus 5X Build/MMB29P) AppleWebKit/537.36 (KHTML, like Gecko) Chrome/141.0.7390.122 Mobile Safari/537.36 (compatible; Googlebot/2.1; +http://www.google.com/bot.html)" 114 **0/114100**
66.249.69.140 - - [01/Nov/2025:05:28:16 -0700] "GET /?a=98660837041690&mod=799d3f5d&uri=news.php%3Fid%3D3301239-258%26name%3Ddenim+jeans+pantalones+yolosmi+mujer HTTP/1.1" 200 20957 "-" "Mozilla/5.0 (Linux; Android 6.0.1; Nexus 5X Build/MMB29P) AppleWebKit/537.36 (KHTML, like Gecko) Chrome/141.0.7390.122 Mobile Safari/537.36 (compatible; Googlebot/2.1; +http://www.google.com/bot.html)" 800 **0/800098**
66.249.69.140 - - [01/Nov/2025:05:28:17 -0700] "GET /product/edit/9782636021690?/css_6356af597ebeb154b969e538d3e95f0f/_drupal_sites_default_files_css_css_LmUrbIckCDCKvN2_Q3zbp044aJ28BPsL4EcroazBk2w HTTP/1.1" 200 42233 "https://blalockdialysiscenter.com/product/edit/9782636021690" "Mozilla/5.0 (Linux; Android 6.0.1; Nexus 5X Build/MMB29P) AppleWebKit/537.36 (KHTML, like Gecko) Chrome/141.0.7390.122 Mobile Safari/537.36 (compatible; Googlebot/2.1; +http://www.google.com/bot.html)" 213 **0/213034**
52.167.144.180 - - [01/Nov/2025:05:28:16 -0700] "GET /?a=20554170001690&mod=2b0499a3&uri=us.php%3Fid%3D687609-172%26name%3Dactive+noise+cancellation+do+airpods+have+to+be+close+to+the+case HTTP/2.0" 200 21579 "-" "Mozilla/5.0 AppleWebKit/537.36 (KHTML, like Gecko; compatible; bingbot/2.0; +http://www.bing.com/bingbot.htm) Chrome/116.0.1938.76 Safari/537.36" 832 **0/832715**
66.249.69.140 - - [01/Nov/2025:05:28:17 -0700] "GET /product/edit/9782636021690?/js_6356af597ebeb154b969e538d3e95f0f/_styles_js_lazysizes.min HTTP/1.1" 200 3188 "https://blalockdialysiscenter.com/product/edit/9782636021690" "Mozilla/5.0 (Linux; Android 6.0.1; Nexus 5X Build/MMB29P) AppleWebKit/537.36 (KHTML, like Gecko) Chrome/141.0.7390.122 Mobile Safari/537.36 (compatible; Googlebot/2.1; +http://www.google.com/bot.html)" 119 **0/119798**
66.249.69.140 - - [01/Nov/2025:05:28:18 -0700] "GET /product/edit/106851694081690?/js_6356af597ebeb154b969e538d3e95f0f/_styles_js_lazysizes.min HTTP/1.1" 200 3188 "https://blalockdialysiscenter.com/product/edit/106851694081690" "Mozilla/5.0 (Linux; Android 6.0.1; Nexus 5X Build/MMB29P) AppleWebKit/537.36 (KHTML, like Gecko) Chrome/141.0.7390.122 Mobile Safari/537.36 (compatible; Googlebot/2.1; +http://www.google.com/bot.html)" 113 **0/113777**
66.249.69.140 - - [01/Nov/2025:05:28:18 -0700] "GET /product/edit/64187083051690 HTTP/1.1" 200 20010 "-" "Mozilla/5.0 (Linux; Android 6.0.1; Nexus 5X Build/MMB29P) AppleWebKit/537.36 (KHTML, like Gecko) Chrome/141.0.7390.122 Mobile Safari/537.36 (compatible; Googlebot/2.1; +http://www.google.com/bot.html)" 695 **0/695816**
66.249.69.140 - - [01/Nov/2025:05:28:19 -0700] "GET /?a=49622509121690&mod=b5ad5ba0&uri=shop.php%3Fid%3D1660080-526%26name%3Dropa+deportiva+camisetas+nike+mujer+baratas HTTP/1.1" 200 20278 "-" "Mozilla/5.0 (Linux; Android 6.0.1; Nexus 5X Build/MMB29P) AppleWebKit/537.36 (KHTML, like Gecko) Chrome/141.0.7390.122 Mobile Safari/537.36 (compatible; Googlebot/2.1; +http://www.google.com/bot.html)" 744 **0/744164**
66.249.69.141 - - [01/Nov/2025:05:28:19 -0700] "GET /product/edit/106851694081690?/css_6356af597ebeb154b969e538d3e95f0f/_drupal_sites_default_files_css_css_LmUrbIckCDCKvN2_Q3zbp044aJ28BPsL4EcroazBk2w HTTP/1.1" 200 42233 "https://blalockdialysiscenter.com/product/edit/106851694081690" "Mozilla/5.0 (Linux; Android 6.0.1; Nexus 5X Build/MMB29P) AppleWebKit/537.36 (KHTML, like Gecko) Chrome/141.0.7390.122 Mobile Safari/537.36 (compatible; Googlebot/2.1; +http://www.google.com/bot.html)" 211 **0/211713**
20.15.133.162 - - [01/Nov/2025:05:28:19 -0700] "GET /?a=64802594031690&mod=e87602b4&uri=blog.php%3Fid%3D2168058-1259%26name%3Decolomique+sac+cabas+ecologique HTTP/2.0" 200 21151 "-" "Mozilla/5.0 AppleWebKit/537.36 (KHTML, like Gecko; compatible; bingbot/2.0; +http://www.bing.com/bingbot.htm) Chrome/116.0.1938.76 Safari/537.36" 907 **0/907344**
207.46.13.155 - - [01/Nov/2025:05:28:19 -0700] "GET /?a=30445874001690&mod=b575e1f6&uri=product.php%3Fid%3D1018457-254%26name%3Dscarpa+sneakers+uomo+sergio+tacchini HTTP/2.0" 200 21183 "-" "Mozilla/5.0 AppleWebKit/537.36 (KHTML, like Gecko; compatible; bingbot/2.0; +http://www.bing.com/bingbot.htm) Chrome/116.0.1938.76 Safari/537.36" 978 **0/978496**
66.249.69.140 - - [01/Nov/2025:05:28:20 -0700] "GET /product/edit/65321379131690 HTTP/1.1" 200 21076 "-" "Mozilla/5.0 (Linux; Android 6.0.1; Nexus 5X Build/MMB29P) AppleWebKit/537.36 (KHTML, like Gecko) Chrome/141.0.7390.122 Mobile Safari/537.36 (compatible; Googlebot/2.1; +http://www.google.com/bot.html)" 1120 **1/1120104**
66.249.69.141 - - [01/Nov/2025:05:28:21 -0700] "GET /product/edit/83853134001690?/css_6356af597ebeb154b969e538d3e95f0f/_styles_css_wanderer-fg HTTP/1.1" 200 184 "https://blalockdialysiscenter.com/product/edit/83853134001690" "Mozilla/5.0 (Linux; Android 6.0.1; Nexus 5X Build/MMB29P) AppleWebKit/537.36 (KHTML, like Gecko) Chrome/141.0.7390.122 Mobile Safari/537.36 (compatible; Googlebot/2.1; +http://www.google.com/bot.html)" 117 **0/117861**
66.249.69.140 - - [01/Nov/2025:05:28:20 -0700] "GET /?a=90948176081690&mod=3ea68227&uri=brands.php%3Fid%3D3043075-743%26name%3Dsapato+samello+masculino+sapatilha+samello HTTP/1.1" 200 20639 "-" "Mozilla/5.0 (Linux; Android 6.0.1; Nexus 5X Build/MMB29P) AppleWebKit/537.36 (KHTML, like Gecko) Chrome/141.0.7390.122 Mobile Safari/537.36 (compatible; Googlebot/2.1; +http://www.google.com/bot.html)" 1102 **1/1102245**
66.249.69.140 - - [01/Nov/2025:05:28:21 -0700] "GET /product/edit/106851694081690?/js_6356af597ebeb154b969e538d3e95f0f/_drupal_sites_default_files_js_js_G878YGhv0pYpg9iZ_hIm3vCCQWyhWgLawk-6b6wmZuU HTTP/1.1" 200 52631 "https://blalockdialysiscenter.com/product/edit/106851694081690" "Mozilla/5.0 (Linux; Android 6.0.1; Nexus 5X Build/MMB29P) AppleWebKit/537.36 (KHTML, like Gecko) Chrome/141.0.7390.122 Mobile Safari/537.36 (compatible; Googlebot/2.1; +http://www.google.com/bot.html)" 207 **0/207275**
66.249.69.140 - - [01/Nov/2025:05:28:22 -0700] "GET /product/edit/83853134001690?/js_6356af597ebeb154b969e538d3e95f0f/_drupal_sites_default_files_js_js_nfGRbDhyXF9_dFjG2rkRRw84Gy6p5a4aGnpYcOKhuC4 HTTP/1.1" 200 96506 "https://blalockdialysiscenter.com/product/edit/83853134001690" "Mozilla/5.0 (Linux; Android 6.0.1; Nexus 5X Build/MMB29P) AppleWebKit/537.36 (KHTML, like Gecko) Chrome/141.0.7390.122 Mobile Safari/537.36 (compatible; Googlebot/2.1; +http://www.google.com/bot.html)" 273 **0/273374**
66.249.69.141 - - [01/Nov/2025:05:28:22 -0700] "GET /?a=68508076061690&mod=d43cdc61&uri=pin.php%3Fid%3D2292011-762%26name%3Dscontomaggio+buoni+buono+sconto+amazon+giocattoli HTTP/1.1" 200 19898 "-" "Mozilla/5.0 (Linux; Android 6.0.1; Nexus 5X Build/MMB29P) AppleWebKit/537.36 (KHTML, like Gecko) Chrome/141.0.7390.122 Mobile Safari/537.36 (compatible; Googlebot/2.1; +http://www.google.com/bot.html)" 1188 **1/1188404**
66.249.69.140 - - [01/Nov/2025:05:28:23 -0700] "GET /product/edit/31859151021690?/js_6356af597ebeb154b969e538d3e95f0f/_drupal_sites_default_files_js_js_z1qFDrghecTCI5Rjumn4rMBYPHvd-E4L0DVpS2JCjnw HTTP/1.1" 200 320 "https://blalockdialysiscenter.com/product/edit/31859151021690" "Mozilla/5.0 (Linux; Android 6.0.1; Nexus 5X Build/MMB29P) AppleWebKit/537.36 (KHTML, like Gecko) Chrome/141.0.7390.122 Mobile Safari/537.36 (compatible; Googlebot/2.1; +http://www.google.com/bot.html)" 144 **0/144138**
66.249.69.140 - - [01/Nov/2025:05:28:23 -0700] "GET /?a=93065554051690&mod=e1228be4&uri=form.php%3Fid%3D3113918-36%26name%3Dnational+museum+unofficial+lego+museum HTTP/1.1" 200 21623 "-" "Mozilla/5.0 (Linux; Android 6.0.1; Nexus 5X Build/MMB29P) AppleWebKit/537.36 (KHTML, like Gecko) Chrome/141.0.7390.122 Mobile Safari/537.36 (compatible; Googlebot/2.1; +http://www.google.com/bot.html)" 1331 **1/1331829**
66.249.69.140 - - [01/Nov/2025:05:28:24 -0700] "GET /product/edit/31859151021690?/js_6356af597ebeb154b969e538d3e95f0f/_drupal_sites_default_files_js_js_i3BGasXGb_pVk8CAUeSJnjMmyNE-bFprX9j4_djQznQ HTTP/1.1" 200 3857 "https://blalockdialysiscenter.com/product/edit/31859151021690" "Mozilla/5.0 (Linux; Android 6.0.1; Nexus 5X Build/MMB29P) AppleWebKit/537.36 (KHTML, like Gecko) Chrome/141.0.7390.122 Mobile Safari/537.36 (compatible; Googlebot/2.1; +http://www.google.com/bot.html)" 114 **0/114617**
66.249.69.141 - - [01/Nov/2025:05:28:24 -0700] "GET /product/edit/94326215041690?/css_6356af597ebeb154b969e538d3e95f0f/_drupal_sites_default_files_css_css_YLUY2usEybPXqNO15-ozAgAYsZmniqhrU6f3bp69-r4 HTTP/1.1" 200 3874 "https://blalockdialysiscenter.com/product/edit/94326215041690" "Mozilla/5.0 (Linux; Android 6.0.1; Nexus 5X Build/MMB29P) AppleWebKit/537.36 (KHTML, like Gecko) Chrome/141.0.7390.122 Mobile Safari/537.36 (compatible; Googlebot/2.1; +http://www.google.com/bot.html)" 113 **0/113811**
66.249.69.140 - - [01/Nov/2025:05:28:24 -0700] "GET /?a=109734432001690&mod=fb4c4860&uri=info.php%3Fid%3D3671871-40%26name%3Djurassic+world+fallen+kingdom+velociraptor+blue+toy HTTP/1.1" 200 21370 "-" "Mozilla/5.0 (Linux; Android 6.0.1; Nexus 5X Build/MMB29P) AppleWebKit/537.36 (KHTML, like Gecko) Chrome/141.0.7390.122 Mobile Safari/537.36 (compatible; Googlebot/2.1; +http://www.google.com/bot.html)" 1234 **1/1234373**
66.249.69.140 - - [01/Nov/2025:05:28:25 -0700] "GET /product/edit/94326215041690?/css_6356af597ebeb154b969e538d3e95f0f/_drupal_sites_default_files_css_css_LmUrbIckCDCKvN2_Q3zbp044aJ28BPsL4EcroazBk2w HTTP/1.1" 200 42233 "https://blalockdialysiscenter.com/product/edit/94326215041690" "Mozilla/5.0 (Linux; Android 6.0.1; Nexus 5X Build/MMB29P) AppleWebKit/537.36 (KHTML, like Gecko) Chrome/141.0.7390.122 Mobile Safari/537.36 (compatible; Googlebot/2.1; +http://www.google.com/bot.html)" 206 **0/206950**
66.249.69.140 - - [01/Nov/2025:05:28:26 -0700] "GET /product/edit/94326215041690?/css_6356af597ebeb154b969e538d3e95f0f/_styles_css_wanderer-fg HTTP/1.1" 200 184 "https://blalockdialysiscenter.com/product/edit/94326215041690" "Mozilla/5.0 (Linux; Android 6.0.1; Nexus 5X Build/MMB29P) AppleWebKit/537.36 (KHTML, like Gecko) Chrome/141.0.7390.122 Mobile Safari/537.36 (compatible; Googlebot/2.1; +http://www.google.com/bot.html)" 113 **0/113193**
66.249.69.140 - - [01/Nov/2025:05:28:25 -0700] "GET /?a=15280377011690&mod=628f16b2&uri=article.php%3Fid%3D511192-112%26name%3Dcape+mantellina+chiffon HTTP/1.1" 200 21426 "-" "Mozilla/5.0 (Linux; Android 6.0.1; Nexus 5X Build/MMB29P) AppleWebKit/537.36 (KHTML, like Gecko) Chrome/141.0.7390.122 Mobile Safari/537.36 (compatible; Googlebot/2.1; +http://www.google.com/bot.html)" 1252 **1/1252157**
66.249.69.140 - - [01/Nov/2025:05:28:26 -0700] "GET /product/edit/102649535001690?/js_6356af597ebeb154b969e538d3e95f0f/_drupal_sites_default_files_js_js_z1qFDrghecTCI5Rjumn4rMBYPHvd-E4L0DVpS2JCjnw HTTP/1.1" 200 320 "https://blalockdialysiscenter.com/product/edit/102649535001690" "Mozilla/5.0 (Linux; Android 6.0.1; Nexus 5X Build/MMB29P) AppleWebKit/537.36 (KHTML, like Gecko) Chrome/141.0.7390.122 Mobile Safari/537.36 (compatible; Googlebot/2.1; +http://www.google.com/bot.html)" 114 **0/114011**
207.46.13.9 - - [01/Nov/2025:05:28:26 -0700] "GET /pcmypage?callback=product/review/30816607141690 HTTP/2.0" 200 21005 "-" "Mozilla/5.0 AppleWebKit/537.36 (KHTML, like Gecko; compatible; bingbot/2.0; +http://www.bing.com/bingbot.htm) Chrome/116.0.1938.76 Safari/537.36" 1088 **1/1088191**
207.46.13.9 - - [01/Nov/2025:05:28:26 -0700] "GET /?a=110025270111690&mod=7297f44a&uri=article.php%3Fid%3D3681597-64%26name%3Dpull+along+all+terrain+children%27s+wagons HTTP/2.0" 200 21418 "-" "Mozilla/5.0 AppleWebKit/537.36 (KHTML, like Gecko; compatible; bingbot/2.0; +http://www.bing.com/bingbot.htm) Chrome/116.0.1938.76 Safari/537.36" 1034 **1/1034788**
66.249.69.128 - - [01/Nov/2025:05:28:28 -0700] "GET /product/edit/9782636021690?/js_6356af597ebeb154b969e538d3e95f0f/_drupal_sites_default_files_js_js_z1qFDrghecTCI5Rjumn4rMBYPHvd-E4L0DVpS2JCjnw HTTP/1.1" 200 320 "https://blalockdialysiscenter.com/product/edit/9782636021690" "Mozilla/5.0 (Linux; Android 6.0.1; Nexus 5X Build/MMB29P) AppleWebKit/537.36 (KHTML, like Gecko) Chrome/141.0.7390.122 Mobile Safari/537.36 (compatible; Googlebot/2.1; +http://www.google.com/bot.html)" 116 **0/116315**
207.46.13.9 - - [01/Nov/2025:05:28:27 -0700] "GET /pcmypage?callback=/product%2Fdetail%2F66839255002690 HTTP/2.0" 200 21395 "-" "Mozilla/5.0 AppleWebKit/537.36 (KHTML, like Gecko; compatible; bingbot/2.0; +http://www.bing.com/bingbot.htm) Chrome/116.0.1938.76 Safari/537.36" 1053 **1/1053260**
66.249.69.141 - - [01/Nov/2025:05:28:29 -0700] "GET /product/edit/102649535001690?/js_6356af597ebeb154b969e538d3e95f0f/_drupal_sites_default_files_js_js_i3BGasXGb_pVk8CAUeSJnjMmyNE-bFprX9j4_djQznQ HTTP/1.1" 200 3857 "https://blalockdialysiscenter.com/product/edit/102649535001690" "Mozilla/5.0 (Linux; Android 6.0.1; Nexus 5X Build/MMB29P) AppleWebKit/537.36 (KHTML, like Gecko) Chrome/141.0.7390.122 Mobile Safari/537.36 (compatible; Googlebot/2.1; +http://www.google.com/bot.html)" 118 **0/118152**
66.249.69.128 - - [01/Nov/2025:05:28:28 -0700] "GET /?a=76083636101690&mod=36fa774e&uri=search.php%3Fid%3D2545598-471%26name%3Doverclock+i5+7400m HTTP/1.1" 200 20547 "-" "Mozilla/5.0 (Linux; Android 6.0.1; Nexus 5X Build/MMB29P) AppleWebKit/537.36 (KHTML, like Gecko) Chrome/141.0.7390.122 Mobile Safari/537.36 (compatible; Googlebot/2.1; +http://www.google.com/bot.html)" 1249 **1/1249921**
66.249.69.128 - - [01/Nov/2025:05:28:30 -0700] "GET /product/edit/9782636021690?/js_6356af597ebeb154b969e538d3e95f0f/_drupal_sites_default_files_js_js_i3BGasXGb_pVk8CAUeSJnjMmyNE-bFprX9j4_djQznQ HTTP/1.1" 200 3857 "https://blalockdialysiscenter.com/product/edit/9782636021690" "Mozilla/5.0 (Linux; Android 6.0.1; Nexus 5X Build/MMB29P) AppleWebKit/537.36 (KHTML, like Gecko) Chrome/141.0.7390.122 Mobile Safari/537.36 (compatible; Googlebot/2.1; +http://www.google.com/bot.html)" 124 **0/124503**
66.249.69.140 - - [01/Nov/2025:05:28:29 -0700] "GET /?a=26324658021690&mod=11b465ea&uri=blog.php%3Fid%3D880632-198%26name%3Dwomen%27s+sandals+comfy+leather+sandals HTTP/1.1" 200 22003 "-" "Mozilla/5.0 (Linux; Android 6.0.1; Nexus 5X Build/MMB29P) AppleWebKit/537.36 (KHTML, like Gecko) Chrome/141.0.7390.122 Mobile Safari/537.36 (compatible; Googlebot/2.1; +http://www.google.com/bot.html)" 939 **0/939401**
66.249.69.140 - - [01/Nov/2025:05:28:30 -0700] "GET /product/edit/106851694081690?/js_6356af597ebeb154b969e538d3e95f0f/_drupal_sites_default_files_js_js_z1qFDrghecTCI5Rjumn4rMBYPHvd-E4L0DVpS2JCjnw HTTP/1.1" 200 320 "https://blalockdialysiscenter.com/product/edit/106851694081690" "Mozilla/5.0 (Linux; Android 6.0.1; Nexus 5X Build/MMB29P) AppleWebKit/537.36 (KHTML, like Gecko) Chrome/141.0.7390.122 Mobile Safari/537.36 (compatible; Googlebot/2.1; +http://www.google.com/bot.html)" 115 **0/115695**
66.249.69.128 - - [01/Nov/2025:05:28:31 -0700] "GET /?a=49750424011690&mod=9d38e6ea&uri=shop.php%3Fid%3D1664358-67%26name%3Dmaroon+suit+maroon+blazer+shirt+combination HTTP/1.1" 200 21230 "-" "Mozilla/5.0 (Linux; Android 6.0.1; Nexus 5X Build/MMB29P) AppleWebKit/537.36 (KHTML, like Gecko) Chrome/141.0.7390.122 Mobile Safari/537.36 (compatible; Googlebot/2.1; +http://www.google.com/bot.html)" 1102 **1/1102871**
66.249.69.140 - - [01/Nov/2025:05:28:32 -0700] "GET /product/edit/106851694081690?/js_6356af597ebeb154b969e538d3e95f0f/_drupal_sites_default_files_js_js_i3BGasXGb_pVk8CAUeSJnjMmyNE-bFprX9j4_djQznQ HTTP/1.1" 200 3857 "https://blalockdialysiscenter.com/product/edit/106851694081690" "Mozilla/5.0 (Linux; Android 6.0.1; Nexus 5X Build/MMB29P) AppleWebKit/537.36 (KHTML, like Gecko) Chrome/141.0.7390.122 Mobile Safari/537.36 (compatible; Googlebot/2.1; +http://www.google.com/bot.html)" 114 **0/114020**
66.249.69.128 - - [01/Nov/2025:05:28:32 -0700] "GET /product/edit/83853134001690?/js_6356af597ebeb154b969e538d3e95f0f/_drupal_sites_default_files_js_js_i3BGasXGb_pVk8CAUeSJnjMmyNE-bFprX9j4_djQznQ HTTP/1.1" 200 3857 "https://blalockdialysiscenter.com/product/edit/83853134001690" "Mozilla/5.0 (Linux; Android 6.0.1; Nexus 5X Build/MMB29P) AppleWebKit/537.36 (KHTML, like Gecko) Chrome/141.0.7390.122 Mobile Safari/537.36 (compatible; Googlebot/2.1; +http://www.google.com/bot.html)" 116 **0/116146**
66.249.69.141 - - [01/Nov/2025:05:28:31 -0700] "GET /?a=48411849011690&mod=5aae6cf6&uri=products.php%3Fid%3D1619543-320%26name%3Ddesigner+luggage+bcbgmaxazria+luggage HTTP/1.1" 200 20448 "-" "Mozilla/5.0 (Linux; Android 6.0.1; Nexus 5X Build/MMB29P) AppleWebKit/537.36 (KHTML, like Gecko) Chrome/141.0.7390.122 Mobile Safari/537.36 (compatible; Googlebot/2.1; +http://www.google.com/bot.html)" 1288 **1/1288146**
66.249.69.140 - - [01/Nov/2025:05:28:33 -0700] "GET /product/edit/83853134001690?/js_6356af597ebeb154b969e538d3e95f0f/_drupal_sites_default_files_js_js_z1qFDrghecTCI5Rjumn4rMBYPHvd-E4L0DVpS2JCjnw HTTP/1.1" 200 320 "https://blalockdialysiscenter.com/product/edit/83853134001690" "Mozilla/5.0 (Linux; Android 6.0.1; Nexus 5X Build/MMB29P) AppleWebKit/537.36 (KHTML, like Gecko) Chrome/141.0.7390.122 Mobile Safari/537.36 (compatible; Googlebot/2.1; +http://www.google.com/bot.html)" 116 **0/116683**
66.249.69.128 - - [01/Nov/2025:05:28:33 -0700] "GET /product/edit/64187083051690?/js_6356af597ebeb154b969e538d3e95f0f/_drupal_sites_default_files_js_js_G878YGhv0pYpg9iZ_hIm3vCCQWyhWgLawk-6b6wmZuU HTTP/1.1" 200 52631 "https://blalockdialysiscenter.com/product/edit/64187083051690" "Mozilla/5.0 (Linux; Android 6.0.1; Nexus 5X Build/MMB29P) AppleWebKit/537.36 (KHTML, like Gecko) Chrome/141.0.7390.122 Mobile Safari/537.36 (compatible; Googlebot/2.1; +http://www.google.com/bot.html)" 202 **0/202317**
66.249.69.141 - - [01/Nov/2025:05:28:33 -0700] "GET /product/edit/86831847001690 HTTP/1.1" 200 21458 "-" "Mozilla/5.0 (Linux; Android 6.0.1; Nexus 5X Build/MMB29P) AppleWebKit/537.36 (KHTML, like Gecko) Chrome/141.0.7390.122 Mobile Safari/537.36 (compatible; Googlebot/2.1; +http://www.google.com/bot.html)" 1240 **1/1240859**
66.249.69.128 - - [01/Nov/2025:05:28:34 -0700] "GET /product/edit/64187083051690?/css_6356af597ebeb154b969e538d3e95f0f/_styles_css_wanderer-fg HTTP/1.1" 200 184 "https://blalockdialysiscenter.com/product/edit/64187083051690" "Mozilla/5.0 (Linux; Android 6.0.1; Nexus 5X Build/MMB29P) AppleWebKit/537.36 (KHTML, like Gecko) Chrome/141.0.7390.122 Mobile Safari/537.36 (compatible; Googlebot/2.1; +http://www.google.com/bot.html)" 113 **0/113137**
66.249.69.141 - - [01/Nov/2025:05:28:34 -0700] "GET /?a=53659481051690&mod=8de251fe&uri=pin.php%3Fid%3D1795136-251%26name%3Dtampa+buccaneers+buccaneers+floor+mats HTTP/1.1" 200 21129 "-" "Mozilla/5.0 (Linux; Android 6.0.1; Nexus 5X Build/MMB29P) AppleWebKit/537.36 (KHTML, like Gecko) Chrome/141.0.7390.122 Mobile Safari/537.36 (compatible; Googlebot/2.1; +http://www.google.com/bot.html)" 892 **0/892231**
52.167.144.141 - - [01/Nov/2025:05:28:35 -0700] "GET /?a=30834021031690&mod=b3b6a68e&uri=us.php%3Fid%3D1031448-1170%26name%3Dfirestick+philo+free+month HTTP/2.0" 200 20264 "-" "Mozilla/5.0 AppleWebKit/537.36 (KHTML, like Gecko; compatible; bingbot/2.0; +http://www.bing.com/bingbot.htm) Chrome/116.0.1938.76 Safari/537.36" 732 **0/732910**
66.249.69.141 - - [01/Nov/2025:05:28:35 -0700] "GET /product/edit/64187083051690?/js_6356af597ebeb154b969e538d3e95f0f/_drupal_sites_default_files_js_js_nfGRbDhyXF9_dFjG2rkRRw84Gy6p5a4aGnpYcOKhuC4 HTTP/1.1" 200 96506 "https://blalockdialysiscenter.com/product/edit/64187083051690" "Mozilla/5.0 (Linux; Android 6.0.1; Nexus 5X Build/MMB29P) AppleWebKit/537.36 (KHTML, like Gecko) Chrome/141.0.7390.122 Mobile Safari/537.36 (compatible; Googlebot/2.1; +http://www.google.com/bot.html)" 257 **0/257395**
66.249.69.141 - - [01/Nov/2025:05:28:35 -0700] "GET /product/edit/100159255011690 HTTP/1.1" 200 20113 "-" "Mozilla/5.0 (Linux; Android 6.0.1; Nexus 5X Build/MMB29P) AppleWebKit/537.36 (KHTML, like Gecko) Chrome/141.0.7390.122 Mobile Safari/537.36 (compatible; Googlebot/2.1; +http://www.google.com/bot.html)" 595 **0/595461**
66.249.69.128 - - [01/Nov/2025:05:28:36 -0700] "GET /product/edit/64187083051690?/css_6356af597ebeb154b969e538d3e95f0f/_styles_css_product-detail-ex01 HTTP/1.1" 200 397 "https://blalockdialysiscenter.com/product/edit/64187083051690" "Mozilla/5.0 (Linux; Android 6.0.1; Nexus 5X Build/MMB29P) AppleWebKit/537.36 (KHTML, like Gecko) Chrome/141.0.7390.122 Mobile Safari/537.36 (compatible; Googlebot/2.1; +http://www.google.com/bot.html)" 112 **0/112016**
66.249.69.140 - - [01/Nov/2025:05:28:36 -0700] "GET /?a=68759350001690&mod=83e1fbae&uri=form.php%3Fid%3D2300439-1005%26name%3Dscarf+neckwear+manolo+borromeo+silk+scarf HTTP/1.1" 200 20921 "-" "Mozilla/5.0 (Linux; Android 6.0.1; Nexus 5X Build/MMB29P) AppleWebKit/537.36 (KHTML, like Gecko) Chrome/141.0.7390.122 Mobile Safari/537.36 (compatible; Googlebot/2.1; +http://www.google.com/bot.html)" 418 **0/418176**
66.249.69.140 - - [01/Nov/2025:05:28:37 -0700] "GET /product/edit/94326215041690?/js_6356af597ebeb154b969e538d3e95f0f/_drupal_sites_default_files_js_js_z1qFDrghecTCI5Rjumn4rMBYPHvd-E4L0DVpS2JCjnw HTTP/1.1" 200 320 "https://blalockdialysiscenter.com/product/edit/94326215041690" "Mozilla/5.0 (Linux; Android 6.0.1; Nexus 5X Build/MMB29P) AppleWebKit/537.36 (KHTML, like Gecko) Chrome/141.0.7390.122 Mobile Safari/537.36 (compatible; Googlebot/2.1; +http://www.google.com/bot.html)" 112 **0/112463**
66.249.69.140 - - [01/Nov/2025:05:28:37 -0700] "GET /?a=5869662011690&mod=8a57e2e0&uri=form.php%3Fid%3D196331-700%26name%3Dbrown+suit+with+bow+tie HTTP/1.1" 200 21095 "-" "Mozilla/5.0 (Linux; Android 6.0.1; Nexus 5X Build/MMB29P) AppleWebKit/537.36 (KHTML, like Gecko) Chrome/141.0.7390.122 Mobile Safari/537.36 (compatible; Googlebot/2.1; +http://www.google.com/bot.html)" 528 **0/528280**
