66.249.72.227 - - [01/Nov/2025:05:03:28 -0700] "GET /?a=118481249041690&mod=4009fb33&uri=us.php%3Fid%3D3964457-164%26name%3Din+pakistan+infinix+hot+glass+protector HTTP/1.1" 200 20643 "-" "Mozilla/5.0 (Linux; Android 6.0.1; Nexus 5X Build/MMB29P) AppleWebKit/537.36 (KHTML, like Gecko) Chrome/141.0.7390.122 Mobile Safari/537.36 (compatible; Googlebot/2.1; +http://www.google.com/bot.html)" 500 **0/500607**
66.249.72.226 - - [01/Nov/2025:05:03:29 -0700] "GET /?a=97728492001690&mod=97598856&uri=us.php%3Fid%3D3270011-338%26name%3Dcamping+coolers+otterbox+venture+45+cooler HTTP/1.1" 200 21051 "-" "Mozilla/5.0 (Linux; Android 6.0.1; Nexus 5X Build/MMB29P) AppleWebKit/537.36 (KHTML, like Gecko) Chrome/141.0.7390.122 Mobile Safari/537.36 (compatible; Googlebot/2.1; +http://www.google.com/bot.html)" 471 **0/471201**
66.249.69.140 - - [01/Nov/2025:05:03:30 -0700] "GET /?a=69354137061690&mod=1441b775&uri=article.php%3Fid%3D2320327-332%26name%3Dboots+hugo+boss+overknees HTTP/1.1" 200 21317 "-" "Mozilla/5.0 (Linux; Android 6.0.1; Nexus 5X Build/MMB29P) AppleWebKit/537.36 (KHTML, like Gecko) Chrome/141.0.7390.122 Mobile Safari/537.36 (compatible; Googlebot/2.1; +http://www.google.com/bot.html)" 538 **0/538492**
66.249.72.226 - - [01/Nov/2025:05:03:31 -0700] "GET /?a=47066047001690&mod=1a32df83&uri=news.php%3Fid%3D1574502-81%26name%3Dtoro+sr4+toro+190cc+mower HTTP/1.1" 200 21660 "-" "Mozilla/5.0 (Linux; Android 6.0.1; Nexus 5X Build/MMB29P) AppleWebKit/537.36 (KHTML, like Gecko) Chrome/141.0.7390.122 Mobile Safari/537.36 (compatible; Googlebot/2.1; +http://www.google.com/bot.html)" 507 **0/507441**
157.55.39.194 - - [01/Nov/2025:05:03:32 -0700] "GET /?a=97445416141690&mod=f501052d&uri=product.php%3Fid%3D3260522-340%26name%3Dtennis+bracelet+minnie+mouse+bangle HTTP/2.0" 200 20343 "-" "Mozilla/5.0 AppleWebKit/537.36 (KHTML, like Gecko; compatible; bingbot/2.0; +http://www.bing.com/bingbot.htm) Chrome/116.0.1938.76 Safari/537.36" 371 **0/371581**
66.249.72.227 - - [01/Nov/2025:05:03:34 -0700] "GET /?a=46645241001690&mod=4c26774d&uri=form.php%3Fid%3D1560429-58%26name%3Dpalomar+mountain+bikes+gt+palomar+bike+1998 HTTP/1.1" 200 21415 "-" "Mozilla/5.0 (Linux; Android 6.0.1; Nexus 5X Build/MMB29P) AppleWebKit/537.36 (KHTML, like Gecko) Chrome/141.0.7390.122 Mobile Safari/537.36 (compatible; Googlebot/2.1; +http://www.google.com/bot.html)" 296 **0/296663**
66.249.69.140 - - [01/Nov/2025:05:03:36 -0700] "GET /?a=86720862051690&mod=17c43577&uri=news.php%3Fid%3D2901602-681%26name%3Dmario+power+tennis+menu HTTP/1.1" 200 21456 "-" "Mozilla/5.0 (Linux; Android 6.0.1; Nexus 5X Build/MMB29P) AppleWebKit/537.36 (KHTML, like Gecko) Chrome/141.0.7390.122 Mobile Safari/537.36 (compatible; Googlebot/2.1; +http://www.google.com/bot.html)" 331 **0/331622**
66.249.72.227 - - [01/Nov/2025:05:03:37 -0700] "GET /?a=71414183091690&mod=3ea68227&uri=us.php%3Fid%3D2389300-743%26name%3Dsneakers+cole%C3%83%C2%A7%C3%83%C2%A3o+de+tenis+2019 HTTP/1.1" 200 21514 "-" "Mozilla/5.0 (Linux; Android 6.0.1; Nexus 5X Build/MMB29P) AppleWebKit/537.36 (KHTML, like Gecko) Chrome/141.0.7390.122 Mobile Safari/537.36 (compatible; Googlebot/2.1; +http://www.google.com/bot.html)" 321 **0/321704**
66.249.72.226 - - [01/Nov/2025:05:03:38 -0700] "GET /?a=118260226041690&mod=35e3dc18&uri=itm.php%3Fid%3D3957071-541%26name%3Dgucci+pink+hobo+bag HTTP/1.1" 200 21535 "-" "Mozilla/5.0 (Linux; Android 6.0.1; Nexus 5X Build/MMB29P) AppleWebKit/537.36 (KHTML, like Gecko) Chrome/141.0.7390.122 Mobile Safari/537.36 (compatible; Googlebot/2.1; +http://www.google.com/bot.html)" 322 **0/322108**
66.249.72.226 - - [01/Nov/2025:05:03:38 -0700] "GET /?a=7995938071690&mod=d0cc167c&uri=category-info.php%3Fid%3D267434-967%26name%3Dvestidos+largos+monos+para+fiesta+de+noche HTTP/1.1" 200 19904 "-" "Mozilla/5.0 (Linux; Android 6.0.1; Nexus 5X Build/MMB29P) AppleWebKit/537.36 (KHTML, like Gecko) Chrome/141.0.7390.122 Mobile Safari/537.36 (compatible; Googlebot/2.1; +http://www.google.com/bot.html)" 316 **0/316212**
66.249.69.140 - - [01/Nov/2025:05:03:39 -0700] "GET /?a=86981756031690&mod=f87c1398&uri=article.php%3Fid%3D2910332-1021%26name%3Dyves+saint+laurent+moon+jacket HTTP/1.1" 200 21036 "-" "Mozilla/5.0 (Linux; Android 6.0.1; Nexus 5X Build/MMB29P) AppleWebKit/537.36 (KHTML, like Gecko) Chrome/141.0.7390.122 Mobile Safari/537.36 (compatible; Googlebot/2.1; +http://www.google.com/bot.html)" 329 **0/329737**
66.249.72.226 - - [01/Nov/2025:05:03:40 -0700] "GET /?a=62706553081690&mod=152830ab&uri=us.php%3Fid%3D2097955-436%26name%3Dprimera+divisi%C3%B3n+marca+deportiva+espa%C3%83%C2%B1ola HTTP/1.1" 200 21454 "-" "Mozilla/5.0 (Linux; Android 6.0.1; Nexus 5X Build/MMB29P) AppleWebKit/537.36 (KHTML, like Gecko) Chrome/141.0.7390.122 Mobile Safari/537.36 (compatible; Googlebot/2.1; +http://www.google.com/bot.html)" 311 **0/311120**
66.249.72.227 - - [01/Nov/2025:05:03:44 -0700] "GET /?a=87324017001690&mod=b96586f2&uri=form.php%3Fid%3D2921789-1665%26name%3Dbarbour+store+barbour+t+shirt+mens+2017 HTTP/1.1" 200 20308 "-" "Mozilla/5.0 (Linux; Android 6.0.1; Nexus 5X Build/MMB29P) AppleWebKit/537.36 (KHTML, like Gecko) Chrome/141.0.7390.122 Mobile Safari/537.36 (compatible; Googlebot/2.1; +http://www.google.com/bot.html)" 310 **0/310904**
66.249.72.226 - - [01/Nov/2025:05:03:44 -0700] "GET /?a=83492812031690&mod=8be8d5f3&uri=products.php%3Fid%3D2793544-106%26name%3Dhermes+purse+hermes+kelly+bag+28+preis HTTP/1.1" 200 20380 "-" "Mozilla/5.0 (Linux; Android 6.0.1; Nexus 5X Build/MMB29P) AppleWebKit/537.36 (KHTML, like Gecko) Chrome/141.0.7390.122 Mobile Safari/537.36 (compatible; Googlebot/2.1; +http://www.google.com/bot.html)" 306 **0/306610**
66.249.72.226 - - [01/Nov/2025:05:03:45 -0700] "GET /?a=6834736041690&mod=3e7e22b6&uri=product.php%3Fid%3D228599-295%26name%3Dbaby+netherland+netherland+dwarf+bunny+size HTTP/1.1" 200 21031 "-" "Mozilla/5.0 (Linux; Android 6.0.1; Nexus 5X Build/MMB29P) AppleWebKit/537.36 (KHTML, like Gecko) Chrome/141.0.7390.122 Mobile Safari/537.36 (compatible; Googlebot/2.1; +http://www.google.com/bot.html)" 341 **0/341594**
66.249.72.227 - - [01/Nov/2025:05:03:45 -0700] "GET /?a=51597717041690&mod=2fc02e92&uri=article.php%3Fid%3D1726145-152%26name%3Dsmartphone+holder+flexible+iphone+holder HTTP/1.1" 200 20991 "-" "Mozilla/5.0 (Linux; Android 6.0.1; Nexus 5X Build/MMB29P) AppleWebKit/537.36 (KHTML, like Gecko) Chrome/141.0.7390.122 Mobile Safari/537.36 (compatible; Googlebot/2.1; +http://www.google.com/bot.html)" 501 **0/501315**
66.249.72.227 - - [01/Nov/2025:05:03:47 -0700] "GET /?a=2394028071690&mod=2c61f304&uri=form.php%3Fid%3D80028-305%26name%3Dvinyl+flooring+hardwood+floor+liner HTTP/1.1" 200 20996 "-" "Mozilla/5.0 (Linux; Android 6.0.1; Nexus 5X Build/MMB29P) AppleWebKit/537.36 (KHTML, like Gecko) Chrome/141.0.7390.122 Mobile Safari/537.36 (compatible; Googlebot/2.1; +http://www.google.com/bot.html)" 303 **0/303268**
66.249.69.140 - - [01/Nov/2025:05:03:48 -0700] "GET /?a=3870864021690&mod=5e4d0656&uri=us.php%3Fid%3D129446-334%26name%3Dsubfloor+running+radiant+heat+in+floor+joists HTTP/1.1" 200 20762 "-" "Mozilla/5.0 (Linux; Android 6.0.1; Nexus 5X Build/MMB29P) AppleWebKit/537.36 (KHTML, like Gecko) Chrome/141.0.7390.122 Mobile Safari/537.36 (compatible; Googlebot/2.1; +http://www.google.com/bot.html)" 290 **0/290102**
66.249.72.228 - - [01/Nov/2025:05:03:50 -0700] "GET /?a=61511854001690&mod=7fa3244f&uri=product.php%3Fid%3D2057973-359%26name%3Dskinny+jeans+with+laces+on+the+side HTTP/1.1" 200 21441 "-" "Mozilla/5.0 (Linux; Android 6.0.1; Nexus 5X Build/MMB29P) AppleWebKit/537.36 (KHTML, like Gecko) Chrome/141.0.7390.122 Mobile Safari/537.36 (compatible; Googlebot/2.1; +http://www.google.com/bot.html)" 314 **0/314058**
66.249.72.228 - - [01/Nov/2025:05:03:51 -0700] "GET /?a=26528248121690&mod=add05065&uri=info.php%3Fid%3D887446-1334%26name%3Dbaby+stroller+juva+travel+system HTTP/1.1" 200 21141 "-" "Mozilla/5.0 (Linux; Android 6.0.1; Nexus 5X Build/MMB29P) AppleWebKit/537.36 (KHTML, like Gecko) Chrome/141.0.7390.122 Mobile Safari/537.36 (compatible; Googlebot/2.1; +http://www.google.com/bot.html)" 308 **0/308359**
66.249.72.226 - - [01/Nov/2025:05:03:52 -0700] "GET /?a=47115164081690&mod=3b63884f&uri=shared.php%3Fid%3D1576142-953%26name%3Dshort+sleeve+polo+under+armour+polo+boys HTTP/1.1" 200 20615 "-" "Mozilla/5.0 (Linux; Android 6.0.1; Nexus 5X Build/MMB29P) AppleWebKit/537.36 (KHTML, like Gecko) Chrome/141.0.7390.122 Mobile Safari/537.36 (compatible; Googlebot/2.1; +http://www.google.com/bot.html)" 326 **0/326824**
66.249.72.228 - - [01/Nov/2025:05:03:53 -0700] "GET /?a=81811567041690&mod=fb4c4860&uri=goods.php%3Fid%3D2737291-40%26name%3Dbirthday+gift+christmas+gifts+to+get+girlfriend HTTP/1.1" 200 20543 "-" "Mozilla/5.0 (Linux; Android 6.0.1; Nexus 5X Build/MMB29P) AppleWebKit/537.36 (KHTML, like Gecko) Chrome/141.0.7390.122 Mobile Safari/537.36 (compatible; Googlebot/2.1; +http://www.google.com/bot.html)" 536 **0/536466**
66.249.72.228 - - [01/Nov/2025:05:03:55 -0700] "GET /?a=16196526021690&mod=00e3fc1d&uri=itm.php%3Fid%3D541841-214%26name%3Dfor+dogs+walmart+dog+vaccines HTTP/1.1" 200 21035 "-" "Mozilla/5.0 (Linux; Android 6.0.1; Nexus 5X Build/MMB29P) AppleWebKit/537.36 (KHTML, like Gecko) Chrome/141.0.7390.122 Mobile Safari/537.36 (compatible; Googlebot/2.1; +http://www.google.com/bot.html)" 348 **0/348495**
66.249.72.227 - - [01/Nov/2025:05:03:56 -0700] "GET /?a=9323789081690&mod=7cc5a754&uri=shared.php%3Fid%3D311903-80%26name%3Dcourtesyhonda+king+louis+dining+chair HTTP/1.1" 200 21490 "-" "Mozilla/5.0 (Linux; Android 6.0.1; Nexus 5X Build/MMB29P) AppleWebKit/537.36 (KHTML, like Gecko) Chrome/141.0.7390.122 Mobile Safari/537.36 (compatible; Googlebot/2.1; +http://www.google.com/bot.html)" 322 **0/322329**
66.249.72.228 - - [01/Nov/2025:05:03:56 -0700] "GET /?a=106040381021690&mod=8cd7775f&uri=info.php%3Fid%3D3548262-85%26name%3Dcabello+lacio+alisado+definitivo+casero HTTP/1.1" 200 21556 "-" "Mozilla/5.0 (Linux; Android 6.0.1; Nexus 5X Build/MMB29P) AppleWebKit/537.36 (KHTML, like Gecko) Chrome/141.0.7390.122 Mobile Safari/537.36 (compatible; Googlebot/2.1; +http://www.google.com/bot.html)" 292 **0/292714**
66.249.72.226 - - [01/Nov/2025:05:03:57 -0700] "GET /?a=6107767051690&mod=9f0f4ce8&uri=product.php%3Fid%3D204288-435%26name%3Dbag+navy+camera+bag+tommy HTTP/1.1" 200 20772 "-" "Mozilla/5.0 (Linux; Android 6.0.1; Nexus 5X Build/MMB29P) AppleWebKit/537.36 (KHTML, like Gecko) Chrome/141.0.7390.122 Mobile Safari/537.36 (compatible; Googlebot/2.1; +http://www.google.com/bot.html)" 319 **0/319835**
66.249.72.228 - - [01/Nov/2025:05:03:58 -0700] "GET /?a=85053643011690&mod=8cd7775f&uri=goods.php%3Fid%3D2845822-85%26name%3Dalisado+permanente+mejor+shampoo+post+alisado HTTP/1.1" 200 20981 "-" "Mozilla/5.0 (Linux; Android 6.0.1; Nexus 5X Build/MMB29P) AppleWebKit/537.36 (KHTML, like Gecko) Chrome/141.0.7390.122 Mobile Safari/537.36 (compatible; Googlebot/2.1; +http://www.google.com/bot.html)" 558 **0/558247**
66.249.72.227 - - [01/Nov/2025:05:04:00 -0700] "GET /?a=114300128041690&mod=f6558581&uri=goods.php%3Fid%3D3824543-444%26name%3Dalo+marca+de+ropa HTTP/1.1" 200 20632 "-" "Mozilla/5.0 (Linux; Android 6.0.1; Nexus 5X Build/MMB29P) AppleWebKit/537.36 (KHTML, like Gecko) Chrome/141.0.7390.122 Mobile Safari/537.36 (compatible; Googlebot/2.1; +http://www.google.com/bot.html)" 275 **0/275959**
66.249.72.227 - - [01/Nov/2025:05:04:01 -0700] "GET /?a=111059289041690&mod=82d3149f&uri=pin.php%3Fid%3D3716171-94%26name%3Dmagnetic+hooks+diy+magnetic+paper+towel+holder HTTP/1.1" 200 21145 "-" "Mozilla/5.0 (Linux; Android 6.0.1; Nexus 5X Build/MMB29P) AppleWebKit/537.36 (KHTML, like Gecko) Chrome/141.0.7390.122 Mobile Safari/537.36 (compatible; Googlebot/2.1; +http://www.google.com/bot.html)" 285 **0/285966**
66.249.72.226 - - [01/Nov/2025:05:04:04 -0700] "GET /?a=58809238041690&mod=1d867aac&uri=blog.php%3Fid%3D1967508-1110%26name%3Dweitzman+shoes+stuart+weitzman+outlet+sale HTTP/1.1" 200 20808 "-" "Mozilla/5.0 (Linux; Android 6.0.1; Nexus 5X Build/MMB29P) AppleWebKit/537.36 (KHTML, like Gecko) Chrome/141.0.7390.122 Mobile Safari/537.36 (compatible; Googlebot/2.1; +http://www.google.com/bot.html)" 323 **0/323063**
66.249.72.227 - - [01/Nov/2025:05:04:06 -0700] "GET /?a=103849126091690&mod=82d3149f&uri=search.php%3Fid%3D3474870-94%26name%3Dkitchen+rack+over+sink HTTP/1.1" 200 21406 "-" "Mozilla/5.0 (Linux; Android 6.0.1; Nexus 5X Build/MMB29P) AppleWebKit/537.36 (KHTML, like Gecko) Chrome/141.0.7390.122 Mobile Safari/537.36 (compatible; Googlebot/2.1; +http://www.google.com/bot.html)" 387 **0/387154**
66.249.72.226 - - [01/Nov/2025:05:04:08 -0700] "GET /?a=69342370101690&mod=9e4745a6&uri=dp.php%3Fid%3D2319930-335%26name%3Drelojes+japoneses+reloj+zafiro+hombre HTTP/1.1" 200 20912 "-" "Mozilla/5.0 (Linux; Android 6.0.1; Nexus 5X Build/MMB29P) AppleWebKit/537.36 (KHTML, like Gecko) Chrome/141.0.7390.122 Mobile Safari/537.36 (compatible; Googlebot/2.1; +http://www.google.com/bot.html)" 313 **0/313654**
66.249.72.226 - - [01/Nov/2025:05:04:10 -0700] "GET /?a=40253411001690&mod=dffe93f9&uri=form.php%3Fid%3D1346535-466%26name%3Dcuello+halter+vestidos+de+fiestas+el+corte+ingl%C3%83%C2%A9s HTTP/1.1" 200 20748 "-" "Mozilla/5.0 (Linux; Android 6.0.1; Nexus 5X Build/MMB29P) AppleWebKit/537.36 (KHTML, like Gecko) Chrome/141.0.7390.122 Mobile Safari/537.36 (compatible; Googlebot/2.1; +http://www.google.com/bot.html)" 328 **0/328436**
66.249.72.226 - - [01/Nov/2025:05:04:12 -0700] "GET /?a=57542073051690&mod=628f16b2&uri=shared.php%3Fid%3D1925104-112%26name%3Dliu+jo+tute+eleganti+donna+cerimonia HTTP/1.1" 200 21497 "-" "Mozilla/5.0 (Linux; Android 6.0.1; Nexus 5X Build/MMB29P) AppleWebKit/537.36 (KHTML, like Gecko) Chrome/141.0.7390.122 Mobile Safari/537.36 (compatible; Googlebot/2.1; +http://www.google.com/bot.html)" 621 **0/621618**
66.249.69.128 - - [01/Nov/2025:05:04:12 -0700] "GET /?a=72272865131690&mod=ef51b521&uri=dp.php%3Fid%3D2418051-1401%26name%3Dmeesho+net+knee+length+skirts HTTP/1.1" 200 20721 "-" "Mozilla/5.0 (Linux; Android 6.0.1; Nexus 5X Build/MMB29P) AppleWebKit/537.36 (KHTML, like Gecko) Chrome/141.0.7390.122 Mobile Safari/537.36 (compatible; Googlebot/2.1; +http://www.google.com/bot.html)" 432 **0/432870**
66.249.72.226 - - [01/Nov/2025:05:04:13 -0700] "GET /?a=79630758021690&mod=a34aecca&uri=news.php%3Fid%3D2664353-859%26name%3Dancient+korean+wedding+dress HTTP/1.1" 200 21746 "-" "Mozilla/5.0 (Linux; Android 6.0.1; Nexus 5X Build/MMB29P) AppleWebKit/537.36 (KHTML, like Gecko) Chrome/141.0.7390.122 Mobile Safari/537.36 (compatible; Googlebot/2.1; +http://www.google.com/bot.html)" 355 **0/355269**
20.15.133.191 - - [01/Nov/2025:05:04:14 -0700] "GET /?a=103038687001690&mod=5279720c&uri=info.php%3Fid%3D3447743-595%26name%3Dcrocs+shoes+bubble+tea+croc+charm HTTP/2.0" 200 19914 "-" "Mozilla/5.0 AppleWebKit/537.36 (KHTML, like Gecko; compatible; bingbot/2.0; +http://www.bing.com/bingbot.htm) Chrome/116.0.1938.76 Safari/537.36" 758 **0/758747**
66.249.72.226 - - [01/Nov/2025:05:04:15 -0700] "GET /?a=13985655011690&mod=ca010303&uri=search.php%3Fid%3D467884-842%26name%3Dmens+ct300+new+balance+ct300+yacht+club HTTP/1.1" 200 21107 "-" "Mozilla/5.0 (Linux; Android 6.0.1; Nexus 5X Build/MMB29P) AppleWebKit/537.36 (KHTML, like Gecko) Chrome/141.0.7390.122 Mobile Safari/537.36 (compatible; Googlebot/2.1; +http://www.google.com/bot.html)" 864 **0/864263**
66.249.72.226 - - [01/Nov/2025:05:04:16 -0700] "GET /?a=50062927071690&mod=c025eb4e&uri=pin.php%3Fid%3D1674808-345%26name%3Ddisposable+film+camera+kodak+funsaver+disposable+camera+photos HTTP/1.1" 200 20900 "-" "Mozilla/5.0 (Linux; Android 6.0.1; Nexus 5X Build/MMB29P) AppleWebKit/537.36 (KHTML, like Gecko) Chrome/141.0.7390.122 Mobile Safari/537.36 (compatible; Googlebot/2.1; +http://www.google.com/bot.html)" 958 **0/958646**
66.249.69.140 - - [01/Nov/2025:05:04:17 -0700] "GET /?a=77082954031690&mod=1fb36c4c&uri=category-info.php%3Fid%3D2579098-86%26name%3Dboys+navy+mayoral+boys+jackets HTTP/1.1" 200 20299 "-" "Mozilla/5.0 (Linux; Android 6.0.1; Nexus 5X Build/MMB29P) AppleWebKit/537.36 (KHTML, like Gecko) Chrome/141.0.7390.122 Mobile Safari/537.36 (compatible; Googlebot/2.1; +http://www.google.com/bot.html)" 672 **0/672872**
66.249.72.226 - - [01/Nov/2025:05:04:18 -0700] "GET /?a=50600618011690&mod=03b7ab17&uri=blog.php%3Fid%3D1692791-1742%26name%3Ddesigner+shirts+for+ladies HTTP/1.1" 200 19932 "-" "Mozilla/5.0 (Linux; Android 6.0.1; Nexus 5X Build/MMB29P) AppleWebKit/537.36 (KHTML, like Gecko) Chrome/141.0.7390.122 Mobile Safari/537.36 (compatible; Googlebot/2.1; +http://www.google.com/bot.html)" 281 **0/281692**
66.249.72.226 - - [01/Nov/2025:05:04:19 -0700] "GET /?a=82469779131690&mod=2c61f304&uri=itm.php%3Fid%3D2759310-305%26name%3Dkneeling+posture+chair+ergonomic+chair+kneeling HTTP/1.1" 200 21388 "-" "Mozilla/5.0 (Linux; Android 6.0.1; Nexus 5X Build/MMB29P) AppleWebKit/537.36 (KHTML, like Gecko) Chrome/141.0.7390.122 Mobile Safari/537.36 (compatible; Googlebot/2.1; +http://www.google.com/bot.html)" 558 **0/558316**
66.249.69.140 - - [01/Nov/2025:05:04:20 -0700] "GET /?a=28057612001690&mod=11a3cff2&uri=goods.php%3Fid%3D938610-1040%26name%3Ddeals+puma+zapatos+puma+lazo+70 HTTP/1.1" 200 19523 "-" "Mozilla/5.0 (Linux; Android 6.0.1; Nexus 5X Build/MMB29P) AppleWebKit/537.36 (KHTML, like Gecko) Chrome/141.0.7390.122 Mobile Safari/537.36 (compatible; Googlebot/2.1; +http://www.google.com/bot.html)" 729 **0/729102**
66.249.72.226 - - [01/Nov/2025:05:04:21 -0700] "GET /?a=83405314001690&mod=a34aecca&uri=dp.php%3Fid%3D2790619-859%26name%3Dwinter+leggings+thermal+pants+women HTTP/1.1" 200 21546 "-" "Mozilla/5.0 (Linux; Android 6.0.1; Nexus 5X Build/MMB29P) AppleWebKit/537.36 (KHTML, like Gecko) Chrome/141.0.7390.122 Mobile Safari/537.36 (compatible; Googlebot/2.1; +http://www.google.com/bot.html)" 428 **0/428282**
66.249.69.140 - - [01/Nov/2025:05:04:22 -0700] "GET /?a=63614180041690&mod=ca5e3025&uri=category-info.php%3Fid%3D2128308-1792%26name%3Dvans+authentic+vans+x+hockey HTTP/1.1" 200 20380 "-" "Mozilla/5.0 (Linux; Android 6.0.1; Nexus 5X Build/MMB29P) AppleWebKit/537.36 (KHTML, like Gecko) Chrome/141.0.7390.122 Mobile Safari/537.36 (compatible; Googlebot/2.1; +http://www.google.com/bot.html)" 573 **0/573060**
66.249.72.226 - - [01/Nov/2025:05:04:23 -0700] "GET /?a=93623517091690&mod=7a435282&uri=products.php%3Fid%3D3132603-922%26name%3Dmeaty+bones+how+long+to+boil+marrow+bone+for+dog HTTP/1.1" 200 20582 "-" "Mozilla/5.0 (Linux; Android 6.0.1; Nexus 5X Build/MMB29P) AppleWebKit/537.36 (KHTML, like Gecko) Chrome/141.0.7390.122 Mobile Safari/537.36 (compatible; Googlebot/2.1; +http://www.google.com/bot.html)" 852 **0/852560**
66.249.72.227 - - [01/Nov/2025:05:04:24 -0700] "GET /?a=68328854041690&mod=c4d2c9b7&uri=pin.php%3Fid%3D2286012-253%26name%3Dskirt+shoes+that+go+with+leather+jacket HTTP/1.1" 200 20948 "-" "Mozilla/5.0 (Linux; Android 6.0.1; Nexus 5X Build/MMB29P) AppleWebKit/537.36 (KHTML, like Gecko) Chrome/141.0.7390.122 Mobile Safari/537.36 (compatible; Googlebot/2.1; +http://www.google.com/bot.html)" 1036 **1/1036926**
157.55.39.194 - - [01/Nov/2025:05:04:24 -0700] "GET /?a=29787781061690&mod=d157d577&uri=us.php%3Fid%3D996459-239%26name%3Dstadium+approved+bags+dodger+stadium+backpacks HTTP/2.0" 200 21069 "-" "Mozilla/5.0 AppleWebKit/537.36 (KHTML, like Gecko; compatible; bingbot/2.0; +http://www.bing.com/bingbot.htm) Chrome/116.0.1938.76 Safari/537.36" 1096 **1/1096996**
20.15.133.191 - - [01/Nov/2025:05:04:25 -0700] "GET /?a=14244767011690&mod=88983389&uri=blog.php%3Fid%3D476543-428%26name%3Dlong+sleeve+denim+blue+denim+button+down+shirt HTTP/2.0" 200 21667 "-" "Mozilla/5.0 AppleWebKit/537.36 (KHTML, like Gecko; compatible; bingbot/2.0; +http://www.bing.com/bingbot.htm) Chrome/116.0.1938.76 Safari/537.36" 1144 **1/1144655**
66.249.72.226 - - [01/Nov/2025:05:04:25 -0700] "GET /?a=112650800141690&mod=0179bda3&uri=dp.php%3Fid%3D3769380-1490%26name%3Duniforms+la+kings+retro+jersey HTTP/1.1" 200 19886 "-" "Mozilla/5.0 (Linux; Android 6.0.1; Nexus 5X Build/MMB29P) AppleWebKit/537.36 (KHTML, like Gecko) Chrome/141.0.7390.122 Mobile Safari/537.36 (compatible; Googlebot/2.1; +http://www.google.com/bot.html)" 997 **0/997504**
66.249.69.140 - - [01/Nov/2025:05:04:26 -0700] "GET /?a=83019788071690&mod=772a32dd&uri=category-info.php%3Fid%3D2777722-674%26name%3Dlariat+necklace+kendra+scott+wrap+necklace HTTP/1.1" 200 20131 "-" "Mozilla/5.0 (Linux; Android 6.0.1; Nexus 5X Build/MMB29P) AppleWebKit/537.36 (KHTML, like Gecko) Chrome/141.0.7390.122 Mobile Safari/537.36 (compatible; Googlebot/2.1; +http://www.google.com/bot.html)" 925 **0/925633**
66.249.72.227 - - [01/Nov/2025:05:04:28 -0700] "GET /?a=107191283011690&mod=97598856&uri=pin.php%3Fid%3D3586736-338%26name%3Dweb+camera+usb+camera+app+for+iphone HTTP/1.1" 200 21388 "-" "Mozilla/5.0 (Linux; Android 6.0.1; Nexus 5X Build/MMB29P) AppleWebKit/537.36 (KHTML, like Gecko) Chrome/141.0.7390.122 Mobile Safari/537.36 (compatible; Googlebot/2.1; +http://www.google.com/bot.html)" 706 **0/706464**
66.249.72.226 - - [01/Nov/2025:05:04:29 -0700] "GET /?a=112587453041690&mod=f484e641&uri=category-info.php%3Fid%3D3767261-1436%26name%3Dpucci+clearance+emilio+pucci+sneakers+saks HTTP/1.1" 200 20123 "-" "Mozilla/5.0 (Linux; Android 6.0.1; Nexus 5X Build/MMB29P) AppleWebKit/537.36 (KHTML, like Gecko) Chrome/141.0.7390.122 Mobile Safari/537.36 (compatible; Googlebot/2.1; +http://www.google.com/bot.html)" 735 **0/735394**
20.15.133.160 - - [01/Nov/2025:05:04:29 -0700] "GET /?a=65933966031690&mod=0c74b7f7&uri=article.php%3Fid%3D2205886-3%26name%3Dneoprene+dumbbell+fitness+hand+weights HTTP/2.0" 200 21398 "-" "Mozilla/5.0 AppleWebKit/537.36 (KHTML, like Gecko; compatible; bingbot/2.0; +http://www.bing.com/bingbot.htm) Chrome/116.0.1938.76 Safari/537.36" 768 **0/768576**
40.77.167.32 - - [01/Nov/2025:05:04:32 -0700] "GET /?a=1633689021690&mod=398024cb&uri=article.php%3Fid%3D54605-78%26name%3Drealistic+reborn+reborns+under+%2450 HTTP/2.0" 200 21241 "-" "Mozilla/5.0 AppleWebKit/537.36 (KHTML, like Gecko; compatible; bingbot/2.0; +http://www.bing.com/bingbot.htm) Chrome/116.0.1938.76 Safari/537.36" 705 **0/705467**
66.249.72.226 - - [01/Nov/2025:05:04:32 -0700] "GET /product/edit/9358123031690 HTTP/1.1" 200 20373 "-" "Mozilla/5.0 (Linux; Android 6.0.1; Nexus 5X Build/MMB29P) AppleWebKit/537.36 (KHTML, like Gecko) Chrome/141.0.7390.122 Mobile Safari/537.36 (compatible; Googlebot/2.1; +http://www.google.com/bot.html)" 552 **0/552165**
207.46.13.17 - - [01/Nov/2025:05:04:32 -0700] "GET /product/edit/65085102101690 HTTP/2.0" 200 21156 "-" "Mozilla/5.0 AppleWebKit/537.36 (KHTML, like Gecko; compatible; bingbot/2.0; +http://www.bing.com/bingbot.htm) Chrome/116.0.1938.76 Safari/537.36" 478 **0/478353**
66.249.72.227 - - [01/Nov/2025:05:04:32 -0700] "GET /?a=114735744021690&mod=2f3bbb97&uri=blog.php%3Fid%3D3839108-49%26name%3Dsony+ps4+current+ps4+games HTTP/1.1" 200 21941 "-" "Mozilla/5.0 (Linux; Android 6.0.1; Nexus 5X Build/MMB29P) AppleWebKit/537.36 (KHTML, like Gecko) Chrome/141.0.7390.122 Mobile Safari/537.36 (compatible; Googlebot/2.1; +http://www.google.com/bot.html)" 505 **0/505515**
66.249.72.227 - - [01/Nov/2025:05:04:33 -0700] "GET /?a=10990466061690&mod=70e17786&uri=form.php%3Fid%3D367703-398%26name%3Dcool+hit+hit+moda+feminina HTTP/1.1" 200 21938 "-" "Mozilla/5.0 (Linux; Android 6.0.1; Nexus 5X Build/MMB29P) AppleWebKit/537.36 (KHTML, like Gecko) Chrome/141.0.7390.122 Mobile Safari/537.36 (compatible; Googlebot/2.1; +http://www.google.com/bot.html)" 456 **0/456267**
66.249.72.226 - - [01/Nov/2025:05:04:35 -0700] "GET /product/edit/9358123031690?/css_757ed0132a844208f409fbb5067dfa2d/_drupal_sites_default_files_css_css_YLUY2usEybPXqNO15-ozAgAYsZmniqhrU6f3bp69-r4 HTTP/1.1" 200 3874 "https://www.blalockdialysiscenter.com/product/edit/9358123031690" "Mozilla/5.0 (Linux; Android 6.0.1; Nexus 5X Build/MMB29P) AppleWebKit/537.36 (KHTML, like Gecko) Chrome/141.0.7390.122 Mobile Safari/537.36 (compatible; Googlebot/2.1; +http://www.google.com/bot.html)" 113 **0/113903**
66.249.72.227 - - [01/Nov/2025:05:04:35 -0700] "GET /?a=105749638071690&mod=70e17786&uri=dp.php%3Fid%3D3538527-398%26name%3Dlinho+puro+vestido+midi+linho+branco HTTP/1.1" 200 21445 "-" "Mozilla/5.0 (Linux; Android 6.0.1; Nexus 5X Build/MMB29P) AppleWebKit/537.36 (KHTML, like Gecko) Chrome/141.0.7390.122 Mobile Safari/537.36 (compatible; Googlebot/2.1; +http://www.google.com/bot.html)" 349 **0/349523**
66.249.72.226 - - [01/Nov/2025:05:04:35 -0700] "GET /product/edit/9358123031690?/css_757ed0132a844208f409fbb5067dfa2d/_drupal_sites_default_files_css_css_LmUrbIckCDCKvN2_Q3zbp044aJ28BPsL4EcroazBk2w HTTP/1.1" 200 42233 "https://www.blalockdialysiscenter.com/product/edit/9358123031690" "Mozilla/5.0 (Linux; Android 6.0.1; Nexus 5X Build/MMB29P) AppleWebKit/537.36 (KHTML, like Gecko) Chrome/141.0.7390.122 Mobile Safari/537.36 (compatible; Googlebot/2.1; +http://www.google.com/bot.html)" 217 **0/217401**
66.249.72.227 - - [01/Nov/2025:05:04:36 -0700] "GET /?a=96293150011690&mod=679b4e06&uri=search.php%3Fid%3D3221935-501%26name%3Dshiny+grey+cat HTTP/1.1" 200 21360 "-" "Mozilla/5.0 (Linux; Android 6.0.1; Nexus 5X Build/MMB29P) AppleWebKit/537.36 (KHTML, like Gecko) Chrome/141.0.7390.122 Mobile Safari/537.36 (compatible; Googlebot/2.1; +http://www.google.com/bot.html)" 314 **0/314548**
66.249.72.227 - - [01/Nov/2025:05:04:36 -0700] "GET /product/edit/9358123031690?/js_757ed0132a844208f409fbb5067dfa2d/_drupal_sites_default_files_js_js_G878YGhv0pYpg9iZ_hIm3vCCQWyhWgLawk-6b6wmZuU HTTP/1.1" 200 52631 "https://www.blalockdialysiscenter.com/product/edit/9358123031690" "Mozilla/5.0 (Linux; Android 6.0.1; Nexus 5X Build/MMB29P) AppleWebKit/537.36 (KHTML, like Gecko) Chrome/141.0.7390.122 Mobile Safari/537.36 (compatible; Googlebot/2.1; +http://www.google.com/bot.html)" 189 **0/189687**
66.249.72.226 - - [01/Nov/2025:05:04:36 -0700] "GET /product/edit/9358123031690?/js_757ed0132a844208f409fbb5067dfa2d/_styles_js_lightbox HTTP/1.1" 200 4711 "https://www.blalockdialysiscenter.com/product/edit/9358123031690" "Mozilla/5.0 (Linux; Android 6.0.1; Nexus 5X Build/MMB29P) AppleWebKit/537.36 (KHTML, like Gecko) Chrome/141.0.7390.122 Mobile Safari/537.36 (compatible; Googlebot/2.1; +http://www.google.com/bot.html)" 110 **0/110216**
66.249.72.226 - - [01/Nov/2025:05:04:37 -0700] "GET /product/edit/9358123031690?/css_757ed0132a844208f409fbb5067dfa2d/_styles_css_product-detail-ex01 HTTP/1.1" 200 397 "https://www.blalockdialysiscenter.com/product/edit/9358123031690" "Mozilla/5.0 (Linux; Android 6.0.1; Nexus 5X Build/MMB29P) AppleWebKit/537.36 (KHTML, like Gecko) Chrome/141.0.7390.122 Mobile Safari/537.36 (compatible; Googlebot/2.1; +http://www.google.com/bot.html)" 109 **0/109420**
66.249.72.226 - - [01/Nov/2025:05:04:37 -0700] "GET /product/edit/9358123031690?/css_757ed0132a844208f409fbb5067dfa2d/_drupal_modules_product_detail_assets_css_new_pc_product_detail HTTP/1.1" 200 5213 "https://www.blalockdialysiscenter.com/product/edit/9358123031690" "Mozilla/5.0 (Linux; Android 6.0.1; Nexus 5X Build/MMB29P) AppleWebKit/537.36 (KHTML, like Gecko) Chrome/141.0.7390.122 Mobile Safari/537.36 (compatible; Googlebot/2.1; +http://www.google.com/bot.html)" 110 **0/110997**
66.249.72.226 - - [01/Nov/2025:05:04:38 -0700] "GET /product/edit/9358123031690?/js_757ed0132a844208f409fbb5067dfa2d/_styles_js_lazysizes.min HTTP/1.1" 200 3188 "https://www.blalockdialysiscenter.com/product/edit/9358123031690" "Mozilla/5.0 (Linux; Android 6.0.1; Nexus 5X Build/MMB29P) AppleWebKit/537.36 (KHTML, like Gecko) Chrome/141.0.7390.122 Mobile Safari/537.36 (compatible; Googlebot/2.1; +http://www.google.com/bot.html)" 114 **0/114135**
66.249.72.227 - - [01/Nov/2025:05:04:38 -0700] "GET /?a=41764886011690&mod=14d2bc47&uri=news.php%3Fid%3D1397123-148%26name%3Dtenis+sambarose+sambarose+branco HTTP/1.1" 200 21340 "-" "Mozilla/5.0 (Linux; Android 6.0.1; Nexus 5X Build/MMB29P) AppleWebKit/537.36 (KHTML, like Gecko) Chrome/141.0.7390.122 Mobile Safari/537.36 (compatible; Googlebot/2.1; +http://www.google.com/bot.html)" 325 **0/325706**
66.249.72.226 - - [01/Nov/2025:05:04:38 -0700] "GET /product/edit/9358123031690?/js_757ed0132a844208f409fbb5067dfa2d/_drupal_sites_default_files_js_js_nfGRbDhyXF9_dFjG2rkRRw84Gy6p5a4aGnpYcOKhuC4 HTTP/1.1" 200 96506 "https://www.blalockdialysiscenter.com/product/edit/9358123031690" "Mozilla/5.0 (Linux; Android 6.0.1; Nexus 5X Build/MMB29P) AppleWebKit/537.36 (KHTML, like Gecko) Chrome/141.0.7390.122 Mobile Safari/537.36 (compatible; Googlebot/2.1; +http://www.google.com/bot.html)" 264 **0/264455**
66.249.72.227 - - [01/Nov/2025:05:04:39 -0700] "GET /product/edit/9358123031690?/css_757ed0132a844208f409fbb5067dfa2d/_styles_css_wanderer-fg HTTP/1.1" 200 184 "https://www.blalockdialysiscenter.com/product/edit/9358123031690" "Mozilla/5.0 (Linux; Android 6.0.1; Nexus 5X Build/MMB29P) AppleWebKit/537.36 (KHTML, like Gecko) Chrome/141.0.7390.122 Mobile Safari/537.36 (compatible; Googlebot/2.1; +http://www.google.com/bot.html)" 107 **0/107579**
66.249.72.227 - - [01/Nov/2025:05:04:39 -0700] "GET /product/edit/9358123031690?/js_757ed0132a844208f409fbb5067dfa2d/_drupal_sites_default_files_js_js_z1qFDrghecTCI5Rjumn4rMBYPHvd-E4L0DVpS2JCjnw HTTP/1.1" 200 320 "https://www.blalockdialysiscenter.com/product/edit/9358123031690" "Mozilla/5.0 (Linux; Android 6.0.1; Nexus 5X Build/MMB29P) AppleWebKit/537.36 (KHTML, like Gecko) Chrome/141.0.7390.122 Mobile Safari/537.36 (compatible; Googlebot/2.1; +http://www.google.com/bot.html)" 110 **0/110056**
66.249.72.227 - - [01/Nov/2025:05:04:40 -0700] "GET /product/edit/9358123031690?/js_757ed0132a844208f409fbb5067dfa2d/_drupal_sites_default_files_js_js_i3BGasXGb_pVk8CAUeSJnjMmyNE-bFprX9j4_djQznQ HTTP/1.1" 200 3857 "https://www.blalockdialysiscenter.com/product/edit/9358123031690" "Mozilla/5.0 (Linux; Android 6.0.1; Nexus 5X Build/MMB29P) AppleWebKit/537.36 (KHTML, like Gecko) Chrome/141.0.7390.122 Mobile Safari/537.36 (compatible; Googlebot/2.1; +http://www.google.com/bot.html)" 113 **0/113219**
66.249.72.227 - - [01/Nov/2025:05:04:40 -0700] "GET /?a=35994132001690&mod=5aa99ed4&uri=news.php%3Fid%3D1204123-191%26name%3Dmobile+fitbit+charge+app HTTP/1.1" 200 21267 "-" "Mozilla/5.0 (Linux; Android 6.0.1; Nexus 5X Build/MMB29P) AppleWebKit/537.36 (KHTML, like Gecko) Chrome/141.0.7390.122 Mobile Safari/537.36 (compatible; Googlebot/2.1; +http://www.google.com/bot.html)" 373 **0/373753**
66.249.72.227 - - [01/Nov/2025:05:04:41 -0700] "GET /?a=55830865051690&mod=1e2d681b&uri=product.php%3Fid%3D1867806-235%26name%3Dradiator+covers+how+much+does+it+cost+to+change+baseboard+heating HTTP/1.1" 200 20762 "-" "Mozilla/5.0 (Linux; Android 6.0.1; Nexus 5X Build/MMB29P) AppleWebKit/537.36 (KHTML, like Gecko) Chrome/141.0.7390.122 Mobile Safari/537.36 (compatible; Googlebot/2.1; +http://www.google.com/bot.html)" 397 **0/397829**
66.249.72.227 - - [01/Nov/2025:05:04:42 -0700] "GET /?a=69370905001690&mod=2b355675&uri=blog.php%3Fid%3D2320891-437%26name%3Dwinterjacke+kauf+dich+gl%C3%83%C2%BCcklich+wintermantel HTTP/1.1" 200 21299 "-" "Mozilla/5.0 (Linux; Android 6.0.1; Nexus 5X Build/MMB29P) AppleWebKit/537.36 (KHTML, like Gecko) Chrome/141.0.7390.122 Mobile Safari/537.36 (compatible; Googlebot/2.1; +http://www.google.com/bot.html)" 321 **0/321652**
66.249.72.227 - - [01/Nov/2025:05:04:44 -0700] "GET /?a=93412756011690&mod=799d3f5d&uri=shop.php%3Fid%3D3125542-258%26name%3Dhotel+vestimenta+de+meseras HTTP/1.1" 200 21699 "-" "Mozilla/5.0 (Linux; Android 6.0.1; Nexus 5X Build/MMB29P) AppleWebKit/537.36 (KHTML, like Gecko) Chrome/141.0.7390.122 Mobile Safari/537.36 (compatible; Googlebot/2.1; +http://www.google.com/bot.html)" 473 **0/473802**
66.249.72.226 - - [01/Nov/2025:05:04:46 -0700] "GET /?a=66802047021690&mod=eb9b2480&uri=itm.php%3Fid%3D2234939-283%26name%3Dmtb+scott+scott+scale+970+offerta HTTP/1.1" 200 20940 "-" "Mozilla/5.0 (Linux; Android 6.0.1; Nexus 5X Build/MMB29P) AppleWebKit/537.36 (KHTML, like Gecko) Chrome/141.0.7390.122 Mobile Safari/537.36 (compatible; Googlebot/2.1; +http://www.google.com/bot.html)" 985 **0/985845**
66.249.69.140 - - [01/Nov/2025:05:04:47 -0700] "GET /?a=61634264001690&mod=e77a9fb9&uri=category-info.php%3Fid%3D2062063-263%26name%3Dresale+flat+paramount+emotions+resale HTTP/1.1" 200 21220 "-" "Mozilla/5.0 (Linux; Android 6.0.1; Nexus 5X Build/MMB29P) AppleWebKit/537.36 (KHTML, like Gecko) Chrome/141.0.7390.122 Mobile Safari/537.36 (compatible; Googlebot/2.1; +http://www.google.com/bot.html)" 745 **0/745997**
66.249.69.140 - - [01/Nov/2025:05:04:47 -0700] "GET /?a=83219920021690&mod=164710e8&uri=itm.php%3Fid%3D2784413-137%26name%3Dcomprare+scarpe+sneakers+uomo+promozione HTTP/1.1" 200 19886 "-" "Mozilla/5.0 (Linux; Android 6.0.1; Nexus 5X Build/MMB29P) AppleWebKit/537.36 (KHTML, like Gecko) Chrome/141.0.7390.122 Mobile Safari/537.36 (compatible; Googlebot/2.1; +http://www.google.com/bot.html)" 693 **0/693825**
66.249.72.228 - - [01/Nov/2025:05:04:48 -0700] "GET /?a=88255475011690&mod=c025eb4e&uri=article.php%3Fid%3D2952970-345%26name%3D18+200mm+sony+fe+18 HTTP/1.1" 200 21665 "-" "Mozilla/5.0 (Linux; Android 6.0.1; Nexus 5X Build/MMB29P) AppleWebKit/537.36 (KHTML, like Gecko) Chrome/141.0.7390.122 Mobile Safari/537.36 (compatible; Googlebot/2.1; +http://www.google.com/bot.html)" 703 **0/703442**
66.249.72.228 - - [01/Nov/2025:05:04:48 -0700] "GET /?a=57013058131690&mod=c6429c03&uri=shop.php%3Fid%3D1907395-368%26name%3Dempire+sports+jesse+sapolu+jersey HTTP/1.1" 200 21266 "-" "Mozilla/5.0 (Linux; Android 6.0.1; Nexus 5X Build/MMB29P) AppleWebKit/537.36 (KHTML, like Gecko) Chrome/141.0.7390.122 Mobile Safari/537.36 (compatible; Googlebot/2.1; +http://www.google.com/bot.html)" 794 **0/794622**
66.249.72.228 - - [01/Nov/2025:05:04:50 -0700] "GET /?a=33729043021690&mod=fdd877d9&uri=article.php%3Fid%3D1128308-333%26name%3Done+piece+swimsuit+trimshaper+control+swim+dress HTTP/1.1" 200 20640 "-" "Mozilla/5.0 (Linux; Android 6.0.1; Nexus 5X Build/MMB29P) AppleWebKit/537.36 (KHTML, like Gecko) Chrome/141.0.7390.122 Mobile Safari/537.36 (compatible; Googlebot/2.1; +http://www.google.com/bot.html)" 453 **0/453426**
66.249.72.228 - - [01/Nov/2025:05:04:52 -0700] "GET /?a=110508354061690&mod=69308fed&uri=itm.php%3Fid%3D3697751-1053%26name%3Dod+2025+od+green+sneakers HTTP/1.1" 200 20136 "-" "Mozilla/5.0 (Linux; Android 6.0.1; Nexus 5X Build/MMB29P) AppleWebKit/537.36 (KHTML, like Gecko) Chrome/141.0.7390.122 Mobile Safari/537.36 (compatible; Googlebot/2.1; +http://www.google.com/bot.html)" 307 **0/307238**
66.249.72.226 - - [01/Nov/2025:05:04:56 -0700] "GET /?a=81386635041690&mod=1a32df83&uri=brands.php%3Fid%3D2723071-81%26name%3Dcordless+rotary+hammer+bauer+20v+hammer+drill HTTP/1.1" 200 21745 "-" "Mozilla/5.0 (Linux; Android 6.0.1; Nexus 5X Build/MMB29P) AppleWebKit/537.36 (KHTML, like Gecko) Chrome/141.0.7390.122 Mobile Safari/537.36 (compatible; Googlebot/2.1; +http://www.google.com/bot.html)" 435 **0/435014**
66.249.72.226 - - [01/Nov/2025:05:04:56 -0700] "GET /?a=2789793001690&mod=ede2488d&uri=products.php%3Fid%3D93267-560%26name%3Dcommand+leather+intersport+air+max+command HTTP/1.1" 200 20824 "-" "Mozilla/5.0 (Linux; Android 6.0.1; Nexus 5X Build/MMB29P) AppleWebKit/537.36 (KHTML, like Gecko) Chrome/141.0.7390.122 Mobile Safari/537.36 (compatible; Googlebot/2.1; +http://www.google.com/bot.html)" 271 **0/271566**
66.249.72.228 - - [01/Nov/2025:05:04:58 -0700] "GET /?a=83627956031690&mod=398024cb&uri=article.php%3Fid%3D2798064-78%26name%3Dmoxie+girlz+artitude HTTP/1.1" 200 21371 "-" "Mozilla/5.0 (Linux; Android 6.0.1; Nexus 5X Build/MMB29P) AppleWebKit/537.36 (KHTML, like Gecko) Chrome/141.0.7390.122 Mobile Safari/537.36 (compatible; Googlebot/2.1; +http://www.google.com/bot.html)" 488 **0/488522**
66.249.72.226 - - [01/Nov/2025:05:04:59 -0700] "GET /?a=98567256041690&mod=eaac44ee&uri=category-info.php%3Fid%3D3298112-419%26name%3Dstainless+steel+citizen+maleficent+watch HTTP/1.1" 200 21269 "-" "Mozilla/5.0 (Linux; Android 6.0.1; Nexus 5X Build/MMB29P) AppleWebKit/537.36 (KHTML, like Gecko) Chrome/141.0.7390.122 Mobile Safari/537.36 (compatible; Googlebot/2.1; +http://www.google.com/bot.html)" 329 **0/329691**
207.46.13.150 - - [01/Nov/2025:05:04:59 -0700] "GET /?a=93947710081690&mod=d10278e3&uri=search.php%3Fid%3D3143439-554%26name%3Dthrowback+cardinals+59fifty+hat HTTP/2.0" 200 21290 "-" "Mozilla/5.0 AppleWebKit/537.36 (KHTML, like Gecko; compatible; bingbot/2.0; +http://www.bing.com/bingbot.htm) Chrome/116.0.1938.76 Safari/537.36" 342 **0/342565**
66.249.72.227 - - [01/Nov/2025:05:05:00 -0700] "GET /?a=30963021141690&mod=7d7b04e9&uri=goods.php%3Fid%3D1035768-145%26name%3Dshoes+gant+sneaker+damen+beige HTTP/1.1" 200 20677 "-" "Mozilla/5.0 (Linux; Android 6.0.1; Nexus 5X Build/MMB29P) AppleWebKit/537.36 (KHTML, like Gecko) Chrome/141.0.7390.122 Mobile Safari/537.36 (compatible; Googlebot/2.1; +http://www.google.com/bot.html)" 272 **0/272105**
66.249.69.128 - - [01/Nov/2025:05:05:01 -0700] "GET /?a=66906246061690&mod=6d895859&uri=article.php%3Fid%3D2238421-985%26name%3Dsommerzeit+dunkel+uhrzeit HTTP/1.1" 200 21222 "-" "Mozilla/5.0 (Linux; Android 6.0.1; Nexus 5X Build/MMB29P) AppleWebKit/537.36 (KHTML, like Gecko) Chrome/141.0.7390.122 Mobile Safari/537.36 (compatible; Googlebot/2.1; +http://www.google.com/bot.html)" 326 **0/326736**
66.249.72.227 - - [01/Nov/2025:05:05:02 -0700] "GET /?a=79306157091690&mod=0feaf58e&uri=form.php%3Fid%3D2653486-156%26name%3Dby+marciano+vestito+rosso+guess+nuova+collezione HTTP/1.1" 200 20859 "-" "Mozilla/5.0 (Linux; Android 6.0.1; Nexus 5X Build/MMB29P) AppleWebKit/537.36 (KHTML, like Gecko) Chrome/141.0.7390.122 Mobile Safari/537.36 (compatible; Googlebot/2.1; +http://www.google.com/bot.html)" 385 **0/385266**
66.249.72.226 - - [01/Nov/2025:05:05:04 -0700] "GET /?a=23778477021690&mod=4a806069&uri=itm.php%3Fid%3D795464-838%26name%3Dvuitton+sneakers+uomo+scarpe+louis+vuitton+uomo+2021 HTTP/1.1" 200 20812 "-" "Mozilla/5.0 (Linux; Android 6.0.1; Nexus 5X Build/MMB29P) AppleWebKit/537.36 (KHTML, like Gecko) Chrome/141.0.7390.122 Mobile Safari/537.36 (compatible; Googlebot/2.1; +http://www.google.com/bot.html)" 318 **0/318806**
66.249.72.226 - - [01/Nov/2025:05:05:04 -0700] "GET /?a=36174509001690&mod=7ab0afee&uri=shop.php%3Fid%3D1210153-213%26name%3D280x+3gb+r9+280x+fortnite+fps HTTP/1.1" 200 21136 "-" "Mozilla/5.0 (Linux; Android 6.0.1; Nexus 5X Build/MMB29P) AppleWebKit/537.36 (KHTML, like Gecko) Chrome/141.0.7390.122 Mobile Safari/537.36 (compatible; Googlebot/2.1; +http://www.google.com/bot.html)" 319 **0/319931**
66.249.72.227 - - [01/Nov/2025:05:05:07 -0700] "GET /?a=14677494001690&mod=caeed890&uri=itm.php%3Fid%3D491013-951%26name%3Dgasolina+4x4+coches+a+control+remoto+de+gasolina HTTP/1.1" 200 20490 "-" "Mozilla/5.0 (Linux; Android 6.0.1; Nexus 5X Build/MMB29P) AppleWebKit/537.36 (KHTML, like Gecko) Chrome/141.0.7390.122 Mobile Safari/537.36 (compatible; Googlebot/2.1; +http://www.google.com/bot.html)" 295 **0/295242**
20.15.133.160 - - [01/Nov/2025:05:05:08 -0700] "GET /?a=62863732061690&mod=069802d4&uri=products.php%3Fid%3D2103205-158%26name%3Dac+adapter+spbt1036 HTTP/2.0" 200 21237 "-" "Mozilla/5.0 AppleWebKit/537.36 (KHTML, like Gecko; compatible; bingbot/2.0; +http://www.bing.com/bingbot.htm) Chrome/116.0.1938.76 Safari/537.36" 363 **0/363847**
66.249.72.227 - - [01/Nov/2025:05:05:08 -0700] "GET /?a=13402462061690&mod=39a6f257&uri=us.php%3Fid%3D448379-936%26name%3Dmaterial+did%C3%A1ctico+juguetes+caseros+para+desarrollar+la+motricidad+fina HTTP/1.1" 200 21260 "-" "Mozilla/5.0 (Linux; Android 6.0.1; Nexus 5X Build/MMB29P) AppleWebKit/537.36 (KHTML, like Gecko) Chrome/141.0.7390.122 Mobile Safari/537.36 (compatible; Googlebot/2.1; +http://www.google.com/bot.html)" 330 **0/330485**
66.249.69.140 - - [01/Nov/2025:05:05:10 -0700] "GET /?a=66813177011690&mod=1ce3e6e3&uri=form.php%3Fid%3D2235311-88%26name%3Dropa+sudaderas+de+pareja+2020 HTTP/1.1" 200 20975 "-" "Mozilla/5.0 (Linux; Android 6.0.1; Nexus 5X Build/MMB29P) AppleWebKit/537.36 (KHTML, like Gecko) Chrome/141.0.7390.122 Mobile Safari/537.36 (compatible; Googlebot/2.1; +http://www.google.com/bot.html)" 309 **0/309027**
66.249.72.226 - - [01/Nov/2025:05:05:12 -0700] "GET /?a=113970702031690&mod=e744f91c&uri=dp.php%3Fid%3D3813523-9%26name%3Doculus+roller+coaster+vr+ps4 HTTP/1.1" 200 21355 "-" "Mozilla/5.0 (Linux; Android 6.0.1; Nexus 5X Build/MMB29P) AppleWebKit/537.36 (KHTML, like Gecko) Chrome/141.0.7390.122 Mobile Safari/537.36 (compatible; Googlebot/2.1; +http://www.google.com/bot.html)" 464 **0/464251**
40.77.167.32 - - [01/Nov/2025:05:05:12 -0700] "GET /?a=119336148041690&mod=0ae77328&uri=shared.php%3Fid%3D3993070-892%26name%3Dtweed+waistcoat+dark+blue+suit+grey+waistcoat HTTP/2.0" 200 21356 "-" "Mozilla/5.0 AppleWebKit/537.36 (KHTML, like Gecko; compatible; bingbot/2.0; +http://www.bing.com/bingbot.htm) Chrome/116.0.1938.76 Safari/537.36" 309 **0/309322**
66.249.72.226 - - [01/Nov/2025:05:05:12 -0700] "GET /?a=113110645051690&mod=8287c4be&uri=products.php%3Fid%3D3784744-856%26name%3Dfucsia+scarpe+con+tacco+per+cerimonia HTTP/1.1" 200 20238 "-" "Mozilla/5.0 (Linux; Android 6.0.1; Nexus 5X Build/MMB29P) AppleWebKit/537.36 (KHTML, like Gecko) Chrome/141.0.7390.122 Mobile Safari/537.36 (compatible; Googlebot/2.1; +http://www.google.com/bot.html)" 282 **0/282434**
66.249.72.226 - - [01/Nov/2025:05:05:14 -0700] "GET /?a=5467466071690&mod=25fac99a&uri=dp.php%3Fid%3D182880-386%26name%3Donyx+yeezy+35+v2+fit+guide HTTP/1.1" 200 20989 "-" "Mozilla/5.0 (Linux; Android 6.0.1; Nexus 5X Build/MMB29P) AppleWebKit/537.36 (KHTML, like Gecko) Chrome/141.0.7390.122 Mobile Safari/537.36 (compatible; Googlebot/2.1; +http://www.google.com/bot.html)" 406 **0/406582**
66.249.72.226 - - [01/Nov/2025:05:05:17 -0700] "GET /?a=93577772061690&mod=d0d310ae&uri=product.php%3Fid%3D3131075-818%26name%3Dshoe+jade+horizon+dunk HTTP/1.1" 200 19838 "-" "Mozilla/5.0 (Linux; Android 6.0.1; Nexus 5X Build/MMB29P) AppleWebKit/537.36 (KHTML, like Gecko) Chrome/141.0.7390.122 Mobile Safari/537.36 (compatible; Googlebot/2.1; +http://www.google.com/bot.html)" 330 **0/330035**
66.249.72.226 - - [01/Nov/2025:05:05:18 -0700] "GET /?a=5506332071690&mod=ede2488d&uri=pin.php%3Fid%3D184180-560%26name%3Dkickers+boots+kickers+femme+amazon HTTP/1.1" 200 20293 "-" "Mozilla/5.0 (Linux; Android 6.0.1; Nexus 5X Build/MMB29P) AppleWebKit/537.36 (KHTML, like Gecko) Chrome/141.0.7390.122 Mobile Safari/537.36 (compatible; Googlebot/2.1; +http://www.google.com/bot.html)" 309 **0/309417**
66.249.72.226 - - [01/Nov/2025:05:05:20 -0700] "GET /?a=116038308061690&mod=d9788dca&uri=info.php%3Fid%3D3882733-507%26name%3Dretro+aj4+golf+rose HTTP/1.1" 200 21017 "-" "Mozilla/5.0 (Linux; Android 6.0.1; Nexus 5X Build/MMB29P) AppleWebKit/537.36 (KHTML, like Gecko) Chrome/141.0.7390.122 Mobile Safari/537.36 (compatible; Googlebot/2.1; +http://www.google.com/bot.html)" 423 **0/423875**
66.249.72.226 - - [01/Nov/2025:05:05:22 -0700] "GET /?a=47715749021690&mod=263a8fc7&uri=shop.php%3Fid%3D1596238-711%26name%3Dorange+skechers+go+run+homme+soldes HTTP/1.1" 200 21737 "-" "Mozilla/5.0 (Linux; Android 6.0.1; Nexus 5X Build/MMB29P) AppleWebKit/537.36 (KHTML, like Gecko) Chrome/141.0.7390.122 Mobile Safari/537.36 (compatible; Googlebot/2.1; +http://www.google.com/bot.html)" 427 **0/427927**
66.249.72.226 - - [01/Nov/2025:05:05:23 -0700] "GET /?a=105750088011690&mod=70e17786&uri=us.php%3Fid%3D3538542-398%26name%3Dcinto+feminino+vestidos+midi+com+cinto HTTP/1.1" 200 21980 "-" "Mozilla/5.0 (Linux; Android 6.0.1; Nexus 5X Build/MMB29P) AppleWebKit/537.36 (KHTML, like Gecko) Chrome/141.0.7390.122 Mobile Safari/537.36 (compatible; Googlebot/2.1; +http://www.google.com/bot.html)" 508 **0/508196**
66.249.69.140 - - [01/Nov/2025:05:05:25 -0700] "GET /?a=59042401021690&mod=69091bb9&uri=brands.php%3Fid%3D1975311-639%26name%3Dnewborn+smocked+bunny+dress HTTP/1.1" 200 20743 "-" "Mozilla/5.0 (Linux; Android 6.0.1; Nexus 5X Build/MMB29P) AppleWebKit/537.36 (KHTML, like Gecko) Chrome/141.0.7390.122 Mobile Safari/537.36 (compatible; Googlebot/2.1; +http://www.google.com/bot.html)" 762 **0/762745**
66.249.72.226 - - [01/Nov/2025:05:05:25 -0700] "GET /?a=73318515051690&mod=d3deed73&uri=shared.php%3Fid%3D2453022-1045%26name%3Dtimex+waterbury+timexuhr HTTP/1.1" 200 21461 "-" "Mozilla/5.0 (Linux; Android 6.0.1; Nexus 5X Build/MMB29P) AppleWebKit/537.36 (KHTML, like Gecko) Chrome/141.0.7390.122 Mobile Safari/537.36 (compatible; Googlebot/2.1; +http://www.google.com/bot.html)" 814 **0/814602**
66.249.72.226 - - [01/Nov/2025:05:05:26 -0700] "GET /?a=76826533141690&mod=d157d577&uri=shared.php%3Fid%3D2570517-239%26name%3Dtripp+retro+mint+suitcase HTTP/1.1" 200 20921 "-" "Mozilla/5.0 (Linux; Android 6.0.1; Nexus 5X Build/MMB29P) AppleWebKit/537.36 (KHTML, like Gecko) Chrome/141.0.7390.122 Mobile Safari/537.36 (compatible; Googlebot/2.1; +http://www.google.com/bot.html)" 533 **0/533972**
66.249.72.226 - - [01/Nov/2025:05:05:29 -0700] "GET /?a=59799063001690&mod=29d1165b&uri=pin.php%3Fid%3D2000637-221%26name%3Dmanche+longue+t+shirt+compression+musculation+avis HTTP/1.1" 200 21177 "-" "Mozilla/5.0 (Linux; Android 6.0.1; Nexus 5X Build/MMB29P) AppleWebKit/537.36 (KHTML, like Gecko) Chrome/141.0.7390.122 Mobile Safari/537.36 (compatible; Googlebot/2.1; +http://www.google.com/bot.html)" 465 **0/465242**
66.249.72.227 - - [01/Nov/2025:05:05:30 -0700] "GET /?a=54306517061690&mod=0c74b7f7&uri=article.php%3Fid%3D1816804-3%26name%3Dexercise+bikes+technogym+air+bike HTTP/1.1" 200 20664 "-" "Mozilla/5.0 (Linux; Android 6.0.1; Nexus 5X Build/MMB29P) AppleWebKit/537.36 (KHTML, like Gecko) Chrome/141.0.7390.122 Mobile Safari/537.36 (compatible; Googlebot/2.1; +http://www.google.com/bot.html)" 435 **0/435781**
52.167.144.192 - - [01/Nov/2025:05:05:32 -0700] "GET /?a=105030945131690&mod=4b8cdf66&uri=products.php%3Fid%3D3514419-261%26name%3Dww1+british+military+helmets+for+sale HTTP/2.0" 200 21096 "-" "Mozilla/5.0 AppleWebKit/537.36 (KHTML, like Gecko; compatible; bingbot/2.0; +http://www.bing.com/bingbot.htm) Chrome/116.0.1938.76 Safari/537.36" 345 **0/345446**
66.249.72.227 - - [01/Nov/2025:05:05:31 -0700] "GET /?a=96991173021690&mod=e1228be4&uri=goods.php%3Fid%3D3245321-36%26name%3Dlego+70668+jay%27s+storm+fighter+lego+set HTTP/1.1" 200 21146 "-" "Mozilla/5.0 (Linux; Android 6.0.1; Nexus 5X Build/MMB29P) AppleWebKit/537.36 (KHTML, like Gecko) Chrome/141.0.7390.122 Mobile Safari/537.36 (compatible; Googlebot/2.1; +http://www.google.com/bot.html)" 1023 **1/1023909**
66.249.72.227 - - [01/Nov/2025:05:05:32 -0700] "GET /?a=20023838061690&mod=0eb71de4&uri=goods.php%3Fid%3D669885-598%26name%3Dtiger+900+triumph+bike+price+and+mileage HTTP/1.1" 200 21556 "-" "Mozilla/5.0 (Linux; Android 6.0.1; Nexus 5X Build/MMB29P) AppleWebKit/537.36 (KHTML, like Gecko) Chrome/141.0.7390.122 Mobile Safari/537.36 (compatible; Googlebot/2.1; +http://www.google.com/bot.html)" 511 **0/511711**
66.249.72.226 - - [01/Nov/2025:05:05:33 -0700] "GET /?a=88746950031690&mod=058d7325&uri=blog.php%3Fid%3D2969404-174%26name%3D%E0%B9%80%E0%B8%AA%E0%B8%B7%E0%B9%89%E0%B8%AD+%E0%B8%82%E0%B8%B2%E0%B8%A7+geforce+gtx+1060+dual+oc+6gb HTTP/1.1" 200 21498 "-" "Mozilla/5.0 (Linux; Android 6.0.1; Nexus 5X Build/MMB29P) AppleWebKit/537.36 (KHTML, like Gecko) Chrome/141.0.7390.122 Mobile Safari/537.36 (compatible; Googlebot/2.1; +http://www.google.com/bot.html)" 304 **0/304085**
66.249.72.226 - - [01/Nov/2025:05:05:34 -0700] "GET /?a=112630956041690&mod=66ff5dff&uri=goods.php%3Fid%3D3768715-1629%26name%3D59+c%26l+dress+era+59+dress+blue HTTP/1.1" 200 21440 "-" "Mozilla/5.0 (Linux; Android 6.0.1; Nexus 5X Build/MMB29P) AppleWebKit/537.36 (KHTML, like Gecko) Chrome/141.0.7390.122 Mobile Safari/537.36 (compatible; Googlebot/2.1; +http://www.google.com/bot.html)" 373 **0/373953**
66.249.69.140 - - [01/Nov/2025:05:05:35 -0700] "GET /product/edit/91342150021690 HTTP/1.1" 200 21461 "-" "Mozilla/5.0 (Linux; Android 6.0.1; Nexus 5X Build/MMB29P) AppleWebKit/537.36 (KHTML, like Gecko) Chrome/141.0.7390.122 Mobile Safari/537.36 (compatible; Googlebot/2.1; +http://www.google.com/bot.html)" 283 **0/283302**
66.249.69.140 - - [01/Nov/2025:05:05:36 -0700] "GET /?a=105865507031690&mod=197a0b64&uri=shop.php%3Fid%3D3542414-607%26name%3Dgirl+dressy+bracelets HTTP/1.1" 200 21224 "-" "Mozilla/5.0 (Linux; Android 6.0.1; Nexus 5X Build/MMB29P) AppleWebKit/537.36 (KHTML, like Gecko) Chrome/141.0.7390.122 Mobile Safari/537.36 (compatible; Googlebot/2.1; +http://www.google.com/bot.html)" 378 **0/378860**
66.249.72.226 - - [01/Nov/2025:05:05:36 -0700] "GET /?a=61725146021690&mod=50c8932f&uri=brands.php%3Fid%3D2065105-446%26name%3Dpopa+botas+marrones+piel HTTP/1.1" 200 20534 "-" "Mozilla/5.0 (Linux; Android 6.0.1; Nexus 5X Build/MMB29P) AppleWebKit/537.36 (KHTML, like Gecko) Chrome/141.0.7390.122 Mobile Safari/537.36 (compatible; Googlebot/2.1; +http://www.google.com/bot.html)" 481 **0/481905**
66.249.72.226 - - [01/Nov/2025:05:05:37 -0700] "GET /?a=33547516051690&mod=fc6ac6be&uri=search.php%3Fid%3D1122244-623%26name%3Dmlb+players+weekend+jerseys+yankees HTTP/1.1" 200 21141 "-" "Mozilla/5.0 (Linux; Android 6.0.1; Nexus 5X Build/MMB29P) AppleWebKit/537.36 (KHTML, like Gecko) Chrome/141.0.7390.122 Mobile Safari/537.36 (compatible; Googlebot/2.1; +http://www.google.com/bot.html)" 628 **0/628602**
66.249.72.226 - - [01/Nov/2025:05:05:38 -0700] "GET /?a=53438768051690&mod=c98e1bdd&uri=pin.php%3Fid%3D1787758-631%26name%3D570+4gb+rx+570+xfx+review HTTP/1.1" 200 20267 "-" "Mozilla/5.0 (Linux; Android 6.0.1; Nexus 5X Build/MMB29P) AppleWebKit/537.36 (KHTML, like Gecko) Chrome/141.0.7390.122 Mobile Safari/537.36 (compatible; Googlebot/2.1; +http://www.google.com/bot.html)" 862 **0/862723**
