66.249.72.228 - - [01/Nov/2025:05:01:54 -0700] "GET /?a=100195790041690&mod=6dc4a31d&uri=dp.php%3Fid%3D3352635-138%26name%3Dgear+sport+gear+fit+pro+overheating HTTP/1.1" 200 21621 "-" "Mozilla/5.0 (Linux; Android 6.0.1; Nexus 5X Build/MMB29P) AppleWebKit/537.36 (KHTML, like Gecko) Chrome/141.0.7390.122 Mobile Safari/537.36 (compatible; Googlebot/2.1; +http://www.google.com/bot.html)" 312 **0/312997**
20.15.133.163 - - [01/Nov/2025:05:01:54 -0700] "GET /?a=20493766051690&mod=fc0de4e0&uri=product.php%3Fid%3D685592-89%26name%3Danglers+nd+tackle+quick+release+adaptor+p11 HTTP/2.0" 200 20156 "-" "Mozilla/5.0 AppleWebKit/537.36 (KHTML, like Gecko; compatible; bingbot/2.0; +http://www.bing.com/bingbot.htm) Chrome/116.0.1938.76 Safari/537.36" 267 **0/267336**
66.249.72.227 - - [01/Nov/2025:05:01:55 -0700] "GET /?a=116367222081690&mod=f3f250c8&uri=shared.php%3Fid%3D3893735-571%26name%3Dpresi%C3%B3n+arterial+reloj+mide+pulso HTTP/1.1" 200 20250 "-" "Mozilla/5.0 (Linux; Android 6.0.1; Nexus 5X Build/MMB29P) AppleWebKit/537.36 (KHTML, like Gecko) Chrome/141.0.7390.122 Mobile Safari/537.36 (compatible; Googlebot/2.1; +http://www.google.com/bot.html)" 347 **0/347588**
66.249.72.228 - - [01/Nov/2025:05:01:56 -0700] "GET /?a=50487753011690&mod=16b42e3b&uri=dp.php%3Fid%3D1689018-1086%26name%3Djudicial+regional+benches+of+supreme+court HTTP/1.1" 200 20475 "-" "Mozilla/5.0 (Linux; Android 6.0.1; Nexus 5X Build/MMB29P) AppleWebKit/537.36 (KHTML, like Gecko) Chrome/141.0.7390.122 Mobile Safari/537.36 (compatible; Googlebot/2.1; +http://www.google.com/bot.html)" 288 **0/288191**
66.249.72.226 - - [01/Nov/2025:05:01:58 -0700] "GET /?a=114831173111690&mod=20337d9c&uri=news.php%3Fid%3D3842308-114%26name%3Dcrunchyroll+anime+crunchyroll+paid+subscribers HTTP/1.1" 200 20639 "-" "Mozilla/5.0 (Linux; Android 6.0.1; Nexus 5X Build/MMB29P) AppleWebKit/537.36 (KHTML, like Gecko) Chrome/141.0.7390.122 Mobile Safari/537.36 (compatible; Googlebot/2.1; +http://www.google.com/bot.html)" 374 **0/374002**
66.249.69.140 - - [01/Nov/2025:05:01:59 -0700] "GET /product/edit/104924367041690?/css_6356af597ebeb154b969e538d3e95f0f/_drupal_sites_default_files_css_css_LmUrbIckCDCKvN2_Q3zbp044aJ28BPsL4EcroazBk2w HTTP/1.1" 200 42233 "https://blalockdialysiscenter.com/product/edit/104924367041690" "Mozilla/5.0 (Linux; Android 6.0.1; Nexus 5X Build/MMB29P) AppleWebKit/537.36 (KHTML, like Gecko) Chrome/141.0.7390.122 Mobile Safari/537.36 (compatible; Googlebot/2.1; +http://www.google.com/bot.html)" 201 **0/201695**
66.249.69.140 - - [01/Nov/2025:05:01:59 -0700] "GET /?a=26633143071690&mod=7fa3a912&uri=product.php%3Fid%3D890950-1185%26name%3Dpara+dama+botines+de+mujer+en+piel HTTP/1.1" 200 20465 "-" "Mozilla/5.0 (Linux; Android 6.0.1; Nexus 5X Build/MMB29P) AppleWebKit/537.36 (KHTML, like Gecko) Chrome/141.0.7390.122 Mobile Safari/537.36 (compatible; Googlebot/2.1; +http://www.google.com/bot.html)" 295 **0/295479**
66.249.69.140 - - [01/Nov/2025:05:01:59 -0700] "GET /product/edit/104924367041690?/css_6356af597ebeb154b969e538d3e95f0f/_styles_css_wanderer-fg HTTP/1.1" 200 184 "https://blalockdialysiscenter.com/product/edit/104924367041690" "Mozilla/5.0 (Linux; Android 6.0.1; Nexus 5X Build/MMB29P) AppleWebKit/537.36 (KHTML, like Gecko) Chrome/141.0.7390.122 Mobile Safari/537.36 (compatible; Googlebot/2.1; +http://www.google.com/bot.html)" 108 **0/108443**
66.249.69.140 - - [01/Nov/2025:05:02:00 -0700] "GET /product/edit/104924367041690?/css_6356af597ebeb154b969e538d3e95f0f/_drupal_sites_default_files_css_css_YLUY2usEybPXqNO15-ozAgAYsZmniqhrU6f3bp69-r4 HTTP/1.1" 200 3874 "https://blalockdialysiscenter.com/product/edit/104924367041690" "Mozilla/5.0 (Linux; Android 6.0.1; Nexus 5X Build/MMB29P) AppleWebKit/537.36 (KHTML, like Gecko) Chrome/141.0.7390.122 Mobile Safari/537.36 (compatible; Googlebot/2.1; +http://www.google.com/bot.html)" 109 **0/109213**
66.249.69.140 - - [01/Nov/2025:05:02:00 -0700] "GET /product/edit/104924367041690?/css_6356af597ebeb154b969e538d3e95f0f/_styles_css_product-detail-ex01 HTTP/1.1" 200 397 "https://blalockdialysiscenter.com/product/edit/104924367041690" "Mozilla/5.0 (Linux; Android 6.0.1; Nexus 5X Build/MMB29P) AppleWebKit/537.36 (KHTML, like Gecko) Chrome/141.0.7390.122 Mobile Safari/537.36 (compatible; Googlebot/2.1; +http://www.google.com/bot.html)" 110 **0/110073**
66.249.69.140 - - [01/Nov/2025:05:02:01 -0700] "GET /product/edit/104924367041690?/js_6356af597ebeb154b969e538d3e95f0f/_styles_js_lazysizes.min HTTP/1.1" 200 3188 "https://blalockdialysiscenter.com/product/edit/104924367041690" "Mozilla/5.0 (Linux; Android 6.0.1; Nexus 5X Build/MMB29P) AppleWebKit/537.36 (KHTML, like Gecko) Chrome/141.0.7390.122 Mobile Safari/537.36 (compatible; Googlebot/2.1; +http://www.google.com/bot.html)" 112 **0/112783**
66.249.69.140 - - [01/Nov/2025:05:02:01 -0700] "GET /product/edit/104924367041690?/js_6356af597ebeb154b969e538d3e95f0f/_drupal_sites_default_files_js_js_G878YGhv0pYpg9iZ_hIm3vCCQWyhWgLawk-6b6wmZuU HTTP/1.1" 200 52631 "https://blalockdialysiscenter.com/product/edit/104924367041690" "Mozilla/5.0 (Linux; Android 6.0.1; Nexus 5X Build/MMB29P) AppleWebKit/537.36 (KHTML, like Gecko) Chrome/141.0.7390.122 Mobile Safari/537.36 (compatible; Googlebot/2.1; +http://www.google.com/bot.html)" 206 **0/206715**
66.249.72.226 - - [01/Nov/2025:05:02:01 -0700] "GET /?a=114686746041690&mod=6ec59538&uri=form.php%3Fid%3D3837473-403%26name%3Dchocolate+spanish+water+dog HTTP/1.1" 200 20390 "-" "Mozilla/5.0 (Linux; Android 6.0.1; Nexus 5X Build/MMB29P) AppleWebKit/537.36 (KHTML, like Gecko) Chrome/141.0.7390.122 Mobile Safari/537.36 (compatible; Googlebot/2.1; +http://www.google.com/bot.html)" 307 **0/307407**
66.249.69.140 - - [01/Nov/2025:05:02:02 -0700] "GET /product/edit/104924367041690?/js_6356af597ebeb154b969e538d3e95f0f/_styles_js_lightbox HTTP/1.1" 200 4711 "https://blalockdialysiscenter.com/product/edit/104924367041690" "Mozilla/5.0 (Linux; Android 6.0.1; Nexus 5X Build/MMB29P) AppleWebKit/537.36 (KHTML, like Gecko) Chrome/141.0.7390.122 Mobile Safari/537.36 (compatible; Googlebot/2.1; +http://www.google.com/bot.html)" 127 **0/127376**
66.249.69.140 - - [01/Nov/2025:05:02:02 -0700] "GET /product/edit/104924367041690?/css_6356af597ebeb154b969e538d3e95f0f/_drupal_modules_product_detail_assets_css_new_pc_product_detail HTTP/1.1" 200 5213 "https://blalockdialysiscenter.com/product/edit/104924367041690" "Mozilla/5.0 (Linux; Android 6.0.1; Nexus 5X Build/MMB29P) AppleWebKit/537.36 (KHTML, like Gecko) Chrome/141.0.7390.122 Mobile Safari/537.36 (compatible; Googlebot/2.1; +http://www.google.com/bot.html)" 126 **0/126685**
66.249.69.140 - - [01/Nov/2025:05:02:02 -0700] "GET /product/edit/104924367041690?/js_6356af597ebeb154b969e538d3e95f0f/_drupal_sites_default_files_js_js_nfGRbDhyXF9_dFjG2rkRRw84Gy6p5a4aGnpYcOKhuC4 HTTP/1.1" 200 96506 "https://blalockdialysiscenter.com/product/edit/104924367041690" "Mozilla/5.0 (Linux; Android 6.0.1; Nexus 5X Build/MMB29P) AppleWebKit/537.36 (KHTML, like Gecko) Chrome/141.0.7390.122 Mobile Safari/537.36 (compatible; Googlebot/2.1; +http://www.google.com/bot.html)" 297 **0/297806**
66.249.69.140 - - [01/Nov/2025:05:02:03 -0700] "GET /product/edit/104924367041690?/js_6356af597ebeb154b969e538d3e95f0f/_drupal_sites_default_files_js_js_z1qFDrghecTCI5Rjumn4rMBYPHvd-E4L0DVpS2JCjnw HTTP/1.1" 200 320 "https://blalockdialysiscenter.com/product/edit/104924367041690" "Mozilla/5.0 (Linux; Android 6.0.1; Nexus 5X Build/MMB29P) AppleWebKit/537.36 (KHTML, like Gecko) Chrome/141.0.7390.122 Mobile Safari/537.36 (compatible; Googlebot/2.1; +http://www.google.com/bot.html)" 114 **0/114231**
66.249.72.226 - - [01/Nov/2025:05:02:03 -0700] "GET /?a=114712224001690&mod=2f3bbb97&uri=shared.php%3Fid%3D3838323-49%26name%3D%24100+playstation+now+card HTTP/1.1" 200 21410 "-" "Mozilla/5.0 (Linux; Android 6.0.1; Nexus 5X Build/MMB29P) AppleWebKit/537.36 (KHTML, like Gecko) Chrome/141.0.7390.122 Mobile Safari/537.36 (compatible; Googlebot/2.1; +http://www.google.com/bot.html)" 354 **0/354546**
66.249.69.140 - - [01/Nov/2025:05:02:03 -0700] "GET /product/edit/104924367041690?/js_6356af597ebeb154b969e538d3e95f0f/_drupal_sites_default_files_js_js_i3BGasXGb_pVk8CAUeSJnjMmyNE-bFprX9j4_djQznQ HTTP/1.1" 200 3857 "https://blalockdialysiscenter.com/product/edit/104924367041690" "Mozilla/5.0 (Linux; Android 6.0.1; Nexus 5X Build/MMB29P) AppleWebKit/537.36 (KHTML, like Gecko) Chrome/141.0.7390.122 Mobile Safari/537.36 (compatible; Googlebot/2.1; +http://www.google.com/bot.html)" 113 **0/113401**
66.249.72.226 - - [01/Nov/2025:05:02:04 -0700] "GET /?a=71008279051690&mod=a768cbbf&uri=itm.php%3Fid%3D2375730-827%26name%3Dmall+garmin+factory+outlet HTTP/1.1" 200 21290 "-" "Mozilla/5.0 (Linux; Android 6.0.1; Nexus 5X Build/MMB29P) AppleWebKit/537.36 (KHTML, like Gecko) Chrome/141.0.7390.122 Mobile Safari/537.36 (compatible; Googlebot/2.1; +http://www.google.com/bot.html)" 282 **0/282417**
66.249.69.140 - - [01/Nov/2025:05:02:05 -0700] "GET /?a=83064915031690&mod=fb4c4860&uri=goods.php%3Fid%3D2779231-40%26name%3Dsuper+sonic+jakks+pacific+sonic+plush HTTP/1.1" 200 20817 "-" "Mozilla/5.0 (Linux; Android 6.0.1; Nexus 5X Build/MMB29P) AppleWebKit/537.36 (KHTML, like Gecko) Chrome/141.0.7390.122 Mobile Safari/537.36 (compatible; Googlebot/2.1; +http://www.google.com/bot.html)" 313 **0/313994**
66.249.72.226 - - [01/Nov/2025:05:02:07 -0700] "GET /?a=114814094011690&mod=069802d4&uri=products.php%3Fid%3D3841732-158%26name%3Djbl+le25+tweeter+tweeter+vintage HTTP/1.1" 200 21571 "-" "Mozilla/5.0 (Linux; Android 6.0.1; Nexus 5X Build/MMB29P) AppleWebKit/537.36 (KHTML, like Gecko) Chrome/141.0.7390.122 Mobile Safari/537.36 (compatible; Googlebot/2.1; +http://www.google.com/bot.html)" 293 **0/293823**
66.249.72.227 - - [01/Nov/2025:05:02:09 -0700] "GET /?a=53627860041690&mod=cc0e12fa&uri=products.php%3Fid%3D1794079-486%26name%3Dfreedom+iso+saucony+freedom+women%27s+sale HTTP/1.1" 200 19959 "-" "Mozilla/5.0 (Linux; Android 6.0.1; Nexus 5X Build/MMB29P) AppleWebKit/537.36 (KHTML, like Gecko) Chrome/141.0.7390.122 Mobile Safari/537.36 (compatible; Googlebot/2.1; +http://www.google.com/bot.html)" 288 **0/288508**
52.167.144.159 - - [01/Nov/2025:05:02:11 -0700] "GET /?a=27563899011690&mod=b0a939dc&uri=blog.php%3Fid%3D922062-149%26name%3Dautofrei+de+skye+bathing+suits+canada HTTP/2.0" 200 20441 "-" "Mozilla/5.0 AppleWebKit/537.36 (KHTML, like Gecko; compatible; bingbot/2.0; +http://www.bing.com/bingbot.htm) Chrome/116.0.1938.76 Safari/537.36" 266 **0/266518**
66.249.69.140 - - [01/Nov/2025:05:02:12 -0700] "GET /product/edit/11391273021690?/css_6356af597ebeb154b969e538d3e95f0f/_drupal_sites_default_files_css_css_LmUrbIckCDCKvN2_Q3zbp044aJ28BPsL4EcroazBk2w HTTP/1.1" 200 42233 "https://blalockdialysiscenter.com/product/edit/11391273021690" "Mozilla/5.0 (Linux; Android 6.0.1; Nexus 5X Build/MMB29P) AppleWebKit/537.36 (KHTML, like Gecko) Chrome/141.0.7390.122 Mobile Safari/537.36 (compatible; Googlebot/2.1; +http://www.google.com/bot.html)" 210 **0/210061**
66.249.69.140 - - [01/Nov/2025:05:02:12 -0700] "GET /?a=16783298041690&mod=68c694de&uri=article.php%3Fid%3D561475-18%26name%3Dfox+factory+fox+36+kashima+150mm HTTP/1.1" 200 21961 "-" "Mozilla/5.0 (Linux; Android 6.0.1; Nexus 5X Build/MMB29P) AppleWebKit/537.36 (KHTML, like Gecko) Chrome/141.0.7390.122 Mobile Safari/537.36 (compatible; Googlebot/2.1; +http://www.google.com/bot.html)" 563 **0/563207**
40.77.167.151 - - [01/Nov/2025:05:02:12 -0700] "GET /?a=75759846031690&mod=924f454a&uri=form.php%3Fid%3D2534764-1235%26name%3Dblack+decker+toaster+slice+toaster+ovens HTTP/2.0" 200 20763 "-" "Mozilla/5.0 AppleWebKit/537.36 (KHTML, like Gecko; compatible; bingbot/2.0; +http://www.bing.com/bingbot.htm) Chrome/116.0.1938.76 Safari/537.36" 287 **0/287779**
66.249.72.226 - - [01/Nov/2025:05:02:13 -0700] "GET /?a=116261948081690&mod=a745ce89&uri=pin.php%3Fid%3D3890213-750%26name%3D7mm+22+inch+rope+chain HTTP/1.1" 200 20142 "-" "Mozilla/5.0 (Linux; Android 6.0.1; Nexus 5X Build/MMB29P) AppleWebKit/537.36 (KHTML, like Gecko) Chrome/141.0.7390.122 Mobile Safari/537.36 (compatible; Googlebot/2.1; +http://www.google.com/bot.html)" 309 **0/309568**
66.249.72.226 - - [01/Nov/2025:05:02:13 -0700] "GET /?a=85478936041690&mod=960c4a62&uri=shop.php%3Fid%3D2860050-477%26name%3Dcourse+cycliste+jo+cyclisme+route HTTP/1.1" 200 21525 "-" "Mozilla/5.0 (Linux; Android 6.0.1; Nexus 5X Build/MMB29P) AppleWebKit/537.36 (KHTML, like Gecko) Chrome/141.0.7390.122 Mobile Safari/537.36 (compatible; Googlebot/2.1; +http://www.google.com/bot.html)" 539 **0/539172**
66.249.72.226 - - [01/Nov/2025:05:02:13 -0700] "GET /product/edit/30848385031690 HTTP/1.1" 200 21042 "-" "Mozilla/5.0 (Linux; Android 6.0.1; Nexus 5X Build/MMB29P) AppleWebKit/537.36 (KHTML, like Gecko) Chrome/141.0.7390.122 Mobile Safari/537.36 (compatible; Googlebot/2.1; +http://www.google.com/bot.html)" 497 **0/497077**
66.249.69.140 - - [01/Nov/2025:05:02:14 -0700] "GET /product/edit/11391273021690?/js_6356af597ebeb154b969e538d3e95f0f/_styles_js_lightbox HTTP/1.1" 200 4711 "https://blalockdialysiscenter.com/product/edit/11391273021690" "Mozilla/5.0 (Linux; Android 6.0.1; Nexus 5X Build/MMB29P) AppleWebKit/537.36 (KHTML, like Gecko) Chrome/141.0.7390.122 Mobile Safari/537.36 (compatible; Googlebot/2.1; +http://www.google.com/bot.html)" 108 **0/108521**
66.249.72.226 - - [01/Nov/2025:05:02:14 -0700] "GET /?a=61273639071690&mod=69e76024&uri=shop.php%3Fid%3D2050014-325%26name%3Ddual+hose+best+small+portable+ac+unit HTTP/1.1" 200 20803 "-" "Mozilla/5.0 (Linux; Android 6.0.1; Nexus 5X Build/MMB29P) AppleWebKit/537.36 (KHTML, like Gecko) Chrome/141.0.7390.122 Mobile Safari/537.36 (compatible; Googlebot/2.1; +http://www.google.com/bot.html)" 331 **0/331149**
66.249.69.140 - - [01/Nov/2025:05:02:14 -0700] "GET /product/edit/11391273021690?/js_6356af597ebeb154b969e538d3e95f0f/_styles_js_lazysizes.min HTTP/1.1" 200 3188 "https://blalockdialysiscenter.com/product/edit/11391273021690" "Mozilla/5.0 (Linux; Android 6.0.1; Nexus 5X Build/MMB29P) AppleWebKit/537.36 (KHTML, like Gecko) Chrome/141.0.7390.122 Mobile Safari/537.36 (compatible; Googlebot/2.1; +http://www.google.com/bot.html)" 106 **0/106095**
66.249.72.226 - - [01/Nov/2025:05:02:15 -0700] "GET /?a=51604184081690&mod=991de292&uri=itm.php%3Fid%3D1726361-14%26name%3Dburner+master+forge+barbecue HTTP/1.1" 200 20897 "-" "Mozilla/5.0 (Linux; Android 6.0.1; Nexus 5X Build/MMB29P) AppleWebKit/537.36 (KHTML, like Gecko) Chrome/141.0.7390.122 Mobile Safari/537.36 (compatible; Googlebot/2.1; +http://www.google.com/bot.html)" 287 **0/287742**
66.249.69.140 - - [01/Nov/2025:05:02:15 -0700] "GET /product/edit/11391273021690?/css_6356af597ebeb154b969e538d3e95f0f/_styles_css_wanderer-fg HTTP/1.1" 200 184 "https://blalockdialysiscenter.com/product/edit/11391273021690" "Mozilla/5.0 (Linux; Android 6.0.1; Nexus 5X Build/MMB29P) AppleWebKit/537.36 (KHTML, like Gecko) Chrome/141.0.7390.122 Mobile Safari/537.36 (compatible; Googlebot/2.1; +http://www.google.com/bot.html)" 108 **0/108049**
66.249.69.140 - - [01/Nov/2025:05:02:15 -0700] "GET /?a=65400616011690&mod=4c26774d&uri=goods.php%3Fid%3D2188058-58%26name%3D16+inch+mountain+bike+frame HTTP/1.1" 200 21513 "-" "Mozilla/5.0 (Linux; Android 6.0.1; Nexus 5X Build/MMB29P) AppleWebKit/537.36 (KHTML, like Gecko) Chrome/141.0.7390.122 Mobile Safari/537.36 (compatible; Googlebot/2.1; +http://www.google.com/bot.html)" 315 **0/315961**
66.249.69.140 - - [01/Nov/2025:05:02:16 -0700] "GET /product/edit/11391273021690?/css_6356af597ebeb154b969e538d3e95f0f/_styles_css_product-detail-ex01 HTTP/1.1" 200 397 "https://blalockdialysiscenter.com/product/edit/11391273021690" "Mozilla/5.0 (Linux; Android 6.0.1; Nexus 5X Build/MMB29P) AppleWebKit/537.36 (KHTML, like Gecko) Chrome/141.0.7390.122 Mobile Safari/537.36 (compatible; Googlebot/2.1; +http://www.google.com/bot.html)" 107 **0/107829**
157.55.39.195 - - [01/Nov/2025:05:02:16 -0700] "GET /?a=119530702001690&mod=69e76024&uri=itm.php%3Fid%3D3999575-325%26name%3Ddisplay+fridge+second+hand+beverage+coolers HTTP/2.0" 200 20110 "-" "Mozilla/5.0 AppleWebKit/537.36 (KHTML, like Gecko; compatible; bingbot/2.0; +http://www.bing.com/bingbot.htm) Chrome/116.0.1938.76 Safari/537.36" 292 **0/292493**
66.249.72.226 - - [01/Nov/2025:05:02:16 -0700] "GET /?a=22615963071690&mod=1e2d681b&uri=info.php%3Fid%3D756568-235%26name%3Dheat+pump+vaillant+boiler+with+tank HTTP/1.1" 200 20253 "-" "Mozilla/5.0 (Linux; Android 6.0.1; Nexus 5X Build/MMB29P) AppleWebKit/537.36 (KHTML, like Gecko) Chrome/141.0.7390.122 Mobile Safari/537.36 (compatible; Googlebot/2.1; +http://www.google.com/bot.html)" 320 **0/320497**
66.249.69.140 - - [01/Nov/2025:05:02:17 -0700] "GET /product/edit/11391273021690?/css_6356af597ebeb154b969e538d3e95f0f/_drupal_modules_product_detail_assets_css_new_pc_product_detail HTTP/1.1" 200 5213 "https://blalockdialysiscenter.com/product/edit/11391273021690" "Mozilla/5.0 (Linux; Android 6.0.1; Nexus 5X Build/MMB29P) AppleWebKit/537.36 (KHTML, like Gecko) Chrome/141.0.7390.122 Mobile Safari/537.36 (compatible; Googlebot/2.1; +http://www.google.com/bot.html)" 111 **0/111179**
66.249.72.226 - - [01/Nov/2025:05:02:17 -0700] "GET /?a=7767403021690&mod=966142f9&uri=itm.php%3Fid%3D259777-956%26name%3Dbalenciaga+oversized+balenciaga+t+shirt+men+sale HTTP/1.1" 200 20470 "-" "Mozilla/5.0 (Linux; Android 6.0.1; Nexus 5X Build/MMB29P) AppleWebKit/537.36 (KHTML, like Gecko) Chrome/141.0.7390.122 Mobile Safari/537.36 (compatible; Googlebot/2.1; +http://www.google.com/bot.html)" 269 **0/269907**
66.249.69.140 - - [01/Nov/2025:05:02:18 -0700] "GET /product/edit/11391273021690?/js_6356af597ebeb154b969e538d3e95f0f/_drupal_sites_default_files_js_js_nfGRbDhyXF9_dFjG2rkRRw84Gy6p5a4aGnpYcOKhuC4 HTTP/1.1" 200 96506 "https://blalockdialysiscenter.com/product/edit/11391273021690" "Mozilla/5.0 (Linux; Android 6.0.1; Nexus 5X Build/MMB29P) AppleWebKit/537.36 (KHTML, like Gecko) Chrome/141.0.7390.122 Mobile Safari/537.36 (compatible; Googlebot/2.1; +http://www.google.com/bot.html)" 242 **0/242248**
66.249.72.226 - - [01/Nov/2025:05:02:18 -0700] "GET /?a=43740694011690&mod=6716543c&uri=products.php%3Fid%3D1463279-557%26name%3Datitlan+guatemala+traje+tipico+de+santiago+atitlan HTTP/1.1" 200 20759 "-" "Mozilla/5.0 (Linux; Android 6.0.1; Nexus 5X Build/MMB29P) AppleWebKit/537.36 (KHTML, like Gecko) Chrome/141.0.7390.122 Mobile Safari/537.36 (compatible; Googlebot/2.1; +http://www.google.com/bot.html)" 320 **0/320656**
66.249.69.140 - - [01/Nov/2025:05:02:19 -0700] "GET /product/edit/11391273021690?/css_6356af597ebeb154b969e538d3e95f0f/_drupal_sites_default_files_css_css_YLUY2usEybPXqNO15-ozAgAYsZmniqhrU6f3bp69-r4 HTTP/1.1" 200 3874 "https://blalockdialysiscenter.com/product/edit/11391273021690" "Mozilla/5.0 (Linux; Android 6.0.1; Nexus 5X Build/MMB29P) AppleWebKit/537.36 (KHTML, like Gecko) Chrome/141.0.7390.122 Mobile Safari/537.36 (compatible; Googlebot/2.1; +http://www.google.com/bot.html)" 108 **0/108084**
207.46.13.17 - - [01/Nov/2025:05:02:18 -0700] "GET /?a=65223537011690&mod=ff123d85&uri=news.php%3Fid%3D2182132-222%26name%3Dwinter+parka+skomer+wool+parka HTTP/2.0" 200 20728 "-" "Mozilla/5.0 AppleWebKit/537.36 (KHTML, like Gecko; compatible; bingbot/2.0; +http://www.bing.com/bingbot.htm) Chrome/116.0.1938.76 Safari/537.36" 348 **0/348591**
207.46.13.17 - - [01/Nov/2025:05:02:19 -0700] "GET /?a=93070744061690&mod=e1228be4&uri=article.php%3Fid%3D3114091-36%26name%3Dfighter+lego+f35b HTTP/2.0" 200 21416 "-" "Mozilla/5.0 AppleWebKit/537.36 (KHTML, like Gecko; compatible; bingbot/2.0; +http://www.bing.com/bingbot.htm) Chrome/116.0.1938.76 Safari/537.36" 300 **0/300501**
66.249.72.226 - - [01/Nov/2025:05:02:19 -0700] "GET /?a=111030676071690&mod=467e7933&uri=pin.php%3Fid%3D3715216-215%26name%3Dugg+boots+australia+luxe+collective+tall+boots HTTP/1.1" 200 20932 "-" "Mozilla/5.0 (Linux; Android 6.0.1; Nexus 5X Build/MMB29P) AppleWebKit/537.36 (KHTML, like Gecko) Chrome/141.0.7390.122 Mobile Safari/537.36 (compatible; Googlebot/2.1; +http://www.google.com/bot.html)" 298 **0/298895**
66.249.69.140 - - [01/Nov/2025:05:02:19 -0700] "GET /product/edit/11391273021690?/js_6356af597ebeb154b969e538d3e95f0f/_drupal_sites_default_files_js_js_G878YGhv0pYpg9iZ_hIm3vCCQWyhWgLawk-6b6wmZuU HTTP/1.1" 200 52631 "https://blalockdialysiscenter.com/product/edit/11391273021690" "Mozilla/5.0 (Linux; Android 6.0.1; Nexus 5X Build/MMB29P) AppleWebKit/537.36 (KHTML, like Gecko) Chrome/141.0.7390.122 Mobile Safari/537.36 (compatible; Googlebot/2.1; +http://www.google.com/bot.html)" 199 **0/199100**
66.249.69.140 - - [01/Nov/2025:05:02:20 -0700] "GET /product/edit/11391273021690?/js_6356af597ebeb154b969e538d3e95f0f/_drupal_sites_default_files_js_js_z1qFDrghecTCI5Rjumn4rMBYPHvd-E4L0DVpS2JCjnw HTTP/1.1" 200 320 "https://blalockdialysiscenter.com/product/edit/11391273021690" "Mozilla/5.0 (Linux; Android 6.0.1; Nexus 5X Build/MMB29P) AppleWebKit/537.36 (KHTML, like Gecko) Chrome/141.0.7390.122 Mobile Safari/537.36 (compatible; Googlebot/2.1; +http://www.google.com/bot.html)" 107 **0/107853**
66.249.69.140 - - [01/Nov/2025:05:02:21 -0700] "GET /product/edit/11391273021690?/js_6356af597ebeb154b969e538d3e95f0f/_drupal_sites_default_files_js_js_i3BGasXGb_pVk8CAUeSJnjMmyNE-bFprX9j4_djQznQ HTTP/1.1" 200 3857 "https://blalockdialysiscenter.com/product/edit/11391273021690" "Mozilla/5.0 (Linux; Android 6.0.1; Nexus 5X Build/MMB29P) AppleWebKit/537.36 (KHTML, like Gecko) Chrome/141.0.7390.122 Mobile Safari/537.36 (compatible; Googlebot/2.1; +http://www.google.com/bot.html)" 111 **0/111834**
66.249.72.226 - - [01/Nov/2025:05:02:21 -0700] "GET /?a=111048232011690&mod=1a32df83&uri=search.php%3Fid%3D3715802-81%26name%3Dm18+fuel+rivet+milwaukee+pop+rivet+gun+m18 HTTP/1.1" 200 21219 "-" "Mozilla/5.0 (Linux; Android 6.0.1; Nexus 5X Build/MMB29P) AppleWebKit/537.36 (KHTML, like Gecko) Chrome/141.0.7390.122 Mobile Safari/537.36 (compatible; Googlebot/2.1; +http://www.google.com/bot.html)" 433 **0/433907**
66.249.69.140 - - [01/Nov/2025:05:02:22 -0700] "GET /?a=68038024001690&mod=c113616d&uri=brands.php%3Fid%3D2276281-247%26name%3Dpadded+bustier+leopard+bustier+top HTTP/1.1" 200 21692 "-" "Mozilla/5.0 (Linux; Android 6.0.1; Nexus 5X Build/MMB29P) AppleWebKit/537.36 (KHTML, like Gecko) Chrome/141.0.7390.122 Mobile Safari/537.36 (compatible; Googlebot/2.1; +http://www.google.com/bot.html)" 419 **0/419771**
66.249.72.226 - - [01/Nov/2025:05:02:23 -0700] "GET /?a=20166216021690&mod=7cc5a754&uri=news.php%3Fid%3D674639-80%26name%3Dfeatherlite+chair+alimed+stratta+mesh+chair+seat+cushion HTTP/1.1" 200 21352 "-" "Mozilla/5.0 (Linux; Android 6.0.1; Nexus 5X Build/MMB29P) AppleWebKit/537.36 (KHTML, like Gecko) Chrome/141.0.7390.122 Mobile Safari/537.36 (compatible; Googlebot/2.1; +http://www.google.com/bot.html)" 679 **0/679252**
66.249.72.226 - - [01/Nov/2025:05:02:23 -0700] "GET /product/edit/30848385031690?/css_757ed0132a844208f409fbb5067dfa2d/_drupal_sites_default_files_css_css_YLUY2usEybPXqNO15-ozAgAYsZmniqhrU6f3bp69-r4 HTTP/1.1" 200 3874 "https://www.blalockdialysiscenter.com/product/edit/30848385031690" "Mozilla/5.0 (Linux; Android 6.0.1; Nexus 5X Build/MMB29P) AppleWebKit/537.36 (KHTML, like Gecko) Chrome/141.0.7390.122 Mobile Safari/537.36 (compatible; Googlebot/2.1; +http://www.google.com/bot.html)" 114 **0/114141**
66.249.72.226 - - [01/Nov/2025:05:02:24 -0700] "GET /product/edit/30848385031690?/css_757ed0132a844208f409fbb5067dfa2d/_styles_css_wanderer-fg HTTP/1.1" 200 184 "https://www.blalockdialysiscenter.com/product/edit/30848385031690" "Mozilla/5.0 (Linux; Android 6.0.1; Nexus 5X Build/MMB29P) AppleWebKit/537.36 (KHTML, like Gecko) Chrome/141.0.7390.122 Mobile Safari/537.36 (compatible; Googlebot/2.1; +http://www.google.com/bot.html)" 116 **0/116663**
66.249.72.226 - - [01/Nov/2025:05:02:24 -0700] "GET /?a=15478315081690&mod=07c0dec6&uri=products.php%3Fid%3D517817-273%26name%3D1996+retro+nuptse+jacket+giubbotto+rosa+north+face HTTP/1.1" 200 21504 "-" "Mozilla/5.0 (Linux; Android 6.0.1; Nexus 5X Build/MMB29P) AppleWebKit/537.36 (KHTML, like Gecko) Chrome/141.0.7390.122 Mobile Safari/537.36 (compatible; Googlebot/2.1; +http://www.google.com/bot.html)" 716 **0/716655**
66.249.72.226 - - [01/Nov/2025:05:02:24 -0700] "GET /product/edit/30848385031690?/css_757ed0132a844208f409fbb5067dfa2d/_styles_css_product-detail-ex01 HTTP/1.1" 200 397 "https://www.blalockdialysiscenter.com/product/edit/30848385031690" "Mozilla/5.0 (Linux; Android 6.0.1; Nexus 5X Build/MMB29P) AppleWebKit/537.36 (KHTML, like Gecko) Chrome/141.0.7390.122 Mobile Safari/537.36 (compatible; Googlebot/2.1; +http://www.google.com/bot.html)" 113 **0/113335**
66.249.72.227 - - [01/Nov/2025:05:02:25 -0700] "GET /product/edit/30848385031690?/js_757ed0132a844208f409fbb5067dfa2d/_styles_js_lazysizes.min HTTP/1.1" 200 3188 "https://www.blalockdialysiscenter.com/product/edit/30848385031690" "Mozilla/5.0 (Linux; Android 6.0.1; Nexus 5X Build/MMB29P) AppleWebKit/537.36 (KHTML, like Gecko) Chrome/141.0.7390.122 Mobile Safari/537.36 (compatible; Googlebot/2.1; +http://www.google.com/bot.html)" 110 **0/110410**
66.249.72.226 - - [01/Nov/2025:05:02:25 -0700] "GET /product/edit/30848385031690?/css_757ed0132a844208f409fbb5067dfa2d/_drupal_modules_product_detail_assets_css_new_pc_product_detail HTTP/1.1" 200 5213 "https://www.blalockdialysiscenter.com/product/edit/30848385031690" "Mozilla/5.0 (Linux; Android 6.0.1; Nexus 5X Build/MMB29P) AppleWebKit/537.36 (KHTML, like Gecko) Chrome/141.0.7390.122 Mobile Safari/537.36 (compatible; Googlebot/2.1; +http://www.google.com/bot.html)" 117 **0/117025**
66.249.72.227 - - [01/Nov/2025:05:02:25 -0700] "GET /?a=119124153051690&mod=0b4ade12&uri=form.php%3Fid%3D3985984-388%26name%3Ddress+ecco+jeremy+boots HTTP/1.1" 200 20611 "-" "Mozilla/5.0 (Linux; Android 6.0.1; Nexus 5X Build/MMB29P) AppleWebKit/537.36 (KHTML, like Gecko) Chrome/141.0.7390.122 Mobile Safari/537.36 (compatible; Googlebot/2.1; +http://www.google.com/bot.html)" 742 **0/742260**
66.249.72.226 - - [01/Nov/2025:05:02:26 -0700] "GET /product/edit/30848385031690?/js_757ed0132a844208f409fbb5067dfa2d/_drupal_sites_default_files_js_js_nfGRbDhyXF9_dFjG2rkRRw84Gy6p5a4aGnpYcOKhuC4 HTTP/1.1" 200 96506 "https://www.blalockdialysiscenter.com/product/edit/30848385031690" "Mozilla/5.0 (Linux; Android 6.0.1; Nexus 5X Build/MMB29P) AppleWebKit/537.36 (KHTML, like Gecko) Chrome/141.0.7390.122 Mobile Safari/537.36 (compatible; Googlebot/2.1; +http://www.google.com/bot.html)" 258 **0/258641**
66.249.72.226 - - [01/Nov/2025:05:02:26 -0700] "GET /product/edit/30848385031690?/css_757ed0132a844208f409fbb5067dfa2d/_drupal_sites_default_files_css_css_LmUrbIckCDCKvN2_Q3zbp044aJ28BPsL4EcroazBk2w HTTP/1.1" 200 42233 "https://www.blalockdialysiscenter.com/product/edit/30848385031690" "Mozilla/5.0 (Linux; Android 6.0.1; Nexus 5X Build/MMB29P) AppleWebKit/537.36 (KHTML, like Gecko) Chrome/141.0.7390.122 Mobile Safari/537.36 (compatible; Googlebot/2.1; +http://www.google.com/bot.html)" 199 **0/199671**
66.249.72.227 - - [01/Nov/2025:05:02:26 -0700] "GET /product/edit/30848385031690?/js_757ed0132a844208f409fbb5067dfa2d/_drupal_sites_default_files_js_js_G878YGhv0pYpg9iZ_hIm3vCCQWyhWgLawk-6b6wmZuU HTTP/1.1" 200 52631 "https://www.blalockdialysiscenter.com/product/edit/30848385031690" "Mozilla/5.0 (Linux; Android 6.0.1; Nexus 5X Build/MMB29P) AppleWebKit/537.36 (KHTML, like Gecko) Chrome/141.0.7390.122 Mobile Safari/537.36 (compatible; Googlebot/2.1; +http://www.google.com/bot.html)" 198 **0/198442**
66.249.72.226 - - [01/Nov/2025:05:02:28 -0700] "GET /product/edit/30848385031690?/js_757ed0132a844208f409fbb5067dfa2d/_drupal_sites_default_files_js_js_i3BGasXGb_pVk8CAUeSJnjMmyNE-bFprX9j4_djQznQ HTTP/1.1" 200 3857 "https://www.blalockdialysiscenter.com/product/edit/30848385031690" "Mozilla/5.0 (Linux; Android 6.0.1; Nexus 5X Build/MMB29P) AppleWebKit/537.36 (KHTML, like Gecko) Chrome/141.0.7390.122 Mobile Safari/537.36 (compatible; Googlebot/2.1; +http://www.google.com/bot.html)" 111 **0/111059**
66.249.69.140 - - [01/Nov/2025:05:02:27 -0700] "GET /?a=33624770041690&mod=e744f91c&uri=info.php%3Fid%3D1124825-9%26name%3Ddac+google+pixel+headphone+jack+adapter HTTP/1.1" 200 21843 "-" "Mozilla/5.0 (Linux; Android 6.0.1; Nexus 5X Build/MMB29P) AppleWebKit/537.36 (KHTML, like Gecko) Chrome/141.0.7390.122 Mobile Safari/537.36 (compatible; Googlebot/2.1; +http://www.google.com/bot.html)" 732 **0/732217**
66.249.72.226 - - [01/Nov/2025:05:02:28 -0700] "GET /?a=110309933021690&mod=c43301f1&uri=info.php%3Fid%3D3691113-1320%26name%3Dax+paris+strappy+dress+for+wedding+guest HTTP/1.1" 200 20254 "-" "Mozilla/5.0 (Linux; Android 6.0.1; Nexus 5X Build/MMB29P) AppleWebKit/537.36 (KHTML, like Gecko) Chrome/141.0.7390.122 Mobile Safari/537.36 (compatible; Googlebot/2.1; +http://www.google.com/bot.html)" 686 **0/686884**
66.249.72.226 - - [01/Nov/2025:05:02:29 -0700] "GET /?a=31173926131690&mod=1e2d681b&uri=dp.php%3Fid%3D1042819-235%26name%3Dwater+heater+heat+trap+loop HTTP/1.1" 200 21252 "-" "Mozilla/5.0 (Linux; Android 6.0.1; Nexus 5X Build/MMB29P) AppleWebKit/537.36 (KHTML, like Gecko) Chrome/141.0.7390.122 Mobile Safari/537.36 (compatible; Googlebot/2.1; +http://www.google.com/bot.html)" 647 **0/647338**
66.249.72.226 - - [01/Nov/2025:05:02:31 -0700] "GET /?a=5674291111690&mod=1ce3e6e3&uri=products.php%3Fid%3D189799-88%26name%3Dballet+profesional+trajes+de+ballet+clasico+para+ni%C3%83%C2%B1as HTTP/1.1" 200 21165 "-" "Mozilla/5.0 (Linux; Android 6.0.1; Nexus 5X Build/MMB29P) AppleWebKit/537.36 (KHTML, like Gecko) Chrome/141.0.7390.122 Mobile Safari/537.36 (compatible; Googlebot/2.1; +http://www.google.com/bot.html)" 604 **0/604296**
40.77.167.151 - - [01/Nov/2025:05:02:32 -0700] "GET /?a=2641039081690&mod=ed6d90b5&uri=article.php%3Fid%3D88293-537%26name%3Dortho+max+aloe+vera+pillow+price HTTP/2.0" 200 20260 "-" "Mozilla/5.0 AppleWebKit/537.36 (KHTML, like Gecko; compatible; bingbot/2.0; +http://www.bing.com/bingbot.htm) Chrome/116.0.1938.76 Safari/537.36" 362 **0/362645**
66.249.72.227 - - [01/Nov/2025:05:02:33 -0700] "GET /?a=39754615031690&mod=d3deed73&uri=category-info.php%3Fid%3D1329836-1045%26name%3Dsilvana+vintage+uhr+gold HTTP/1.1" 200 21137 "-" "Mozilla/5.0 (Linux; Android 6.0.1; Nexus 5X Build/MMB29P) AppleWebKit/537.36 (KHTML, like Gecko) Chrome/141.0.7390.122 Mobile Safari/537.36 (compatible; Googlebot/2.1; +http://www.google.com/bot.html)" 374 **0/374835**
157.55.39.195 - - [01/Nov/2025:05:02:34 -0700] "GET /?a=42675019031690&mod=a5370373&uri=news.php%3Fid%3D1427602-918%26name%3Dcurrent+raid+eggs+raid+boss+list+pokemon+go HTTP/2.0" 200 20184 "-" "Mozilla/5.0 AppleWebKit/537.36 (KHTML, like Gecko; compatible; bingbot/2.0; +http://www.bing.com/bingbot.htm) Chrome/116.0.1938.76 Safari/537.36" 400 **0/400972**
66.249.72.227 - - [01/Nov/2025:05:02:34 -0700] "GET /?a=80857702081690&mod=af446d9d&uri=search.php%3Fid%3D2705383-491%26name%3Dmochila+carro+mochilas+para+ni%C3%83%C2%B1os+con+carrito HTTP/1.1" 200 20569 "-" "Mozilla/5.0 (Linux; Android 6.0.1; Nexus 5X Build/MMB29P) AppleWebKit/537.36 (KHTML, like Gecko) Chrome/141.0.7390.122 Mobile Safari/537.36 (compatible; Googlebot/2.1; +http://www.google.com/bot.html)" 492 **0/492614**
66.249.72.226 - - [01/Nov/2025:05:02:35 -0700] "GET /?a=6788254011690&mod=b7e2588d&uri=category-info.php%3Fid%3D227048-366%26name%3Dalfaiataria+feminina+venda+de+sobretudo+feminino HTTP/1.1" 200 21042 "-" "Mozilla/5.0 (Linux; Android 6.0.1; Nexus 5X Build/MMB29P) AppleWebKit/537.36 (KHTML, like Gecko) Chrome/141.0.7390.122 Mobile Safari/537.36 (compatible; Googlebot/2.1; +http://www.google.com/bot.html)" 301 **0/301724**
66.249.72.227 - - [01/Nov/2025:05:02:37 -0700] "GET /?a=55434076021690&mod=ec4ecf2f&uri=dp.php%3Fid%3D1854529-290%26name%3Dhoney+oat+target+baby+wash HTTP/1.1" 200 21761 "-" "Mozilla/5.0 (Linux; Android 6.0.1; Nexus 5X Build/MMB29P) AppleWebKit/537.36 (KHTML, like Gecko) Chrome/141.0.7390.122 Mobile Safari/537.36 (compatible; Googlebot/2.1; +http://www.google.com/bot.html)" 281 **0/281289**
66.249.72.228 - - [01/Nov/2025:05:02:38 -0700] "GET /?a=111969939071690&mod=398024cb&uri=category-info.php%3Fid%3D3746620-78%26name%3Dsilicone+baby+boy+reborn+dolls+under+20+dollars HTTP/1.1" 200 20089 "-" "Mozilla/5.0 (Linux; Android 6.0.1; Nexus 5X Build/MMB29P) AppleWebKit/537.36 (KHTML, like Gecko) Chrome/141.0.7390.122 Mobile Safari/537.36 (compatible; Googlebot/2.1; +http://www.google.com/bot.html)" 324 **0/324503**
66.249.69.140 - - [01/Nov/2025:05:02:39 -0700] "GET /?a=3407710051690&mod=77c493ec&uri=itm.php%3Fid%3D113948-35%26name%3Drainbow+wallpaper+kids+rainbow+bedroom HTTP/1.1" 200 21594 "-" "Mozilla/5.0 (Linux; Android 6.0.1; Nexus 5X Build/MMB29P) AppleWebKit/537.36 (KHTML, like Gecko) Chrome/141.0.7390.122 Mobile Safari/537.36 (compatible; Googlebot/2.1; +http://www.google.com/bot.html)" 301 **0/301589**
66.249.72.228 - - [01/Nov/2025:05:02:40 -0700] "GET /?a=72269205001690&mod=e12c90ae&uri=itm.php%3Fid%3D2417929-1630%26name%3Dnike+womens+%27clothing+sale+uk HTTP/1.1" 200 20819 "-" "Mozilla/5.0 (Linux; Android 6.0.1; Nexus 5X Build/MMB29P) AppleWebKit/537.36 (KHTML, like Gecko) Chrome/141.0.7390.122 Mobile Safari/537.36 (compatible; Googlebot/2.1; +http://www.google.com/bot.html)" 297 **0/297004**
66.249.72.227 - - [01/Nov/2025:05:02:42 -0700] "GET /?a=88998820021690&mod=23e18616&uri=goods.php%3Fid%3D2977826-317%26name%3Dfruit+salad+easy+4th+of+july+sides HTTP/1.1" 200 21371 "-" "Mozilla/5.0 (Linux; Android 6.0.1; Nexus 5X Build/MMB29P) AppleWebKit/537.36 (KHTML, like Gecko) Chrome/141.0.7390.122 Mobile Safari/537.36 (compatible; Googlebot/2.1; +http://www.google.com/bot.html)" 305 **0/305876**
66.249.72.228 - - [01/Nov/2025:05:02:43 -0700] "GET /?a=71604916001690&mod=36fa774e&uri=brands.php%3Fid%3D2395689-471%26name%3Dsandisk+samsung+tab+sd+card HTTP/1.1" 200 21701 "-" "Mozilla/5.0 (Linux; Android 6.0.1; Nexus 5X Build/MMB29P) AppleWebKit/537.36 (KHTML, like Gecko) Chrome/141.0.7390.122 Mobile Safari/537.36 (compatible; Googlebot/2.1; +http://www.google.com/bot.html)" 325 **0/325179**
66.249.69.140 - - [01/Nov/2025:05:02:45 -0700] "GET /?a=3110997111690&mod=a274406e&uri=products.php%3Fid%3D104017-608%26name%3Dropa+bata+para+trabajo+industrial HTTP/1.1" 200 20318 "-" "Mozilla/5.0 (Linux; Android 6.0.1; Nexus 5X Build/MMB29P) AppleWebKit/537.36 (KHTML, like Gecko) Chrome/141.0.7390.122 Mobile Safari/537.36 (compatible; Googlebot/2.1; +http://www.google.com/bot.html)" 363 **0/363705**
66.249.72.227 - - [01/Nov/2025:05:02:46 -0700] "GET /?a=75940764021690&mod=4cfd8acf&uri=dp.php%3Fid%3D2540819-1111%26name%3Dtraditional+filipino+millennial+filipiniana+dress HTTP/1.1" 200 20091 "-" "Mozilla/5.0 (Linux; Android 6.0.1; Nexus 5X Build/MMB29P) AppleWebKit/537.36 (KHTML, like Gecko) Chrome/141.0.7390.122 Mobile Safari/537.36 (compatible; Googlebot/2.1; +http://www.google.com/bot.html)" 416 **0/416179**
66.249.72.228 - - [01/Nov/2025:05:02:47 -0700] "GET /?a=103509865031690&mod=7eb7eabb&uri=shop.php%3Fid%3D3463500-17%26name%3Dshock+wr20bar+g+shock+wr50m+price HTTP/1.1" 200 21133 "-" "Mozilla/5.0 (Linux; Android 6.0.1; Nexus 5X Build/MMB29P) AppleWebKit/537.36 (KHTML, like Gecko) Chrome/141.0.7390.122 Mobile Safari/537.36 (compatible; Googlebot/2.1; +http://www.google.com/bot.html)" 312 **0/312972**
207.46.13.150 - - [01/Nov/2025:05:02:48 -0700] "GET /product/edit/31878496131690 HTTP/2.0" 200 20086 "-" "Mozilla/5.0 AppleWebKit/537.36 (KHTML, like Gecko; compatible; bingbot/2.0; +http://www.bing.com/bingbot.htm) Chrome/116.0.1938.76 Safari/537.36" 321 **0/321785**
207.46.13.17 - - [01/Nov/2025:05:02:49 -0700] "GET /?a=65160189041690&mod=30cd1e36&uri=info.php%3Fid%3D2180015-130%26name%3Dnvidia+tv+box+shield+media+player HTTP/2.0" 200 21164 "-" "Mozilla/5.0 AppleWebKit/537.36 (KHTML, like Gecko; compatible; bingbot/2.0; +http://www.bing.com/bingbot.htm) Chrome/116.0.1938.76 Safari/537.36" 514 **0/514881**
66.249.72.226 - - [01/Nov/2025:05:02:49 -0700] "GET /?a=105475483041690&mod=eeb835dc&uri=category-info.php%3Fid%3D3529346-425%26name%3Dpolaroid+exhibition+polaroids+helmut+newton HTTP/1.1" 200 19714 "-" "Mozilla/5.0 (Linux; Android 6.0.1; Nexus 5X Build/MMB29P) AppleWebKit/537.36 (KHTML, like Gecko) Chrome/141.0.7390.122 Mobile Safari/537.36 (compatible; Googlebot/2.1; +http://www.google.com/bot.html)" 434 **0/434475**
207.46.13.17 - - [01/Nov/2025:05:02:50 -0700] "GET /?a=65553417041690&mod=f78038fa&uri=products.php%3Fid%3D2193171-1311%26name%3Dweight+loss+how+long+should+you+use+a+waist+trainer HTTP/2.0" 200 20974 "-" "Mozilla/5.0 AppleWebKit/537.36 (KHTML, like Gecko; compatible; bingbot/2.0; +http://www.bing.com/bingbot.htm) Chrome/116.0.1938.76 Safari/537.36" 599 **0/599133**
66.249.72.227 - - [01/Nov/2025:05:02:50 -0700] "GET /?a=60115679051690&mod=2f3bbb97&uri=us.php%3Fid%3D2011241-49%26name%3Dsony+playstation+how+to+connect+a+ps4+controller+to+a+ps3+console HTTP/1.1" 200 21700 "-" "Mozilla/5.0 (Linux; Android 6.0.1; Nexus 5X Build/MMB29P) AppleWebKit/537.36 (KHTML, like Gecko) Chrome/141.0.7390.122 Mobile Safari/537.36 (compatible; Googlebot/2.1; +http://www.google.com/bot.html)" 753 **0/753048**
66.249.72.227 - - [01/Nov/2025:05:02:52 -0700] "GET /?a=100165045001690&mod=3ce77534&uri=shop.php%3Fid%3D3351609-749%26name%3Ddeluxe+2016+sprinter+2500 HTTP/1.1" 200 20596 "-" "Mozilla/5.0 (Linux; Android 6.0.1; Nexus 5X Build/MMB29P) AppleWebKit/537.36 (KHTML, like Gecko) Chrome/141.0.7390.122 Mobile Safari/537.36 (compatible; Googlebot/2.1; +http://www.google.com/bot.html)" 386 **0/386633**
66.249.72.227 - - [01/Nov/2025:05:02:53 -0700] "GET /?a=102204732031690&mod=6dc4a31d&uri=blog.php%3Fid%3D3419836-138%26name%3Dgps+tracker+super+phone+watch HTTP/1.1" 200 21029 "-" "Mozilla/5.0 (Linux; Android 6.0.1; Nexus 5X Build/MMB29P) AppleWebKit/537.36 (KHTML, like Gecko) Chrome/141.0.7390.122 Mobile Safari/537.36 (compatible; Googlebot/2.1; +http://www.google.com/bot.html)" 558 **0/558654**
66.249.69.141 - - [01/Nov/2025:05:02:56 -0700] "GET /?a=47785723061690&mod=ff123d85&uri=search.php%3Fid%3D1598583-222%26name%3Dnaruto+shippuden+jacket+naruto+orange+and+black+jacket HTTP/1.1" 200 20486 "-" "Mozilla/5.0 (Linux; Android 6.0.1; Nexus 5X Build/MMB29P) AppleWebKit/537.36 (KHTML, like Gecko) Chrome/141.0.7390.122 Mobile Safari/537.36 (compatible; Googlebot/2.1; +http://www.google.com/bot.html)" 298 **0/298288**
66.249.72.227 - - [01/Nov/2025:05:02:56 -0700] "GET /?a=1640239071690&mod=398024cb&uri=goods.php%3Fid%3D54824-78%26name%3Dshortcake+2003+90s+strawberry+shortcake HTTP/1.1" 200 20759 "-" "Mozilla/5.0 (Linux; Android 6.0.1; Nexus 5X Build/MMB29P) AppleWebKit/537.36 (KHTML, like Gecko) Chrome/141.0.7390.122 Mobile Safari/537.36 (compatible; Googlebot/2.1; +http://www.google.com/bot.html)" 279 **0/279246**
66.249.72.228 - - [01/Nov/2025:05:02:57 -0700] "GET /?a=39450608041690&mod=3bd8470f&uri=info.php%3Fid%3D1319679-881%26name%3Ddiamond+tennis+bracelet+15ct HTTP/1.1" 200 20720 "-" "Mozilla/5.0 (Linux; Android 6.0.1; Nexus 5X Build/MMB29P) AppleWebKit/537.36 (KHTML, like Gecko) Chrome/141.0.7390.122 Mobile Safari/537.36 (compatible; Googlebot/2.1; +http://www.google.com/bot.html)" 273 **0/273071**
66.249.72.228 - - [01/Nov/2025:05:02:57 -0700] "GET /?a=82276377041690&mod=0c74b7f7&uri=info.php%3Fid%3D2752847-3%26name%3Dlateral+step+exercise HTTP/1.1" 200 20947 "-" "Mozilla/5.0 (Linux; Android 6.0.1; Nexus 5X Build/MMB29P) AppleWebKit/537.36 (KHTML, like Gecko) Chrome/141.0.7390.122 Mobile Safari/537.36 (compatible; Googlebot/2.1; +http://www.google.com/bot.html)" 416 **0/416523**
66.249.72.228 - - [01/Nov/2025:05:02:59 -0700] "GET /?a=107237821021690&mod=fd112b9e&uri=pin.php%3Fid%3D3588299-432%26name%3Dblazer+everlane+jean+shorts HTTP/1.1" 200 20070 "-" "Mozilla/5.0 (Linux; Android 6.0.1; Nexus 5X Build/MMB29P) AppleWebKit/537.36 (KHTML, like Gecko) Chrome/141.0.7390.122 Mobile Safari/537.36 (compatible; Googlebot/2.1; +http://www.google.com/bot.html)" 268 **0/268321**
66.249.72.229 - - [01/Nov/2025:05:03:00 -0700] "GET /?a=75662170041690&mod=fc6ac6be&uri=search.php%3Fid%3D2531494-623%26name%3Dbrett+hull+blues+alumni+jersey HTTP/1.1" 200 20530 "-" "Mozilla/5.0 (Linux; Android 6.0.1; Nexus 5X Build/MMB29P) AppleWebKit/537.36 (KHTML, like Gecko) Chrome/141.0.7390.122 Mobile Safari/537.36 (compatible; Googlebot/2.1; +http://www.google.com/bot.html)" 347 **0/347193**
66.249.72.229 - - [01/Nov/2025:05:03:01 -0700] "GET /?a=103111293001690&mod=bed2b601&uri=goods.php%3Fid%3D3450173-734%26name%3Dglitter+dior+mens+shoes HTTP/1.1" 200 21250 "-" "Mozilla/5.0 (Linux; Android 6.0.1; Nexus 5X Build/MMB29P) AppleWebKit/537.36 (KHTML, like Gecko) Chrome/141.0.7390.122 Mobile Safari/537.36 (compatible; Googlebot/2.1; +http://www.google.com/bot.html)" 307 **0/307784**
157.55.39.194 - - [01/Nov/2025:05:03:03 -0700] "GET /?a=71887624011690&mod=23e18616&uri=article.php%3Fid%3D2405162-317%26name%3Dl+air+fryer+digital+philips HTTP/2.0" 200 21732 "-" "Mozilla/5.0 AppleWebKit/537.36 (KHTML, like Gecko; compatible; bingbot/2.0; +http://www.bing.com/bingbot.htm) Chrome/116.0.1938.76 Safari/537.36" 296 **0/296697**
66.249.72.226 - - [01/Nov/2025:05:03:04 -0700] "GET /?a=79107026061690&mod=add4d47b&uri=products.php%3Fid%3D2646831-924%26name%3Denergy+colonia+eros HTTP/1.1" 200 20571 "-" "Mozilla/5.0 (Linux; Android 6.0.1; Nexus 5X Build/MMB29P) AppleWebKit/537.36 (KHTML, like Gecko) Chrome/141.0.7390.122 Mobile Safari/537.36 (compatible; Googlebot/2.1; +http://www.google.com/bot.html)" 347 **0/347723**
66.249.72.227 - - [01/Nov/2025:05:03:06 -0700] "GET /?a=11913876031690&mod=2d271756&uri=blog.php%3Fid%3D398596-685%26name%3Dstrickjacken+pullis+marken+damen HTTP/1.1" 200 21713 "-" "Mozilla/5.0 (Linux; Android 6.0.1; Nexus 5X Build/MMB29P) AppleWebKit/537.36 (KHTML, like Gecko) Chrome/141.0.7390.122 Mobile Safari/537.36 (compatible; Googlebot/2.1; +http://www.google.com/bot.html)" 390 **0/390270**
66.249.72.227 - - [01/Nov/2025:05:03:07 -0700] "GET /?a=6204406001690&mod=14d2bc47&uri=product.php%3Fid%3D207523-148%26name%3Dt%C3%AAnis+feminino+tenis+asics+masculino+world+tennis HTTP/1.1" 200 20960 "-" "Mozilla/5.0 (Linux; Android 6.0.1; Nexus 5X Build/MMB29P) AppleWebKit/537.36 (KHTML, like Gecko) Chrome/141.0.7390.122 Mobile Safari/537.36 (compatible; Googlebot/2.1; +http://www.google.com/bot.html)" 340 **0/340537**
66.249.72.227 - - [01/Nov/2025:05:03:09 -0700] "GET /?a=24896610021690&mod=7cc5a754&uri=brands.php%3Fid%3D832877-80%26name%3Dchaise+longue+vimle+seat+sectional HTTP/1.1" 200 21890 "-" "Mozilla/5.0 (Linux; Android 6.0.1; Nexus 5X Build/MMB29P) AppleWebKit/537.36 (KHTML, like Gecko) Chrome/141.0.7390.122 Mobile Safari/537.36 (compatible; Googlebot/2.1; +http://www.google.com/bot.html)" 337 **0/337337**
66.249.72.227 - - [01/Nov/2025:05:03:11 -0700] "GET /?a=62200088081690&mod=639b1cbf&uri=search.php%3Fid%3D2081007-417%26name%3Dsolstice+111+day+of+the+year HTTP/1.1" 200 21548 "-" "Mozilla/5.0 (Linux; Android 6.0.1; Nexus 5X Build/MMB29P) AppleWebKit/537.36 (KHTML, like Gecko) Chrome/141.0.7390.122 Mobile Safari/537.36 (compatible; Googlebot/2.1; +http://www.google.com/bot.html)" 338 **0/338911**
66.249.72.227 - - [01/Nov/2025:05:03:12 -0700] "GET /?a=78977054051690&mod=dc6a6489&uri=brands.php%3Fid%3D2642490-4%26name%3Dideas+white+bedding+with+throw HTTP/1.1" 200 21429 "-" "Mozilla/5.0 (Linux; Android 6.0.1; Nexus 5X Build/MMB29P) AppleWebKit/537.36 (KHTML, like Gecko) Chrome/141.0.7390.122 Mobile Safari/537.36 (compatible; Googlebot/2.1; +http://www.google.com/bot.html)" 534 **0/534106**
66.249.72.226 - - [01/Nov/2025:05:03:13 -0700] "GET /?a=54359000001690&mod=d157d577&uri=dp.php%3Fid%3D1818559-239%26name%3Ditem+bag+spirit+airlines+underseat+bag HTTP/1.1" 200 21335 "-" "Mozilla/5.0 (Linux; Android 6.0.1; Nexus 5X Build/MMB29P) AppleWebKit/537.36 (KHTML, like Gecko) Chrome/141.0.7390.122 Mobile Safari/537.36 (compatible; Googlebot/2.1; +http://www.google.com/bot.html)" 322 **0/322420**
157.55.39.195 - - [01/Nov/2025:05:03:13 -0700] "GET /?a=64703250011690&mod=44ac09ac&uri=shop.php%3Fid%3D2164736-27%26name%3Ddune+racer+walmart+24v+power+wheels HTTP/2.0" 200 21423 "-" "Mozilla/5.0 AppleWebKit/537.36 (KHTML, like Gecko; compatible; bingbot/2.0; +http://www.bing.com/bingbot.htm) Chrome/116.0.1938.76 Safari/537.36" 389 **0/389487**
66.249.72.226 - - [01/Nov/2025:05:03:15 -0700] "GET /?a=14252223031690&mod=88983389&uri=news.php%3Fid%3D476792-428%26name%3Dmens+jeans+best+designer+jean+brands HTTP/1.1" 200 21353 "-" "Mozilla/5.0 (Linux; Android 6.0.1; Nexus 5X Build/MMB29P) AppleWebKit/537.36 (KHTML, like Gecko) Chrome/141.0.7390.122 Mobile Safari/537.36 (compatible; Googlebot/2.1; +http://www.google.com/bot.html)" 556 **0/556651**
66.249.72.226 - - [01/Nov/2025:05:03:16 -0700] "GET /?a=14238377011690&mod=88983389&uri=shop.php%3Fid%3D476330-428%26name%3Damiri+clothing+amiri+jeans+saks HTTP/1.1" 200 21442 "-" "Mozilla/5.0 (Linux; Android 6.0.1; Nexus 5X Build/MMB29P) AppleWebKit/537.36 (KHTML, like Gecko) Chrome/141.0.7390.122 Mobile Safari/537.36 (compatible; Googlebot/2.1; +http://www.google.com/bot.html)" 368 **0/368862**
66.249.72.226 - - [01/Nov/2025:05:03:17 -0700] "GET /?a=77064731051690&mod=d39e8a0d&uri=dp.php%3Fid%3D2578488-528%26name%3Dactivity+tracker+smart+band+d18 HTTP/1.1" 200 21410 "-" "Mozilla/5.0 (Linux; Android 6.0.1; Nexus 5X Build/MMB29P) AppleWebKit/537.36 (KHTML, like Gecko) Chrome/141.0.7390.122 Mobile Safari/537.36 (compatible; Googlebot/2.1; +http://www.google.com/bot.html)" 331 **0/331149**
207.46.13.17 - - [01/Nov/2025:05:03:18 -0700] "GET /?a=116015157051690&mod=aa2d4ab1&uri=brands.php%3Fid%3D3881960-799%26name%3Dsuspension+rockshox+monarch+plus+rc3+debonair+volume+spacers HTTP/2.0" 200 21353 "-" "Mozilla/5.0 AppleWebKit/537.36 (KHTML, like Gecko; compatible; bingbot/2.0; +http://www.bing.com/bingbot.htm) Chrome/116.0.1938.76 Safari/537.36" 329 **0/329572**
66.249.72.226 - - [01/Nov/2025:05:03:19 -0700] "GET /?a=14169916031690&mod=e5e71338&uri=form.php%3Fid%3D474041-849%26name%3Dzara+pants+vaqueros+chinos+hombre+zara HTTP/1.1" 200 20965 "-" "Mozilla/5.0 (Linux; Android 6.0.1; Nexus 5X Build/MMB29P) AppleWebKit/537.36 (KHTML, like Gecko) Chrome/141.0.7390.122 Mobile Safari/537.36 (compatible; Googlebot/2.1; +http://www.google.com/bot.html)" 301 **0/301638**
66.249.72.226 - - [01/Nov/2025:05:03:20 -0700] "GET /?a=16378721031690&mod=665d5cbb&uri=brands.php%3Fid%3D547939-43%26name%3Dpixel+buds+mejores+auriculares+inalambricos+black+friday HTTP/1.1" 200 21881 "-" "Mozilla/5.0 (Linux; Android 6.0.1; Nexus 5X Build/MMB29P) AppleWebKit/537.36 (KHTML, like Gecko) Chrome/141.0.7390.122 Mobile Safari/537.36 (compatible; Googlebot/2.1; +http://www.google.com/bot.html)" 554 **0/554900**
66.249.72.226 - - [01/Nov/2025:05:03:22 -0700] "GET /?a=6862372031690&mod=a16de805&uri=info.php%3Fid%3D229521-899%26name%3Dshoe+air+max+wotherspoon+raffle HTTP/1.1" 200 20000 "-" "Mozilla/5.0 (Linux; Android 6.0.1; Nexus 5X Build/MMB29P) AppleWebKit/537.36 (KHTML, like Gecko) Chrome/141.0.7390.122 Mobile Safari/537.36 (compatible; Googlebot/2.1; +http://www.google.com/bot.html)" 599 **0/599465**
40.77.167.151 - - [01/Nov/2025:05:03:23 -0700] "GET /?a=98960346021690&mod=0fe750ce&uri=us.php%3Fid%3D3311251-313%26name%3Ddress+american+vintage+isacboy+sweatshirt HTTP/2.0" 200 20091 "-" "Mozilla/5.0 AppleWebKit/537.36 (KHTML, like Gecko; compatible; bingbot/2.0; +http://www.bing.com/bingbot.htm) Chrome/116.0.1938.76 Safari/537.36" 644 **0/644274**
40.77.167.151 - - [01/Nov/2025:05:03:23 -0700] "GET /?a=29630156041690&mod=57bafb2c&uri=form.php%3Fid%3D991180-24%26name%3Dplus+size+caribana+outfits HTTP/2.0" 200 20773 "-" "Mozilla/5.0 AppleWebKit/537.36 (KHTML, like Gecko; compatible; bingbot/2.0; +http://www.bing.com/bingbot.htm) Chrome/116.0.1938.76 Safari/537.36" 712 **0/712826**
66.249.69.140 - - [01/Nov/2025:05:03:23 -0700] "GET /?a=18589811011690&mod=0d906a38&uri=form.php%3Fid%3D621926-151%26name%3Dsantali+gana+new+santali+hd+video+song+2021 HTTP/1.1" 200 21558 "-" "Mozilla/5.0 (Linux; Android 6.0.1; Nexus 5X Build/MMB29P) AppleWebKit/537.36 (KHTML, like Gecko) Chrome/141.0.7390.122 Mobile Safari/537.36 (compatible; Googlebot/2.1; +http://www.google.com/bot.html)" 910 **0/910322**
66.249.72.226 - - [01/Nov/2025:05:03:24 -0700] "GET /?a=117752442011690&mod=90f35ac6&uri=itm.php%3Fid%3D3940074-1537%26name%3Dnike+sportswear+nike+270+taille+34+pas+cher HTTP/1.1" 200 20180 "-" "Mozilla/5.0 (Linux; Android 6.0.1; Nexus 5X Build/MMB29P) AppleWebKit/537.36 (KHTML, like Gecko) Chrome/141.0.7390.122 Mobile Safari/537.36 (compatible; Googlebot/2.1; +http://www.google.com/bot.html)" 678 **0/678440**
66.249.72.226 - - [01/Nov/2025:05:03:25 -0700] "GET /?a=63950499101690&mod=1815de90&uri=news.php%3Fid%3D2139555-209%26name%3Dfitness+tracking+yur+fit+quest HTTP/1.1" 200 20841 "-" "Mozilla/5.0 (Linux; Android 6.0.1; Nexus 5X Build/MMB29P) AppleWebKit/537.36 (KHTML, like Gecko) Chrome/141.0.7390.122 Mobile Safari/537.36 (compatible; Googlebot/2.1; +http://www.google.com/bot.html)" 957 **0/957869**
66.249.72.227 - - [01/Nov/2025:05:03:26 -0700] "GET /?a=79490605071690&mod=7e676226&uri=news.php%3Fid%3D2659656-176%26name%3Dpolos+personalizados+ropa+playera+para+parejas HTTP/1.1" 200 20957 "-" "Mozilla/5.0 (Linux; Android 6.0.1; Nexus 5X Build/MMB29P) AppleWebKit/537.36 (KHTML, like Gecko) Chrome/141.0.7390.122 Mobile Safari/537.36 (compatible; Googlebot/2.1; +http://www.google.com/bot.html)" 631 **0/631639**
66.249.72.226 - - [01/Nov/2025:05:03:27 -0700] "GET /?a=100195550041690&mod=6dc4a31d&uri=us.php%3Fid%3D3352627-138%26name%3Doak+chronograph+26300st+ap+26300st HTTP/1.1" 200 20777 "-" "Mozilla/5.0 (Linux; Android 6.0.1; Nexus 5X Build/MMB29P) AppleWebKit/537.36 (KHTML, like Gecko) Chrome/141.0.7390.122 Mobile Safari/537.36 (compatible; Googlebot/2.1; +http://www.google.com/bot.html)" 572 **0/572524**
