157.55.39.15 - - [01/Nov/2025:05:50:33 -0700] "GET /?a=30267446071690&mod=991de292&uri=itm.php%3Fid%3D1012498-14%26name%3Dheat+slayer+heat+protection+loreal HTTP/2.0" 200 21309 "-" "Mozilla/5.0 AppleWebKit/537.36 (KHTML, like Gecko; compatible; bingbot/2.0; +http://www.bing.com/bingbot.htm) Chrome/116.0.1938.76 Safari/537.36" 1063 **1/1063195**
66.249.72.226 - - [01/Nov/2025:05:50:34 -0700] "GET /product/edit/27345058071690?/css_757ed0132a844208f409fbb5067dfa2d/_drupal_modules_product_detail_assets_css_new_pc_product_detail HTTP/1.1" 200 5213 "https://www.blalockdialysiscenter.com/product/edit/27345058071690" "Mozilla/5.0 (Linux; Android 6.0.1; Nexus 5X Build/MMB29P) AppleWebKit/537.36 (KHTML, like Gecko) Chrome/141.0.7390.122 Mobile Safari/537.36 (compatible; Googlebot/2.1; +http://www.google.com/bot.html)" 115 **0/115363**
66.249.72.226 - - [01/Nov/2025:05:50:34 -0700] "GET /product/edit/27345058071690?/js_757ed0132a844208f409fbb5067dfa2d/_drupal_sites_default_files_js_js_nfGRbDhyXF9_dFjG2rkRRw84Gy6p5a4aGnpYcOKhuC4 HTTP/1.1" 200 96506 "https://www.blalockdialysiscenter.com/product/edit/27345058071690" "Mozilla/5.0 (Linux; Android 6.0.1; Nexus 5X Build/MMB29P) AppleWebKit/537.36 (KHTML, like Gecko) Chrome/141.0.7390.122 Mobile Safari/537.36 (compatible; Googlebot/2.1; +http://www.google.com/bot.html)" 266 **0/266751**
66.249.69.140 - - [01/Nov/2025:05:50:34 -0700] "GET /?a=14949031021690&mod=14726ad4&uri=shop.php%3Fid%3D500112-1149%26name%3Deyeglasses+mib+sunglasses+2019 HTTP/1.1" 200 20934 "-" "Mozilla/5.0 (Linux; Android 6.0.1; Nexus 5X Build/MMB29P) AppleWebKit/537.36 (KHTML, like Gecko) Chrome/141.0.7390.122 Mobile Safari/537.36 (compatible; Googlebot/2.1; +http://www.google.com/bot.html)" 963 **0/963775**
66.249.69.140 - - [01/Nov/2025:05:50:35 -0700] "GET /product/edit/106834207091690?/js_6356af597ebeb154b969e538d3e95f0f/_drupal_sites_default_files_js_js_z1qFDrghecTCI5Rjumn4rMBYPHvd-E4L0DVpS2JCjnw HTTP/1.1" 200 320 "https://blalockdialysiscenter.com/product/edit/106834207091690" "Mozilla/5.0 (Linux; Android 6.0.1; Nexus 5X Build/MMB29P) AppleWebKit/537.36 (KHTML, like Gecko) Chrome/141.0.7390.122 Mobile Safari/537.36 (compatible; Googlebot/2.1; +http://www.google.com/bot.html)" 110 **0/110326**
66.249.69.128 - - [01/Nov/2025:05:50:35 -0700] "GET /?a=82398814021690&mod=17c43577&uri=dp.php%3Fid%3D2756940-681%26name%3Dswitch+pro+xbox+controller+adapter+for+nintendo+switch HTTP/1.1" 200 21665 "-" "Mozilla/5.0 (Linux; Android 6.0.1; Nexus 5X Build/MMB29P) AppleWebKit/537.36 (KHTML, like Gecko) Chrome/141.0.7390.122 Mobile Safari/537.36 (compatible; Googlebot/2.1; +http://www.google.com/bot.html)" 1016 **1/1016946**
66.249.69.140 - - [01/Nov/2025:05:50:36 -0700] "GET /product/edit/106834207091690?/js_6356af597ebeb154b969e538d3e95f0f/_drupal_sites_default_files_js_js_i3BGasXGb_pVk8CAUeSJnjMmyNE-bFprX9j4_djQznQ HTTP/1.1" 200 3857 "https://blalockdialysiscenter.com/product/edit/106834207091690" "Mozilla/5.0 (Linux; Android 6.0.1; Nexus 5X Build/MMB29P) AppleWebKit/537.36 (KHTML, like Gecko) Chrome/141.0.7390.122 Mobile Safari/537.36 (compatible; Googlebot/2.1; +http://www.google.com/bot.html)" 128 **0/128113**
66.249.69.141 - - [01/Nov/2025:05:50:36 -0700] "GET /?a=33301875031690&mod=73830f56&uri=product.php%3Fid%3D1114011-636%26name%3Dboat+neck+repeat+cashmere+pullover HTTP/1.1" 200 21644 "-" "Mozilla/5.0 (Linux; Android 6.0.1; Nexus 5X Build/MMB29P) AppleWebKit/537.36 (KHTML, like Gecko) Chrome/141.0.7390.122 Mobile Safari/537.36 (compatible; Googlebot/2.1; +http://www.google.com/bot.html)" 872 **0/872471**
66.249.72.226 - - [01/Nov/2025:05:50:37 -0700] "GET /product/edit/27345058071690?/js_757ed0132a844208f409fbb5067dfa2d/_drupal_sites_default_files_js_js_z1qFDrghecTCI5Rjumn4rMBYPHvd-E4L0DVpS2JCjnw HTTP/1.1" 200 320 "https://www.blalockdialysiscenter.com/product/edit/27345058071690" "Mozilla/5.0 (Linux; Android 6.0.1; Nexus 5X Build/MMB29P) AppleWebKit/537.36 (KHTML, like Gecko) Chrome/141.0.7390.122 Mobile Safari/537.36 (compatible; Googlebot/2.1; +http://www.google.com/bot.html)" 112 **0/112348**
66.249.69.141 - - [01/Nov/2025:05:50:37 -0700] "GET /?a=47884088001690&mod=7f04d9fc&uri=goods.php%3Fid%3D1601882-553%26name%3Dpivot+tavolini+alti+design HTTP/1.1" 200 21463 "-" "Mozilla/5.0 (Linux; Android 6.0.1; Nexus 5X Build/MMB29P) AppleWebKit/537.36 (KHTML, like Gecko) Chrome/141.0.7390.122 Mobile Safari/537.36 (compatible; Googlebot/2.1; +http://www.google.com/bot.html)" 542 **0/542586**
66.249.72.226 - - [01/Nov/2025:05:50:37 -0700] "GET /product/edit/27345058071690?/js_757ed0132a844208f409fbb5067dfa2d/_drupal_sites_default_files_js_js_i3BGasXGb_pVk8CAUeSJnjMmyNE-bFprX9j4_djQznQ HTTP/1.1" 200 3857 "https://www.blalockdialysiscenter.com/product/edit/27345058071690" "Mozilla/5.0 (Linux; Android 6.0.1; Nexus 5X Build/MMB29P) AppleWebKit/537.36 (KHTML, like Gecko) Chrome/141.0.7390.122 Mobile Safari/537.36 (compatible; Googlebot/2.1; +http://www.google.com/bot.html)" 110 **0/110140**
66.249.69.141 - - [01/Nov/2025:05:50:38 -0700] "GET /?a=31871111021690&mod=49fbb854&uri=pin.php%3Fid%3D1066145-602%26name%3Dhuawei+nova+huawei+color+a1 HTTP/1.1" 200 21021 "-" "Mozilla/5.0 (Linux; Android 6.0.1; Nexus 5X Build/MMB29P) AppleWebKit/537.36 (KHTML, like Gecko) Chrome/141.0.7390.122 Mobile Safari/537.36 (compatible; Googlebot/2.1; +http://www.google.com/bot.html)" 1045 **1/1045207**
66.249.69.140 - - [01/Nov/2025:05:50:38 -0700] "GET /?a=86471786041690&mod=743c11a9&uri=info.php%3Fid%3D2893267-268%26name%3Dhavaianas+slim+distribuidor+mayorista+de+ojotas+havaianas HTTP/1.1" 200 20846 "-" "Mozilla/5.0 (Linux; Android 6.0.1; Nexus 5X Build/MMB29P) AppleWebKit/537.36 (KHTML, like Gecko) Chrome/141.0.7390.122 Mobile Safari/537.36 (compatible; Googlebot/2.1; +http://www.google.com/bot.html)" 1191 **1/1191366**
66.249.69.129 - - [01/Nov/2025:05:50:39 -0700] "GET /?a=119154259031690&mod=44ac09ac&uri=blog.php%3Fid%3D3986990-27%26name%3Deducational+toys+kitchen+set+for+kids+online HTTP/1.1" 200 21607 "-" "Mozilla/5.0 (Linux; Android 6.0.1; Nexus 5X Build/MMB29P) AppleWebKit/537.36 (KHTML, like Gecko) Chrome/141.0.7390.122 Mobile Safari/537.36 (compatible; Googlebot/2.1; +http://www.google.com/bot.html)" 1079 **1/1079353**
66.249.69.141 - - [01/Nov/2025:05:50:40 -0700] "GET /?a=43161215011690&mod=2d2de08a&uri=shared.php%3Fid%3D1443872-407%26name%3Dsneaker+releases+sneaker+villa+bethlehem HTTP/1.1" 200 21657 "-" "Mozilla/5.0 (Linux; Android 6.0.1; Nexus 5X Build/MMB29P) AppleWebKit/537.36 (KHTML, like Gecko) Chrome/141.0.7390.122 Mobile Safari/537.36 (compatible; Googlebot/2.1; +http://www.google.com/bot.html)" 1054 **1/1054353**
66.249.69.128 - - [01/Nov/2025:05:50:41 -0700] "GET /?a=14626079061690&mod=0928a2ac&uri=pin.php%3Fid%3D489297-788%26name%3Dpiccolino+shoes+pikolinos+mens+shoes+sale HTTP/1.1" 200 20688 "-" "Mozilla/5.0 (Linux; Android 6.0.1; Nexus 5X Build/MMB29P) AppleWebKit/537.36 (KHTML, like Gecko) Chrome/141.0.7390.122 Mobile Safari/537.36 (compatible; Googlebot/2.1; +http://www.google.com/bot.html)" 1048 **1/1048300**
66.249.69.141 - - [01/Nov/2025:05:50:41 -0700] "GET /?a=58988906041690&mod=ee6fb1c7&uri=shop.php%3Fid%3D1973517-821%26name%3Dcastle+bed+kid+air+mattress HTTP/1.1" 200 21398 "-" "Mozilla/5.0 (Linux; Android 6.0.1; Nexus 5X Build/MMB29P) AppleWebKit/537.36 (KHTML, like Gecko) Chrome/141.0.7390.122 Mobile Safari/537.36 (compatible; Googlebot/2.1; +http://www.google.com/bot.html)" 1032 **1/1032679**
66.249.69.140 - - [01/Nov/2025:05:50:42 -0700] "GET /product/edit/104711199051690?/js_6356af597ebeb154b969e538d3e95f0f/_drupal_sites_default_files_js_js_nfGRbDhyXF9_dFjG2rkRRw84Gy6p5a4aGnpYcOKhuC4 HTTP/1.1" 200 96506 "https://blalockdialysiscenter.com/product/edit/104711199051690" "Mozilla/5.0 (Linux; Android 6.0.1; Nexus 5X Build/MMB29P) AppleWebKit/537.36 (KHTML, like Gecko) Chrome/141.0.7390.122 Mobile Safari/537.36 (compatible; Googlebot/2.1; +http://www.google.com/bot.html)" 244 **0/244322**
66.249.69.141 - - [01/Nov/2025:05:50:43 -0700] "GET /product/edit/104711199051690?/css_6356af597ebeb154b969e538d3e95f0f/_drupal_sites_default_files_css_css_LmUrbIckCDCKvN2_Q3zbp044aJ28BPsL4EcroazBk2w HTTP/1.1" 200 42233 "https://blalockdialysiscenter.com/product/edit/104711199051690" "Mozilla/5.0 (Linux; Android 6.0.1; Nexus 5X Build/MMB29P) AppleWebKit/537.36 (KHTML, like Gecko) Chrome/141.0.7390.122 Mobile Safari/537.36 (compatible; Googlebot/2.1; +http://www.google.com/bot.html)" 205 **0/205080**
66.249.72.226 - - [01/Nov/2025:05:50:43 -0700] "GET /?a=108867494041690&mod=38990c06&uri=product.php%3Fid%3D3642845-527%26name%3Daew+double+or+nothing+aew+live+online HTTP/1.1" 200 21718 "-" "Mozilla/5.0 (Linux; Android 6.0.1; Nexus 5X Build/MMB29P) AppleWebKit/537.36 (KHTML, like Gecko) Chrome/141.0.7390.122 Mobile Safari/537.36 (compatible; Googlebot/2.1; +http://www.google.com/bot.html)" 1002 **1/1002264**
66.249.69.140 - - [01/Nov/2025:05:50:44 -0700] "GET /product/edit/104711199051690?/css_6356af597ebeb154b969e538d3e95f0f/_drupal_modules_product_detail_assets_css_new_pc_product_detail HTTP/1.1" 200 5213 "https://blalockdialysiscenter.com/product/edit/104711199051690" "Mozilla/5.0 (Linux; Android 6.0.1; Nexus 5X Build/MMB29P) AppleWebKit/537.36 (KHTML, like Gecko) Chrome/141.0.7390.122 Mobile Safari/537.36 (compatible; Googlebot/2.1; +http://www.google.com/bot.html)" 120 **0/120524**
66.249.69.141 - - [01/Nov/2025:05:50:43 -0700] "GET /?a=64373771031690&mod=06138bc5&uri=shop.php%3Fid%3D2153718-2%26name%3Dbath+towel+esthetician+towels HTTP/1.1" 200 21192 "-" "Mozilla/5.0 (Linux; Android 6.0.1; Nexus 5X Build/MMB29P) AppleWebKit/537.36 (KHTML, like Gecko) Chrome/141.0.7390.122 Mobile Safari/537.36 (compatible; Googlebot/2.1; +http://www.google.com/bot.html)" 947 **0/947739**
66.249.69.129 - - [01/Nov/2025:05:50:44 -0700] "GET /product/edit/104711199051690?/js_6356af597ebeb154b969e538d3e95f0f/_drupal_sites_default_files_js_js_z1qFDrghecTCI5Rjumn4rMBYPHvd-E4L0DVpS2JCjnw HTTP/1.1" 200 320 "https://blalockdialysiscenter.com/product/edit/104711199051690" "Mozilla/5.0 (Linux; Android 6.0.1; Nexus 5X Build/MMB29P) AppleWebKit/537.36 (KHTML, like Gecko) Chrome/141.0.7390.122 Mobile Safari/537.36 (compatible; Googlebot/2.1; +http://www.google.com/bot.html)" 122 **0/122617**
66.249.69.129 - - [01/Nov/2025:05:50:45 -0700] "GET /product/edit/104711199051690?/css_6356af597ebeb154b969e538d3e95f0f/_drupal_sites_default_files_css_css_YLUY2usEybPXqNO15-ozAgAYsZmniqhrU6f3bp69-r4 HTTP/1.1" 200 3874 "https://blalockdialysiscenter.com/product/edit/104711199051690" "Mozilla/5.0 (Linux; Android 6.0.1; Nexus 5X Build/MMB29P) AppleWebKit/537.36 (KHTML, like Gecko) Chrome/141.0.7390.122 Mobile Safari/537.36 (compatible; Googlebot/2.1; +http://www.google.com/bot.html)" 117 **0/117599**
66.249.69.129 - - [01/Nov/2025:05:50:46 -0700] "GET /product/edit/104711199051690?/js_6356af597ebeb154b969e538d3e95f0f/_styles_js_lightbox HTTP/1.1" 200 4711 "https://blalockdialysiscenter.com/product/edit/104711199051690" "Mozilla/5.0 (Linux; Android 6.0.1; Nexus 5X Build/MMB29P) AppleWebKit/537.36 (KHTML, like Gecko) Chrome/141.0.7390.122 Mobile Safari/537.36 (compatible; Googlebot/2.1; +http://www.google.com/bot.html)" 120 **0/120662**
66.249.69.141 - - [01/Nov/2025:05:50:45 -0700] "GET /?a=110969380061690&mod=301f1517&uri=category-info.php%3Fid%3D3713165-190%26name%3Dgucci+canvas+gucci+guccissima+sukey+bag HTTP/1.1" 200 20646 "-" "Mozilla/5.0 (Linux; Android 6.0.1; Nexus 5X Build/MMB29P) AppleWebKit/537.36 (KHTML, like Gecko) Chrome/141.0.7390.122 Mobile Safari/537.36 (compatible; Googlebot/2.1; +http://www.google.com/bot.html)" 1177 **1/1177266**
40.77.167.12 - - [01/Nov/2025:05:50:45 -0700] "GET /?a=119277345091690&mod=7d7b04e9&uri=goods.php%3Fid%3D3991104-145%26name%3Dmax+270+lila HTTP/2.0" 200 20420 "-" "Mozilla/5.0 AppleWebKit/537.36 (KHTML, like Gecko; compatible; bingbot/2.0; +http://www.bing.com/bingbot.htm) Chrome/116.0.1938.76 Safari/537.36" 1173 **1/1173444**
66.249.69.128 - - [01/Nov/2025:05:50:47 -0700] "GET /product/edit/104711199051690?/css_6356af597ebeb154b969e538d3e95f0f/_styles_css_product-detail-ex01 HTTP/1.1" 200 397 "https://blalockdialysiscenter.com/product/edit/104711199051690" "Mozilla/5.0 (Linux; Android 6.0.1; Nexus 5X Build/MMB29P) AppleWebKit/537.36 (KHTML, like Gecko) Chrome/141.0.7390.122 Mobile Safari/537.36 (compatible; Googlebot/2.1; +http://www.google.com/bot.html)" 109 **0/109618**
66.249.69.128 - - [01/Nov/2025:05:50:46 -0700] "GET /?a=33169884031690&mod=5aa99ed4&uri=info.php%3Fid%3D1109594-191%26name%3Dpixel+iphone+11+camera HTTP/1.1" 200 20511 "-" "Mozilla/5.0 (Linux; Android 6.0.1; Nexus 5X Build/MMB29P) AppleWebKit/537.36 (KHTML, like Gecko) Chrome/141.0.7390.122 Mobile Safari/537.36 (compatible; Googlebot/2.1; +http://www.google.com/bot.html)" 1226 **1/1226111**
66.249.69.129 - - [01/Nov/2025:05:50:47 -0700] "GET /?a=31767246011690&mod=752e87eb&uri=product.php%3Fid%3D1062673-245%26name%3Dnike+air+max+white+nike+chunky+sneakers HTTP/1.1" 200 20923 "-" "Mozilla/5.0 (Linux; Android 6.0.1; Nexus 5X Build/MMB29P) AppleWebKit/537.36 (KHTML, like Gecko) Chrome/141.0.7390.122 Mobile Safari/537.36 (compatible; Googlebot/2.1; +http://www.google.com/bot.html)" 1078 **1/1078161**
66.249.69.141 - - [01/Nov/2025:05:50:48 -0700] "GET /product/edit/104711199051690?/css_6356af597ebeb154b969e538d3e95f0f/_styles_css_wanderer-fg HTTP/1.1" 200 184 "https://blalockdialysiscenter.com/product/edit/104711199051690" "Mozilla/5.0 (Linux; Android 6.0.1; Nexus 5X Build/MMB29P) AppleWebKit/537.36 (KHTML, like Gecko) Chrome/141.0.7390.122 Mobile Safari/537.36 (compatible; Googlebot/2.1; +http://www.google.com/bot.html)" 112 **0/112595**
40.77.167.154 - - [01/Nov/2025:05:50:47 -0700] "GET /?a=98813486021690&mod=cd53dd33&uri=search.php%3Fid%3D3306339-244%26name%3Dclothing+winter+jacket+sale+montreal HTTP/2.0" 200 20497 "-" "Mozilla/5.0 AppleWebKit/537.36 (KHTML, like Gecko; compatible; bingbot/2.0; +http://www.bing.com/bingbot.htm) Chrome/116.0.1938.76 Safari/537.36" 1172 **1/1172458**
66.249.69.140 - - [01/Nov/2025:05:50:48 -0700] "GET /product/edit/104711199051690?/js_6356af597ebeb154b969e538d3e95f0f/_styles_js_lazysizes.min HTTP/1.1" 200 3188 "https://blalockdialysiscenter.com/product/edit/104711199051690" "Mozilla/5.0 (Linux; Android 6.0.1; Nexus 5X Build/MMB29P) AppleWebKit/537.36 (KHTML, like Gecko) Chrome/141.0.7390.122 Mobile Safari/537.36 (compatible; Googlebot/2.1; +http://www.google.com/bot.html)" 110 **0/110359**
66.249.69.128 - - [01/Nov/2025:05:50:49 -0700] "GET /product/edit/104711199051690?/js_6356af597ebeb154b969e538d3e95f0f/_drupal_sites_default_files_js_js_G878YGhv0pYpg9iZ_hIm3vCCQWyhWgLawk-6b6wmZuU HTTP/1.1" 200 52631 "https://blalockdialysiscenter.com/product/edit/104711199051690" "Mozilla/5.0 (Linux; Android 6.0.1; Nexus 5X Build/MMB29P) AppleWebKit/537.36 (KHTML, like Gecko) Chrome/141.0.7390.122 Mobile Safari/537.36 (compatible; Googlebot/2.1; +http://www.google.com/bot.html)" 196 **0/196330**
66.249.69.141 - - [01/Nov/2025:05:50:49 -0700] "GET /?a=34361084041690&mod=16b42e3b&uri=product.php%3Fid%3D1149455-1086%26name%3Dface+women%27s+north+face+tamburello+parka+black HTTP/1.1" 200 20840 "-" "Mozilla/5.0 (Linux; Android 6.0.1; Nexus 5X Build/MMB29P) AppleWebKit/537.36 (KHTML, like Gecko) Chrome/141.0.7390.122 Mobile Safari/537.36 (compatible; Googlebot/2.1; +http://www.google.com/bot.html)" 1124 **1/1124531**
66.249.69.128 - - [01/Nov/2025:05:50:50 -0700] "GET /product/edit/104711199051690?/js_6356af597ebeb154b969e538d3e95f0f/_drupal_sites_default_files_js_js_i3BGasXGb_pVk8CAUeSJnjMmyNE-bFprX9j4_djQznQ HTTP/1.1" 200 3857 "https://blalockdialysiscenter.com/product/edit/104711199051690" "Mozilla/5.0 (Linux; Android 6.0.1; Nexus 5X Build/MMB29P) AppleWebKit/537.36 (KHTML, like Gecko) Chrome/141.0.7390.122 Mobile Safari/537.36 (compatible; Googlebot/2.1; +http://www.google.com/bot.html)" 112 **0/112061**
66.249.69.140 - - [01/Nov/2025:05:50:49 -0700] "GET /?a=65367896001690&mod=fbf53b6b&uri=blog.php%3Fid%3D2186965-358%26name%3Ddepila%C3%A7%C3%A3o+maquina+laser+luz+pulsada HTTP/1.1" 200 20572 "-" "Mozilla/5.0 (Linux; Android 6.0.1; Nexus 5X Build/MMB29P) AppleWebKit/537.36 (KHTML, like Gecko) Chrome/141.0.7390.122 Mobile Safari/537.36 (compatible; Googlebot/2.1; +http://www.google.com/bot.html)" 1110 **1/1110493**
66.249.69.129 - - [01/Nov/2025:05:50:51 -0700] "GET /?a=106795246061690&mod=17c43577&uri=dp.php%3Fid%3D3573497-681%26name%3Ddeals+why+is+nintendo+switch+out+of+stock+everywhere HTTP/1.1" 200 21071 "-" "Mozilla/5.0 (Linux; Android 6.0.1; Nexus 5X Build/MMB29P) AppleWebKit/537.36 (KHTML, like Gecko) Chrome/141.0.7390.122 Mobile Safari/537.36 (compatible; Googlebot/2.1; +http://www.google.com/bot.html)" 1224 **1/1224072**
66.249.69.128 - - [01/Nov/2025:05:50:52 -0700] "GET /?a=64794998041690&mod=e87602b4&uri=dp.php%3Fid%3D2167803-1259%26name%3Dbuilding+products+sac+zadig+et+voltaire+paiement+fois HTTP/1.1" 200 21176 "-" "Mozilla/5.0 (Linux; Android 6.0.1; Nexus 5X Build/MMB29P) AppleWebKit/537.36 (KHTML, like Gecko) Chrome/141.0.7390.122 Mobile Safari/537.36 (compatible; Googlebot/2.1; +http://www.google.com/bot.html)" 1269 **1/1269916**
66.249.69.140 - - [01/Nov/2025:05:50:52 -0700] "GET /?a=100154935011690&mod=3ce77534&uri=shared.php%3Fid%3D3351272-749%26name%3Dsprinter+316+mercedes+316+cdi+for+sale HTTP/1.1" 200 20752 "-" "Mozilla/5.0 (Linux; Android 6.0.1; Nexus 5X Build/MMB29P) AppleWebKit/537.36 (KHTML, like Gecko) Chrome/141.0.7390.122 Mobile Safari/537.36 (compatible; Googlebot/2.1; +http://www.google.com/bot.html)" 1218 **1/1218087**
66.249.69.129 - - [01/Nov/2025:05:50:53 -0700] "GET /?a=21456093001690&mod=9a9edc17&uri=search.php%3Fid%3D717785-468%26name%3Dsmart+watch+lifebee+orologio HTTP/1.1" 200 21670 "-" "Mozilla/5.0 (Linux; Android 6.0.1; Nexus 5X Build/MMB29P) AppleWebKit/537.36 (KHTML, like Gecko) Chrome/141.0.7390.122 Mobile Safari/537.36 (compatible; Googlebot/2.1; +http://www.google.com/bot.html)" 1086 **1/1086578**
66.249.69.130 - - [01/Nov/2025:05:50:54 -0700] "GET /?a=83096312011690&mod=c824b883&uri=itm.php%3Fid%3D2780283-1312%26name%3Djordan+nylon+crossbody+bag+australia HTTP/1.1" 200 20691 "-" "Mozilla/5.0 (Linux; Android 6.0.1; Nexus 5X Build/MMB29P) AppleWebKit/537.36 (KHTML, like Gecko) Chrome/141.0.7390.122 Mobile Safari/537.36 (compatible; Googlebot/2.1; +http://www.google.com/bot.html)" 1154 **1/1154731**
66.249.69.128 - - [01/Nov/2025:05:50:54 -0700] "GET /?a=68453843001690&mod=20337d9c&uri=dp.php%3Fid%3D2290190-114%26name%3Dnetflix+amazon+prime+shows+top HTTP/1.1" 200 21732 "-" "Mozilla/5.0 (Linux; Android 6.0.1; Nexus 5X Build/MMB29P) AppleWebKit/537.36 (KHTML, like Gecko) Chrome/141.0.7390.122 Mobile Safari/537.36 (compatible; Googlebot/2.1; +http://www.google.com/bot.html)" 1248 **1/1248994**
66.249.69.128 - - [01/Nov/2025:05:50:55 -0700] "GET /?a=62339280001690&mod=dae331b1&uri=goods.php%3Fid%3D2085668-765%26name%3Dtrikot+kurzarm+nike+energy+iii HTTP/1.1" 200 21156 "-" "Mozilla/5.0 (Linux; Android 6.0.1; Nexus 5X Build/MMB29P) AppleWebKit/537.36 (KHTML, like Gecko) Chrome/141.0.7390.122 Mobile Safari/537.36 (compatible; Googlebot/2.1; +http://www.google.com/bot.html)" 1114 **1/1114894**
66.249.69.141 - - [01/Nov/2025:05:50:56 -0700] "GET /?a=36827744101690&mod=103a00f6&uri=form.php%3Fid%3D1231996-199%26name%3Dframe+bag+pro+discover+bars HTTP/1.1" 200 20436 "-" "Mozilla/5.0 (Linux; Android 6.0.1; Nexus 5X Build/MMB29P) AppleWebKit/537.36 (KHTML, like Gecko) Chrome/141.0.7390.122 Mobile Safari/537.36 (compatible; Googlebot/2.1; +http://www.google.com/bot.html)" 1026 **1/1026543**
66.249.69.128 - - [01/Nov/2025:05:50:56 -0700] "GET /?a=97079226051690&mod=02f657d5&uri=blog.php%3Fid%3D3248270-25%26name%3Dgrinder+mixer+meijer+meat+grinder HTTP/1.1" 200 21245 "-" "Mozilla/5.0 (Linux; Android 6.0.1; Nexus 5X Build/MMB29P) AppleWebKit/537.36 (KHTML, like Gecko) Chrome/141.0.7390.122 Mobile Safari/537.36 (compatible; Googlebot/2.1; +http://www.google.com/bot.html)" 905 **0/905287**
66.249.69.130 - - [01/Nov/2025:05:50:57 -0700] "GET /?a=34208596031690&mod=7cc5a754&uri=product.php%3Fid%3D1144356-80%26name%3Dremsta+bedroom+armchair+ikea HTTP/1.1" 200 21263 "-" "Mozilla/5.0 (Linux; Android 6.0.1; Nexus 5X Build/MMB29P) AppleWebKit/537.36 (KHTML, like Gecko) Chrome/141.0.7390.122 Mobile Safari/537.36 (compatible; Googlebot/2.1; +http://www.google.com/bot.html)" 760 **0/760697**
66.249.69.141 - - [01/Nov/2025:05:50:57 -0700] "GET /?a=32057944051690&mod=54a96ac3&uri=products.php%3Fid%3D1072394-314%26name%3Dcanon+tr4500+printer+add+canon+pixma+printer+to+chromebook HTTP/1.1" 200 21207 "-" "Mozilla/5.0 (Linux; Android 6.0.1; Nexus 5X Build/MMB29P) AppleWebKit/537.36 (KHTML, like Gecko) Chrome/141.0.7390.122 Mobile Safari/537.36 (compatible; Googlebot/2.1; +http://www.google.com/bot.html)" 836 **0/836373**
66.249.69.129 - - [01/Nov/2025:05:50:58 -0700] "GET /?a=66928219041690&mod=2f093e72&uri=goods.php%3Fid%3D2239157-141%26name%3Duav+skywalker+x5+pro HTTP/1.1" 200 20546 "-" "Mozilla/5.0 (Linux; Android 6.0.1; Nexus 5X Build/MMB29P) AppleWebKit/537.36 (KHTML, like Gecko) Chrome/141.0.7390.122 Mobile Safari/537.36 (compatible; Googlebot/2.1; +http://www.google.com/bot.html)" 822 **0/822843**
66.249.69.140 - - [01/Nov/2025:05:50:58 -0700] "GET /?a=101811129021690&mod=2b355675&uri=dp.php%3Fid%3D3406663-437%26name%3Dzalando+mckinley+wintermantel HTTP/1.1" 200 21595 "-" "Mozilla/5.0 (Linux; Android 6.0.1; Nexus 5X Build/MMB29P) AppleWebKit/537.36 (KHTML, like Gecko) Chrome/141.0.7390.122 Mobile Safari/537.36 (compatible; Googlebot/2.1; +http://www.google.com/bot.html)" 935 **0/935465**
66.249.69.140 - - [01/Nov/2025:05:50:59 -0700] "GET /?a=1802502021690&mod=eeb835dc&uri=article.php%3Fid%3D60249-425%26name%3Dsony+best+buy+rent+camera HTTP/1.1" 200 20830 "-" "Mozilla/5.0 (Linux; Android 6.0.1; Nexus 5X Build/MMB29P) AppleWebKit/537.36 (KHTML, like Gecko) Chrome/141.0.7390.122 Mobile Safari/537.36 (compatible; Googlebot/2.1; +http://www.google.com/bot.html)" 954 **0/954575**
66.249.69.128 - - [01/Nov/2025:05:50:59 -0700] "GET /?a=117347915051690&mod=8c2c1e2e&uri=product.php%3Fid%3D3926540-844%26name%3Dsparkle+prom+dress+s HTTP/1.1" 200 20264 "-" "Mozilla/5.0 (Linux; Android 6.0.1; Nexus 5X Build/MMB29P) AppleWebKit/537.36 (KHTML, like Gecko) Chrome/141.0.7390.122 Mobile Safari/537.36 (compatible; Googlebot/2.1; +http://www.google.com/bot.html)" 684 **0/684799**
66.249.69.128 - - [01/Nov/2025:05:51:00 -0700] "GET /?a=83471264061690&mod=1e2d681b&uri=blog.php%3Fid%3D2792822-235%26name%3Dmr+cool+installing+a+mini+split+ac HTTP/1.1" 200 21102 "-" "Mozilla/5.0 (Linux; Android 6.0.1; Nexus 5X Build/MMB29P) AppleWebKit/537.36 (KHTML, like Gecko) Chrome/141.0.7390.122 Mobile Safari/537.36 (compatible; Googlebot/2.1; +http://www.google.com/bot.html)" 324 **0/324832**
66.249.69.130 - - [01/Nov/2025:05:51:00 -0700] "GET /?a=25397214041690&mod=398024cb&uri=shop.php%3Fid%3D849613-78%26name%3Dwooden+dress+melissa+and+doug+magnetic+paper+dolls HTTP/1.1" 200 20969 "-" "Mozilla/5.0 (Linux; Android 6.0.1; Nexus 5X Build/MMB29P) AppleWebKit/537.36 (KHTML, like Gecko) Chrome/141.0.7390.122 Mobile Safari/537.36 (compatible; Googlebot/2.1; +http://www.google.com/bot.html)" 336 **0/336618**
66.249.69.128 - - [01/Nov/2025:05:51:01 -0700] "GET /?a=83630589051690&mod=82d3149f&uri=shop.php%3Fid%3D2798152-94%26name%3Ddisplay+rack+curved+clothing+rack HTTP/1.1" 200 21041 "-" "Mozilla/5.0 (Linux; Android 6.0.1; Nexus 5X Build/MMB29P) AppleWebKit/537.36 (KHTML, like Gecko) Chrome/141.0.7390.122 Mobile Safari/537.36 (compatible; Googlebot/2.1; +http://www.google.com/bot.html)" 460 **0/460676**
66.249.69.128 - - [01/Nov/2025:05:51:01 -0700] "GET /?a=26715999071690&mod=655ea4bd&uri=form.php%3Fid%3D893716-15%26name%3Dblue+suit+plaid+shirt+and+blazer HTTP/1.1" 200 21106 "-" "Mozilla/5.0 (Linux; Android 6.0.1; Nexus 5X Build/MMB29P) AppleWebKit/537.36 (KHTML, like Gecko) Chrome/141.0.7390.122 Mobile Safari/537.36 (compatible; Googlebot/2.1; +http://www.google.com/bot.html)" 587 **0/587074**
66.249.69.128 - - [01/Nov/2025:05:51:01 -0700] "GET /?a=67847175071690&mod=baedb748&uri=form.php%3Fid%3D2269900-380%26name%3Dnovit%C3%A0+calzature+sandali+bassi+silko HTTP/1.1" 200 20842 "-" "Mozilla/5.0 (Linux; Android 6.0.1; Nexus 5X Build/MMB29P) AppleWebKit/537.36 (KHTML, like Gecko) Chrome/141.0.7390.122 Mobile Safari/537.36 (compatible; Googlebot/2.1; +http://www.google.com/bot.html)" 590 **0/590187**
66.249.72.228 - - [01/Nov/2025:05:51:02 -0700] "GET /product/edit/93569832031690?/css_757ed0132a844208f409fbb5067dfa2d/_drupal_modules_product_detail_assets_css_new_pc_product_detail HTTP/1.1" 200 5213 "https://www.blalockdialysiscenter.com/product/edit/93569832031690" "Mozilla/5.0 (Linux; Android 6.0.1; Nexus 5X Build/MMB29P) AppleWebKit/537.36 (KHTML, like Gecko) Chrome/141.0.7390.122 Mobile Safari/537.36 (compatible; Googlebot/2.1; +http://www.google.com/bot.html)" 111 **0/111692**
66.249.72.228 - - [01/Nov/2025:05:51:03 -0700] "GET /product/edit/93569832031690?/js_757ed0132a844208f409fbb5067dfa2d/_drupal_sites_default_files_js_js_G878YGhv0pYpg9iZ_hIm3vCCQWyhWgLawk-6b6wmZuU HTTP/1.1" 200 52631 "https://www.blalockdialysiscenter.com/product/edit/93569832031690" "Mozilla/5.0 (Linux; Android 6.0.1; Nexus 5X Build/MMB29P) AppleWebKit/537.36 (KHTML, like Gecko) Chrome/141.0.7390.122 Mobile Safari/537.36 (compatible; Googlebot/2.1; +http://www.google.com/bot.html)" 203 **0/203170**
66.249.69.141 - - [01/Nov/2025:05:51:04 -0700] "GET /?a=95804227031690&mod=d123a7a9&uri=itm.php%3Fid%3D3205536-1001%26name%3Dpolo+shirt+l+acoustics+t+shirt HTTP/1.1" 200 20739 "-" "Mozilla/5.0 (Linux; Android 6.0.1; Nexus 5X Build/MMB29P) AppleWebKit/537.36 (KHTML, like Gecko) Chrome/141.0.7390.122 Mobile Safari/537.36 (compatible; Googlebot/2.1; +http://www.google.com/bot.html)" 718 **0/718211**
66.249.72.226 - - [01/Nov/2025:05:51:05 -0700] "GET /product/edit/93569832031690?/js_757ed0132a844208f409fbb5067dfa2d/_drupal_sites_default_files_js_js_nfGRbDhyXF9_dFjG2rkRRw84Gy6p5a4aGnpYcOKhuC4 HTTP/1.1" 200 96506 "https://www.blalockdialysiscenter.com/product/edit/93569832031690" "Mozilla/5.0 (Linux; Android 6.0.1; Nexus 5X Build/MMB29P) AppleWebKit/537.36 (KHTML, like Gecko) Chrome/141.0.7390.122 Mobile Safari/537.36 (compatible; Googlebot/2.1; +http://www.google.com/bot.html)" 252 **0/252579**
66.249.69.128 - - [01/Nov/2025:05:51:05 -0700] "GET /pcmypage?callback=product/review/110974565031690 HTTP/1.1" 200 21087 "-" "Mozilla/5.0 (Linux; Android 6.0.1; Nexus 5X Build/MMB29P) AppleWebKit/537.36 (KHTML, like Gecko) Chrome/141.0.7390.122 Mobile Safari/537.36 (compatible; Googlebot/2.1; +http://www.google.com/bot.html)" 541 **0/541582**
66.249.72.226 - - [01/Nov/2025:05:51:06 -0700] "GET /product/edit/93569832031690?/js_757ed0132a844208f409fbb5067dfa2d/_styles_js_lightbox HTTP/1.1" 200 4711 "https://www.blalockdialysiscenter.com/product/edit/93569832031690" "Mozilla/5.0 (Linux; Android 6.0.1; Nexus 5X Build/MMB29P) AppleWebKit/537.36 (KHTML, like Gecko) Chrome/141.0.7390.122 Mobile Safari/537.36 (compatible; Googlebot/2.1; +http://www.google.com/bot.html)" 111 **0/111553**
66.249.69.128 - - [01/Nov/2025:05:51:05 -0700] "GET /?a=1664393011690&mod=2ba77af8&uri=pin.php%3Fid%3D55632-413%26name%3Dbest+sweet+white+wine+wine+for+beginners HTTP/1.1" 200 20471 "-" "Mozilla/5.0 (Linux; Android 6.0.1; Nexus 5X Build/MMB29P) AppleWebKit/537.36 (KHTML, like Gecko) Chrome/141.0.7390.122 Mobile Safari/537.36 (compatible; Googlebot/2.1; +http://www.google.com/bot.html)" 665 **0/665897**
66.249.72.227 - - [01/Nov/2025:05:51:07 -0700] "GET /product/edit/93569832031690?/css_757ed0132a844208f409fbb5067dfa2d/_styles_css_wanderer-fg HTTP/1.1" 200 184 "https://www.blalockdialysiscenter.com/product/edit/93569832031690" "Mozilla/5.0 (Linux; Android 6.0.1; Nexus 5X Build/MMB29P) AppleWebKit/537.36 (KHTML, like Gecko) Chrome/141.0.7390.122 Mobile Safari/537.36 (compatible; Googlebot/2.1; +http://www.google.com/bot.html)" 114 **0/114350**
66.249.69.128 - - [01/Nov/2025:05:51:07 -0700] "GET /?a=119448561031690&mod=489acfbf&uri=brands.php%3Fid%3D3996831-786%26name%3Dlongsleeve+tee+off+white+red+long+sleeve HTTP/1.1" 200 19839 "-" "Mozilla/5.0 (Linux; Android 6.0.1; Nexus 5X Build/MMB29P) AppleWebKit/537.36 (KHTML, like Gecko) Chrome/141.0.7390.122 Mobile Safari/537.36 (compatible; Googlebot/2.1; +http://www.google.com/bot.html)" 462 **0/462010**
66.249.72.226 - - [01/Nov/2025:05:51:08 -0700] "GET /?a=62934708031690&mod=be547580&uri=article.php%3Fid%3D2105586-474%26name%3Dvector+print+logo+on+shirt HTTP/1.1" 200 21252 "-" "Mozilla/5.0 (Linux; Android 6.0.1; Nexus 5X Build/MMB29P) AppleWebKit/537.36 (KHTML, like Gecko) Chrome/141.0.7390.122 Mobile Safari/537.36 (compatible; Googlebot/2.1; +http://www.google.com/bot.html)" 613 **0/613740**
66.249.72.227 - - [01/Nov/2025:05:51:08 -0700] "GET /product/edit/93569832031690?/css_757ed0132a844208f409fbb5067dfa2d/_drupal_sites_default_files_css_css_LmUrbIckCDCKvN2_Q3zbp044aJ28BPsL4EcroazBk2w HTTP/1.1" 200 42233 "https://www.blalockdialysiscenter.com/product/edit/93569832031690" "Mozilla/5.0 (Linux; Android 6.0.1; Nexus 5X Build/MMB29P) AppleWebKit/537.36 (KHTML, like Gecko) Chrome/141.0.7390.122 Mobile Safari/537.36 (compatible; Googlebot/2.1; +http://www.google.com/bot.html)" 211 **0/211100**
66.249.69.141 - - [01/Nov/2025:05:51:09 -0700] "GET /?a=8133193021690&mod=5f389d82&uri=brands.php%3Fid%3D272030-843%26name%3Dmax+2017+nike+air+max+2018+negro HTTP/1.1" 200 20587 "-" "Mozilla/5.0 (Linux; Android 6.0.1; Nexus 5X Build/MMB29P) AppleWebKit/537.36 (KHTML, like Gecko) Chrome/141.0.7390.122 Mobile Safari/537.36 (compatible; Googlebot/2.1; +http://www.google.com/bot.html)" 930 **0/930839**
66.249.72.226 - - [01/Nov/2025:05:51:10 -0700] "GET /product/edit/93569832031690?/js_757ed0132a844208f409fbb5067dfa2d/_drupal_sites_default_files_js_js_z1qFDrghecTCI5Rjumn4rMBYPHvd-E4L0DVpS2JCjnw HTTP/1.1" 200 320 "https://www.blalockdialysiscenter.com/product/edit/93569832031690" "Mozilla/5.0 (Linux; Android 6.0.1; Nexus 5X Build/MMB29P) AppleWebKit/537.36 (KHTML, like Gecko) Chrome/141.0.7390.122 Mobile Safari/537.36 (compatible; Googlebot/2.1; +http://www.google.com/bot.html)" 112 **0/112969**
66.249.72.226 - - [01/Nov/2025:05:51:10 -0700] "GET /product/edit/93569832031690?/js_757ed0132a844208f409fbb5067dfa2d/_styles_js_lazysizes.min HTTP/1.1" 200 3188 "https://www.blalockdialysiscenter.com/product/edit/93569832031690" "Mozilla/5.0 (Linux; Android 6.0.1; Nexus 5X Build/MMB29P) AppleWebKit/537.36 (KHTML, like Gecko) Chrome/141.0.7390.122 Mobile Safari/537.36 (compatible; Googlebot/2.1; +http://www.google.com/bot.html)" 113 **0/113998**
66.249.69.140 - - [01/Nov/2025:05:51:09 -0700] "GET /?a=49295444011690&mod=069802d4&uri=itm.php%3Fid%3D1649137-158%26name%3Dsubwoofer+speaker+sony+xplod+10+inch+subwoofer+1100w+price HTTP/1.1" 200 21087 "-" "Mozilla/5.0 (Linux; Android 6.0.1; Nexus 5X Build/MMB29P) AppleWebKit/537.36 (KHTML, like Gecko) Chrome/141.0.7390.122 Mobile Safari/537.36 (compatible; Googlebot/2.1; +http://www.google.com/bot.html)" 1082 **1/1082914**
66.249.72.226 - - [01/Nov/2025:05:51:10 -0700] "GET /product/edit/93569832031690?/css_757ed0132a844208f409fbb5067dfa2d/_drupal_sites_default_files_css_css_YLUY2usEybPXqNO15-ozAgAYsZmniqhrU6f3bp69-r4 HTTP/1.1" 200 3874 "https://www.blalockdialysiscenter.com/product/edit/93569832031690" "Mozilla/5.0 (Linux; Android 6.0.1; Nexus 5X Build/MMB29P) AppleWebKit/537.36 (KHTML, like Gecko) Chrome/141.0.7390.122 Mobile Safari/537.36 (compatible; Googlebot/2.1; +http://www.google.com/bot.html)" 116 **0/116021**
66.249.72.226 - - [01/Nov/2025:05:51:12 -0700] "GET /product/edit/93569832031690?/css_757ed0132a844208f409fbb5067dfa2d/_styles_css_product-detail-ex01 HTTP/1.1" 200 397 "https://www.blalockdialysiscenter.com/product/edit/93569832031690" "Mozilla/5.0 (Linux; Android 6.0.1; Nexus 5X Build/MMB29P) AppleWebKit/537.36 (KHTML, like Gecko) Chrome/141.0.7390.122 Mobile Safari/537.36 (compatible; Googlebot/2.1; +http://www.google.com/bot.html)" 111 **0/111645**
66.249.72.226 - - [01/Nov/2025:05:51:11 -0700] "GET /?a=40791597001690&mod=8f8395eb&uri=info.php%3Fid%3D1364529-684%26name%3Dfootjoy+lightweight+footjoy+golf+shorts+amazon HTTP/1.1" 200 20900 "-" "Mozilla/5.0 (Linux; Android 6.0.1; Nexus 5X Build/MMB29P) AppleWebKit/537.36 (KHTML, like Gecko) Chrome/141.0.7390.122 Mobile Safari/537.36 (compatible; Googlebot/2.1; +http://www.google.com/bot.html)" 861 **0/861947**
66.249.72.226 - - [01/Nov/2025:05:51:12 -0700] "GET /product/edit/93569832031690?/js_757ed0132a844208f409fbb5067dfa2d/_drupal_sites_default_files_js_js_i3BGasXGb_pVk8CAUeSJnjMmyNE-bFprX9j4_djQznQ HTTP/1.1" 200 3857 "https://www.blalockdialysiscenter.com/product/edit/93569832031690" "Mozilla/5.0 (Linux; Android 6.0.1; Nexus 5X Build/MMB29P) AppleWebKit/537.36 (KHTML, like Gecko) Chrome/141.0.7390.122 Mobile Safari/537.36 (compatible; Googlebot/2.1; +http://www.google.com/bot.html)" 112 **0/112233**
66.249.69.141 - - [01/Nov/2025:05:51:12 -0700] "GET /?a=106660193061690&mod=4c26774d&uri=brands.php%3Fid%3D3568989-58%26name%3Ddisc+brake+samebike+lo26+electric+bike HTTP/1.1" 200 21525 "-" "Mozilla/5.0 (Linux; Android 6.0.1; Nexus 5X Build/MMB29P) AppleWebKit/537.36 (KHTML, like Gecko) Chrome/141.0.7390.122 Mobile Safari/537.36 (compatible; Googlebot/2.1; +http://www.google.com/bot.html)" 911 **0/911505**
66.249.69.141 - - [01/Nov/2025:05:51:13 -0700] "GET /?a=93419091001690&mod=799d3f5d&uri=form.php%3Fid%3D3125755-258%26name%3Dmedias+polainas+bebe+amazon HTTP/1.1" 200 20975 "-" "Mozilla/5.0 (Linux; Android 6.0.1; Nexus 5X Build/MMB29P) AppleWebKit/537.36 (KHTML, like Gecko) Chrome/141.0.7390.122 Mobile Safari/537.36 (compatible; Googlebot/2.1; +http://www.google.com/bot.html)" 938 **0/938460**
66.249.72.226 - - [01/Nov/2025:05:51:14 -0700] "GET /?a=32774550031690&mod=eeb835dc&uri=brands.php%3Fid%3D1096376-425%26name%3Dt%C3%A9l%C3%A9phone+leioa+s20%2B+pro HTTP/1.1" 200 21173 "-" "Mozilla/5.0 (Linux; Android 6.0.1; Nexus 5X Build/MMB29P) AppleWebKit/537.36 (KHTML, like Gecko) Chrome/141.0.7390.122 Mobile Safari/537.36 (compatible; Googlebot/2.1; +http://www.google.com/bot.html)" 1069 **1/1069503**
66.249.69.140 - - [01/Nov/2025:05:51:15 -0700] "GET /pcmypage?callback=/product%2Fdetail%2F114173038062690 HTTP/1.1" 200 20669 "-" "Mozilla/5.0 (Linux; Android 6.0.1; Nexus 5X Build/MMB29P) AppleWebKit/537.36 (KHTML, like Gecko) Chrome/141.0.7390.122 Mobile Safari/537.36 (compatible; Googlebot/2.1; +http://www.google.com/bot.html)" 1048 **1/1048882**
66.249.69.140 - - [01/Nov/2025:05:51:16 -0700] "GET /product/edit/116214125051690 HTTP/1.1" 200 20742 "-" "Mozilla/5.0 (Linux; Android 6.0.1; Nexus 5X Build/MMB29P) AppleWebKit/537.36 (KHTML, like Gecko) Chrome/141.0.7390.122 Mobile Safari/537.36 (compatible; Googlebot/2.1; +http://www.google.com/bot.html)" 982 **0/982065**
66.249.69.141 - - [01/Nov/2025:05:51:16 -0700] "GET /?a=36505777081690&mod=17c43577&uri=goods.php%3Fid%3D1221227-681%26name%3Ddropps+active+pods+review HTTP/1.1" 200 20786 "-" "Mozilla/5.0 (Linux; Android 6.0.1; Nexus 5X Build/MMB29P) AppleWebKit/537.36 (KHTML, like Gecko) Chrome/141.0.7390.122 Mobile Safari/537.36 (compatible; Googlebot/2.1; +http://www.google.com/bot.html)" 1001 **1/1001298**
66.249.69.141 - - [01/Nov/2025:05:51:17 -0700] "GET /pcmypage?callback=/product%2Fdetail%2F100574410042690 HTTP/1.1" 200 20553 "-" "Mozilla/5.0 (Linux; Android 6.0.1; Nexus 5X Build/MMB29P) AppleWebKit/537.36 (KHTML, like Gecko) Chrome/141.0.7390.122 Mobile Safari/537.36 (compatible; Googlebot/2.1; +http://www.google.com/bot.html)" 939 **0/939132**
66.249.69.140 - - [01/Nov/2025:05:51:17 -0700] "GET /?a=4568820081690&mod=a0946d73&uri=category-info.php%3Fid%3D152785-362%26name%3Dbusse+winterreitstiefel+oslo HTTP/1.1" 200 20993 "-" "Mozilla/5.0 (Linux; Android 6.0.1; Nexus 5X Build/MMB29P) AppleWebKit/537.36 (KHTML, like Gecko) Chrome/141.0.7390.122 Mobile Safari/537.36 (compatible; Googlebot/2.1; +http://www.google.com/bot.html)" 840 **0/840839**
66.249.69.140 - - [01/Nov/2025:05:51:18 -0700] "GET /?a=20302016011690&mod=50c8932f&uri=category-info.php%3Fid%3D679180-446%26name%3Dlas+flores+zapateria+flores HTTP/1.1" 200 20158 "-" "Mozilla/5.0 (Linux; Android 6.0.1; Nexus 5X Build/MMB29P) AppleWebKit/537.36 (KHTML, like Gecko) Chrome/141.0.7390.122 Mobile Safari/537.36 (compatible; Googlebot/2.1; +http://www.google.com/bot.html)" 919 **0/919488**
66.249.69.141 - - [01/Nov/2025:05:51:19 -0700] "GET /pcmypage?callback=product/review/116190417041690 HTTP/1.1" 200 19871 "-" "Mozilla/5.0 (Linux; Android 6.0.1; Nexus 5X Build/MMB29P) AppleWebKit/537.36 (KHTML, like Gecko) Chrome/141.0.7390.122 Mobile Safari/537.36 (compatible; Googlebot/2.1; +http://www.google.com/bot.html)" 1083 **1/1083396**
66.249.69.141 - - [01/Nov/2025:05:51:19 -0700] "GET /pcmypage?callback=product/review/102525121061690 HTTP/1.1" 200 21499 "-" "Mozilla/5.0 (Linux; Android 6.0.1; Nexus 5X Build/MMB29P) AppleWebKit/537.36 (KHTML, like Gecko) Chrome/141.0.7390.122 Mobile Safari/537.36 (compatible; Googlebot/2.1; +http://www.google.com/bot.html)" 883 **0/883218**
66.249.69.140 - - [01/Nov/2025:05:51:20 -0700] "GET /product/edit/116214125051690?/js_6356af597ebeb154b969e538d3e95f0f/_drupal_sites_default_files_js_js_nfGRbDhyXF9_dFjG2rkRRw84Gy6p5a4aGnpYcOKhuC4 HTTP/1.1" 200 96506 "https://blalockdialysiscenter.com/product/edit/116214125051690" "Mozilla/5.0 (Linux; Android 6.0.1; Nexus 5X Build/MMB29P) AppleWebKit/537.36 (KHTML, like Gecko) Chrome/141.0.7390.122 Mobile Safari/537.36 (compatible; Googlebot/2.1; +http://www.google.com/bot.html)" 256 **0/256014**
66.249.69.141 - - [01/Nov/2025:05:51:20 -0700] "GET /product/edit/109289803021690 HTTP/1.1" 200 20535 "-" "Mozilla/5.0 (Linux; Android 6.0.1; Nexus 5X Build/MMB29P) AppleWebKit/537.36 (KHTML, like Gecko) Chrome/141.0.7390.122 Mobile Safari/537.36 (compatible; Googlebot/2.1; +http://www.google.com/bot.html)" 959 **0/959226**
66.249.72.226 - - [01/Nov/2025:05:51:21 -0700] "GET /product/edit/75468114011690 HTTP/1.1" 200 21300 "-" "Mozilla/5.0 (Linux; Android 6.0.1; Nexus 5X Build/MMB29P) AppleWebKit/537.36 (KHTML, like Gecko) Chrome/141.0.7390.122 Mobile Safari/537.36 (compatible; Googlebot/2.1; +http://www.google.com/bot.html)" 1401 **1/1401952**
66.249.69.140 - - [01/Nov/2025:05:51:21 -0700] "GET /product/edit/61361575031690 HTTP/1.1" 200 21909 "-" "Mozilla/5.0 (Linux; Android 6.0.1; Nexus 5X Build/MMB29P) AppleWebKit/537.36 (KHTML, like Gecko) Chrome/141.0.7390.122 Mobile Safari/537.36 (compatible; Googlebot/2.1; +http://www.google.com/bot.html)" 1470 **1/1470284**
66.249.69.128 - - [01/Nov/2025:05:51:22 -0700] "GET /product/edit/116214125051690?/css_6356af597ebeb154b969e538d3e95f0f/_drupal_sites_default_files_css_css_LmUrbIckCDCKvN2_Q3zbp044aJ28BPsL4EcroazBk2w HTTP/1.1" 200 42233 "https://blalockdialysiscenter.com/product/edit/116214125051690" "Mozilla/5.0 (Linux; Android 6.0.1; Nexus 5X Build/MMB29P) AppleWebKit/537.36 (KHTML, like Gecko) Chrome/141.0.7390.122 Mobile Safari/537.36 (compatible; Googlebot/2.1; +http://www.google.com/bot.html)" 212 **0/212117**
66.249.69.141 - - [01/Nov/2025:05:51:23 -0700] "GET /product/edit/116214125051690?/css_6356af597ebeb154b969e538d3e95f0f/_drupal_modules_product_detail_assets_css_new_pc_product_detail HTTP/1.1" 200 5213 "https://blalockdialysiscenter.com/product/edit/116214125051690" "Mozilla/5.0 (Linux; Android 6.0.1; Nexus 5X Build/MMB29P) AppleWebKit/537.36 (KHTML, like Gecko) Chrome/141.0.7390.122 Mobile Safari/537.36 (compatible; Googlebot/2.1; +http://www.google.com/bot.html)" 122 **0/122266**
66.249.69.128 - - [01/Nov/2025:05:51:23 -0700] "GET /product/edit/116214125051690?/js_6356af597ebeb154b969e538d3e95f0f/_styles_js_lightbox HTTP/1.1" 200 4711 "https://blalockdialysiscenter.com/product/edit/116214125051690" "Mozilla/5.0 (Linux; Android 6.0.1; Nexus 5X Build/MMB29P) AppleWebKit/537.36 (KHTML, like Gecko) Chrome/141.0.7390.122 Mobile Safari/537.36 (compatible; Googlebot/2.1; +http://www.google.com/bot.html)" 115 **0/115714**
66.249.69.128 - - [01/Nov/2025:05:51:24 -0700] "GET /product/edit/116214125051690?/css_6356af597ebeb154b969e538d3e95f0f/_styles_css_product-detail-ex01 HTTP/1.1" 200 397 "https://blalockdialysiscenter.com/product/edit/116214125051690" "Mozilla/5.0 (Linux; Android 6.0.1; Nexus 5X Build/MMB29P) AppleWebKit/537.36 (KHTML, like Gecko) Chrome/141.0.7390.122 Mobile Safari/537.36 (compatible; Googlebot/2.1; +http://www.google.com/bot.html)" 110 **0/110452**
66.249.69.128 - - [01/Nov/2025:05:51:23 -0700] "GET /pcmypage?callback=product/review/110071098001690 HTTP/1.1" 200 21338 "-" "Mozilla/5.0 (Linux; Android 6.0.1; Nexus 5X Build/MMB29P) AppleWebKit/537.36 (KHTML, like Gecko) Chrome/141.0.7390.122 Mobile Safari/537.36 (compatible; Googlebot/2.1; +http://www.google.com/bot.html)" 1200 **1/1200543**
66.249.69.128 - - [01/Nov/2025:05:51:24 -0700] "GET /product/edit/116214125051690?/js_6356af597ebeb154b969e538d3e95f0f/_drupal_sites_default_files_js_js_G878YGhv0pYpg9iZ_hIm3vCCQWyhWgLawk-6b6wmZuU HTTP/1.1" 200 52631 "https://blalockdialysiscenter.com/product/edit/116214125051690" "Mozilla/5.0 (Linux; Android 6.0.1; Nexus 5X Build/MMB29P) AppleWebKit/537.36 (KHTML, like Gecko) Chrome/141.0.7390.122 Mobile Safari/537.36 (compatible; Googlebot/2.1; +http://www.google.com/bot.html)" 199 **0/199088**
66.249.69.140 - - [01/Nov/2025:05:51:24 -0700] "GET /pcmypage?callback=/product%2Fdetail%2F114910271052690 HTTP/1.1" 200 21280 "-" "Mozilla/5.0 (Linux; Android 6.0.1; Nexus 5X Build/MMB29P) AppleWebKit/537.36 (KHTML, like Gecko) Chrome/141.0.7390.122 Mobile Safari/537.36 (compatible; Googlebot/2.1; +http://www.google.com/bot.html)" 1148 **1/1148347**
66.249.69.128 - - [01/Nov/2025:05:51:25 -0700] "GET /product/edit/116214125051690?/css_6356af597ebeb154b969e538d3e95f0f/_styles_css_wanderer-fg HTTP/1.1" 200 184 "https://blalockdialysiscenter.com/product/edit/116214125051690" "Mozilla/5.0 (Linux; Android 6.0.1; Nexus 5X Build/MMB29P) AppleWebKit/537.36 (KHTML, like Gecko) Chrome/141.0.7390.122 Mobile Safari/537.36 (compatible; Googlebot/2.1; +http://www.google.com/bot.html)" 116 **0/116360**
66.249.69.140 - - [01/Nov/2025:05:51:26 -0700] "GET /product/edit/116214125051690?/js_6356af597ebeb154b969e538d3e95f0f/_styles_js_lazysizes.min HTTP/1.1" 200 3188 "https://blalockdialysiscenter.com/product/edit/116214125051690" "Mozilla/5.0 (Linux; Android 6.0.1; Nexus 5X Build/MMB29P) AppleWebKit/537.36 (KHTML, like Gecko) Chrome/141.0.7390.122 Mobile Safari/537.36 (compatible; Googlebot/2.1; +http://www.google.com/bot.html)" 126 **0/126011**
66.249.69.141 - - [01/Nov/2025:05:51:25 -0700] "GET /pcmypage?callback=product/review/103575851051690 HTTP/1.1" 200 20318 "-" "Mozilla/5.0 (Linux; Android 6.0.1; Nexus 5X Build/MMB29P) AppleWebKit/537.36 (KHTML, like Gecko) Chrome/141.0.7390.122 Mobile Safari/537.36 (compatible; Googlebot/2.1; +http://www.google.com/bot.html)" 1204 **1/1204144**
157.55.39.15 - - [01/Nov/2025:05:51:25 -0700] "GET /?a=2932140031690&mod=0b273b9a&uri=search.php%3Fid%3D98030-121%26name%3Dparfum+otto+kern+commitment+50ml HTTP/2.0" 200 19993 "-" "Mozilla/5.0 AppleWebKit/537.36 (KHTML, like Gecko; compatible; bingbot/2.0; +http://www.bing.com/bingbot.htm) Chrome/116.0.1938.76 Safari/537.36" 1251 **1/1251522**
66.249.69.128 - - [01/Nov/2025:05:51:27 -0700] "GET /product/edit/116214125051690?/js_6356af597ebeb154b969e538d3e95f0f/_drupal_sites_default_files_js_js_z1qFDrghecTCI5Rjumn4rMBYPHvd-E4L0DVpS2JCjnw HTTP/1.1" 200 320 "https://blalockdialysiscenter.com/product/edit/116214125051690" "Mozilla/5.0 (Linux; Android 6.0.1; Nexus 5X Build/MMB29P) AppleWebKit/537.36 (KHTML, like Gecko) Chrome/141.0.7390.122 Mobile Safari/537.36 (compatible; Googlebot/2.1; +http://www.google.com/bot.html)" 113 **0/113367**
66.249.69.140 - - [01/Nov/2025:05:51:27 -0700] "GET /product/edit/116214125051690?/css_6356af597ebeb154b969e538d3e95f0f/_drupal_sites_default_files_css_css_YLUY2usEybPXqNO15-ozAgAYsZmniqhrU6f3bp69-r4 HTTP/1.1" 200 3874 "https://blalockdialysiscenter.com/product/edit/116214125051690" "Mozilla/5.0 (Linux; Android 6.0.1; Nexus 5X Build/MMB29P) AppleWebKit/537.36 (KHTML, like Gecko) Chrome/141.0.7390.122 Mobile Safari/537.36 (compatible; Googlebot/2.1; +http://www.google.com/bot.html)" 114 **0/114601**
66.249.69.128 - - [01/Nov/2025:05:51:26 -0700] "GET /pcmypage?callback=/product%2Fdetail%2F109928971092690 HTTP/1.1" 200 21546 "-" "Mozilla/5.0 (Linux; Android 6.0.1; Nexus 5X Build/MMB29P) AppleWebKit/537.36 (KHTML, like Gecko) Chrome/141.0.7390.122 Mobile Safari/537.36 (compatible; Googlebot/2.1; +http://www.google.com/bot.html)" 1030 **1/1030533**
157.55.39.15 - - [01/Nov/2025:05:51:26 -0700] "GET /?a=45862249001690&mod=b1f68a18&uri=dp.php%3Fid%3D1534251-431%26name%3Dnewest+honda+honda+cbr+1000+rr+sp+usata HTTP/2.0" 200 21669 "-" "Mozilla/5.0 AppleWebKit/537.36 (KHTML, like Gecko; compatible; bingbot/2.0; +http://www.bing.com/bingbot.htm) Chrome/116.0.1938.76 Safari/537.36" 1040 **1/1040119**
40.77.167.12 - - [01/Nov/2025:05:51:27 -0700] "GET /?a=45737015011690&mod=00f50b1e&uri=brands.php%3Fid%3D1530065-1433%26name%3Dmicro+jupe+jupe+jaune+citron HTTP/2.0" 200 21000 "-" "Mozilla/5.0 AppleWebKit/537.36 (KHTML, like Gecko; compatible; bingbot/2.0; +http://www.bing.com/bingbot.htm) Chrome/116.0.1938.76 Safari/537.36" 1097 **1/1097263**
66.249.69.128 - - [01/Nov/2025:05:51:28 -0700] "GET /product/edit/109289803021690?/css_6356af597ebeb154b969e538d3e95f0f/_drupal_sites_default_files_css_css_LmUrbIckCDCKvN2_Q3zbp044aJ28BPsL4EcroazBk2w HTTP/1.1" 200 42233 "https://blalockdialysiscenter.com/product/edit/109289803021690" "Mozilla/5.0 (Linux; Android 6.0.1; Nexus 5X Build/MMB29P) AppleWebKit/537.36 (KHTML, like Gecko) Chrome/141.0.7390.122 Mobile Safari/537.36 (compatible; Googlebot/2.1; +http://www.google.com/bot.html)" 201 **0/201655**
66.249.69.128 - - [01/Nov/2025:05:51:28 -0700] "GET /pcmypage?callback=/product%2Fdetail%2F101752880042690 HTTP/1.1" 200 20631 "-" "Mozilla/5.0 (Linux; Android 6.0.1; Nexus 5X Build/MMB29P) AppleWebKit/537.36 (KHTML, like Gecko) Chrome/141.0.7390.122 Mobile Safari/537.36 (compatible; Googlebot/2.1; +http://www.google.com/bot.html)" 1091 **1/1091771**
66.249.69.140 - - [01/Nov/2025:05:51:29 -0700] "GET /product/edit/109289803021690?/js_6356af597ebeb154b969e538d3e95f0f/_styles_js_lightbox HTTP/1.1" 200 4711 "https://blalockdialysiscenter.com/product/edit/109289803021690" "Mozilla/5.0 (Linux; Android 6.0.1; Nexus 5X Build/MMB29P) AppleWebKit/537.36 (KHTML, like Gecko) Chrome/141.0.7390.122 Mobile Safari/537.36 (compatible; Googlebot/2.1; +http://www.google.com/bot.html)" 116 **0/116000**
66.249.69.140 - - [01/Nov/2025:05:51:30 -0700] "GET /product/edit/109289803021690?/js_6356af597ebeb154b969e538d3e95f0f/_styles_js_lazysizes.min HTTP/1.1" 200 3188 "https://blalockdialysiscenter.com/product/edit/109289803021690" "Mozilla/5.0 (Linux; Android 6.0.1; Nexus 5X Build/MMB29P) AppleWebKit/537.36 (KHTML, like Gecko) Chrome/141.0.7390.122 Mobile Safari/537.36 (compatible; Googlebot/2.1; +http://www.google.com/bot.html)" 114 **0/114815**
66.249.69.128 - - [01/Nov/2025:05:51:29 -0700] "GET /product/edit/83547133031690 HTTP/1.1" 200 21109 "-" "Mozilla/5.0 (Linux; Android 6.0.1; Nexus 5X Build/MMB29P) AppleWebKit/537.36 (KHTML, like Gecko) Chrome/141.0.7390.122 Mobile Safari/537.36 (compatible; Googlebot/2.1; +http://www.google.com/bot.html)" 1120 **1/1120969**
66.249.69.128 - - [01/Nov/2025:05:51:30 -0700] "GET /product/edit/109289803021690?/css_6356af597ebeb154b969e538d3e95f0f/_drupal_sites_default_files_css_css_YLUY2usEybPXqNO15-ozAgAYsZmniqhrU6f3bp69-r4 HTTP/1.1" 200 3874 "https://blalockdialysiscenter.com/product/edit/109289803021690" "Mozilla/5.0 (Linux; Android 6.0.1; Nexus 5X Build/MMB29P) AppleWebKit/537.36 (KHTML, like Gecko) Chrome/141.0.7390.122 Mobile Safari/537.36 (compatible; Googlebot/2.1; +http://www.google.com/bot.html)" 117 **0/117633**
66.249.69.141 - - [01/Nov/2025:05:51:30 -0700] "GET /product/edit/52137430111690 HTTP/1.1" 200 20413 "-" "Mozilla/5.0 (Linux; Android 6.0.1; Nexus 5X Build/MMB29P) AppleWebKit/537.36 (KHTML, like Gecko) Chrome/141.0.7390.122 Mobile Safari/537.36 (compatible; Googlebot/2.1; +http://www.google.com/bot.html)" 848 **0/848269**
66.249.69.141 - - [01/Nov/2025:05:51:31 -0700] "GET /product/edit/109289803021690?/css_6356af597ebeb154b969e538d3e95f0f/_drupal_modules_product_detail_assets_css_new_pc_product_detail HTTP/1.1" 200 5213 "https://blalockdialysiscenter.com/product/edit/109289803021690" "Mozilla/5.0 (Linux; Android 6.0.1; Nexus 5X Build/MMB29P) AppleWebKit/537.36 (KHTML, like Gecko) Chrome/141.0.7390.122 Mobile Safari/537.36 (compatible; Googlebot/2.1; +http://www.google.com/bot.html)" 119 **0/119856**
66.249.69.128 - - [01/Nov/2025:05:51:32 -0700] "GET /product/edit/109289803021690?/js_6356af597ebeb154b969e538d3e95f0f/_drupal_sites_default_files_js_js_nfGRbDhyXF9_dFjG2rkRRw84Gy6p5a4aGnpYcOKhuC4 HTTP/1.1" 200 96506 "https://blalockdialysiscenter.com/product/edit/109289803021690" "Mozilla/5.0 (Linux; Android 6.0.1; Nexus 5X Build/MMB29P) AppleWebKit/537.36 (KHTML, like Gecko) Chrome/141.0.7390.122 Mobile Safari/537.36 (compatible; Googlebot/2.1; +http://www.google.com/bot.html)" 277 **0/277553**
66.249.69.128 - - [01/Nov/2025:05:51:31 -0700] "GET /?a=31992510051690&mod=a19077f2&uri=shop.php%3Fid%3D1070204-1546%26name%3Dlight+blue+royal+blue+pant+suit+womens HTTP/1.1" 200 20179 "-" "Mozilla/5.0 (Linux; Android 6.0.1; Nexus 5X Build/MMB29P) AppleWebKit/537.36 (KHTML, like Gecko) Chrome/141.0.7390.122 Mobile Safari/537.36 (compatible; Googlebot/2.1; +http://www.google.com/bot.html)" 952 **0/952373**
