66.249.69.140 - - [01/Nov/2025:05:23:54 -0700] "GET /?a=19557597041690&mod=e744f91c&uri=category-info.php%3Fid%3D654289-9%26name%3Djbl+e55bt+jbl+earphones+bt HTTP/1.1" 200 21225 "-" "Mozilla/5.0 (Linux; Android 6.0.1; Nexus 5X Build/MMB29P) AppleWebKit/537.36 (KHTML, like Gecko) Chrome/141.0.7390.122 Mobile Safari/537.36 (compatible; Googlebot/2.1; +http://www.google.com/bot.html)" 1233 **1/1233332**
66.249.69.141 - - [01/Nov/2025:05:23:54 -0700] "GET /?a=48575640041690&mod=2f3bbb97&uri=category-info.php%3Fid%3D1625023-49%26name%3Dorigins+discount+code+for+assassin%27s+creed+odyssey+ps4 HTTP/1.1" 200 20055 "-" "Mozilla/5.0 (Linux; Android 6.0.1; Nexus 5X Build/MMB29P) AppleWebKit/537.36 (KHTML, like Gecko) Chrome/141.0.7390.122 Mobile Safari/537.36 (compatible; Googlebot/2.1; +http://www.google.com/bot.html)" 1082 **1/1082834**
66.249.69.140 - - [01/Nov/2025:05:23:55 -0700] "GET /?a=82505578011690&mod=b7d2b8f2&uri=news.php%3Fid%3D2760506-943%26name%3Dlace+wig+quality+wigs+for+cheap HTTP/1.1" 200 20225 "-" "Mozilla/5.0 (Linux; Android 6.0.1; Nexus 5X Build/MMB29P) AppleWebKit/537.36 (KHTML, like Gecko) Chrome/141.0.7390.122 Mobile Safari/537.36 (compatible; Googlebot/2.1; +http://www.google.com/bot.html)" 983 **0/983639**
66.249.69.128 - - [01/Nov/2025:05:23:55 -0700] "GET /?a=61325863011690&mod=325c9a93&uri=category-info.php%3Fid%3D2051760-531%26name%3Dmulticolor+arcoiris+pop+it+arcoiris+redondo HTTP/1.1" 200 21418 "-" "Mozilla/5.0 (Linux; Android 6.0.1; Nexus 5X Build/MMB29P) AppleWebKit/537.36 (KHTML, like Gecko) Chrome/141.0.7390.122 Mobile Safari/537.36 (compatible; Googlebot/2.1; +http://www.google.com/bot.html)" 893 **0/893743**
66.249.69.128 - - [01/Nov/2025:05:23:56 -0700] "GET /?a=47925522011690&mod=6ac94846&uri=category-info.php%3Fid%3D1603266-854%26name%3Ddaniel+wellington+dapper+b38r1 HTTP/1.1" 200 20834 "-" "Mozilla/5.0 (Linux; Android 6.0.1; Nexus 5X Build/MMB29P) AppleWebKit/537.36 (KHTML, like Gecko) Chrome/141.0.7390.122 Mobile Safari/537.36 (compatible; Googlebot/2.1; +http://www.google.com/bot.html)" 844 **0/844603**
66.249.69.141 - - [01/Nov/2025:05:23:57 -0700] "GET /?a=42834017071690&mod=8a57e2e0&uri=shared.php%3Fid%3D1432918-700%26name%3Dleather+bag+brands+my+designer+handbag+nz HTTP/1.1" 200 20619 "-" "Mozilla/5.0 (Linux; Android 6.0.1; Nexus 5X Build/MMB29P) AppleWebKit/537.36 (KHTML, like Gecko) Chrome/141.0.7390.122 Mobile Safari/537.36 (compatible; Googlebot/2.1; +http://www.google.com/bot.html)" 949 **0/949491**
66.249.72.227 - - [01/Nov/2025:05:23:58 -0700] "GET /product/edit/41478061031690?/js_757ed0132a844208f409fbb5067dfa2d/_styles_js_lightbox HTTP/1.1" 200 4711 "https://www.blalockdialysiscenter.com/product/edit/41478061031690" "Mozilla/5.0 (Linux; Android 6.0.1; Nexus 5X Build/MMB29P) AppleWebKit/537.36 (KHTML, like Gecko) Chrome/141.0.7390.122 Mobile Safari/537.36 (compatible; Googlebot/2.1; +http://www.google.com/bot.html)" 116 **0/116080**
66.249.69.128 - - [01/Nov/2025:05:23:57 -0700] "GET /?a=12730036031690&mod=164710e8&uri=category-info.php%3Fid%3D425895-137%26name%3Dboots+stivali+alti+sopra+i+jeans HTTP/1.1" 200 20087 "-" "Mozilla/5.0 (Linux; Android 6.0.1; Nexus 5X Build/MMB29P) AppleWebKit/537.36 (KHTML, like Gecko) Chrome/141.0.7390.122 Mobile Safari/537.36 (compatible; Googlebot/2.1; +http://www.google.com/bot.html)" 897 **0/897092**
66.249.72.227 - - [01/Nov/2025:05:23:58 -0700] "GET /product/edit/41478061031690?/css_757ed0132a844208f409fbb5067dfa2d/_drupal_modules_product_detail_assets_css_new_pc_product_detail HTTP/1.1" 200 5213 "https://www.blalockdialysiscenter.com/product/edit/41478061031690" "Mozilla/5.0 (Linux; Android 6.0.1; Nexus 5X Build/MMB29P) AppleWebKit/537.36 (KHTML, like Gecko) Chrome/141.0.7390.122 Mobile Safari/537.36 (compatible; Googlebot/2.1; +http://www.google.com/bot.html)" 118 **0/118195**
66.249.69.128 - - [01/Nov/2025:05:23:58 -0700] "GET /?a=47966814001690&mod=0c74b7f7&uri=blog.php%3Fid%3D1604647-3%26name%3Dfat+burner+20+minute+belly+fat+workout HTTP/1.1" 200 21420 "-" "Mozilla/5.0 (Linux; Android 6.0.1; Nexus 5X Build/MMB29P) AppleWebKit/537.36 (KHTML, like Gecko) Chrome/141.0.7390.122 Mobile Safari/537.36 (compatible; Googlebot/2.1; +http://www.google.com/bot.html)" 961 **0/961330**
66.249.72.227 - - [01/Nov/2025:05:23:59 -0700] "GET /product/edit/41478061031690?/css_757ed0132a844208f409fbb5067dfa2d/_drupal_sites_default_files_css_css_LmUrbIckCDCKvN2_Q3zbp044aJ28BPsL4EcroazBk2w HTTP/1.1" 200 42233 "https://www.blalockdialysiscenter.com/product/edit/41478061031690" "Mozilla/5.0 (Linux; Android 6.0.1; Nexus 5X Build/MMB29P) AppleWebKit/537.36 (KHTML, like Gecko) Chrome/141.0.7390.122 Mobile Safari/537.36 (compatible; Googlebot/2.1; +http://www.google.com/bot.html)" 210 **0/210805**
66.249.69.128 - - [01/Nov/2025:05:23:59 -0700] "GET /?a=84055961041690&mod=fb4c4860&uri=itm.php%3Fid%3D2812376-40%26name%3D2nd+birthday+things+to+get+a+year+old+girl HTTP/1.1" 200 21100 "-" "Mozilla/5.0 (Linux; Android 6.0.1; Nexus 5X Build/MMB29P) AppleWebKit/537.36 (KHTML, like Gecko) Chrome/141.0.7390.122 Mobile Safari/537.36 (compatible; Googlebot/2.1; +http://www.google.com/bot.html)" 778 **0/778020**
66.249.69.140 - - [01/Nov/2025:05:23:59 -0700] "GET /?a=61304464031690&mod=0138fa79&uri=category-info.php%3Fid%3D2051044-194%26name%3Dknitted+dress+suzie+dress+all+saints HTTP/1.1" 200 20943 "-" "Mozilla/5.0 (Linux; Android 6.0.1; Nexus 5X Build/MMB29P) AppleWebKit/537.36 (KHTML, like Gecko) Chrome/141.0.7390.122 Mobile Safari/537.36 (compatible; Googlebot/2.1; +http://www.google.com/bot.html)" 757 **0/757247**
66.249.72.226 - - [01/Nov/2025:05:24:00 -0700] "GET /product/edit/41478061031690?/js_757ed0132a844208f409fbb5067dfa2d/_styles_js_lazysizes.min HTTP/1.1" 200 3188 "https://www.blalockdialysiscenter.com/product/edit/41478061031690" "Mozilla/5.0 (Linux; Android 6.0.1; Nexus 5X Build/MMB29P) AppleWebKit/537.36 (KHTML, like Gecko) Chrome/141.0.7390.122 Mobile Safari/537.36 (compatible; Googlebot/2.1; +http://www.google.com/bot.html)" 113 **0/113202**
66.249.69.141 - - [01/Nov/2025:05:24:00 -0700] "GET /?a=18570521001690&mod=293d4b30&uri=category-info.php%3Fid%3D621279-962%26name%3Dlego+31088+lego+tiburon HTTP/1.1" 200 21345 "-" "Mozilla/5.0 (Linux; Android 6.0.1; Nexus 5X Build/MMB29P) AppleWebKit/537.36 (KHTML, like Gecko) Chrome/141.0.7390.122 Mobile Safari/537.36 (compatible; Googlebot/2.1; +http://www.google.com/bot.html)" 545 **0/545423**
66.249.72.229 - - [01/Nov/2025:05:24:01 -0700] "GET /product/edit/41478061031690?/css_757ed0132a844208f409fbb5067dfa2d/_styles_css_product-detail-ex01 HTTP/1.1" 200 397 "https://www.blalockdialysiscenter.com/product/edit/41478061031690" "Mozilla/5.0 (Linux; Android 6.0.1; Nexus 5X Build/MMB29P) AppleWebKit/537.36 (KHTML, like Gecko) Chrome/141.0.7390.122 Mobile Safari/537.36 (compatible; Googlebot/2.1; +http://www.google.com/bot.html)" 115 **0/115683**
66.249.69.141 - - [01/Nov/2025:05:24:01 -0700] "GET /?a=62524584031690&mod=fa4dbc17&uri=category-info.php%3Fid%3D2091861-336%26name%3Dcwu+36+p+nomex+jacket+army HTTP/1.1" 200 21074 "-" "Mozilla/5.0 (Linux; Android 6.0.1; Nexus 5X Build/MMB29P) AppleWebKit/537.36 (KHTML, like Gecko) Chrome/141.0.7390.122 Mobile Safari/537.36 (compatible; Googlebot/2.1; +http://www.google.com/bot.html)" 540 **0/540972**
66.249.72.227 - - [01/Nov/2025:05:24:02 -0700] "GET /product/edit/41478061031690?/css_757ed0132a844208f409fbb5067dfa2d/_drupal_sites_default_files_css_css_YLUY2usEybPXqNO15-ozAgAYsZmniqhrU6f3bp69-r4 HTTP/1.1" 200 3874 "https://www.blalockdialysiscenter.com/product/edit/41478061031690" "Mozilla/5.0 (Linux; Android 6.0.1; Nexus 5X Build/MMB29P) AppleWebKit/537.36 (KHTML, like Gecko) Chrome/141.0.7390.122 Mobile Safari/537.36 (compatible; Googlebot/2.1; +http://www.google.com/bot.html)" 133 **0/133103**
66.249.69.140 - - [01/Nov/2025:05:24:01 -0700] "GET /?a=44161934001690&mod=0155ff4e&uri=category-info.php%3Fid%3D1477399-596%26name%3Drishi+kasam+tere+pyaar+ki+mx+player HTTP/1.1" 200 20801 "-" "Mozilla/5.0 (Linux; Android 6.0.1; Nexus 5X Build/MMB29P) AppleWebKit/537.36 (KHTML, like Gecko) Chrome/141.0.7390.122 Mobile Safari/537.36 (compatible; Googlebot/2.1; +http://www.google.com/bot.html)" 503 **0/503907**
66.249.72.227 - - [01/Nov/2025:05:24:03 -0700] "GET /product/edit/41478061031690?/js_757ed0132a844208f409fbb5067dfa2d/_drupal_sites_default_files_js_js_nfGRbDhyXF9_dFjG2rkRRw84Gy6p5a4aGnpYcOKhuC4 HTTP/1.1" 200 96506 "https://www.blalockdialysiscenter.com/product/edit/41478061031690" "Mozilla/5.0 (Linux; Android 6.0.1; Nexus 5X Build/MMB29P) AppleWebKit/537.36 (KHTML, like Gecko) Chrome/141.0.7390.122 Mobile Safari/537.36 (compatible; Googlebot/2.1; +http://www.google.com/bot.html)" 276 **0/276245**
66.249.69.140 - - [01/Nov/2025:05:24:02 -0700] "GET /?a=60162781141690&mod=e744f91c&uri=category-info.php%3Fid%3D2012817-9%26name%3Dnoise+cancelling+powerbeats+pro+true+wireless+review HTTP/1.1" 200 21275 "-" "Mozilla/5.0 (Linux; Android 6.0.1; Nexus 5X Build/MMB29P) AppleWebKit/537.36 (KHTML, like Gecko) Chrome/141.0.7390.122 Mobile Safari/537.36 (compatible; Googlebot/2.1; +http://www.google.com/bot.html)" 774 **0/774012**
66.249.69.141 - - [01/Nov/2025:05:24:03 -0700] "GET /?a=46868796001690&mod=579c9a6d&uri=category-info.php%3Fid%3D1567907-414%26name%3Dwinter+boots+women%27s+short+waterproof+boots HTTP/1.1" 200 22020 "-" "Mozilla/5.0 (Linux; Android 6.0.1; Nexus 5X Build/MMB29P) AppleWebKit/537.36 (KHTML, like Gecko) Chrome/141.0.7390.122 Mobile Safari/537.36 (compatible; Googlebot/2.1; +http://www.google.com/bot.html)" 667 **0/667271**
66.249.72.227 - - [01/Nov/2025:05:24:04 -0700] "GET /product/edit/41478061031690?/css_757ed0132a844208f409fbb5067dfa2d/_styles_css_wanderer-fg HTTP/1.1" 200 184 "https://www.blalockdialysiscenter.com/product/edit/41478061031690" "Mozilla/5.0 (Linux; Android 6.0.1; Nexus 5X Build/MMB29P) AppleWebKit/537.36 (KHTML, like Gecko) Chrome/141.0.7390.122 Mobile Safari/537.36 (compatible; Googlebot/2.1; +http://www.google.com/bot.html)" 110 **0/110396**
66.249.69.141 - - [01/Nov/2025:05:24:03 -0700] "GET /?a=103497865041690&mod=74641bfd&uri=category-info.php%3Fid%3D3463097-594%26name%3Dnike+air+jordan+shoes+cyber+monday+deals+2018 HTTP/1.1" 200 20171 "-" "Mozilla/5.0 (Linux; Android 6.0.1; Nexus 5X Build/MMB29P) AppleWebKit/537.36 (KHTML, like Gecko) Chrome/141.0.7390.122 Mobile Safari/537.36 (compatible; Googlebot/2.1; +http://www.google.com/bot.html)" 555 **0/555451**
66.249.72.227 - - [01/Nov/2025:05:24:04 -0700] "GET /product/edit/41478061031690?/js_757ed0132a844208f409fbb5067dfa2d/_drupal_sites_default_files_js_js_z1qFDrghecTCI5Rjumn4rMBYPHvd-E4L0DVpS2JCjnw HTTP/1.1" 200 320 "https://www.blalockdialysiscenter.com/product/edit/41478061031690" "Mozilla/5.0 (Linux; Android 6.0.1; Nexus 5X Build/MMB29P) AppleWebKit/537.36 (KHTML, like Gecko) Chrome/141.0.7390.122 Mobile Safari/537.36 (compatible; Googlebot/2.1; +http://www.google.com/bot.html)" 109 **0/109127**
66.249.69.141 - - [01/Nov/2025:05:24:04 -0700] "GET /?a=60137722001690&mod=7e676226&uri=category-info.php%3Fid%3D2011981-176%26name%3Dlevis+501+talla+w34+l32+equivalencia+levis HTTP/1.1" 200 20184 "-" "Mozilla/5.0 (Linux; Android 6.0.1; Nexus 5X Build/MMB29P) AppleWebKit/537.36 (KHTML, like Gecko) Chrome/141.0.7390.122 Mobile Safari/537.36 (compatible; Googlebot/2.1; +http://www.google.com/bot.html)" 646 **0/646989**
66.249.69.140 - - [01/Nov/2025:05:24:05 -0700] "GET /?a=49448496131690&mod=4c26774d&uri=category-info.php%3Fid%3D1654254-58%26name%3Dnurburgring+brutale+1000+rr+price HTTP/1.1" 200 21155 "-" "Mozilla/5.0 (Linux; Android 6.0.1; Nexus 5X Build/MMB29P) AppleWebKit/537.36 (KHTML, like Gecko) Chrome/141.0.7390.122 Mobile Safari/537.36 (compatible; Googlebot/2.1; +http://www.google.com/bot.html)" 438 **0/438026**
66.249.72.227 - - [01/Nov/2025:05:24:05 -0700] "GET /product/edit/41478061031690?/js_757ed0132a844208f409fbb5067dfa2d/_drupal_sites_default_files_js_js_G878YGhv0pYpg9iZ_hIm3vCCQWyhWgLawk-6b6wmZuU HTTP/1.1" 200 52631 "https://www.blalockdialysiscenter.com/product/edit/41478061031690" "Mozilla/5.0 (Linux; Android 6.0.1; Nexus 5X Build/MMB29P) AppleWebKit/537.36 (KHTML, like Gecko) Chrome/141.0.7390.122 Mobile Safari/537.36 (compatible; Googlebot/2.1; +http://www.google.com/bot.html)" 209 **0/209107**
66.249.72.227 - - [01/Nov/2025:05:24:06 -0700] "GET /product/edit/41478061031690?/js_757ed0132a844208f409fbb5067dfa2d/_drupal_sites_default_files_js_js_i3BGasXGb_pVk8CAUeSJnjMmyNE-bFprX9j4_djQznQ HTTP/1.1" 200 3857 "https://www.blalockdialysiscenter.com/product/edit/41478061031690" "Mozilla/5.0 (Linux; Android 6.0.1; Nexus 5X Build/MMB29P) AppleWebKit/537.36 (KHTML, like Gecko) Chrome/141.0.7390.122 Mobile Safari/537.36 (compatible; Googlebot/2.1; +http://www.google.com/bot.html)" 113 **0/113285**
66.249.69.140 - - [01/Nov/2025:05:24:05 -0700] "GET /?a=60337974011690&mod=bc458608&uri=category-info.php%3Fid%3D2018678-529%26name%3Dkinderjurk+rode+jurk+kind HTTP/1.1" 200 21028 "-" "Mozilla/5.0 (Linux; Android 6.0.1; Nexus 5X Build/MMB29P) AppleWebKit/537.36 (KHTML, like Gecko) Chrome/141.0.7390.122 Mobile Safari/537.36 (compatible; Googlebot/2.1; +http://www.google.com/bot.html)" 552 **0/552322**
66.249.69.140 - - [01/Nov/2025:05:24:06 -0700] "GET /?a=57421747031690&mod=c6024bfa&uri=category-info.php%3Fid%3D1921062-633%26name%3Dsouth+africa+forecast+raincoats HTTP/1.1" 200 20864 "-" "Mozilla/5.0 (Linux; Android 6.0.1; Nexus 5X Build/MMB29P) AppleWebKit/537.36 (KHTML, like Gecko) Chrome/141.0.7390.122 Mobile Safari/537.36 (compatible; Googlebot/2.1; +http://www.google.com/bot.html)" 295 **0/295532**
66.249.69.140 - - [01/Nov/2025:05:24:07 -0700] "GET /?a=1049100001690&mod=eac985bd&uri=blog.php%3Fid%3D35071-315%26name%3Dbeaphar+gentle+best+gentle+leader+for+large+dogs HTTP/1.1" 200 20754 "-" "Mozilla/5.0 (Linux; Android 6.0.1; Nexus 5X Build/MMB29P) AppleWebKit/537.36 (KHTML, like Gecko) Chrome/141.0.7390.122 Mobile Safari/537.36 (compatible; Googlebot/2.1; +http://www.google.com/bot.html)" 291 **0/291278**
66.249.69.140 - - [01/Nov/2025:05:24:07 -0700] "GET /?a=47943669041690&mod=0c74b7f7&uri=category-info.php%3Fid%3D1603875-3%26name%3Dbodyweight+pull+push+workout+schedule HTTP/1.1" 200 21169 "-" "Mozilla/5.0 (Linux; Android 6.0.1; Nexus 5X Build/MMB29P) AppleWebKit/537.36 (KHTML, like Gecko) Chrome/141.0.7390.122 Mobile Safari/537.36 (compatible; Googlebot/2.1; +http://www.google.com/bot.html)" 345 **0/345818**
66.249.72.226 - - [01/Nov/2025:05:24:07 -0700] "GET /product/edit/46478190091690?/js_757ed0132a844208f409fbb5067dfa2d/_drupal_sites_default_files_js_js_G878YGhv0pYpg9iZ_hIm3vCCQWyhWgLawk-6b6wmZuU HTTP/1.1" 200 52631 "https://www.blalockdialysiscenter.com/product/edit/46478190091690" "Mozilla/5.0 (Linux; Android 6.0.1; Nexus 5X Build/MMB29P) AppleWebKit/537.36 (KHTML, like Gecko) Chrome/141.0.7390.122 Mobile Safari/537.36 (compatible; Googlebot/2.1; +http://www.google.com/bot.html)" 205 **0/205052**
207.46.13.151 - - [01/Nov/2025:05:24:08 -0700] "GET /?a=98580051041690&mod=4e4e70d5&uri=form.php%3Fid%3D3298539-412%26name%3Dblue+stitch+air+jordan+low+se+thunder+blue HTTP/2.0" 200 20651 "-" "Mozilla/5.0 AppleWebKit/537.36 (KHTML, like Gecko; compatible; bingbot/2.0; +http://www.bing.com/bingbot.htm) Chrome/116.0.1938.76 Safari/537.36" 436 **0/436184**
66.249.69.140 - - [01/Nov/2025:05:24:08 -0700] "GET /?a=32651119011690&mod=f373c0ea&uri=category-info.php%3Fid%3D1092246-573%26name%3Dnewt+scamander+watch+fantastic+beasts+the+crimes+of+grindelwald HTTP/1.1" 200 20967 "-" "Mozilla/5.0 (Linux; Android 6.0.1; Nexus 5X Build/MMB29P) AppleWebKit/537.36 (KHTML, like Gecko) Chrome/141.0.7390.122 Mobile Safari/537.36 (compatible; Googlebot/2.1; +http://www.google.com/bot.html)" 468 **0/468978**
66.249.69.140 - - [01/Nov/2025:05:24:08 -0700] "GET /?a=31792717061690&mod=06138bc5&uri=us.php%3Fid%3D1063524-2%26name%3Dsportswear+old+navy+velour+joggers HTTP/1.1" 200 21470 "-" "Mozilla/5.0 (Linux; Android 6.0.1; Nexus 5X Build/MMB29P) AppleWebKit/537.36 (KHTML, like Gecko) Chrome/141.0.7390.122 Mobile Safari/537.36 (compatible; Googlebot/2.1; +http://www.google.com/bot.html)" 536 **0/536832**
207.46.13.9 - - [01/Nov/2025:05:24:09 -0700] "GET /?a=30298641021690&mod=13a0e2e9&uri=dp.php%3Fid%3D1013539-311%26name%3Dgraphics+card+armor+rx+570+4gb HTTP/2.0" 200 20312 "-" "Mozilla/5.0 AppleWebKit/537.36 (KHTML, like Gecko; compatible; bingbot/2.0; +http://www.bing.com/bingbot.htm) Chrome/116.0.1938.76 Safari/537.36" 471 **0/471210**
66.249.69.140 - - [01/Nov/2025:05:24:09 -0700] "GET /?a=67114733051690&mod=06138bc5&uri=news.php%3Fid%3D2245402-2%26name%3Drain+jacket+berghaus+mens+deluge+pro+jacket HTTP/1.1" 200 21212 "-" "Mozilla/5.0 (Linux; Android 6.0.1; Nexus 5X Build/MMB29P) AppleWebKit/537.36 (KHTML, like Gecko) Chrome/141.0.7390.122 Mobile Safari/537.36 (compatible; Googlebot/2.1; +http://www.google.com/bot.html)" 504 **0/504315**
66.249.69.140 - - [01/Nov/2025:05:24:10 -0700] "GET /?a=94983046141690&mod=9c49018c&uri=category-info.php%3Fid%3D3178065-1333%26name%3Dretractable+leash+rad+dog+release+n+run HTTP/1.1" 200 20469 "-" "Mozilla/5.0 (Linux; Android 6.0.1; Nexus 5X Build/MMB29P) AppleWebKit/537.36 (KHTML, like Gecko) Chrome/141.0.7390.122 Mobile Safari/537.36 (compatible; Googlebot/2.1; +http://www.google.com/bot.html)" 482 **0/482158**
66.249.69.140 - - [01/Nov/2025:05:24:10 -0700] "GET /?a=101945972011690&mod=296806f2&uri=info.php%3Fid%3D3411175-117%26name%3Dclothes+maxi+dresses+at+jd+williams HTTP/1.1" 200 20346 "-" "Mozilla/5.0 (Linux; Android 6.0.1; Nexus 5X Build/MMB29P) AppleWebKit/537.36 (KHTML, like Gecko) Chrome/141.0.7390.122 Mobile Safari/537.36 (compatible; Googlebot/2.1; +http://www.google.com/bot.html)" 469 **0/469888**
66.249.69.141 - - [01/Nov/2025:05:24:11 -0700] "GET /?a=94627393001690&mod=7f4680b3&uri=category-info.php%3Fid%3D3166179-505%26name%3Dcostume+bleu+marine+ceinture+costume+homme HTTP/1.1" 200 20658 "-" "Mozilla/5.0 (Linux; Android 6.0.1; Nexus 5X Build/MMB29P) AppleWebKit/537.36 (KHTML, like Gecko) Chrome/141.0.7390.122 Mobile Safari/537.36 (compatible; Googlebot/2.1; +http://www.google.com/bot.html)" 338 **0/338756**
66.249.69.140 - - [01/Nov/2025:05:24:11 -0700] "GET /?a=113730144021690&mod=47f1adc4&uri=category-info.php%3Fid%3D3805462-500%26name%3Dmoda+sposi+quinto+decimo+sposo+prezzi HTTP/1.1" 200 21629 "-" "Mozilla/5.0 (Linux; Android 6.0.1; Nexus 5X Build/MMB29P) AppleWebKit/537.36 (KHTML, like Gecko) Chrome/141.0.7390.122 Mobile Safari/537.36 (compatible; Googlebot/2.1; +http://www.google.com/bot.html)" 324 **0/324110**
66.249.72.227 - - [01/Nov/2025:05:24:10 -0700] "GET /?a=96517771041690&mod=960c4a62&uri=us.php%3Fid%3D3229462-477%26name%3Dv%C3%A9lo+enfant+velo+pat+patrouille+stella HTTP/1.1" 200 21439 "-" "Mozilla/5.0 (Linux; Android 6.0.1; Nexus 5X Build/MMB29P) AppleWebKit/537.36 (KHTML, like Gecko) Chrome/141.0.7390.122 Mobile Safari/537.36 (compatible; Googlebot/2.1; +http://www.google.com/bot.html)" 1138 **1/1138175**
66.249.69.140 - - [01/Nov/2025:05:24:12 -0700] "GET /?a=86811089001690&mod=06f21f26&uri=category-info.php%3Fid%3D2904617-1107%26name%3Dlouisa+leggings+weird+fish+leggings HTTP/1.1" 200 20613 "-" "Mozilla/5.0 (Linux; Android 6.0.1; Nexus 5X Build/MMB29P) AppleWebKit/537.36 (KHTML, like Gecko) Chrome/141.0.7390.122 Mobile Safari/537.36 (compatible; Googlebot/2.1; +http://www.google.com/bot.html)" 447 **0/447770**
66.249.69.140 - - [01/Nov/2025:05:24:12 -0700] "GET /?a=90343252081690&mod=da3670f6&uri=form.php%3Fid%3D3022812-246%26name%3Dgo+juliette+sandales+emma+go HTTP/1.1" 200 20621 "-" "Mozilla/5.0 (Linux; Android 6.0.1; Nexus 5X Build/MMB29P) AppleWebKit/537.36 (KHTML, like Gecko) Chrome/141.0.7390.122 Mobile Safari/537.36 (compatible; Googlebot/2.1; +http://www.google.com/bot.html)" 461 **0/461200**
66.249.69.140 - - [01/Nov/2025:05:24:13 -0700] "GET /?a=67201016141690&mod=6079ffa7&uri=category-info.php%3Fid%3D2248284-828%26name%3Dswatch+watch+swatch+ge712 HTTP/1.1" 200 20719 "-" "Mozilla/5.0 (Linux; Android 6.0.1; Nexus 5X Build/MMB29P) AppleWebKit/537.36 (KHTML, like Gecko) Chrome/141.0.7390.122 Mobile Safari/537.36 (compatible; Googlebot/2.1; +http://www.google.com/bot.html)" 587 **0/587363**
40.77.167.51 - - [01/Nov/2025:05:24:13 -0700] "GET /?a=33525282071690&mod=0d906a38&uri=blog.php%3Fid%3D1121500-151%26name%3Dofficial+trailer+watch+little+women+2019+full+movie HTTP/2.0" 200 20583 "-" "Mozilla/5.0 AppleWebKit/537.36 (KHTML, like Gecko; compatible; bingbot/2.0; +http://www.bing.com/bingbot.htm) Chrome/116.0.1938.76 Safari/537.36" 537 **0/537575**
66.249.69.140 - - [01/Nov/2025:05:24:13 -0700] "GET /?a=80557952021690&mod=b6b5be8a&uri=category-info.php%3Fid%3D2695362-919%26name%3Dchildren%27s+place+kids+pink+polo HTTP/1.1" 200 20913 "-" "Mozilla/5.0 (Linux; Android 6.0.1; Nexus 5X Build/MMB29P) AppleWebKit/537.36 (KHTML, like Gecko) Chrome/141.0.7390.122 Mobile Safari/537.36 (compatible; Googlebot/2.1; +http://www.google.com/bot.html)" 447 **0/447399**
66.249.69.140 - - [01/Nov/2025:05:24:14 -0700] "GET /?a=119490658071690&mod=17c43577&uri=category-info.php%3Fid%3D3998237-681%26name%3Diine+monster+hunter+pro+controller+switch HTTP/1.1" 200 20236 "-" "Mozilla/5.0 (Linux; Android 6.0.1; Nexus 5X Build/MMB29P) AppleWebKit/537.36 (KHTML, like Gecko) Chrome/141.0.7390.122 Mobile Safari/537.36 (compatible; Googlebot/2.1; +http://www.google.com/bot.html)" 283 **0/283724**
66.249.69.141 - - [01/Nov/2025:05:24:14 -0700] "GET /?a=25100492071690&mod=296806f2&uri=category-info.php%3Fid%3D839688-117%26name%3Dball+gown+amazon+can+can+skirt HTTP/1.1" 200 20201 "-" "Mozilla/5.0 (Linux; Android 6.0.1; Nexus 5X Build/MMB29P) AppleWebKit/537.36 (KHTML, like Gecko) Chrome/141.0.7390.122 Mobile Safari/537.36 (compatible; Googlebot/2.1; +http://www.google.com/bot.html)" 543 **0/543533**
66.249.69.140 - - [01/Nov/2025:05:24:15 -0700] "GET /?a=3958823041690&mod=679b4e06&uri=category-info.php%3Fid%3D132389-501%26name%3Dcat+tunnel+cat+toy+bag HTTP/1.1" 200 21486 "-" "Mozilla/5.0 (Linux; Android 6.0.1; Nexus 5X Build/MMB29P) AppleWebKit/537.36 (KHTML, like Gecko) Chrome/141.0.7390.122 Mobile Safari/537.36 (compatible; Googlebot/2.1; +http://www.google.com/bot.html)" 907 **0/907899**
157.55.39.193 - - [01/Nov/2025:05:24:15 -0700] "GET /?a=45882366021690&mod=0ac34cb7&uri=shared.php%3Fid%3D1534923-1404%26name%3Dstiefel+kantrie+reitstiefeletten HTTP/2.0" 200 21128 "-" "Mozilla/5.0 AppleWebKit/537.36 (KHTML, like Gecko; compatible; bingbot/2.0; +http://www.bing.com/bingbot.htm) Chrome/116.0.1938.76 Safari/537.36" 757 **0/757604**
66.249.69.141 - - [01/Nov/2025:05:24:16 -0700] "GET /?a=110260256001690&mod=0c74b7f7&uri=category-info.php%3Fid%3D3689456-3%26name%3Dgta+kijiji+leg+press+kijiji HTTP/1.1" 200 21409 "-" "Mozilla/5.0 (Linux; Android 6.0.1; Nexus 5X Build/MMB29P) AppleWebKit/537.36 (KHTML, like Gecko) Chrome/141.0.7390.122 Mobile Safari/537.36 (compatible; Googlebot/2.1; +http://www.google.com/bot.html)" 454 **0/454386**
66.249.69.140 - - [01/Nov/2025:05:24:12 -0700] "GET /?a=96989417051690&mod=e1228be4&uri=dp.php%3Fid%3D3245262-36%26name%3Dthe+illager+minecraft+pillager+raid+lego HTTP/1.1" 200 20800 "-" "Mozilla/5.0 (Linux; Android 6.0.1; Nexus 5X Build/MMB29P) AppleWebKit/537.36 (KHTML, like Gecko) Chrome/141.0.7390.122 Mobile Safari/537.36 (compatible; Googlebot/2.1; +http://www.google.com/bot.html)" 3932 **3/3932756**
207.46.13.9 - - [01/Nov/2025:05:24:16 -0700] "GET /?a=7783122041690&mod=4c26774d&uri=products.php%3Fid%3D260305-58%26name%3Dcustom+sunday+bmx HTTP/2.0" 200 21445 "-" "Mozilla/5.0 AppleWebKit/537.36 (KHTML, like Gecko; compatible; bingbot/2.0; +http://www.bing.com/bingbot.htm) Chrome/116.0.1938.76 Safari/537.36" 387 **0/387060**
66.249.69.140 - - [01/Nov/2025:05:24:16 -0700] "GET /?a=98041664021690&mod=402d9ba5&uri=brands.php%3Fid%3D3280520-1881%26name%3Djustfab+white+small+block+heel+sandals HTTP/1.1" 200 20066 "-" "Mozilla/5.0 (Linux; Android 6.0.1; Nexus 5X Build/MMB29P) AppleWebKit/537.36 (KHTML, like Gecko) Chrome/141.0.7390.122 Mobile Safari/537.36 (compatible; Googlebot/2.1; +http://www.google.com/bot.html)" 376 **0/376411**
66.249.69.140 - - [01/Nov/2025:05:24:16 -0700] "GET /?a=60155894061690&mod=e744f91c&uri=category-info.php%3Fid%3D2012587-9%26name%3Dbeats+studio3+newest+beats+earphones HTTP/1.1" 200 21300 "-" "Mozilla/5.0 (Linux; Android 6.0.1; Nexus 5X Build/MMB29P) AppleWebKit/537.36 (KHTML, like Gecko) Chrome/141.0.7390.122 Mobile Safari/537.36 (compatible; Googlebot/2.1; +http://www.google.com/bot.html)" 356 **0/356357**
66.249.69.141 - - [01/Nov/2025:05:24:17 -0700] "GET /?a=10834315031690&mod=02f657d5&uri=category-info.php%3Fid%3D362485-25%26name%3Dapple+juice+beet+it+organic+beetroot+juice+litre HTTP/1.1" 200 21582 "-" "Mozilla/5.0 (Linux; Android 6.0.1; Nexus 5X Build/MMB29P) AppleWebKit/537.36 (KHTML, like Gecko) Chrome/141.0.7390.122 Mobile Safari/537.36 (compatible; Googlebot/2.1; +http://www.google.com/bot.html)" 319 **0/319765**
66.249.69.141 - - [01/Nov/2025:05:24:17 -0700] "GET /?a=15218167011690&mod=03de7a07&uri=category-info.php%3Fid%3D509112-302%26name%3Dceline+cream+cropped+trousers+uk HTTP/1.1" 200 21612 "-" "Mozilla/5.0 (Linux; Android 6.0.1; Nexus 5X Build/MMB29P) AppleWebKit/537.36 (KHTML, like Gecko) Chrome/141.0.7390.122 Mobile Safari/537.36 (compatible; Googlebot/2.1; +http://www.google.com/bot.html)" 361 **0/361907**
66.249.69.140 - - [01/Nov/2025:05:24:18 -0700] "GET /?a=15432771031690&mod=fd112b9e&uri=category-info.php%3Fid%3D516284-432%26name%3Dkindred+bravely+best+seamless+nursing+bra HTTP/1.1" 200 21093 "-" "Mozilla/5.0 (Linux; Android 6.0.1; Nexus 5X Build/MMB29P) AppleWebKit/537.36 (KHTML, like Gecko) Chrome/141.0.7390.122 Mobile Safari/537.36 (compatible; Googlebot/2.1; +http://www.google.com/bot.html)" 311 **0/311162**
66.249.69.140 - - [01/Nov/2025:05:24:18 -0700] "GET /?a=75168071021690&mod=f43a6b31&uri=info.php%3Fid%3D2514951-1062%26name%3Dwedding+decorations+red+gold+bridesmaid+dresses HTTP/1.1" 200 20243 "-" "Mozilla/5.0 (Linux; Android 6.0.1; Nexus 5X Build/MMB29P) AppleWebKit/537.36 (KHTML, like Gecko) Chrome/141.0.7390.122 Mobile Safari/537.36 (compatible; Googlebot/2.1; +http://www.google.com/bot.html)" 392 **0/392963**
66.249.69.140 - - [01/Nov/2025:05:24:18 -0700] "GET /?a=65743069011690&mod=b63b53cf&uri=dp.php%3Fid%3D2199511-240%26name%3Dsport+little+bikes+for+toddlers HTTP/1.1" 200 21632 "-" "Mozilla/5.0 (Linux; Android 6.0.1; Nexus 5X Build/MMB29P) AppleWebKit/537.36 (KHTML, like Gecko) Chrome/141.0.7390.122 Mobile Safari/537.36 (compatible; Googlebot/2.1; +http://www.google.com/bot.html)" 290 **0/290025**
66.249.69.128 - - [01/Nov/2025:05:24:19 -0700] "GET /?a=82878567031690&mod=9e2c1a75&uri=category-info.php%3Fid%3D2773000-637%26name%3Dmarvel+avengers+blusa+de+capitan+america+para+mujer HTTP/1.1" 200 21676 "-" "Mozilla/5.0 (Linux; Android 6.0.1; Nexus 5X Build/MMB29P) AppleWebKit/537.36 (KHTML, like Gecko) Chrome/141.0.7390.122 Mobile Safari/537.36 (compatible; Googlebot/2.1; +http://www.google.com/bot.html)" 479 **0/479062**
66.249.69.141 - - [01/Nov/2025:05:24:19 -0700] "GET /?a=115096873081690&mod=069802d4&uri=products.php%3Fid%3D3851211-158%26name%3Dchromecast+devices+does+google+home+work+with+chromecast HTTP/1.1" 200 21363 "-" "Mozilla/5.0 (Linux; Android 6.0.1; Nexus 5X Build/MMB29P) AppleWebKit/537.36 (KHTML, like Gecko) Chrome/141.0.7390.122 Mobile Safari/537.36 (compatible; Googlebot/2.1; +http://www.google.com/bot.html)" 532 **0/532005**
66.249.69.141 - - [01/Nov/2025:05:24:20 -0700] "GET /?a=34003707001690&mod=e4c5f4bf&uri=category-info.php%3Fid%3D1137501-408%26name%3Drhinestone+frosting+jewelry HTTP/1.1" 200 21580 "-" "Mozilla/5.0 (Linux; Android 6.0.1; Nexus 5X Build/MMB29P) AppleWebKit/537.36 (KHTML, like Gecko) Chrome/141.0.7390.122 Mobile Safari/537.36 (compatible; Googlebot/2.1; +http://www.google.com/bot.html)" 623 **0/623743**
66.249.69.128 - - [01/Nov/2025:05:24:20 -0700] "GET /?a=35239160021690&mod=30cd1e36&uri=category-info.php%3Fid%3D1178826-130%26name%3Dhp+envy+hp+pavilion+laptop+hard+drive HTTP/1.1" 200 21855 "-" "Mozilla/5.0 (Linux; Android 6.0.1; Nexus 5X Build/MMB29P) AppleWebKit/537.36 (KHTML, like Gecko) Chrome/141.0.7390.122 Mobile Safari/537.36 (compatible; Googlebot/2.1; +http://www.google.com/bot.html)" 583 **0/583722**
66.249.69.128 - - [01/Nov/2025:05:24:21 -0700] "GET /?a=35085614011690&mod=7cc5a754&uri=category-info.php%3Fid%3D1173693-80%26name%3Droom+table+old+table+and+chairs+for+sale HTTP/1.1" 200 20982 "-" "Mozilla/5.0 (Linux; Android 6.0.1; Nexus 5X Build/MMB29P) AppleWebKit/537.36 (KHTML, like Gecko) Chrome/141.0.7390.122 Mobile Safari/537.36 (compatible; Googlebot/2.1; +http://www.google.com/bot.html)" 832 **0/832824**
66.249.69.141 - - [01/Nov/2025:05:24:21 -0700] "GET /?a=35054544021690&mod=2c620a8c&uri=category-info.php%3Fid%3D1172655-38%26name%3Dzalando+giacca+morato HTTP/1.1" 200 21430 "-" "Mozilla/5.0 (Linux; Android 6.0.1; Nexus 5X Build/MMB29P) AppleWebKit/537.36 (KHTML, like Gecko) Chrome/141.0.7390.122 Mobile Safari/537.36 (compatible; Googlebot/2.1; +http://www.google.com/bot.html)" 874 **0/874948**
66.249.69.128 - - [01/Nov/2025:05:24:22 -0700] "GET /?a=15354690111690&mod=ddd80877&uri=category-info.php%3Fid%3D513675-101%26name%3Dzapato+deportivas+dunlop+hombre HTTP/1.1" 200 20044 "-" "Mozilla/5.0 (Linux; Android 6.0.1; Nexus 5X Build/MMB29P) AppleWebKit/537.36 (KHTML, like Gecko) Chrome/141.0.7390.122 Mobile Safari/537.36 (compatible; Googlebot/2.1; +http://www.google.com/bot.html)" 1017 **1/1017504**
66.249.69.141 - - [01/Nov/2025:05:24:22 -0700] "GET /?a=117128864051690&mod=7f4680b3&uri=category-info.php%3Fid%3D3919206-505%26name%3Dsweater+hoodie+pull+pull+and+bear+sete HTTP/1.1" 200 21358 "-" "Mozilla/5.0 (Linux; Android 6.0.1; Nexus 5X Build/MMB29P) AppleWebKit/537.36 (KHTML, like Gecko) Chrome/141.0.7390.122 Mobile Safari/537.36 (compatible; Googlebot/2.1; +http://www.google.com/bot.html)" 1069 **1/1069760**
66.249.69.140 - - [01/Nov/2025:05:24:23 -0700] "GET /?a=108839958041690&mod=0620eda9&uri=category-info.php%3Fid%3D3641920-377%26name%3Dleather+chelsea+allen+edmonds+liverpool HTTP/1.1" 200 21258 "-" "Mozilla/5.0 (Linux; Android 6.0.1; Nexus 5X Build/MMB29P) AppleWebKit/537.36 (KHTML, like Gecko) Chrome/141.0.7390.122 Mobile Safari/537.36 (compatible; Googlebot/2.1; +http://www.google.com/bot.html)" 1109 **1/1109659**
66.249.69.141 - - [01/Nov/2025:05:24:23 -0700] "GET /?a=59427918011690&mod=9ec7966a&uri=category-info.php%3Fid%3D1988214-1077%26name%3Dleather+brown+thomas+michael+kors+handbags HTTP/1.1" 200 20518 "-" "Mozilla/5.0 (Linux; Android 6.0.1; Nexus 5X Build/MMB29P) AppleWebKit/537.36 (KHTML, like Gecko) Chrome/141.0.7390.122 Mobile Safari/537.36 (compatible; Googlebot/2.1; +http://www.google.com/bot.html)" 1090 **1/1090953**
207.46.13.151 - - [01/Nov/2025:05:24:24 -0700] "GET /product/edit/29441268061690 HTTP/2.0" 200 21163 "-" "Mozilla/5.0 AppleWebKit/537.36 (KHTML, like Gecko; compatible; bingbot/2.0; +http://www.bing.com/bingbot.htm) Chrome/116.0.1938.76 Safari/537.36" 1149 **1/1149153**
66.249.69.129 - - [01/Nov/2025:05:24:24 -0700] "GET /?a=5330241041690&mod=5aae6cf6&uri=category-info.php%3Fid%3D178289-320%26name%3Dcomposition+macbook+retina+12+inch+2017+case HTTP/1.1" 200 21524 "-" "Mozilla/5.0 (Linux; Android 6.0.1; Nexus 5X Build/MMB29P) AppleWebKit/537.36 (KHTML, like Gecko) Chrome/141.0.7390.122 Mobile Safari/537.36 (compatible; Googlebot/2.1; +http://www.google.com/bot.html)" 1238 **1/1238690**
66.249.69.128 - - [01/Nov/2025:05:24:24 -0700] "GET /?a=63572695051690&mod=980a502f&uri=itm.php%3Fid%3D2126918-952%26name%3Dpuma+shoes+puma+future+cat HTTP/1.1" 200 20575 "-" "Mozilla/5.0 (Linux; Android 6.0.1; Nexus 5X Build/MMB29P) AppleWebKit/537.36 (KHTML, like Gecko) Chrome/141.0.7390.122 Mobile Safari/537.36 (compatible; Googlebot/2.1; +http://www.google.com/bot.html)" 1158 **1/1158056**
66.249.69.129 - - [01/Nov/2025:05:24:26 -0700] "GET /?a=119009287031690&mod=d6116f99&uri=category-info.php%3Fid%3D3982142-615%26name%3Dprotective+bumper+invisibleshield+luxe+bumper+case+for+the+apple+watch HTTP/1.1" 200 21677 "-" "Mozilla/5.0 (Linux; Android 6.0.1; Nexus 5X Build/MMB29P) AppleWebKit/537.36 (KHTML, like Gecko) Chrome/141.0.7390.122 Mobile Safari/537.36 (compatible; Googlebot/2.1; +http://www.google.com/bot.html)" 1133 **1/1133905**
66.249.69.129 - - [01/Nov/2025:05:24:26 -0700] "GET /?a=4342078041690&mod=2f3bbb97&uri=category-info.php%3Fid%3D145207-49%26name%3Dps+plus+best+couch+co+op+games+ps4+2020 HTTP/1.1" 200 21248 "-" "Mozilla/5.0 (Linux; Android 6.0.1; Nexus 5X Build/MMB29P) AppleWebKit/537.36 (KHTML, like Gecko) Chrome/141.0.7390.122 Mobile Safari/537.36 (compatible; Googlebot/2.1; +http://www.google.com/bot.html)" 1156 **1/1156505**
207.46.13.151 - - [01/Nov/2025:05:24:26 -0700] "GET /?a=64974238031690&mod=e77a9fb9&uri=search.php%3Fid%3D2173798-263%26name%3Dgreen+park+resale+flats+in+yapral HTTP/2.0" 200 20941 "-" "Mozilla/5.0 AppleWebKit/537.36 (KHTML, like Gecko; compatible; bingbot/2.0; +http://www.bing.com/bingbot.htm) Chrome/116.0.1938.76 Safari/537.36" 1147 **1/1147462**
66.249.69.140 - - [01/Nov/2025:05:24:27 -0700] "GET /?a=69014576011690&mod=7d7b04e9&uri=category-info.php%3Fid%3D2308970-145%26name%3Dmcqueen+schuhe+alexander+mcqueen+oversized+sneaker+schwarz HTTP/1.1" 200 21414 "-" "Mozilla/5.0 (Linux; Android 6.0.1; Nexus 5X Build/MMB29P) AppleWebKit/537.36 (KHTML, like Gecko) Chrome/141.0.7390.122 Mobile Safari/537.36 (compatible; Googlebot/2.1; +http://www.google.com/bot.html)" 1496 **1/1496887**
66.249.69.129 - - [01/Nov/2025:05:24:27 -0700] "GET /?a=79164963001690&mod=d6116f99&uri=category-info.php%3Fid%3D2648767-615%26name%3Dipad+how+to+watch+espn%2B+on+iphone HTTP/1.1" 200 20320 "-" "Mozilla/5.0 (Linux; Android 6.0.1; Nexus 5X Build/MMB29P) AppleWebKit/537.36 (KHTML, like Gecko) Chrome/141.0.7390.122 Mobile Safari/537.36 (compatible; Googlebot/2.1; +http://www.google.com/bot.html)" 975 **0/975640**
66.249.72.226 - - [01/Nov/2025:05:24:28 -0700] "GET /product/edit/29691419041690?/css_757ed0132a844208f409fbb5067dfa2d/_drupal_modules_product_detail_assets_css_new_pc_product_detail HTTP/1.1" 200 5213 "https://www.blalockdialysiscenter.com/product/edit/29691419041690" "Mozilla/5.0 (Linux; Android 6.0.1; Nexus 5X Build/MMB29P) AppleWebKit/537.36 (KHTML, like Gecko) Chrome/141.0.7390.122 Mobile Safari/537.36 (compatible; Googlebot/2.1; +http://www.google.com/bot.html)" 115 **0/115604**
207.46.13.9 - - [01/Nov/2025:05:24:28 -0700] "GET /product/edit/3174271021690 HTTP/2.0" 200 21243 "-" "Mozilla/5.0 AppleWebKit/537.36 (KHTML, like Gecko; compatible; bingbot/2.0; +http://www.bing.com/bingbot.htm) Chrome/116.0.1938.76 Safari/537.36" 1090 **1/1090210**
66.249.69.140 - - [01/Nov/2025:05:24:29 -0700] "GET /?a=26520237001690&mod=0ae77328&uri=category-info.php%3Fid%3D887176-892%26name%3Dnavy+blue+jumpsuit+jumpsuit+blazer+outfit HTTP/1.1" 200 21092 "-" "Mozilla/5.0 (Linux; Android 6.0.1; Nexus 5X Build/MMB29P) AppleWebKit/537.36 (KHTML, like Gecko) Chrome/141.0.7390.122 Mobile Safari/537.36 (compatible; Googlebot/2.1; +http://www.google.com/bot.html)" 1073 **1/1073016**
157.55.39.193 - - [01/Nov/2025:05:24:29 -0700] "GET /?a=5971874031690&mod=9cd3598a&uri=dp.php%3Fid%3D199748-74%26name%3Dwide+leg+pants+adidas+originals+high+waist+track+pants HTTP/2.0" 200 21764 "-" "Mozilla/5.0 AppleWebKit/537.36 (KHTML, like Gecko; compatible; bingbot/2.0; +http://www.bing.com/bingbot.htm) Chrome/116.0.1938.76 Safari/537.36" 966 **0/966839**
66.249.69.129 - - [01/Nov/2025:05:24:29 -0700] "GET /?a=63969529041690&mod=70da931e&uri=category-info.php%3Fid%3D2140191-916%26name%3Dvlone+red+dragon+shirt HTTP/1.1" 200 20467 "-" "Mozilla/5.0 (Linux; Android 6.0.1; Nexus 5X Build/MMB29P) AppleWebKit/537.36 (KHTML, like Gecko) Chrome/141.0.7390.122 Mobile Safari/537.36 (compatible; Googlebot/2.1; +http://www.google.com/bot.html)" 1803 **1/1803804**
66.249.69.140 - - [01/Nov/2025:05:24:30 -0700] "GET /?a=3379108021690&mod=dbf1c3af&uri=category-info.php%3Fid%3D112994-453%26name%3Dsnapdragon+660+adreno+510+vs+506 HTTP/1.1" 200 20128 "-" "Mozilla/5.0 (Linux; Android 6.0.1; Nexus 5X Build/MMB29P) AppleWebKit/537.36 (KHTML, like Gecko) Chrome/141.0.7390.122 Mobile Safari/537.36 (compatible; Googlebot/2.1; +http://www.google.com/bot.html)" 1041 **1/1041322**
66.249.69.129 - - [01/Nov/2025:05:24:31 -0700] "GET /?a=44330615041690&mod=62e33a56&uri=category-info.php%3Fid%3D1483039-868%26name%3Dbriefcase+american+tourister+merit+business+laptop+bag HTTP/1.1" 200 21283 "-" "Mozilla/5.0 (Linux; Android 6.0.1; Nexus 5X Build/MMB29P) AppleWebKit/537.36 (KHTML, like Gecko) Chrome/141.0.7390.122 Mobile Safari/537.36 (compatible; Googlebot/2.1; +http://www.google.com/bot.html)" 1204 **1/1204168**
66.249.69.129 - - [01/Nov/2025:05:24:31 -0700] "GET /?a=37715607021690&mod=f8c84522&uri=form.php%3Fid%3D1261669-92%26name%3Dtennis+shoes+shoes+27s HTTP/1.1" 200 20872 "-" "Mozilla/5.0 (Linux; Android 6.0.1; Nexus 5X Build/MMB29P) AppleWebKit/537.36 (KHTML, like Gecko) Chrome/141.0.7390.122 Mobile Safari/537.36 (compatible; Googlebot/2.1; +http://www.google.com/bot.html)" 1197 **1/1197315**
66.249.69.130 - - [01/Nov/2025:05:24:32 -0700] "GET /?a=106220502011690&mod=70d706e7&uri=category-info.php%3Fid%3D3554288-731%26name%3Dwarner+bros+pupazzo+tazmania HTTP/1.1" 200 21232 "-" "Mozilla/5.0 (Linux; Android 6.0.1; Nexus 5X Build/MMB29P) AppleWebKit/537.36 (KHTML, like Gecko) Chrome/141.0.7390.122 Mobile Safari/537.36 (compatible; Googlebot/2.1; +http://www.google.com/bot.html)" 865 **0/865205**
66.249.69.130 - - [01/Nov/2025:05:24:33 -0700] "GET /?a=92592849051690&mod=6b18886b&uri=category-info.php%3Fid%3D3098106-136%26name%3Dfind+imei+imei+number+samsung+watch HTTP/1.1" 200 21104 "-" "Mozilla/5.0 (Linux; Android 6.0.1; Nexus 5X Build/MMB29P) AppleWebKit/537.36 (KHTML, like Gecko) Chrome/141.0.7390.122 Mobile Safari/537.36 (compatible; Googlebot/2.1; +http://www.google.com/bot.html)" 936 **0/936292**
66.249.72.226 - - [01/Nov/2025:05:24:33 -0700] "GET /?a=86700679021690&mod=ec36a30e&uri=brands.php%3Fid%3D2900927-569%26name%3Ddoudoune+legere+colmar+doudoune+femme+soldes HTTP/1.1" 200 20447 "-" "Mozilla/5.0 (Linux; Android 6.0.1; Nexus 5X Build/MMB29P) AppleWebKit/537.36 (KHTML, like Gecko) Chrome/141.0.7390.122 Mobile Safari/537.36 (compatible; Googlebot/2.1; +http://www.google.com/bot.html)" 1199 **1/1199632**
66.249.72.226 - - [01/Nov/2025:05:24:35 -0700] "GET /product/edit/118087066031690?/js_757ed0132a844208f409fbb5067dfa2d/_drupal_sites_default_files_js_js_z1qFDrghecTCI5Rjumn4rMBYPHvd-E4L0DVpS2JCjnw HTTP/1.1" 200 320 "https://www.blalockdialysiscenter.com/product/edit/118087066031690" "Mozilla/5.0 (Linux; Android 6.0.1; Nexus 5X Build/MMB29P) AppleWebKit/537.36 (KHTML, like Gecko) Chrome/141.0.7390.122 Mobile Safari/537.36 (compatible; Googlebot/2.1; +http://www.google.com/bot.html)" 116 **0/116773**
66.249.69.141 - - [01/Nov/2025:05:24:34 -0700] "GET /?a=36954612051690&mod=7fa3244f&uri=category-info.php%3Fid%3D1236232-359%26name%3Dgi%C3%A0y+nike+force+airforce+35 HTTP/1.1" 200 20952 "-" "Mozilla/5.0 (Linux; Android 6.0.1; Nexus 5X Build/MMB29P) AppleWebKit/537.36 (KHTML, like Gecko) Chrome/141.0.7390.122 Mobile Safari/537.36 (compatible; Googlebot/2.1; +http://www.google.com/bot.html)" 1183 **1/1183063**
40.77.167.51 - - [01/Nov/2025:05:24:34 -0700] "GET /?a=58703806001690&mod=30cd1e36&uri=article.php%3Fid%3D1963979-130%26name%3Dprice+disk+500+gb HTTP/2.0" 200 21152 "-" "Mozilla/5.0 AppleWebKit/537.36 (KHTML, like Gecko; compatible; bingbot/2.0; +http://www.bing.com/bingbot.htm) Chrome/116.0.1938.76 Safari/537.36" 1178 **1/1178475**
66.249.69.141 - - [01/Nov/2025:05:24:35 -0700] "GET /?a=38565280091690&mod=971c6340&uri=category-info.php%3Fid%3D1290084-183%26name%3Dfleece+clothing+tech+fleece+shorts+sale HTTP/1.1" 200 20050 "-" "Mozilla/5.0 (Linux; Android 6.0.1; Nexus 5X Build/MMB29P) AppleWebKit/537.36 (KHTML, like Gecko) Chrome/141.0.7390.122 Mobile Safari/537.36 (compatible; Googlebot/2.1; +http://www.google.com/bot.html)" 939 **0/939963**
66.249.69.130 - - [01/Nov/2025:05:24:35 -0700] "GET /?a=65463179001690&mod=13966292&uri=pin.php%3Fid%3D2190153-699%26name%3Dbag+valentino+rudy+sunway+pyramid HTTP/1.1" 200 19959 "-" "Mozilla/5.0 (Linux; Android 6.0.1; Nexus 5X Build/MMB29P) AppleWebKit/537.36 (KHTML, like Gecko) Chrome/141.0.7390.122 Mobile Safari/537.36 (compatible; Googlebot/2.1; +http://www.google.com/bot.html)" 831 **0/831839**
66.249.69.140 - - [01/Nov/2025:05:24:36 -0700] "GET /?a=97497909041690&mod=679b4e06&uri=category-info.php%3Fid%3D3262276-501%26name%3Dteacup+pomeranian+teddy+boo+haircut+dog HTTP/1.1" 200 21322 "-" "Mozilla/5.0 (Linux; Android 6.0.1; Nexus 5X Build/MMB29P) AppleWebKit/537.36 (KHTML, like Gecko) Chrome/141.0.7390.122 Mobile Safari/537.36 (compatible; Googlebot/2.1; +http://www.google.com/bot.html)" 912 **0/912372**
66.249.69.141 - - [01/Nov/2025:05:24:36 -0700] "GET /?a=38901148111690&mod=245b2132&uri=category-info.php%3Fid%3D1301319-498%26name%3Dtoy+amazon+lego+75318 HTTP/1.1" 200 19898 "-" "Mozilla/5.0 (Linux; Android 6.0.1; Nexus 5X Build/MMB29P) AppleWebKit/537.36 (KHTML, like Gecko) Chrome/141.0.7390.122 Mobile Safari/537.36 (compatible; Googlebot/2.1; +http://www.google.com/bot.html)" 914 **0/914208**
66.249.72.226 - - [01/Nov/2025:05:24:40 -0700] "GET /product/edit/106249202051690?/js_757ed0132a844208f409fbb5067dfa2d/_drupal_sites_default_files_js_js_G878YGhv0pYpg9iZ_hIm3vCCQWyhWgLawk-6b6wmZuU HTTP/1.1" 200 52631 "https://www.blalockdialysiscenter.com/product/edit/106249202051690" "Mozilla/5.0 (Linux; Android 6.0.1; Nexus 5X Build/MMB29P) AppleWebKit/537.36 (KHTML, like Gecko) Chrome/141.0.7390.122 Mobile Safari/537.36 (compatible; Googlebot/2.1; +http://www.google.com/bot.html)" 200 **0/200703**
66.249.69.131 - - [01/Nov/2025:05:24:42 -0700] "GET /?a=13689915031690&mod=17c43577&uri=us.php%3Fid%3D457987-681%26name%3D3rd+generation+how+check+airpods+serial+number HTTP/1.1" 200 20489 "-" "Mozilla/5.0 (Linux; Android 6.0.1; Nexus 5X Build/MMB29P) AppleWebKit/537.36 (KHTML, like Gecko) Chrome/141.0.7390.122 Mobile Safari/537.36 (compatible; Googlebot/2.1; +http://www.google.com/bot.html)" 967 **0/967935**
66.249.69.128 - - [01/Nov/2025:05:24:43 -0700] "GET /?a=60867732051690&mod=e4a188f2&uri=us.php%3Fid%3D2036418-894%26name%3Dcarat+harry+winston+ring+price HTTP/1.1" 200 21128 "-" "Mozilla/5.0 (Linux; Android 6.0.1; Nexus 5X Build/MMB29P) AppleWebKit/537.36 (KHTML, like Gecko) Chrome/141.0.7390.122 Mobile Safari/537.36 (compatible; Googlebot/2.1; +http://www.google.com/bot.html)" 1043 **1/1043977**
40.77.167.47 - - [01/Nov/2025:05:24:43 -0700] "GET /?a=98324051051690&mod=06138bc5&uri=form.php%3Fid%3D3289970-2%26name%3Dnightdresses+fbb+nighty HTTP/2.0" 200 21697 "-" "Mozilla/5.0 AppleWebKit/537.36 (KHTML, like Gecko; compatible; bingbot/2.0; +http://www.bing.com/bingbot.htm) Chrome/116.0.1938.76 Safari/537.36" 1023 **1/1023825**
66.249.69.130 - - [01/Nov/2025:05:24:43 -0700] "GET /?a=59457173031690&mod=9ec7966a&uri=us.php%3Fid%3D1989194-1077%26name%3Dbourke+florentine+satchel+cheap+dooney+and+bourke+outlet+online HTTP/1.1" 200 20456 "-" "Mozilla/5.0 (Linux; Android 6.0.1; Nexus 5X Build/MMB29P) AppleWebKit/537.36 (KHTML, like Gecko) Chrome/141.0.7390.122 Mobile Safari/537.36 (compatible; Googlebot/2.1; +http://www.google.com/bot.html)" 953 **0/953565**
66.249.69.128 - - [01/Nov/2025:05:24:44 -0700] "GET /?a=62523654051690&mod=d157d577&uri=itm.php%3Fid%3D2091830-239%26name%3Dunder+armour+sports+bag+uk HTTP/1.1" 200 21173 "-" "Mozilla/5.0 (Linux; Android 6.0.1; Nexus 5X Build/MMB29P) AppleWebKit/537.36 (KHTML, like Gecko) Chrome/141.0.7390.122 Mobile Safari/537.36 (compatible; Googlebot/2.1; +http://www.google.com/bot.html)" 1010 **1/1010380**
66.249.69.131 - - [01/Nov/2025:05:24:45 -0700] "GET /?a=104643219001690&mod=4c26774d&uri=brands.php%3Fid%3D3501437-58%26name%3Dbike+wheels+40mm+aero+wheelset HTTP/1.1" 200 21421 "-" "Mozilla/5.0 (Linux; Android 6.0.1; Nexus 5X Build/MMB29P) AppleWebKit/537.36 (KHTML, like Gecko) Chrome/141.0.7390.122 Mobile Safari/537.36 (compatible; Googlebot/2.1; +http://www.google.com/bot.html)" 1190 **1/1190557**
66.249.69.131 - - [01/Nov/2025:05:24:46 -0700] "GET /?a=73958066061690&mod=b1b47cd8&uri=article.php%3Fid%3D2474449-561%26name%3Dsonique+shirley+may+deluxe+perfume HTTP/1.1" 200 21478 "-" "Mozilla/5.0 (Linux; Android 6.0.1; Nexus 5X Build/MMB29P) AppleWebKit/537.36 (KHTML, like Gecko) Chrome/141.0.7390.122 Mobile Safari/537.36 (compatible; Googlebot/2.1; +http://www.google.com/bot.html)" 739 **0/739915**
157.55.39.193 - - [01/Nov/2025:05:24:47 -0700] "GET /?a=93323599011690&mod=a666dfbc&uri=dp.php%3Fid%3D3122560-935%26name%3Dlayered+necklace+liz+claiborne+necklace+and+earrings HTTP/2.0" 200 20014 "-" "Mozilla/5.0 AppleWebKit/537.36 (KHTML, like Gecko; compatible; bingbot/2.0; +http://www.bing.com/bingbot.htm) Chrome/116.0.1938.76 Safari/537.36" 771 **0/771918**
207.46.13.9 - - [01/Nov/2025:05:24:49 -0700] "GET /?a=38702119041690&mod=57bafb2c&uri=itm.php%3Fid%3D1294667-24%26name%3Dwool+dress+david+lawrence+online+clothing HTTP/2.0" 200 20348 "-" "Mozilla/5.0 AppleWebKit/537.36 (KHTML, like Gecko; compatible; bingbot/2.0; +http://www.bing.com/bingbot.htm) Chrome/116.0.1938.76 Safari/537.36" 898 **0/898328**
66.249.66.168 - - [01/Nov/2025:05:24:49 -0700] "GET /?a=114028524021690&mod=c42f76f3&uri=pin.php%3Fid%3D3815453-97%26name%3Djam+tangan+mil+spec+g+shock HTTP/1.1" 200 21032 "-" "Mozilla/5.0 (Linux; Android 6.0.1; Nexus 5X Build/MMB29P) AppleWebKit/537.36 (KHTML, like Gecko) Chrome/141.0.7390.122 Mobile Safari/537.36 (compatible; Googlebot/2.1; +http://www.google.com/bot.html)" 983 **0/983358**
66.249.69.130 - - [01/Nov/2025:05:24:44 -0700] "GET /?a=58538344061690&mod=eaac44ee&uri=brands.php%3Fid%3D1958443-419%26name%3Djustwatch+canada%27s+drag+race+watch+online HTTP/1.1" 200 21345 "-" "Mozilla/5.0 (Linux; Android 6.0.1; Nexus 5X Build/MMB29P) AppleWebKit/537.36 (KHTML, like Gecko) Chrome/141.0.7390.122 Mobile Safari/537.36 (compatible; Googlebot/2.1; +http://www.google.com/bot.html)" 6269 **6/6269728**
66.249.69.129 - - [01/Nov/2025:05:24:50 -0700] "GET /?a=109220983091690&mod=e2c61965&uri=info.php%3Fid%3D3654709-28%26name%3Dmaxi+cheff+cocinita+rondi+maxi+chef HTTP/1.1" 200 21016 "-" "Mozilla/5.0 (Linux; Android 6.0.1; Nexus 5X Build/MMB29P) AppleWebKit/537.36 (KHTML, like Gecko) Chrome/141.0.7390.122 Mobile Safari/537.36 (compatible; Googlebot/2.1; +http://www.google.com/bot.html)" 1135 **1/1135971**
66.249.69.131 - - [01/Nov/2025:05:24:51 -0700] "GET /?a=1668243061690&mod=2ba77af8&uri=info.php%3Fid%3D55761-413%26name%3Dspirits+festival+black+owned+winery+in+dmv HTTP/1.1" 200 21716 "-" "Mozilla/5.0 (Linux; Android 6.0.1; Nexus 5X Build/MMB29P) AppleWebKit/537.36 (KHTML, like Gecko) Chrome/141.0.7390.122 Mobile Safari/537.36 (compatible; Googlebot/2.1; +http://www.google.com/bot.html)" 1001 **1/1001767**
66.249.69.132 - - [01/Nov/2025:05:24:52 -0700] "GET /?a=86553656051690&mod=9657cbe9&uri=shared.php%3Fid%3D2896008-1113%26name%3Dcherry+blossoms+mochila+inuyasha HTTP/1.1" 200 20066 "-" "Mozilla/5.0 (Linux; Android 6.0.1; Nexus 5X Build/MMB29P) AppleWebKit/537.36 (KHTML, like Gecko) Chrome/141.0.7390.122 Mobile Safari/537.36 (compatible; Googlebot/2.1; +http://www.google.com/bot.html)" 806 **0/806881**
66.249.69.131 - - [01/Nov/2025:05:24:52 -0700] "GET /?a=105047465031690&mod=9266b83e&uri=article.php%3Fid%3D3514971-682%26name%3Dstainless+steel+mtm+orologi+opinioni HTTP/1.1" 200 20270 "-" "Mozilla/5.0 (Linux; Android 6.0.1; Nexus 5X Build/MMB29P) AppleWebKit/537.36 (KHTML, like Gecko) Chrome/141.0.7390.122 Mobile Safari/537.36 (compatible; Googlebot/2.1; +http://www.google.com/bot.html)" 818 **0/818740**
66.249.69.130 - - [01/Nov/2025:05:24:53 -0700] "GET /?a=100766639031690&mod=aaaac19f&uri=us.php%3Fid%3D3371736-111%26name%3Dmagsafe+mous+wood+case HTTP/1.1" 200 22039 "-" "Mozilla/5.0 (Linux; Android 6.0.1; Nexus 5X Build/MMB29P) AppleWebKit/537.36 (KHTML, like Gecko) Chrome/141.0.7390.122 Mobile Safari/537.36 (compatible; Googlebot/2.1; +http://www.google.com/bot.html)" 898 **0/898779**
66.249.69.131 - - [01/Nov/2025:05:24:54 -0700] "GET /?a=78255433011690&mod=f7c914bf&uri=pin.php%3Fid%3D2618314-234%26name%3Drouter+inal%C3%A1mbrico+amplificador+smart+wifi+movistar+espa%C3%83%C2%B1a HTTP/1.1" 200 21215 "-" "Mozilla/5.0 (Linux; Android 6.0.1; Nexus 5X Build/MMB29P) AppleWebKit/537.36 (KHTML, like Gecko) Chrome/141.0.7390.122 Mobile Safari/537.36 (compatible; Googlebot/2.1; +http://www.google.com/bot.html)" 1004 **1/1004819**
207.46.13.9 - - [01/Nov/2025:05:24:55 -0700] "GET /?a=2992310031690&mod=ee6db913&uri=blog.php%3Fid%3D100042-120%26name%3Dwifi+zmodo+camera+light+meaning HTTP/2.0" 200 20083 "-" "Mozilla/5.0 AppleWebKit/537.36 (KHTML, like Gecko; compatible; bingbot/2.0; +http://www.bing.com/bingbot.htm) Chrome/116.0.1938.76 Safari/537.36" 892 **0/892622**
66.249.72.226 - - [01/Nov/2025:05:24:56 -0700] "GET /?a=78969541021690&mod=d39e8a0d&uri=category-info.php%3Fid%3D2642237-528%26name%3Dwatch+patek+philippe+tourbillon+prijs HTTP/1.1" 200 20383 "-" "Mozilla/5.0 (Linux; Android 6.0.1; Nexus 5X Build/MMB29P) AppleWebKit/537.36 (KHTML, like Gecko) Chrome/141.0.7390.122 Mobile Safari/537.36 (compatible; Googlebot/2.1; +http://www.google.com/bot.html)" 694 **0/694362**
207.46.13.9 - - [01/Nov/2025:05:24:56 -0700] "GET /?a=117890226041690&mod=ae06fbdc&uri=search.php%3Fid%3D3944687-54%26name%3Dvestidos+ajustados+minivestidos+cortos HTTP/2.0" 200 21892 "-" "Mozilla/5.0 AppleWebKit/537.36 (KHTML, like Gecko; compatible; bingbot/2.0; +http://www.bing.com/bingbot.htm) Chrome/116.0.1938.76 Safari/537.36" 442 **0/442755**
