207.46.13.151 - - [01/Nov/2025:05:19:15 -0700] "GET /?a=29759874031690&mod=d8ca510b&uri=article.php%3Fid%3D995520-464%26name%3Dlegami+no+touch+key+ring HTTP/2.0" 200 21313 "-" "Mozilla/5.0 AppleWebKit/537.36 (KHTML, like Gecko; compatible; bingbot/2.0; +http://www.bing.com/bingbot.htm) Chrome/116.0.1938.76 Safari/537.36" 322 **0/322748**
66.249.72.226 - - [01/Nov/2025:05:19:15 -0700] "GET /product/edit/105493124001690 HTTP/1.1" 200 20294 "-" "Mozilla/5.0 (Linux; Android 6.0.1; Nexus 5X Build/MMB29P) AppleWebKit/537.36 (KHTML, like Gecko) Chrome/141.0.7390.122 Mobile Safari/537.36 (compatible; Googlebot/2.1; +http://www.google.com/bot.html)" 353 **0/353579**
66.249.69.140 - - [01/Nov/2025:05:19:16 -0700] "GET /product/edit/109911307001690?/css_6356af597ebeb154b969e538d3e95f0f/_drupal_modules_product_detail_assets_css_new_pc_product_detail HTTP/1.1" 200 5213 "https://blalockdialysiscenter.com/product/edit/109911307001690" "Mozilla/5.0 (Linux; Android 6.0.1; Nexus 5X Build/MMB29P) AppleWebKit/537.36 (KHTML, like Gecko) Chrome/141.0.7390.122 Mobile Safari/537.36 (compatible; Googlebot/2.1; +http://www.google.com/bot.html)" 108 **0/108866**
66.249.72.226 - - [01/Nov/2025:05:19:16 -0700] "GET /product/edit/113949017081690 HTTP/1.1" 200 20970 "-" "Mozilla/5.0 (Linux; Android 6.0.1; Nexus 5X Build/MMB29P) AppleWebKit/537.36 (KHTML, like Gecko) Chrome/141.0.7390.122 Mobile Safari/537.36 (compatible; Googlebot/2.1; +http://www.google.com/bot.html)" 349 **0/349499**
66.249.72.226 - - [01/Nov/2025:05:19:17 -0700] "GET /product/edit/30533740111690 HTTP/1.1" 200 19849 "-" "Mozilla/5.0 (Linux; Android 6.0.1; Nexus 5X Build/MMB29P) AppleWebKit/537.36 (KHTML, like Gecko) Chrome/141.0.7390.122 Mobile Safari/537.36 (compatible; Googlebot/2.1; +http://www.google.com/bot.html)" 306 **0/306730**
66.249.72.226 - - [01/Nov/2025:05:19:17 -0700] "GET /product/edit/116462181031690 HTTP/1.1" 200 20760 "-" "Mozilla/5.0 (Linux; Android 6.0.1; Nexus 5X Build/MMB29P) AppleWebKit/537.36 (KHTML, like Gecko) Chrome/141.0.7390.122 Mobile Safari/537.36 (compatible; Googlebot/2.1; +http://www.google.com/bot.html)" 316 **0/316930**
66.249.69.140 - - [01/Nov/2025:05:19:17 -0700] "GET /product/edit/67081824061690?/js_6356af597ebeb154b969e538d3e95f0f/_drupal_sites_default_files_js_js_nfGRbDhyXF9_dFjG2rkRRw84Gy6p5a4aGnpYcOKhuC4 HTTP/1.1" 200 96506 "https://blalockdialysiscenter.com/product/edit/67081824061690" "Mozilla/5.0 (Linux; Android 6.0.1; Nexus 5X Build/MMB29P) AppleWebKit/537.36 (KHTML, like Gecko) Chrome/141.0.7390.122 Mobile Safari/537.36 (compatible; Googlebot/2.1; +http://www.google.com/bot.html)" 245 **0/245295**
66.249.69.140 - - [01/Nov/2025:05:19:18 -0700] "GET /?a=90194866071690&mod=27d342e9&uri=shared.php%3Fid%3D3017828-363%26name%3Dleboncoin+v%C3%83%C2%A9lo+woodsun+16+pouces+fille HTTP/1.1" 200 21031 "-" "Mozilla/5.0 (Linux; Android 6.0.1; Nexus 5X Build/MMB29P) AppleWebKit/537.36 (KHTML, like Gecko) Chrome/141.0.7390.122 Mobile Safari/537.36 (compatible; Googlebot/2.1; +http://www.google.com/bot.html)" 334 **0/334262**
66.249.72.226 - - [01/Nov/2025:05:19:18 -0700] "GET /product/edit/49923822021690 HTTP/1.1" 200 21584 "-" "Mozilla/5.0 (Linux; Android 6.0.1; Nexus 5X Build/MMB29P) AppleWebKit/537.36 (KHTML, like Gecko) Chrome/141.0.7390.122 Mobile Safari/537.36 (compatible; Googlebot/2.1; +http://www.google.com/bot.html)" 365 **0/365711**
66.249.72.226 - - [01/Nov/2025:05:19:18 -0700] "GET /product/edit/15440811031690 HTTP/1.1" 200 21043 "-" "Mozilla/5.0 (Linux; Android 6.0.1; Nexus 5X Build/MMB29P) AppleWebKit/537.36 (KHTML, like Gecko) Chrome/141.0.7390.122 Mobile Safari/537.36 (compatible; Googlebot/2.1; +http://www.google.com/bot.html)" 293 **0/293832**
66.249.72.227 - - [01/Nov/2025:05:19:19 -0700] "GET /product/edit/100700286021690 HTTP/1.1" 200 20781 "-" "Mozilla/5.0 (Linux; Android 6.0.1; Nexus 5X Build/MMB29P) AppleWebKit/537.36 (KHTML, like Gecko) Chrome/141.0.7390.122 Mobile Safari/537.36 (compatible; Googlebot/2.1; +http://www.google.com/bot.html)" 315 **0/315053**
66.249.69.141 - - [01/Nov/2025:05:19:19 -0700] "GET /product/edit/109911307001690?/css_6356af597ebeb154b969e538d3e95f0f/_drupal_sites_default_files_css_css_LmUrbIckCDCKvN2_Q3zbp044aJ28BPsL4EcroazBk2w HTTP/1.1" 200 42233 "https://blalockdialysiscenter.com/product/edit/109911307001690" "Mozilla/5.0 (Linux; Android 6.0.1; Nexus 5X Build/MMB29P) AppleWebKit/537.36 (KHTML, like Gecko) Chrome/141.0.7390.122 Mobile Safari/537.36 (compatible; Googlebot/2.1; +http://www.google.com/bot.html)" 200 **0/200330**
66.249.72.226 - - [01/Nov/2025:05:19:20 -0700] "GET /product/edit/251859061690 HTTP/1.1" 200 20887 "-" "Mozilla/5.0 (Linux; Android 6.0.1; Nexus 5X Build/MMB29P) AppleWebKit/537.36 (KHTML, like Gecko) Chrome/141.0.7390.122 Mobile Safari/537.36 (compatible; Googlebot/2.1; +http://www.google.com/bot.html)" 537 **0/537864**
66.249.72.227 - - [01/Nov/2025:05:19:20 -0700] "GET /product/edit/63493939051690 HTTP/1.1" 200 21201 "-" "Mozilla/5.0 (Linux; Android 6.0.1; Nexus 5X Build/MMB29P) AppleWebKit/537.36 (KHTML, like Gecko) Chrome/141.0.7390.122 Mobile Safari/537.36 (compatible; Googlebot/2.1; +http://www.google.com/bot.html)" 401 **0/401659**
66.249.69.141 - - [01/Nov/2025:05:19:20 -0700] "GET /product/edit/109911307001690?/css_6356af597ebeb154b969e538d3e95f0f/_styles_css_product-detail-ex01 HTTP/1.1" 200 397 "https://blalockdialysiscenter.com/product/edit/109911307001690" "Mozilla/5.0 (Linux; Android 6.0.1; Nexus 5X Build/MMB29P) AppleWebKit/537.36 (KHTML, like Gecko) Chrome/141.0.7390.122 Mobile Safari/537.36 (compatible; Googlebot/2.1; +http://www.google.com/bot.html)" 110 **0/110035**
66.249.69.141 - - [01/Nov/2025:05:19:21 -0700] "GET /product/edit/66963137121690?/js_6356af597ebeb154b969e538d3e95f0f/_drupal_sites_default_files_js_js_nfGRbDhyXF9_dFjG2rkRRw84Gy6p5a4aGnpYcOKhuC4 HTTP/1.1" 200 96506 "https://blalockdialysiscenter.com/product/edit/66963137121690" "Mozilla/5.0 (Linux; Android 6.0.1; Nexus 5X Build/MMB29P) AppleWebKit/537.36 (KHTML, like Gecko) Chrome/141.0.7390.122 Mobile Safari/537.36 (compatible; Googlebot/2.1; +http://www.google.com/bot.html)" 250 **0/250718**
66.249.72.227 - - [01/Nov/2025:05:19:21 -0700] "GET /product/edit/16925661061690 HTTP/1.1" 200 20788 "-" "Mozilla/5.0 (Linux; Android 6.0.1; Nexus 5X Build/MMB29P) AppleWebKit/537.36 (KHTML, like Gecko) Chrome/141.0.7390.122 Mobile Safari/537.36 (compatible; Googlebot/2.1; +http://www.google.com/bot.html)" 707 **0/707203**
66.249.69.141 - - [01/Nov/2025:05:19:22 -0700] "GET /product/edit/67081824061690?/css_6356af597ebeb154b969e538d3e95f0f/_drupal_sites_default_files_css_css_YLUY2usEybPXqNO15-ozAgAYsZmniqhrU6f3bp69-r4 HTTP/1.1" 200 3874 "https://blalockdialysiscenter.com/product/edit/67081824061690" "Mozilla/5.0 (Linux; Android 6.0.1; Nexus 5X Build/MMB29P) AppleWebKit/537.36 (KHTML, like Gecko) Chrome/141.0.7390.122 Mobile Safari/537.36 (compatible; Googlebot/2.1; +http://www.google.com/bot.html)" 112 **0/112175**
66.249.69.141 - - [01/Nov/2025:05:19:22 -0700] "GET /product/edit/67081824061690?/css_6356af597ebeb154b969e538d3e95f0f/_styles_css_product-detail-ex01 HTTP/1.1" 200 397 "https://blalockdialysiscenter.com/product/edit/67081824061690" "Mozilla/5.0 (Linux; Android 6.0.1; Nexus 5X Build/MMB29P) AppleWebKit/537.36 (KHTML, like Gecko) Chrome/141.0.7390.122 Mobile Safari/537.36 (compatible; Googlebot/2.1; +http://www.google.com/bot.html)" 110 **0/110743**
66.249.72.227 - - [01/Nov/2025:05:19:22 -0700] "GET /product/edit/77862194041690 HTTP/1.1" 200 20972 "-" "Mozilla/5.0 (Linux; Android 6.0.1; Nexus 5X Build/MMB29P) AppleWebKit/537.36 (KHTML, like Gecko) Chrome/141.0.7390.122 Mobile Safari/537.36 (compatible; Googlebot/2.1; +http://www.google.com/bot.html)" 752 **0/752217**
66.249.69.140 - - [01/Nov/2025:05:19:23 -0700] "GET /product/edit/9590913001690?/css_6356af597ebeb154b969e538d3e95f0f/_drupal_sites_default_files_css_css_LmUrbIckCDCKvN2_Q3zbp044aJ28BPsL4EcroazBk2w HTTP/1.1" 200 42233 "https://blalockdialysiscenter.com/product/edit/9590913001690" "Mozilla/5.0 (Linux; Android 6.0.1; Nexus 5X Build/MMB29P) AppleWebKit/537.36 (KHTML, like Gecko) Chrome/141.0.7390.122 Mobile Safari/537.36 (compatible; Googlebot/2.1; +http://www.google.com/bot.html)" 198 **0/198800**
66.249.72.227 - - [01/Nov/2025:05:19:22 -0700] "GET /product/edit/47994404011690 HTTP/1.1" 200 21275 "-" "Mozilla/5.0 (Linux; Android 6.0.1; Nexus 5X Build/MMB29P) AppleWebKit/537.36 (KHTML, like Gecko) Chrome/141.0.7390.122 Mobile Safari/537.36 (compatible; Googlebot/2.1; +http://www.google.com/bot.html)" 990 **0/990160**
66.249.72.226 - - [01/Nov/2025:05:19:24 -0700] "GET /product/edit/79159767041690?/css_757ed0132a844208f409fbb5067dfa2d/_styles_css_wanderer-fg HTTP/1.1" 200 184 "https://www.blalockdialysiscenter.com/product/edit/79159767041690" "Mozilla/5.0 (Linux; Android 6.0.1; Nexus 5X Build/MMB29P) AppleWebKit/537.36 (KHTML, like Gecko) Chrome/141.0.7390.122 Mobile Safari/537.36 (compatible; Googlebot/2.1; +http://www.google.com/bot.html)" 114 **0/114381**
66.249.72.227 - - [01/Nov/2025:05:19:23 -0700] "GET /product/edit/10721949031690 HTTP/1.1" 200 21165 "-" "Mozilla/5.0 (Linux; Android 6.0.1; Nexus 5X Build/MMB29P) AppleWebKit/537.36 (KHTML, like Gecko) Chrome/141.0.7390.122 Mobile Safari/537.36 (compatible; Googlebot/2.1; +http://www.google.com/bot.html)" 1088 **1/1088902**
207.46.13.150 - - [01/Nov/2025:05:19:24 -0700] "GET /?a=47148597011690&mod=c837a32d&uri=itm.php%3Fid%3D1577261-1216%26name%3Djadon+dr+martens+negras+plataforma+garcia HTTP/2.0" 200 20126 "-" "Mozilla/5.0 AppleWebKit/537.36 (KHTML, like Gecko; compatible; bingbot/2.0; +http://www.bing.com/bingbot.htm) Chrome/116.0.1938.76 Safari/537.36" 983 **0/983833**
66.249.72.227 - - [01/Nov/2025:05:19:24 -0700] "GET /product/edit/79159767041690?/js_757ed0132a844208f409fbb5067dfa2d/_drupal_sites_default_files_js_js_nfGRbDhyXF9_dFjG2rkRRw84Gy6p5a4aGnpYcOKhuC4 HTTP/1.1" 200 96506 "https://www.blalockdialysiscenter.com/product/edit/79159767041690" "Mozilla/5.0 (Linux; Android 6.0.1; Nexus 5X Build/MMB29P) AppleWebKit/537.36 (KHTML, like Gecko) Chrome/141.0.7390.122 Mobile Safari/537.36 (compatible; Googlebot/2.1; +http://www.google.com/bot.html)" 292 **0/292779**
66.249.72.227 - - [01/Nov/2025:05:19:24 -0700] "GET /product/edit/88370991041690 HTTP/1.1" 200 21197 "-" "Mozilla/5.0 (Linux; Android 6.0.1; Nexus 5X Build/MMB29P) AppleWebKit/537.36 (KHTML, like Gecko) Chrome/141.0.7390.122 Mobile Safari/537.36 (compatible; Googlebot/2.1; +http://www.google.com/bot.html)" 1011 **1/1011012**
66.249.72.226 - - [01/Nov/2025:05:19:25 -0700] "GET /product/edit/79159767041690?/css_757ed0132a844208f409fbb5067dfa2d/_drupal_sites_default_files_css_css_LmUrbIckCDCKvN2_Q3zbp044aJ28BPsL4EcroazBk2w HTTP/1.1" 200 42233 "https://www.blalockdialysiscenter.com/product/edit/79159767041690" "Mozilla/5.0 (Linux; Android 6.0.1; Nexus 5X Build/MMB29P) AppleWebKit/537.36 (KHTML, like Gecko) Chrome/141.0.7390.122 Mobile Safari/537.36 (compatible; Googlebot/2.1; +http://www.google.com/bot.html)" 210 **0/210031**
66.249.72.226 - - [01/Nov/2025:05:19:25 -0700] "GET /product/edit/17145369081690 HTTP/1.1" 200 20488 "-" "Mozilla/5.0 (Linux; Android 6.0.1; Nexus 5X Build/MMB29P) AppleWebKit/537.36 (KHTML, like Gecko) Chrome/141.0.7390.122 Mobile Safari/537.36 (compatible; Googlebot/2.1; +http://www.google.com/bot.html)" 1007 **1/1007516**
66.249.72.226 - - [01/Nov/2025:05:19:26 -0700] "GET /product/edit/102287936001690 HTTP/1.1" 200 21267 "-" "Mozilla/5.0 (Linux; Android 6.0.1; Nexus 5X Build/MMB29P) AppleWebKit/537.36 (KHTML, like Gecko) Chrome/141.0.7390.122 Mobile Safari/537.36 (compatible; Googlebot/2.1; +http://www.google.com/bot.html)" 1061 **1/1061527**
66.249.72.226 - - [01/Nov/2025:05:19:27 -0700] "GET /product/edit/59823468111690?/css_757ed0132a844208f409fbb5067dfa2d/_styles_css_wanderer-fg HTTP/1.1" 200 184 "https://www.blalockdialysiscenter.com/product/edit/59823468111690" "Mozilla/5.0 (Linux; Android 6.0.1; Nexus 5X Build/MMB29P) AppleWebKit/537.36 (KHTML, like Gecko) Chrome/141.0.7390.122 Mobile Safari/537.36 (compatible; Googlebot/2.1; +http://www.google.com/bot.html)" 113 **0/113142**
66.249.69.141 - - [01/Nov/2025:05:19:26 -0700] "GET /product/edit/1878436051690 HTTP/1.1" 200 20332 "-" "Mozilla/5.0 (Linux; Android 6.0.1; Nexus 5X Build/MMB29P) AppleWebKit/537.36 (KHTML, like Gecko) Chrome/141.0.7390.122 Mobile Safari/537.36 (compatible; Googlebot/2.1; +http://www.google.com/bot.html)" 993 **0/993198**
66.249.72.226 - - [01/Nov/2025:05:19:27 -0700] "GET /product/edit/59823468111690?/css_757ed0132a844208f409fbb5067dfa2d/_drupal_modules_product_detail_assets_css_new_pc_product_detail HTTP/1.1" 200 5213 "https://www.blalockdialysiscenter.com/product/edit/59823468111690" "Mozilla/5.0 (Linux; Android 6.0.1; Nexus 5X Build/MMB29P) AppleWebKit/537.36 (KHTML, like Gecko) Chrome/141.0.7390.122 Mobile Safari/537.36 (compatible; Googlebot/2.1; +http://www.google.com/bot.html)" 115 **0/115555**
66.249.72.227 - - [01/Nov/2025:05:19:27 -0700] "GET /product/edit/116855397011690 HTTP/1.1" 200 20683 "-" "Mozilla/5.0 (Linux; Android 6.0.1; Nexus 5X Build/MMB29P) AppleWebKit/537.36 (KHTML, like Gecko) Chrome/141.0.7390.122 Mobile Safari/537.36 (compatible; Googlebot/2.1; +http://www.google.com/bot.html)" 859 **0/859649**
66.249.72.228 - - [01/Nov/2025:05:19:28 -0700] "GET /product/edit/5237953001690?/css_757ed0132a844208f409fbb5067dfa2d/_styles_css_wanderer-fg HTTP/1.1" 200 184 "https://www.blalockdialysiscenter.com/product/edit/5237953001690" "Mozilla/5.0 (Linux; Android 6.0.1; Nexus 5X Build/MMB29P) AppleWebKit/537.36 (KHTML, like Gecko) Chrome/141.0.7390.122 Mobile Safari/537.36 (compatible; Googlebot/2.1; +http://www.google.com/bot.html)" 122 **0/122727**
66.249.69.140 - - [01/Nov/2025:05:19:28 -0700] "GET /?a=12655198021690&mod=c235058e&uri=category-info.php%3Fid%3D423397-809%26name%3Dgrey+new+balance+574+sale+online HTTP/1.1" 200 20760 "-" "Mozilla/5.0 (Linux; Android 6.0.1; Nexus 5X Build/MMB29P) AppleWebKit/537.36 (KHTML, like Gecko) Chrome/141.0.7390.122 Mobile Safari/537.36 (compatible; Googlebot/2.1; +http://www.google.com/bot.html)" 796 **0/796897**
66.249.72.228 - - [01/Nov/2025:05:19:29 -0700] "GET /product/edit/105493124001690?/css_757ed0132a844208f409fbb5067dfa2d/_styles_css_wanderer-fg HTTP/1.1" 200 184 "https://www.blalockdialysiscenter.com/product/edit/105493124001690" "Mozilla/5.0 (Linux; Android 6.0.1; Nexus 5X Build/MMB29P) AppleWebKit/537.36 (KHTML, like Gecko) Chrome/141.0.7390.122 Mobile Safari/537.36 (compatible; Googlebot/2.1; +http://www.google.com/bot.html)" 107 **0/107516**
66.249.72.226 - - [01/Nov/2025:05:19:28 -0700] "GET /product/edit/108070214041690 HTTP/1.1" 200 19729 "-" "Mozilla/5.0 (Linux; Android 6.0.1; Nexus 5X Build/MMB29P) AppleWebKit/537.36 (KHTML, like Gecko) Chrome/141.0.7390.122 Mobile Safari/537.36 (compatible; Googlebot/2.1; +http://www.google.com/bot.html)" 806 **0/806598**
66.249.69.141 - - [01/Nov/2025:05:19:29 -0700] "GET /product/edit/32404364041690?/js_6356af597ebeb154b969e538d3e95f0f/_drupal_sites_default_files_js_js_nfGRbDhyXF9_dFjG2rkRRw84Gy6p5a4aGnpYcOKhuC4 HTTP/1.1" 200 96506 "https://blalockdialysiscenter.com/product/edit/32404364041690" "Mozilla/5.0 (Linux; Android 6.0.1; Nexus 5X Build/MMB29P) AppleWebKit/537.36 (KHTML, like Gecko) Chrome/141.0.7390.122 Mobile Safari/537.36 (compatible; Googlebot/2.1; +http://www.google.com/bot.html)" 265 **0/265001**
66.249.72.226 - - [01/Nov/2025:05:19:30 -0700] "GET /product/edit/69222579051690 HTTP/1.1" 200 20178 "-" "Mozilla/5.0 (Linux; Android 6.0.1; Nexus 5X Build/MMB29P) AppleWebKit/537.36 (KHTML, like Gecko) Chrome/141.0.7390.122 Mobile Safari/537.36 (compatible; Googlebot/2.1; +http://www.google.com/bot.html)" 1112 **1/1112530**
66.249.69.141 - - [01/Nov/2025:05:19:31 -0700] "GET /product/edit/32404364041690?/js_6356af597ebeb154b969e538d3e95f0f/_drupal_sites_default_files_js_js_G878YGhv0pYpg9iZ_hIm3vCCQWyhWgLawk-6b6wmZuU HTTP/1.1" 200 52631 "https://blalockdialysiscenter.com/product/edit/32404364041690" "Mozilla/5.0 (Linux; Android 6.0.1; Nexus 5X Build/MMB29P) AppleWebKit/537.36 (KHTML, like Gecko) Chrome/141.0.7390.122 Mobile Safari/537.36 (compatible; Googlebot/2.1; +http://www.google.com/bot.html)" 198 **0/198555**
66.249.72.227 - - [01/Nov/2025:05:19:30 -0700] "GET /product/edit/7402035061690 HTTP/1.1" 200 21177 "-" "Mozilla/5.0 (Linux; Android 6.0.1; Nexus 5X Build/MMB29P) AppleWebKit/537.36 (KHTML, like Gecko) Chrome/141.0.7390.122 Mobile Safari/537.36 (compatible; Googlebot/2.1; +http://www.google.com/bot.html)" 1118 **1/1118571**
66.249.72.227 - - [01/Nov/2025:05:19:31 -0700] "GET /product/edit/105493124001690?/js_757ed0132a844208f409fbb5067dfa2d/_styles_js_lazysizes.min HTTP/1.1" 200 3188 "https://www.blalockdialysiscenter.com/product/edit/105493124001690" "Mozilla/5.0 (Linux; Android 6.0.1; Nexus 5X Build/MMB29P) AppleWebKit/537.36 (KHTML, like Gecko) Chrome/141.0.7390.122 Mobile Safari/537.36 (compatible; Googlebot/2.1; +http://www.google.com/bot.html)" 113 **0/113091**
66.249.72.228 - - [01/Nov/2025:05:19:32 -0700] "GET /product/edit/105493124001690?/js_757ed0132a844208f409fbb5067dfa2d/_styles_js_lightbox HTTP/1.1" 200 4711 "https://www.blalockdialysiscenter.com/product/edit/105493124001690" "Mozilla/5.0 (Linux; Android 6.0.1; Nexus 5X Build/MMB29P) AppleWebKit/537.36 (KHTML, like Gecko) Chrome/141.0.7390.122 Mobile Safari/537.36 (compatible; Googlebot/2.1; +http://www.google.com/bot.html)" 111 **0/111028**
66.249.69.141 - - [01/Nov/2025:05:19:32 -0700] "GET /?a=42431575091690&mod=ad1a5689&uri=article.php%3Fid%3D1419460-439%26name%3Dborn+with+september+guy+hoodie HTTP/1.1" 200 21198 "-" "Mozilla/5.0 (Linux; Android 6.0.1; Nexus 5X Build/MMB29P) AppleWebKit/537.36 (KHTML, like Gecko) Chrome/141.0.7390.122 Mobile Safari/537.36 (compatible; Googlebot/2.1; +http://www.google.com/bot.html)" 841 **0/841587**
66.249.72.227 - - [01/Nov/2025:05:19:33 -0700] "GET /product/edit/30533740111690?/css_757ed0132a844208f409fbb5067dfa2d/_styles_css_wanderer-fg HTTP/1.1" 200 184 "https://www.blalockdialysiscenter.com/product/edit/30533740111690" "Mozilla/5.0 (Linux; Android 6.0.1; Nexus 5X Build/MMB29P) AppleWebKit/537.36 (KHTML, like Gecko) Chrome/141.0.7390.122 Mobile Safari/537.36 (compatible; Googlebot/2.1; +http://www.google.com/bot.html)" 105 **0/105923**
66.249.72.227 - - [01/Nov/2025:05:19:32 -0700] "GET /product/edit/55552565081690 HTTP/1.1" 200 20642 "-" "Mozilla/5.0 (Linux; Android 6.0.1; Nexus 5X Build/MMB29P) AppleWebKit/537.36 (KHTML, like Gecko) Chrome/141.0.7390.122 Mobile Safari/537.36 (compatible; Googlebot/2.1; +http://www.google.com/bot.html)" 700 **0/700011**
66.249.72.227 - - [01/Nov/2025:05:19:33 -0700] "GET /product/edit/30533740111690?/js_757ed0132a844208f409fbb5067dfa2d/_styles_js_lightbox HTTP/1.1" 200 4711 "https://www.blalockdialysiscenter.com/product/edit/30533740111690" "Mozilla/5.0 (Linux; Android 6.0.1; Nexus 5X Build/MMB29P) AppleWebKit/537.36 (KHTML, like Gecko) Chrome/141.0.7390.122 Mobile Safari/537.36 (compatible; Googlebot/2.1; +http://www.google.com/bot.html)" 118 **0/118387**
66.249.72.227 - - [01/Nov/2025:05:19:34 -0700] "GET /product/edit/63493939051690?/css_757ed0132a844208f409fbb5067dfa2d/_styles_css_wanderer-fg HTTP/1.1" 200 184 "https://www.blalockdialysiscenter.com/product/edit/63493939051690" "Mozilla/5.0 (Linux; Android 6.0.1; Nexus 5X Build/MMB29P) AppleWebKit/537.36 (KHTML, like Gecko) Chrome/141.0.7390.122 Mobile Safari/537.36 (compatible; Googlebot/2.1; +http://www.google.com/bot.html)" 116 **0/116795**
66.249.72.227 - - [01/Nov/2025:05:19:33 -0700] "GET /product/edit/63497359031690 HTTP/1.1" 200 21382 "-" "Mozilla/5.0 (Linux; Android 6.0.1; Nexus 5X Build/MMB29P) AppleWebKit/537.36 (KHTML, like Gecko) Chrome/141.0.7390.122 Mobile Safari/537.36 (compatible; Googlebot/2.1; +http://www.google.com/bot.html)" 909 **0/909911**
66.249.72.228 - - [01/Nov/2025:05:19:35 -0700] "GET /product/edit/63493939051690?/js_757ed0132a844208f409fbb5067dfa2d/_styles_js_lightbox HTTP/1.1" 200 4711 "https://www.blalockdialysiscenter.com/product/edit/63493939051690" "Mozilla/5.0 (Linux; Android 6.0.1; Nexus 5X Build/MMB29P) AppleWebKit/537.36 (KHTML, like Gecko) Chrome/141.0.7390.122 Mobile Safari/537.36 (compatible; Googlebot/2.1; +http://www.google.com/bot.html)" 116 **0/116945**
66.249.72.228 - - [01/Nov/2025:05:19:34 -0700] "GET /product/edit/102974194041690 HTTP/1.1" 200 21077 "-" "Mozilla/5.0 (Linux; Android 6.0.1; Nexus 5X Build/MMB29P) AppleWebKit/537.36 (KHTML, like Gecko) Chrome/141.0.7390.122 Mobile Safari/537.36 (compatible; Googlebot/2.1; +http://www.google.com/bot.html)" 953 **0/953566**
66.249.72.228 - - [01/Nov/2025:05:19:35 -0700] "GET /product/edit/49923822021690?/js_757ed0132a844208f409fbb5067dfa2d/_styles_js_lightbox HTTP/1.1" 200 4711 "https://www.blalockdialysiscenter.com/product/edit/49923822021690" "Mozilla/5.0 (Linux; Android 6.0.1; Nexus 5X Build/MMB29P) AppleWebKit/537.36 (KHTML, like Gecko) Chrome/141.0.7390.122 Mobile Safari/537.36 (compatible; Googlebot/2.1; +http://www.google.com/bot.html)" 116 **0/116820**
66.249.72.228 - - [01/Nov/2025:05:19:35 -0700] "GET /product/edit/79513473091690 HTTP/1.1" 200 20639 "-" "Mozilla/5.0 (Linux; Android 6.0.1; Nexus 5X Build/MMB29P) AppleWebKit/537.36 (KHTML, like Gecko) Chrome/141.0.7390.122 Mobile Safari/537.36 (compatible; Googlebot/2.1; +http://www.google.com/bot.html)" 1068 **1/1068660**
66.249.72.227 - - [01/Nov/2025:05:19:36 -0700] "GET /product/edit/49923822021690?/css_757ed0132a844208f409fbb5067dfa2d/_styles_css_product-detail-ex01 HTTP/1.1" 200 397 "https://www.blalockdialysiscenter.com/product/edit/49923822021690" "Mozilla/5.0 (Linux; Android 6.0.1; Nexus 5X Build/MMB29P) AppleWebKit/537.36 (KHTML, like Gecko) Chrome/141.0.7390.122 Mobile Safari/537.36 (compatible; Googlebot/2.1; +http://www.google.com/bot.html)" 120 **0/120964**
66.249.72.227 - - [01/Nov/2025:05:19:36 -0700] "GET /product/edit/5299185111690 HTTP/1.1" 200 21392 "-" "Mozilla/5.0 (Linux; Android 6.0.1; Nexus 5X Build/MMB29P) AppleWebKit/537.36 (KHTML, like Gecko) Chrome/141.0.7390.122 Mobile Safari/537.36 (compatible; Googlebot/2.1; +http://www.google.com/bot.html)" 673 **0/673502**
66.249.72.229 - - [01/Nov/2025:05:19:36 -0700] "GET /product/edit/49923822021690?/js_757ed0132a844208f409fbb5067dfa2d/_drupal_sites_default_files_js_js_G878YGhv0pYpg9iZ_hIm3vCCQWyhWgLawk-6b6wmZuU HTTP/1.1" 200 52631 "https://www.blalockdialysiscenter.com/product/edit/49923822021690" "Mozilla/5.0 (Linux; Android 6.0.1; Nexus 5X Build/MMB29P) AppleWebKit/537.36 (KHTML, like Gecko) Chrome/141.0.7390.122 Mobile Safari/537.36 (compatible; Googlebot/2.1; +http://www.google.com/bot.html)" 197 **0/197938**
66.249.72.226 - - [01/Nov/2025:05:19:37 -0700] "GET /product/edit/50597873061690 HTTP/1.1" 200 20107 "-" "Mozilla/5.0 (Linux; Android 6.0.1; Nexus 5X Build/MMB29P) AppleWebKit/537.36 (KHTML, like Gecko) Chrome/141.0.7390.122 Mobile Safari/537.36 (compatible; Googlebot/2.1; +http://www.google.com/bot.html)" 839 **0/839807**
66.249.72.226 - - [01/Nov/2025:05:19:38 -0700] "GET /product/edit/79159767041690?/js_757ed0132a844208f409fbb5067dfa2d/_drupal_sites_default_files_js_js_z1qFDrghecTCI5Rjumn4rMBYPHvd-E4L0DVpS2JCjnw HTTP/1.1" 200 320 "https://www.blalockdialysiscenter.com/product/edit/79159767041690" "Mozilla/5.0 (Linux; Android 6.0.1; Nexus 5X Build/MMB29P) AppleWebKit/537.36 (KHTML, like Gecko) Chrome/141.0.7390.122 Mobile Safari/537.36 (compatible; Googlebot/2.1; +http://www.google.com/bot.html)" 109 **0/109948**
66.249.72.227 - - [01/Nov/2025:05:19:38 -0700] "GET /product/edit/251859061690?/css_757ed0132a844208f409fbb5067dfa2d/_drupal_modules_product_detail_assets_css_new_pc_product_detail HTTP/1.1" 200 5213 "https://www.blalockdialysiscenter.com/product/edit/251859061690" "Mozilla/5.0 (Linux; Android 6.0.1; Nexus 5X Build/MMB29P) AppleWebKit/537.36 (KHTML, like Gecko) Chrome/141.0.7390.122 Mobile Safari/537.36 (compatible; Googlebot/2.1; +http://www.google.com/bot.html)" 113 **0/113124**
66.249.72.228 - - [01/Nov/2025:05:19:38 -0700] "GET /product/edit/105697835051690 HTTP/1.1" 200 21143 "-" "Mozilla/5.0 (Linux; Android 6.0.1; Nexus 5X Build/MMB29P) AppleWebKit/537.36 (KHTML, like Gecko) Chrome/141.0.7390.122 Mobile Safari/537.36 (compatible; Googlebot/2.1; +http://www.google.com/bot.html)" 965 **0/965219**
66.249.72.227 - - [01/Nov/2025:05:19:39 -0700] "GET /product/edit/17145369081690?/js_757ed0132a844208f409fbb5067dfa2d/_drupal_sites_default_files_js_js_i3BGasXGb_pVk8CAUeSJnjMmyNE-bFprX9j4_djQznQ HTTP/1.1" 200 3857 "https://www.blalockdialysiscenter.com/product/edit/17145369081690" "Mozilla/5.0 (Linux; Android 6.0.1; Nexus 5X Build/MMB29P) AppleWebKit/537.36 (KHTML, like Gecko) Chrome/141.0.7390.122 Mobile Safari/537.36 (compatible; Googlebot/2.1; +http://www.google.com/bot.html)" 112 **0/112850**
66.249.72.229 - - [01/Nov/2025:05:19:39 -0700] "GET /product/edit/78313881061690 HTTP/1.1" 200 21027 "-" "Mozilla/5.0 (Linux; Android 6.0.1; Nexus 5X Build/MMB29P) AppleWebKit/537.36 (KHTML, like Gecko) Chrome/141.0.7390.122 Mobile Safari/537.36 (compatible; Googlebot/2.1; +http://www.google.com/bot.html)" 747 **0/747222**
66.249.69.141 - - [01/Nov/2025:05:19:40 -0700] "GET /product/edit/1878436051690?/js_6356af597ebeb154b969e538d3e95f0f/_styles_js_lightbox HTTP/1.1" 200 4711 "https://blalockdialysiscenter.com/product/edit/1878436051690" "Mozilla/5.0 (Linux; Android 6.0.1; Nexus 5X Build/MMB29P) AppleWebKit/537.36 (KHTML, like Gecko) Chrome/141.0.7390.122 Mobile Safari/537.36 (compatible; Googlebot/2.1; +http://www.google.com/bot.html)" 117 **0/117361**
66.249.72.226 - - [01/Nov/2025:05:19:40 -0700] "GET /product/edit/2835862011690 HTTP/1.1" 200 21031 "-" "Mozilla/5.0 (Linux; Android 6.0.1; Nexus 5X Build/MMB29P) AppleWebKit/537.36 (KHTML, like Gecko) Chrome/141.0.7390.122 Mobile Safari/537.36 (compatible; Googlebot/2.1; +http://www.google.com/bot.html)" 815 **0/815396**
20.15.133.184 - - [01/Nov/2025:05:19:40 -0700] "GET /?a=75550771031690&mod=07c0dec6&uri=products.php%3Fid%3D2527766-273%26name%3Dliu+jo+vestaglia+notte+uomo+seta HTTP/2.0" 200 21515 "-" "Mozilla/5.0 AppleWebKit/537.36 (KHTML, like Gecko; compatible; bingbot/2.0; +http://www.bing.com/bingbot.htm) Chrome/116.0.1938.76 Safari/537.36" 896 **0/896402**
66.249.72.228 - - [01/Nov/2025:05:19:40 -0700] "GET /product/edit/93229530081690 HTTP/1.1" 200 20865 "-" "Mozilla/5.0 (Linux; Android 6.0.1; Nexus 5X Build/MMB29P) AppleWebKit/537.36 (KHTML, like Gecko) Chrome/141.0.7390.122 Mobile Safari/537.36 (compatible; Googlebot/2.1; +http://www.google.com/bot.html)" 809 **0/809851**
66.249.69.140 - - [01/Nov/2025:05:19:41 -0700] "GET /product/edit/1878436051690?/js_6356af597ebeb154b969e538d3e95f0f/_styles_js_lazysizes.min HTTP/1.1" 200 3188 "https://blalockdialysiscenter.com/product/edit/1878436051690" "Mozilla/5.0 (Linux; Android 6.0.1; Nexus 5X Build/MMB29P) AppleWebKit/537.36 (KHTML, like Gecko) Chrome/141.0.7390.122 Mobile Safari/537.36 (compatible; Googlebot/2.1; +http://www.google.com/bot.html)" 122 **0/122160**
66.249.72.226 - - [01/Nov/2025:05:19:41 -0700] "GET /product/edit/83545123041690 HTTP/1.1" 200 20766 "-" "Mozilla/5.0 (Linux; Android 6.0.1; Nexus 5X Build/MMB29P) AppleWebKit/537.36 (KHTML, like Gecko) Chrome/141.0.7390.122 Mobile Safari/537.36 (compatible; Googlebot/2.1; +http://www.google.com/bot.html)" 335 **0/335579**
66.249.72.229 - - [01/Nov/2025:05:19:42 -0700] "GET /product/edit/105493124001690?/js_757ed0132a844208f409fbb5067dfa2d/_drupal_sites_default_files_js_js_i3BGasXGb_pVk8CAUeSJnjMmyNE-bFprX9j4_djQznQ HTTP/1.1" 200 3857 "https://www.blalockdialysiscenter.com/product/edit/105493124001690" "Mozilla/5.0 (Linux; Android 6.0.1; Nexus 5X Build/MMB29P) AppleWebKit/537.36 (KHTML, like Gecko) Chrome/141.0.7390.122 Mobile Safari/537.36 (compatible; Googlebot/2.1; +http://www.google.com/bot.html)" 128 **0/128233**
66.249.72.227 - - [01/Nov/2025:05:19:42 -0700] "GET /product/edit/64174175001690 HTTP/1.1" 200 20572 "-" "Mozilla/5.0 (Linux; Android 6.0.1; Nexus 5X Build/MMB29P) AppleWebKit/537.36 (KHTML, like Gecko) Chrome/141.0.7390.122 Mobile Safari/537.36 (compatible; Googlebot/2.1; +http://www.google.com/bot.html)" 308 **0/308749**
66.249.69.140 - - [01/Nov/2025:05:19:42 -0700] "GET /product/edit/1878436051690?/css_6356af597ebeb154b969e538d3e95f0f/_drupal_modules_product_detail_assets_css_new_pc_product_detail HTTP/1.1" 200 5213 "https://blalockdialysiscenter.com/product/edit/1878436051690" "Mozilla/5.0 (Linux; Android 6.0.1; Nexus 5X Build/MMB29P) AppleWebKit/537.36 (KHTML, like Gecko) Chrome/141.0.7390.122 Mobile Safari/537.36 (compatible; Googlebot/2.1; +http://www.google.com/bot.html)" 114 **0/114038**
66.249.72.227 - - [01/Nov/2025:05:19:43 -0700] "GET /product/edit/116053933051690 HTTP/1.1" 200 20211 "-" "Mozilla/5.0 (Linux; Android 6.0.1; Nexus 5X Build/MMB29P) AppleWebKit/537.36 (KHTML, like Gecko) Chrome/141.0.7390.122 Mobile Safari/537.36 (compatible; Googlebot/2.1; +http://www.google.com/bot.html)" 401 **0/401449**
66.249.72.229 - - [01/Nov/2025:05:19:43 -0700] "GET /product/edit/80725361041690 HTTP/1.1" 200 21319 "-" "Mozilla/5.0 (Linux; Android 6.0.1; Nexus 5X Build/MMB29P) AppleWebKit/537.36 (KHTML, like Gecko) Chrome/141.0.7390.122 Mobile Safari/537.36 (compatible; Googlebot/2.1; +http://www.google.com/bot.html)" 500 **0/500844**
66.249.72.227 - - [01/Nov/2025:05:19:43 -0700] "GET /product/edit/108070214041690?/js_757ed0132a844208f409fbb5067dfa2d/_drupal_sites_default_files_js_js_G878YGhv0pYpg9iZ_hIm3vCCQWyhWgLawk-6b6wmZuU HTTP/1.1" 200 52631 "https://www.blalockdialysiscenter.com/product/edit/108070214041690" "Mozilla/5.0 (Linux; Android 6.0.1; Nexus 5X Build/MMB29P) AppleWebKit/537.36 (KHTML, like Gecko) Chrome/141.0.7390.122 Mobile Safari/537.36 (compatible; Googlebot/2.1; +http://www.google.com/bot.html)" 204 **0/204412**
207.46.13.151 - - [01/Nov/2025:05:19:43 -0700] "GET /?a=114065556121690&mod=90bb3d0d&uri=product.php%3Fid%3D3816696-1314%26name%3Dstranger+things+nike+air+tailwind HTTP/2.0" 200 20236 "-" "Mozilla/5.0 AppleWebKit/537.36 (KHTML, like Gecko; compatible; bingbot/2.0; +http://www.bing.com/bingbot.htm) Chrome/116.0.1938.76 Safari/537.36" 401 **0/401531**
66.249.72.227 - - [01/Nov/2025:05:19:44 -0700] "GET /product/edit/105792336031690 HTTP/1.1" 200 21663 "-" "Mozilla/5.0 (Linux; Android 6.0.1; Nexus 5X Build/MMB29P) AppleWebKit/537.36 (KHTML, like Gecko) Chrome/141.0.7390.122 Mobile Safari/537.36 (compatible; Googlebot/2.1; +http://www.google.com/bot.html)" 471 **0/471663**
66.249.72.229 - - [01/Nov/2025:05:19:44 -0700] "GET /product/edit/113698252031690 HTTP/1.1" 200 20764 "-" "Mozilla/5.0 (Linux; Android 6.0.1; Nexus 5X Build/MMB29P) AppleWebKit/537.36 (KHTML, like Gecko) Chrome/141.0.7390.122 Mobile Safari/537.36 (compatible; Googlebot/2.1; +http://www.google.com/bot.html)" 605 **0/605947**
66.249.69.141 - - [01/Nov/2025:05:19:45 -0700] "GET /product/edit/1878436051690?/css_6356af597ebeb154b969e538d3e95f0f/_styles_css_wanderer-fg HTTP/1.1" 200 184 "https://blalockdialysiscenter.com/product/edit/1878436051690" "Mozilla/5.0 (Linux; Android 6.0.1; Nexus 5X Build/MMB29P) AppleWebKit/537.36 (KHTML, like Gecko) Chrome/141.0.7390.122 Mobile Safari/537.36 (compatible; Googlebot/2.1; +http://www.google.com/bot.html)" 114 **0/114081**
66.249.72.229 - - [01/Nov/2025:05:19:45 -0700] "GET /product/edit/63192539041690 HTTP/1.1" 200 21181 "-" "Mozilla/5.0 (Linux; Android 6.0.1; Nexus 5X Build/MMB29P) AppleWebKit/537.36 (KHTML, like Gecko) Chrome/141.0.7390.122 Mobile Safari/537.36 (compatible; Googlebot/2.1; +http://www.google.com/bot.html)" 780 **0/780997**
66.249.72.226 - - [01/Nov/2025:05:19:45 -0700] "GET /product/edit/102288596041690 HTTP/1.1" 200 21165 "-" "Mozilla/5.0 (Linux; Android 6.0.1; Nexus 5X Build/MMB29P) AppleWebKit/537.36 (KHTML, like Gecko) Chrome/141.0.7390.122 Mobile Safari/537.36 (compatible; Googlebot/2.1; +http://www.google.com/bot.html)" 633 **0/633858**
66.249.69.141 - - [01/Nov/2025:05:19:46 -0700] "GET /product/edit/1878436051690?/js_6356af597ebeb154b969e538d3e95f0f/_drupal_sites_default_files_js_js_nfGRbDhyXF9_dFjG2rkRRw84Gy6p5a4aGnpYcOKhuC4 HTTP/1.1" 200 96506 "https://blalockdialysiscenter.com/product/edit/1878436051690" "Mozilla/5.0 (Linux; Android 6.0.1; Nexus 5X Build/MMB29P) AppleWebKit/537.36 (KHTML, like Gecko) Chrome/141.0.7390.122 Mobile Safari/537.36 (compatible; Googlebot/2.1; +http://www.google.com/bot.html)" 262 **0/262219**
66.249.69.140 - - [01/Nov/2025:05:19:46 -0700] "GET /?a=82486330081690&mod=df475127&uri=goods.php%3Fid%3D2759863-1097%26name%3Dmm+diamond+nose HTTP/1.1" 200 20210 "-" "Mozilla/5.0 (Linux; Android 6.0.1; Nexus 5X Build/MMB29P) AppleWebKit/537.36 (KHTML, like Gecko) Chrome/141.0.7390.122 Mobile Safari/537.36 (compatible; Googlebot/2.1; +http://www.google.com/bot.html)" 466 **0/466119**
66.249.69.141 - - [01/Nov/2025:05:19:47 -0700] "GET /product/edit/1878436051690?/css_6356af597ebeb154b969e538d3e95f0f/_drupal_sites_default_files_css_css_YLUY2usEybPXqNO15-ozAgAYsZmniqhrU6f3bp69-r4 HTTP/1.1" 200 3874 "https://blalockdialysiscenter.com/product/edit/1878436051690" "Mozilla/5.0 (Linux; Android 6.0.1; Nexus 5X Build/MMB29P) AppleWebKit/537.36 (KHTML, like Gecko) Chrome/141.0.7390.122 Mobile Safari/537.36 (compatible; Googlebot/2.1; +http://www.google.com/bot.html)" 116 **0/116118**
66.249.69.140 - - [01/Nov/2025:05:19:47 -0700] "GET /?a=41991863111690&mod=e5b0663c&uri=category-info.php%3Fid%3D1404730-193%26name%3Dmanteau+long+blouson+et+manteau+homme HTTP/1.1" 200 19998 "-" "Mozilla/5.0 (Linux; Android 6.0.1; Nexus 5X Build/MMB29P) AppleWebKit/537.36 (KHTML, like Gecko) Chrome/141.0.7390.122 Mobile Safari/537.36 (compatible; Googlebot/2.1; +http://www.google.com/bot.html)" 365 **0/365185**
66.249.72.228 - - [01/Nov/2025:05:19:47 -0700] "GET /product/edit/102287936001690?/js_757ed0132a844208f409fbb5067dfa2d/_drupal_sites_default_files_js_js_nfGRbDhyXF9_dFjG2rkRRw84Gy6p5a4aGnpYcOKhuC4 HTTP/1.1" 200 96506 "https://www.blalockdialysiscenter.com/product/edit/102287936001690" "Mozilla/5.0 (Linux; Android 6.0.1; Nexus 5X Build/MMB29P) AppleWebKit/537.36 (KHTML, like Gecko) Chrome/141.0.7390.122 Mobile Safari/537.36 (compatible; Googlebot/2.1; +http://www.google.com/bot.html)" 249 **0/249571**
66.249.72.226 - - [01/Nov/2025:05:19:48 -0700] "GET /product/edit/60824810011690 HTTP/1.1" 200 20464 "-" "Mozilla/5.0 (Linux; Android 6.0.1; Nexus 5X Build/MMB29P) AppleWebKit/537.36 (KHTML, like Gecko) Chrome/141.0.7390.122 Mobile Safari/537.36 (compatible; Googlebot/2.1; +http://www.google.com/bot.html)" 350 **0/350040**
66.249.72.230 - - [01/Nov/2025:05:19:48 -0700] "GET /product/edit/60150764081690 HTTP/1.1" 200 20640 "-" "Mozilla/5.0 (Linux; Android 6.0.1; Nexus 5X Build/MMB29P) AppleWebKit/537.36 (KHTML, like Gecko) Chrome/141.0.7390.122 Mobile Safari/537.36 (compatible; Googlebot/2.1; +http://www.google.com/bot.html)" 480 **0/480158**
66.249.72.230 - - [01/Nov/2025:05:19:49 -0700] "GET /product/edit/69222579051690?/js_757ed0132a844208f409fbb5067dfa2d/_drupal_sites_default_files_js_js_i3BGasXGb_pVk8CAUeSJnjMmyNE-bFprX9j4_djQznQ HTTP/1.1" 200 3857 "https://www.blalockdialysiscenter.com/product/edit/69222579051690" "Mozilla/5.0 (Linux; Android 6.0.1; Nexus 5X Build/MMB29P) AppleWebKit/537.36 (KHTML, like Gecko) Chrome/141.0.7390.122 Mobile Safari/537.36 (compatible; Googlebot/2.1; +http://www.google.com/bot.html)" 125 **0/125698**
66.249.72.230 - - [01/Nov/2025:05:19:49 -0700] "GET /product/edit/46809506051690 HTTP/1.1" 200 20867 "-" "Mozilla/5.0 (Linux; Android 6.0.1; Nexus 5X Build/MMB29P) AppleWebKit/537.36 (KHTML, like Gecko) Chrome/141.0.7390.122 Mobile Safari/537.36 (compatible; Googlebot/2.1; +http://www.google.com/bot.html)" 333 **0/333068**
66.249.72.229 - - [01/Nov/2025:05:19:49 -0700] "GET /product/edit/6063722041690 HTTP/1.1" 200 21042 "-" "Mozilla/5.0 (Linux; Android 6.0.1; Nexus 5X Build/MMB29P) AppleWebKit/537.36 (KHTML, like Gecko) Chrome/141.0.7390.122 Mobile Safari/537.36 (compatible; Googlebot/2.1; +http://www.google.com/bot.html)" 346 **0/346258**
66.249.72.230 - - [01/Nov/2025:05:19:49 -0700] "GET /product/edit/63497359031690?/css_757ed0132a844208f409fbb5067dfa2d/_drupal_sites_default_files_css_css_YLUY2usEybPXqNO15-ozAgAYsZmniqhrU6f3bp69-r4 HTTP/1.1" 200 3874 "https://www.blalockdialysiscenter.com/product/edit/63497359031690" "Mozilla/5.0 (Linux; Android 6.0.1; Nexus 5X Build/MMB29P) AppleWebKit/537.36 (KHTML, like Gecko) Chrome/141.0.7390.122 Mobile Safari/537.36 (compatible; Googlebot/2.1; +http://www.google.com/bot.html)" 112 **0/112035**
66.249.72.229 - - [01/Nov/2025:05:19:51 -0700] "GET /product/edit/63497359031690?/css_757ed0132a844208f409fbb5067dfa2d/_styles_css_wanderer-fg HTTP/1.1" 200 184 "https://www.blalockdialysiscenter.com/product/edit/63497359031690" "Mozilla/5.0 (Linux; Android 6.0.1; Nexus 5X Build/MMB29P) AppleWebKit/537.36 (KHTML, like Gecko) Chrome/141.0.7390.122 Mobile Safari/537.36 (compatible; Googlebot/2.1; +http://www.google.com/bot.html)" 112 **0/112669**
66.249.72.226 - - [01/Nov/2025:05:19:50 -0700] "GET /product/edit/57217331051690 HTTP/1.1" 200 21181 "-" "Mozilla/5.0 (Linux; Android 6.0.1; Nexus 5X Build/MMB29P) AppleWebKit/537.36 (KHTML, like Gecko) Chrome/141.0.7390.122 Mobile Safari/537.36 (compatible; Googlebot/2.1; +http://www.google.com/bot.html)" 636 **0/636570**
66.249.72.230 - - [01/Nov/2025:05:19:51 -0700] "GET /product/edit/78313881061690?/css_757ed0132a844208f409fbb5067dfa2d/_styles_css_wanderer-fg HTTP/1.1" 200 184 "https://www.blalockdialysiscenter.com/product/edit/78313881061690" "Mozilla/5.0 (Linux; Android 6.0.1; Nexus 5X Build/MMB29P) AppleWebKit/537.36 (KHTML, like Gecko) Chrome/141.0.7390.122 Mobile Safari/537.36 (compatible; Googlebot/2.1; +http://www.google.com/bot.html)" 111 **0/111809**
66.249.72.229 - - [01/Nov/2025:05:19:52 -0700] "GET /product/edit/10274026001690 HTTP/1.1" 200 20704 "-" "Mozilla/5.0 (Linux; Android 6.0.1; Nexus 5X Build/MMB29P) AppleWebKit/537.36 (KHTML, like Gecko) Chrome/141.0.7390.122 Mobile Safari/537.36 (compatible; Googlebot/2.1; +http://www.google.com/bot.html)" 356 **0/356637**
66.249.72.230 - - [01/Nov/2025:05:19:52 -0700] "GET /product/edit/78313881061690?/js_757ed0132a844208f409fbb5067dfa2d/_drupal_sites_default_files_js_js_nfGRbDhyXF9_dFjG2rkRRw84Gy6p5a4aGnpYcOKhuC4 HTTP/1.1" 200 96506 "https://www.blalockdialysiscenter.com/product/edit/78313881061690" "Mozilla/5.0 (Linux; Android 6.0.1; Nexus 5X Build/MMB29P) AppleWebKit/537.36 (KHTML, like Gecko) Chrome/141.0.7390.122 Mobile Safari/537.36 (compatible; Googlebot/2.1; +http://www.google.com/bot.html)" 255 **0/255884**
66.249.72.229 - - [01/Nov/2025:05:19:52 -0700] "GET /product/edit/18934169061690 HTTP/1.1" 200 20448 "-" "Mozilla/5.0 (Linux; Android 6.0.1; Nexus 5X Build/MMB29P) AppleWebKit/537.36 (KHTML, like Gecko) Chrome/141.0.7390.122 Mobile Safari/537.36 (compatible; Googlebot/2.1; +http://www.google.com/bot.html)" 270 **0/270641**
40.77.167.51 - - [01/Nov/2025:05:19:53 -0700] "GET /?a=91091041061690&mod=c5edb4d4&uri=product.php%3Fid%3D3047860-837%26name%3Dpittarosso+infradito+infradito+a+schiava HTTP/2.0" 200 20191 "-" "Mozilla/5.0 AppleWebKit/537.36 (KHTML, like Gecko; compatible; bingbot/2.0; +http://www.bing.com/bingbot.htm) Chrome/116.0.1938.76 Safari/537.36" 305 **0/305602**
66.249.72.228 - - [01/Nov/2025:05:19:53 -0700] "GET /product/edit/79241739021690 HTTP/1.1" 200 21032 "-" "Mozilla/5.0 (Linux; Android 6.0.1; Nexus 5X Build/MMB29P) AppleWebKit/537.36 (KHTML, like Gecko) Chrome/141.0.7390.122 Mobile Safari/537.36 (compatible; Googlebot/2.1; +http://www.google.com/bot.html)" 301 **0/301622**
66.249.72.226 - - [01/Nov/2025:05:19:53 -0700] "GET /product/edit/78313881061690?/js_757ed0132a844208f409fbb5067dfa2d/_styles_js_lightbox HTTP/1.1" 200 4711 "https://www.blalockdialysiscenter.com/product/edit/78313881061690" "Mozilla/5.0 (Linux; Android 6.0.1; Nexus 5X Build/MMB29P) AppleWebKit/537.36 (KHTML, like Gecko) Chrome/141.0.7390.122 Mobile Safari/537.36 (compatible; Googlebot/2.1; +http://www.google.com/bot.html)" 127 **0/127312**
66.249.69.141 - - [01/Nov/2025:05:19:53 -0700] "GET /?a=64919208041690&mod=da6ae9a7&uri=pin.php%3Fid%3D2171959-1708%26name%3Dpink+soccer+socks HTTP/1.1" 200 20216 "-" "Mozilla/5.0 (Linux; Android 6.0.1; Nexus 5X Build/MMB29P) AppleWebKit/537.36 (KHTML, like Gecko) Chrome/141.0.7390.122 Mobile Safari/537.36 (compatible; Googlebot/2.1; +http://www.google.com/bot.html)" 351 **0/351439**
66.249.69.141 - - [01/Nov/2025:05:19:54 -0700] "GET /?a=57635241031690&mod=0c74b7f7&uri=goods.php%3Fid%3D1928228-3%26name%3Dolympic+bumper+ethos+bumper+plates+for+sale HTTP/1.1" 200 20978 "-" "Mozilla/5.0 (Linux; Android 6.0.1; Nexus 5X Build/MMB29P) AppleWebKit/537.36 (KHTML, like Gecko) Chrome/141.0.7390.122 Mobile Safari/537.36 (compatible; Googlebot/2.1; +http://www.google.com/bot.html)" 361 **0/361565**
66.249.72.226 - - [01/Nov/2025:05:19:55 -0700] "GET /product/edit/78313881061690?/css_757ed0132a844208f409fbb5067dfa2d/_drupal_sites_default_files_css_css_LmUrbIckCDCKvN2_Q3zbp044aJ28BPsL4EcroazBk2w HTTP/1.1" 200 42233 "https://www.blalockdialysiscenter.com/product/edit/78313881061690" "Mozilla/5.0 (Linux; Android 6.0.1; Nexus 5X Build/MMB29P) AppleWebKit/537.36 (KHTML, like Gecko) Chrome/141.0.7390.122 Mobile Safari/537.36 (compatible; Googlebot/2.1; +http://www.google.com/bot.html)" 221 **0/221377**
66.249.72.227 - - [01/Nov/2025:05:19:55 -0700] "GET /product/edit/29395447031690 HTTP/1.1" 200 20714 "-" "Mozilla/5.0 (Linux; Android 6.0.1; Nexus 5X Build/MMB29P) AppleWebKit/537.36 (KHTML, like Gecko) Chrome/141.0.7390.122 Mobile Safari/537.36 (compatible; Googlebot/2.1; +http://www.google.com/bot.html)" 307 **0/307318**
66.249.72.228 - - [01/Nov/2025:05:19:56 -0700] "GET /product/edit/84607727041690 HTTP/1.1" 200 20374 "-" "Mozilla/5.0 (Linux; Android 6.0.1; Nexus 5X Build/MMB29P) AppleWebKit/537.36 (KHTML, like Gecko) Chrome/141.0.7390.122 Mobile Safari/537.36 (compatible; Googlebot/2.1; +http://www.google.com/bot.html)" 333 **0/333708**
66.249.72.229 - - [01/Nov/2025:05:19:56 -0700] "GET /product/edit/2835862011690?/js_757ed0132a844208f409fbb5067dfa2d/_styles_js_lightbox HTTP/1.1" 200 4711 "https://www.blalockdialysiscenter.com/product/edit/2835862011690" "Mozilla/5.0 (Linux; Android 6.0.1; Nexus 5X Build/MMB29P) AppleWebKit/537.36 (KHTML, like Gecko) Chrome/141.0.7390.122 Mobile Safari/537.36 (compatible; Googlebot/2.1; +http://www.google.com/bot.html)" 110 **0/110485**
66.249.69.140 - - [01/Nov/2025:05:19:57 -0700] "GET /?a=20028303011690&mod=4009fb33&uri=category-info.php%3Fid%3D670034-164%26name%3Dprotection+case+case+huawei+y6p HTTP/1.1" 200 20993 "-" "Mozilla/5.0 (Linux; Android 6.0.1; Nexus 5X Build/MMB29P) AppleWebKit/537.36 (KHTML, like Gecko) Chrome/141.0.7390.122 Mobile Safari/537.36 (compatible; Googlebot/2.1; +http://www.google.com/bot.html)" 351 **0/351382**
66.249.72.229 - - [01/Nov/2025:05:19:57 -0700] "GET /product/edit/108413536061690 HTTP/1.1" 200 20286 "-" "Mozilla/5.0 (Linux; Android 6.0.1; Nexus 5X Build/MMB29P) AppleWebKit/537.36 (KHTML, like Gecko) Chrome/141.0.7390.122 Mobile Safari/537.36 (compatible; Googlebot/2.1; +http://www.google.com/bot.html)" 411 **0/411364**
66.249.72.227 - - [01/Nov/2025:05:19:58 -0700] "GET /product/edit/93229530081690?/js_757ed0132a844208f409fbb5067dfa2d/_drupal_sites_default_files_js_js_z1qFDrghecTCI5Rjumn4rMBYPHvd-E4L0DVpS2JCjnw HTTP/1.1" 200 320 "https://www.blalockdialysiscenter.com/product/edit/93229530081690" "Mozilla/5.0 (Linux; Android 6.0.1; Nexus 5X Build/MMB29P) AppleWebKit/537.36 (KHTML, like Gecko) Chrome/141.0.7390.122 Mobile Safari/537.36 (compatible; Googlebot/2.1; +http://www.google.com/bot.html)" 113 **0/113327**
66.249.69.140 - - [01/Nov/2025:05:19:58 -0700] "GET /?a=27024985081690&mod=69a2835d&uri=goods.php%3Fid%3D904041-266%26name%3Dburgundy+mens+xlt+sweaters HTTP/1.1" 200 20640 "-" "Mozilla/5.0 (Linux; Android 6.0.1; Nexus 5X Build/MMB29P) AppleWebKit/537.36 (KHTML, like Gecko) Chrome/141.0.7390.122 Mobile Safari/537.36 (compatible; Googlebot/2.1; +http://www.google.com/bot.html)" 456 **0/456247**
66.249.72.230 - - [01/Nov/2025:05:19:58 -0700] "GET /product/edit/105792336031690?/css_757ed0132a844208f409fbb5067dfa2d/_styles_css_wanderer-fg HTTP/1.1" 200 184 "https://www.blalockdialysiscenter.com/product/edit/105792336031690" "Mozilla/5.0 (Linux; Android 6.0.1; Nexus 5X Build/MMB29P) AppleWebKit/537.36 (KHTML, like Gecko) Chrome/141.0.7390.122 Mobile Safari/537.36 (compatible; Googlebot/2.1; +http://www.google.com/bot.html)" 112 **0/112548**
66.249.72.227 - - [01/Nov/2025:05:19:59 -0700] "GET /product/edit/111793022001690 HTTP/1.1" 200 21590 "-" "Mozilla/5.0 (Linux; Android 6.0.1; Nexus 5X Build/MMB29P) AppleWebKit/537.36 (KHTML, like Gecko) Chrome/141.0.7390.122 Mobile Safari/537.36 (compatible; Googlebot/2.1; +http://www.google.com/bot.html)" 302 **0/302131**
157.55.39.193 - - [01/Nov/2025:05:19:59 -0700] "GET /?a=105043271061690&mod=9266b83e&uri=itm.php%3Fid%3D3514831-682%26name%3Dorologio+seiko+seiko+srp777+recensione HTTP/2.0" 200 20045 "-" "Mozilla/5.0 AppleWebKit/537.36 (KHTML, like Gecko; compatible; bingbot/2.0; +http://www.bing.com/bingbot.htm) Chrome/116.0.1938.76 Safari/537.36" 268 **0/268566**
66.249.72.229 - - [01/Nov/2025:05:20:00 -0700] "GET /product/edit/105792336031690?/css_757ed0132a844208f409fbb5067dfa2d/_styles_css_product-detail-ex01 HTTP/1.1" 200 397 "https://www.blalockdialysiscenter.com/product/edit/105792336031690" "Mozilla/5.0 (Linux; Android 6.0.1; Nexus 5X Build/MMB29P) AppleWebKit/537.36 (KHTML, like Gecko) Chrome/141.0.7390.122 Mobile Safari/537.36 (compatible; Googlebot/2.1; +http://www.google.com/bot.html)" 112 **0/112460**
66.249.72.227 - - [01/Nov/2025:05:20:00 -0700] "GET /product/edit/112099822001690 HTTP/1.1" 200 21657 "-" "Mozilla/5.0 (Linux; Android 6.0.1; Nexus 5X Build/MMB29P) AppleWebKit/537.36 (KHTML, like Gecko) Chrome/141.0.7390.122 Mobile Safari/537.36 (compatible; Googlebot/2.1; +http://www.google.com/bot.html)" 292 **0/292449**
66.249.69.140 - - [01/Nov/2025:05:20:01 -0700] "GET /?a=115519861001690&mod=6f5029bb&uri=shared.php%3Fid%3D3865387-1302%26name%3Djean+piaget%27s+stages+of+cognitive+development+chart HTTP/1.1" 200 20560 "-" "Mozilla/5.0 (Linux; Android 6.0.1; Nexus 5X Build/MMB29P) AppleWebKit/537.36 (KHTML, like Gecko) Chrome/141.0.7390.122 Mobile Safari/537.36 (compatible; Googlebot/2.1; +http://www.google.com/bot.html)" 486 **0/486701**
66.249.72.230 - - [01/Nov/2025:05:20:01 -0700] "GET /product/edit/105792336031690?/js_757ed0132a844208f409fbb5067dfa2d/_drupal_sites_default_files_js_js_nfGRbDhyXF9_dFjG2rkRRw84Gy6p5a4aGnpYcOKhuC4 HTTP/1.1" 200 96506 "https://www.blalockdialysiscenter.com/product/edit/105792336031690" "Mozilla/5.0 (Linux; Android 6.0.1; Nexus 5X Build/MMB29P) AppleWebKit/537.36 (KHTML, like Gecko) Chrome/141.0.7390.122 Mobile Safari/537.36 (compatible; Googlebot/2.1; +http://www.google.com/bot.html)" 363 **0/363852**
66.249.69.141 - - [01/Nov/2025:05:20:03 -0700] "GET /?a=99210742061690&mod=15b6f283&uri=category-info.php%3Fid%3D3319649-535%26name%3Dcity+edition+kobe+bryant+basketball+kit HTTP/1.1" 200 21093 "-" "Mozilla/5.0 (Linux; Android 6.0.1; Nexus 5X Build/MMB29P) AppleWebKit/537.36 (KHTML, like Gecko) Chrome/141.0.7390.122 Mobile Safari/537.36 (compatible; Googlebot/2.1; +http://www.google.com/bot.html)" 321 **0/321106**
66.249.69.141 - - [01/Nov/2025:05:20:03 -0700] "GET /?a=45207432001690&mod=14d2bc47&uri=category-info.php%3Fid%3D1512351-148%26name%3Dtenis+vans+masculino+branco+couro HTTP/1.1" 200 21560 "-" "Mozilla/5.0 (Linux; Android 6.0.1; Nexus 5X Build/MMB29P) AppleWebKit/537.36 (KHTML, like Gecko) Chrome/141.0.7390.122 Mobile Safari/537.36 (compatible; Googlebot/2.1; +http://www.google.com/bot.html)" 396 **0/396629**
207.46.13.151 - - [01/Nov/2025:05:20:03 -0700] "GET /pcmypage?callback=product/review/46391893001690 HTTP/2.0" 200 20519 "-" "Mozilla/5.0 AppleWebKit/537.36 (KHTML, like Gecko; compatible; bingbot/2.0; +http://www.bing.com/bingbot.htm) Chrome/116.0.1938.76 Safari/537.36" 327 **0/327086**
66.249.69.141 - - [01/Nov/2025:05:20:04 -0700] "GET /?a=97140962041690&mod=035d4429&uri=category-info.php%3Fid%3D3250342-1521%26name%3Dlsu+baseball+white+jersey HTTP/1.1" 200 20869 "-" "Mozilla/5.0 (Linux; Android 6.0.1; Nexus 5X Build/MMB29P) AppleWebKit/537.36 (KHTML, like Gecko) Chrome/141.0.7390.122 Mobile Safari/537.36 (compatible; Googlebot/2.1; +http://www.google.com/bot.html)" 303 **0/303214**
66.249.72.229 - - [01/Nov/2025:05:20:05 -0700] "GET /product/edit/116053933051690?/css_757ed0132a844208f409fbb5067dfa2d/_styles_css_product-detail-ex01 HTTP/1.1" 200 397 "https://www.blalockdialysiscenter.com/product/edit/116053933051690" "Mozilla/5.0 (Linux; Android 6.0.1; Nexus 5X Build/MMB29P) AppleWebKit/537.36 (KHTML, like Gecko) Chrome/141.0.7390.122 Mobile Safari/537.36 (compatible; Googlebot/2.1; +http://www.google.com/bot.html)" 126 **0/126106**
207.46.13.151 - - [01/Nov/2025:05:20:04 -0700] "GET /?a=31548432051690&mod=c00c7389&uri=form.php%3Fid%3D1055354-392%26name%3Dfashion+cargo+pants HTTP/2.0" 200 20564 "-" "Mozilla/5.0 AppleWebKit/537.36 (KHTML, like Gecko; compatible; bingbot/2.0; +http://www.bing.com/bingbot.htm) Chrome/116.0.1938.76 Safari/537.36" 353 **0/353475**
66.249.69.140 - - [01/Nov/2025:05:20:05 -0700] "GET /?a=37343454021690&mod=78c793ba&uri=category-info.php%3Fid%3D1249223-492%26name%3Dswitch+joy+con+grip+nintendo+switch+controller+pack HTTP/1.1" 200 21455 "-" "Mozilla/5.0 (Linux; Android 6.0.1; Nexus 5X Build/MMB29P) AppleWebKit/537.36 (KHTML, like Gecko) Chrome/141.0.7390.122 Mobile Safari/537.36 (compatible; Googlebot/2.1; +http://www.google.com/bot.html)" 356 **0/356553**
