66.249.72.227 - - [01/Nov/2025:05:22:14 -0700] "GET /product/edit/6171871011690?/js_757ed0132a844208f409fbb5067dfa2d/_drupal_sites_default_files_js_js_G878YGhv0pYpg9iZ_hIm3vCCQWyhWgLawk-6b6wmZuU HTTP/1.1" 200 52631 "https://www.blalockdialysiscenter.com/product/edit/6171871011690" "Mozilla/5.0 (Linux; Android 6.0.1; Nexus 5X Build/MMB29P) AppleWebKit/537.36 (KHTML, like Gecko) Chrome/141.0.7390.122 Mobile Safari/537.36 (compatible; Googlebot/2.1; +http://www.google.com/bot.html)" 200 **0/200921**
66.249.72.226 - - [01/Nov/2025:05:22:14 -0700] "GET /product/edit/108200530021690?/js_757ed0132a844208f409fbb5067dfa2d/_drupal_sites_default_files_js_js_i3BGasXGb_pVk8CAUeSJnjMmyNE-bFprX9j4_djQznQ HTTP/1.1" 200 3857 "https://www.blalockdialysiscenter.com/product/edit/108200530021690" "Mozilla/5.0 (Linux; Android 6.0.1; Nexus 5X Build/MMB29P) AppleWebKit/537.36 (KHTML, like Gecko) Chrome/141.0.7390.122 Mobile Safari/537.36 (compatible; Googlebot/2.1; +http://www.google.com/bot.html)" 122 **0/122799**
66.249.72.226 - - [01/Nov/2025:05:22:15 -0700] "GET /product/edit/108200530021690?/js_757ed0132a844208f409fbb5067dfa2d/_drupal_sites_default_files_js_js_z1qFDrghecTCI5Rjumn4rMBYPHvd-E4L0DVpS2JCjnw HTTP/1.1" 200 320 "https://www.blalockdialysiscenter.com/product/edit/108200530021690" "Mozilla/5.0 (Linux; Android 6.0.1; Nexus 5X Build/MMB29P) AppleWebKit/537.36 (KHTML, like Gecko) Chrome/141.0.7390.122 Mobile Safari/537.36 (compatible; Googlebot/2.1; +http://www.google.com/bot.html)" 118 **0/118710**
66.249.72.227 - - [01/Nov/2025:05:22:16 -0700] "GET /product/edit/118695364021690?/js_757ed0132a844208f409fbb5067dfa2d/_drupal_sites_default_files_js_js_z1qFDrghecTCI5Rjumn4rMBYPHvd-E4L0DVpS2JCjnw HTTP/1.1" 200 320 "https://www.blalockdialysiscenter.com/product/edit/118695364021690" "Mozilla/5.0 (Linux; Android 6.0.1; Nexus 5X Build/MMB29P) AppleWebKit/537.36 (KHTML, like Gecko) Chrome/141.0.7390.122 Mobile Safari/537.36 (compatible; Googlebot/2.1; +http://www.google.com/bot.html)" 115 **0/115470**
66.249.72.227 - - [01/Nov/2025:05:22:15 -0700] "GET /product/edit/66885041001690 HTTP/1.1" 200 20698 "-" "Mozilla/5.0 (Linux; Android 6.0.1; Nexus 5X Build/MMB29P) AppleWebKit/537.36 (KHTML, like Gecko) Chrome/141.0.7390.122 Mobile Safari/537.36 (compatible; Googlebot/2.1; +http://www.google.com/bot.html)" 916 **0/916676**
207.46.13.151 - - [01/Nov/2025:05:22:15 -0700] "GET /?a=98816945001690&mod=e77a9fb9&uri=goods.php%3Fid%3D3306455-263%26name%3Dsnkrs+app+nike+snkrs+raffle+rules HTTP/2.0" 200 21303 "-" "Mozilla/5.0 AppleWebKit/537.36 (KHTML, like Gecko; compatible; bingbot/2.0; +http://www.bing.com/bingbot.htm) Chrome/116.0.1938.76 Safari/537.36" 1035 **1/1035465**
66.249.72.226 - - [01/Nov/2025:05:22:17 -0700] "GET /product/edit/46420110031690?/js_757ed0132a844208f409fbb5067dfa2d/_drupal_sites_default_files_js_js_z1qFDrghecTCI5Rjumn4rMBYPHvd-E4L0DVpS2JCjnw HTTP/1.1" 200 320 "https://www.blalockdialysiscenter.com/product/edit/46420110031690" "Mozilla/5.0 (Linux; Android 6.0.1; Nexus 5X Build/MMB29P) AppleWebKit/537.36 (KHTML, like Gecko) Chrome/141.0.7390.122 Mobile Safari/537.36 (compatible; Googlebot/2.1; +http://www.google.com/bot.html)" 115 **0/115516**
66.249.72.226 - - [01/Nov/2025:05:22:16 -0700] "GET /product/edit/102729882141690 HTTP/1.1" 200 19706 "-" "Mozilla/5.0 (Linux; Android 6.0.1; Nexus 5X Build/MMB29P) AppleWebKit/537.36 (KHTML, like Gecko) Chrome/141.0.7390.122 Mobile Safari/537.36 (compatible; Googlebot/2.1; +http://www.google.com/bot.html)" 945 **0/945924**
66.249.69.141 - - [01/Nov/2025:05:22:17 -0700] "GET /?a=52085503031690&mod=325995af&uri=product.php%3Fid%3D1742467-20%26name%3Dsurbhi+chandna+ishqbaaz+may+2017 HTTP/1.1" 200 21134 "-" "Mozilla/5.0 (Linux; Android 6.0.1; Nexus 5X Build/MMB29P) AppleWebKit/537.36 (KHTML, like Gecko) Chrome/141.0.7390.122 Mobile Safari/537.36 (compatible; Googlebot/2.1; +http://www.google.com/bot.html)" 915 **0/915004**
66.249.72.227 - - [01/Nov/2025:05:22:18 -0700] "GET /product/edit/25954380011690 HTTP/1.1" 200 20210 "-" "Mozilla/5.0 (Linux; Android 6.0.1; Nexus 5X Build/MMB29P) AppleWebKit/537.36 (KHTML, like Gecko) Chrome/141.0.7390.122 Mobile Safari/537.36 (compatible; Googlebot/2.1; +http://www.google.com/bot.html)" 904 **0/904362**
66.249.72.226 - - [01/Nov/2025:05:22:19 -0700] "GET /product/edit/115706720051690?/js_757ed0132a844208f409fbb5067dfa2d/_styles_js_lazysizes.min HTTP/1.1" 200 3188 "https://www.blalockdialysiscenter.com/product/edit/115706720051690" "Mozilla/5.0 (Linux; Android 6.0.1; Nexus 5X Build/MMB29P) AppleWebKit/537.36 (KHTML, like Gecko) Chrome/141.0.7390.122 Mobile Safari/537.36 (compatible; Googlebot/2.1; +http://www.google.com/bot.html)" 117 **0/117944**
66.249.72.226 - - [01/Nov/2025:05:22:18 -0700] "GET /product/edit/114480319011690 HTTP/1.1" 200 20726 "-" "Mozilla/5.0 (Linux; Android 6.0.1; Nexus 5X Build/MMB29P) AppleWebKit/537.36 (KHTML, like Gecko) Chrome/141.0.7390.122 Mobile Safari/537.36 (compatible; Googlebot/2.1; +http://www.google.com/bot.html)" 867 **0/867641**
66.249.72.227 - - [01/Nov/2025:05:22:19 -0700] "GET /product/edit/118058299001690?/js_757ed0132a844208f409fbb5067dfa2d/_drupal_sites_default_files_js_js_nfGRbDhyXF9_dFjG2rkRRw84Gy6p5a4aGnpYcOKhuC4 HTTP/1.1" 200 96506 "https://www.blalockdialysiscenter.com/product/edit/118058299001690" "Mozilla/5.0 (Linux; Android 6.0.1; Nexus 5X Build/MMB29P) AppleWebKit/537.36 (KHTML, like Gecko) Chrome/141.0.7390.122 Mobile Safari/537.36 (compatible; Googlebot/2.1; +http://www.google.com/bot.html)" 271 **0/271277**
207.46.13.9 - - [01/Nov/2025:05:22:19 -0700] "GET /?a=18664377021690&mod=2f2cd5c7&uri=news.php%3Fid%3D624421-79%26name%3Dfragrance+tiziana+terenzi+cassiopea HTTP/2.0" 200 20475 "-" "Mozilla/5.0 AppleWebKit/537.36 (KHTML, like Gecko; compatible; bingbot/2.0; +http://www.bing.com/bingbot.htm) Chrome/116.0.1938.76 Safari/537.36" 784 **0/784935**
66.249.72.226 - - [01/Nov/2025:05:22:19 -0700] "GET /product/edit/37699176031690 HTTP/1.1" 200 21258 "-" "Mozilla/5.0 (Linux; Android 6.0.1; Nexus 5X Build/MMB29P) AppleWebKit/537.36 (KHTML, like Gecko) Chrome/141.0.7390.122 Mobile Safari/537.36 (compatible; Googlebot/2.1; +http://www.google.com/bot.html)" 870 **0/870136**
66.249.72.227 - - [01/Nov/2025:05:22:20 -0700] "GET /product/edit/36971867051690?/css_757ed0132a844208f409fbb5067dfa2d/_styles_css_product-detail-ex01 HTTP/1.1" 200 397 "https://www.blalockdialysiscenter.com/product/edit/36971867051690" "Mozilla/5.0 (Linux; Android 6.0.1; Nexus 5X Build/MMB29P) AppleWebKit/537.36 (KHTML, like Gecko) Chrome/141.0.7390.122 Mobile Safari/537.36 (compatible; Googlebot/2.1; +http://www.google.com/bot.html)" 126 **0/126809**
66.249.72.227 - - [01/Nov/2025:05:22:20 -0700] "GET /product/edit/109350905021690 HTTP/1.1" 200 20353 "-" "Mozilla/5.0 (Linux; Android 6.0.1; Nexus 5X Build/MMB29P) AppleWebKit/537.36 (KHTML, like Gecko) Chrome/141.0.7390.122 Mobile Safari/537.36 (compatible; Googlebot/2.1; +http://www.google.com/bot.html)" 817 **0/817443**
66.249.72.228 - - [01/Nov/2025:05:22:21 -0700] "GET /product/edit/36971867051690?/js_757ed0132a844208f409fbb5067dfa2d/_styles_js_lazysizes.min HTTP/1.1" 200 3188 "https://www.blalockdialysiscenter.com/product/edit/36971867051690" "Mozilla/5.0 (Linux; Android 6.0.1; Nexus 5X Build/MMB29P) AppleWebKit/537.36 (KHTML, like Gecko) Chrome/141.0.7390.122 Mobile Safari/537.36 (compatible; Googlebot/2.1; +http://www.google.com/bot.html)" 114 **0/114958**
66.249.72.228 - - [01/Nov/2025:05:22:21 -0700] "GET /product/edit/43112884061690 HTTP/1.1" 200 20037 "-" "Mozilla/5.0 (Linux; Android 6.0.1; Nexus 5X Build/MMB29P) AppleWebKit/537.36 (KHTML, like Gecko) Chrome/141.0.7390.122 Mobile Safari/537.36 (compatible; Googlebot/2.1; +http://www.google.com/bot.html)" 768 **0/768696**
66.249.72.226 - - [01/Nov/2025:05:22:21 -0700] "GET /product/edit/70782270041690 HTTP/1.1" 200 21855 "-" "Mozilla/5.0 (Linux; Android 6.0.1; Nexus 5X Build/MMB29P) AppleWebKit/537.36 (KHTML, like Gecko) Chrome/141.0.7390.122 Mobile Safari/537.36 (compatible; Googlebot/2.1; +http://www.google.com/bot.html)" 781 **0/781644**
66.249.72.228 - - [01/Nov/2025:05:22:22 -0700] "GET /product/edit/36971867051690?/css_757ed0132a844208f409fbb5067dfa2d/_styles_css_wanderer-fg HTTP/1.1" 200 184 "https://www.blalockdialysiscenter.com/product/edit/36971867051690" "Mozilla/5.0 (Linux; Android 6.0.1; Nexus 5X Build/MMB29P) AppleWebKit/537.36 (KHTML, like Gecko) Chrome/141.0.7390.122 Mobile Safari/537.36 (compatible; Googlebot/2.1; +http://www.google.com/bot.html)" 113 **0/113679**
66.249.72.226 - - [01/Nov/2025:05:22:22 -0700] "GET /product/edit/17935881041690 HTTP/1.1" 200 21624 "-" "Mozilla/5.0 (Linux; Android 6.0.1; Nexus 5X Build/MMB29P) AppleWebKit/537.36 (KHTML, like Gecko) Chrome/141.0.7390.122 Mobile Safari/537.36 (compatible; Googlebot/2.1; +http://www.google.com/bot.html)" 830 **0/830082**
66.249.72.228 - - [01/Nov/2025:05:22:22 -0700] "GET /product/edit/69820103031690?/js_757ed0132a844208f409fbb5067dfa2d/_styles_js_lightbox HTTP/1.1" 200 4711 "https://www.blalockdialysiscenter.com/product/edit/69820103031690" "Mozilla/5.0 (Linux; Android 6.0.1; Nexus 5X Build/MMB29P) AppleWebKit/537.36 (KHTML, like Gecko) Chrome/141.0.7390.122 Mobile Safari/537.36 (compatible; Googlebot/2.1; +http://www.google.com/bot.html)" 121 **0/121683**
66.249.72.227 - - [01/Nov/2025:05:22:23 -0700] "GET /product/edit/77152600031690?/js_757ed0132a844208f409fbb5067dfa2d/_drupal_sites_default_files_js_js_i3BGasXGb_pVk8CAUeSJnjMmyNE-bFprX9j4_djQznQ HTTP/1.1" 200 3857 "https://www.blalockdialysiscenter.com/product/edit/77152600031690" "Mozilla/5.0 (Linux; Android 6.0.1; Nexus 5X Build/MMB29P) AppleWebKit/537.36 (KHTML, like Gecko) Chrome/141.0.7390.122 Mobile Safari/537.36 (compatible; Googlebot/2.1; +http://www.google.com/bot.html)" 115 **0/115211**
66.249.72.227 - - [01/Nov/2025:05:22:23 -0700] "GET /product/edit/41833952061690 HTTP/1.1" 200 20992 "-" "Mozilla/5.0 (Linux; Android 6.0.1; Nexus 5X Build/MMB29P) AppleWebKit/537.36 (KHTML, like Gecko) Chrome/141.0.7390.122 Mobile Safari/537.36 (compatible; Googlebot/2.1; +http://www.google.com/bot.html)" 963 **0/963876**
66.249.72.228 - - [01/Nov/2025:05:22:24 -0700] "GET /product/edit/43804226081690?/js_757ed0132a844208f409fbb5067dfa2d/_styles_js_lazysizes.min HTTP/1.1" 200 3188 "https://www.blalockdialysiscenter.com/product/edit/43804226081690" "Mozilla/5.0 (Linux; Android 6.0.1; Nexus 5X Build/MMB29P) AppleWebKit/537.36 (KHTML, like Gecko) Chrome/141.0.7390.122 Mobile Safari/537.36 (compatible; Googlebot/2.1; +http://www.google.com/bot.html)" 128 **0/128771**
66.249.72.228 - - [01/Nov/2025:05:22:24 -0700] "GET /product/edit/43804226081690?/css_757ed0132a844208f409fbb5067dfa2d/_drupal_modules_product_detail_assets_css_new_pc_product_detail HTTP/1.1" 200 5213 "https://www.blalockdialysiscenter.com/product/edit/43804226081690" "Mozilla/5.0 (Linux; Android 6.0.1; Nexus 5X Build/MMB29P) AppleWebKit/537.36 (KHTML, like Gecko) Chrome/141.0.7390.122 Mobile Safari/537.36 (compatible; Googlebot/2.1; +http://www.google.com/bot.html)" 270 **0/270243**
66.249.72.228 - - [01/Nov/2025:05:22:23 -0700] "GET /product/edit/101242617011690 HTTP/1.1" 200 21642 "-" "Mozilla/5.0 (Linux; Android 6.0.1; Nexus 5X Build/MMB29P) AppleWebKit/537.36 (KHTML, like Gecko) Chrome/141.0.7390.122 Mobile Safari/537.36 (compatible; Googlebot/2.1; +http://www.google.com/bot.html)" 1107 **1/1107873**
66.249.72.227 - - [01/Nov/2025:05:22:25 -0700] "GET /product/edit/1318092071690?/css_757ed0132a844208f409fbb5067dfa2d/_drupal_sites_default_files_css_css_LmUrbIckCDCKvN2_Q3zbp044aJ28BPsL4EcroazBk2w HTTP/1.1" 200 42233 "https://www.blalockdialysiscenter.com/product/edit/1318092071690" "Mozilla/5.0 (Linux; Android 6.0.1; Nexus 5X Build/MMB29P) AppleWebKit/537.36 (KHTML, like Gecko) Chrome/141.0.7390.122 Mobile Safari/537.36 (compatible; Googlebot/2.1; +http://www.google.com/bot.html)" 210 **0/210498**
66.249.72.228 - - [01/Nov/2025:05:22:25 -0700] "GET /product/edit/76443786051690 HTTP/1.1" 200 21323 "-" "Mozilla/5.0 (Linux; Android 6.0.1; Nexus 5X Build/MMB29P) AppleWebKit/537.36 (KHTML, like Gecko) Chrome/141.0.7390.122 Mobile Safari/537.36 (compatible; Googlebot/2.1; +http://www.google.com/bot.html)" 1218 **1/1218723**
66.249.72.227 - - [01/Nov/2025:05:22:27 -0700] "GET /product/edit/30132640051690?/css_757ed0132a844208f409fbb5067dfa2d/_drupal_sites_default_files_css_css_LmUrbIckCDCKvN2_Q3zbp044aJ28BPsL4EcroazBk2w HTTP/1.1" 200 42233 "https://www.blalockdialysiscenter.com/product/edit/30132640051690" "Mozilla/5.0 (Linux; Android 6.0.1; Nexus 5X Build/MMB29P) AppleWebKit/537.36 (KHTML, like Gecko) Chrome/141.0.7390.122 Mobile Safari/537.36 (compatible; Googlebot/2.1; +http://www.google.com/bot.html)" 208 **0/208558**
66.249.72.227 - - [01/Nov/2025:05:22:26 -0700] "GET /product/edit/108507241081690 HTTP/1.1" 200 20418 "-" "Mozilla/5.0 (Linux; Android 6.0.1; Nexus 5X Build/MMB29P) AppleWebKit/537.36 (KHTML, like Gecko) Chrome/141.0.7390.122 Mobile Safari/537.36 (compatible; Googlebot/2.1; +http://www.google.com/bot.html)" 1194 **1/1194397**
66.249.72.226 - - [01/Nov/2025:05:22:27 -0700] "GET /product/edit/25954380011690?/css_757ed0132a844208f409fbb5067dfa2d/_styles_css_wanderer-fg HTTP/1.1" 200 184 "https://www.blalockdialysiscenter.com/product/edit/25954380011690" "Mozilla/5.0 (Linux; Android 6.0.1; Nexus 5X Build/MMB29P) AppleWebKit/537.36 (KHTML, like Gecko) Chrome/141.0.7390.122 Mobile Safari/537.36 (compatible; Googlebot/2.1; +http://www.google.com/bot.html)" 116 **0/116614**
66.249.72.228 - - [01/Nov/2025:05:22:28 -0700] "GET /product/edit/30132640051690?/js_757ed0132a844208f409fbb5067dfa2d/_styles_js_lazysizes.min HTTP/1.1" 200 3188 "https://www.blalockdialysiscenter.com/product/edit/30132640051690" "Mozilla/5.0 (Linux; Android 6.0.1; Nexus 5X Build/MMB29P) AppleWebKit/537.36 (KHTML, like Gecko) Chrome/141.0.7390.122 Mobile Safari/537.36 (compatible; Googlebot/2.1; +http://www.google.com/bot.html)" 111 **0/111199**
66.249.72.228 - - [01/Nov/2025:05:22:27 -0700] "GET /product/edit/109769503071690 HTTP/1.1" 200 20441 "-" "Mozilla/5.0 (Linux; Android 6.0.1; Nexus 5X Build/MMB29P) AppleWebKit/537.36 (KHTML, like Gecko) Chrome/141.0.7390.122 Mobile Safari/537.36 (compatible; Googlebot/2.1; +http://www.google.com/bot.html)" 897 **0/897777**
66.249.72.227 - - [01/Nov/2025:05:22:28 -0700] "GET /product/edit/37699176031690?/css_757ed0132a844208f409fbb5067dfa2d/_drupal_sites_default_files_css_css_YLUY2usEybPXqNO15-ozAgAYsZmniqhrU6f3bp69-r4 HTTP/1.1" 200 3874 "https://www.blalockdialysiscenter.com/product/edit/37699176031690" "Mozilla/5.0 (Linux; Android 6.0.1; Nexus 5X Build/MMB29P) AppleWebKit/537.36 (KHTML, like Gecko) Chrome/141.0.7390.122 Mobile Safari/537.36 (compatible; Googlebot/2.1; +http://www.google.com/bot.html)" 114 **0/114876**
66.249.72.227 - - [01/Nov/2025:05:22:28 -0700] "GET /product/edit/99794257011690 HTTP/1.1" 200 21306 "-" "Mozilla/5.0 (Linux; Android 6.0.1; Nexus 5X Build/MMB29P) AppleWebKit/537.36 (KHTML, like Gecko) Chrome/141.0.7390.122 Mobile Safari/537.36 (compatible; Googlebot/2.1; +http://www.google.com/bot.html)" 897 **0/897350**
66.249.72.229 - - [01/Nov/2025:05:22:29 -0700] "GET /product/edit/37699176031690?/js_757ed0132a844208f409fbb5067dfa2d/_drupal_sites_default_files_js_js_G878YGhv0pYpg9iZ_hIm3vCCQWyhWgLawk-6b6wmZuU HTTP/1.1" 200 52631 "https://www.blalockdialysiscenter.com/product/edit/37699176031690" "Mozilla/5.0 (Linux; Android 6.0.1; Nexus 5X Build/MMB29P) AppleWebKit/537.36 (KHTML, like Gecko) Chrome/141.0.7390.122 Mobile Safari/537.36 (compatible; Googlebot/2.1; +http://www.google.com/bot.html)" 198 **0/198256**
66.249.72.228 - - [01/Nov/2025:05:22:29 -0700] "GET /product/edit/101498132091690 HTTP/1.1" 200 20680 "-" "Mozilla/5.0 (Linux; Android 6.0.1; Nexus 5X Build/MMB29P) AppleWebKit/537.36 (KHTML, like Gecko) Chrome/141.0.7390.122 Mobile Safari/537.36 (compatible; Googlebot/2.1; +http://www.google.com/bot.html)" 1185 **1/1185164**
66.249.72.229 - - [01/Nov/2025:05:22:30 -0700] "GET /product/edit/37699176031690?/css_757ed0132a844208f409fbb5067dfa2d/_drupal_sites_default_files_css_css_LmUrbIckCDCKvN2_Q3zbp044aJ28BPsL4EcroazBk2w HTTP/1.1" 200 42233 "https://www.blalockdialysiscenter.com/product/edit/37699176031690" "Mozilla/5.0 (Linux; Android 6.0.1; Nexus 5X Build/MMB29P) AppleWebKit/537.36 (KHTML, like Gecko) Chrome/141.0.7390.122 Mobile Safari/537.36 (compatible; Googlebot/2.1; +http://www.google.com/bot.html)" 207 **0/207004**
66.249.69.140 - - [01/Nov/2025:05:22:30 -0700] "GET /?a=79073291011690&mod=e77a9fb9&uri=category-info.php%3Fid%3D2645706-263%26name%3Drhinestones+embellished+clear+pump HTTP/1.1" 200 21583 "-" "Mozilla/5.0 (Linux; Android 6.0.1; Nexus 5X Build/MMB29P) AppleWebKit/537.36 (KHTML, like Gecko) Chrome/141.0.7390.122 Mobile Safari/537.36 (compatible; Googlebot/2.1; +http://www.google.com/bot.html)" 981 **0/981679**
66.249.72.226 - - [01/Nov/2025:05:22:31 -0700] "GET /product/edit/37699176031690?/js_757ed0132a844208f409fbb5067dfa2d/_drupal_sites_default_files_js_js_nfGRbDhyXF9_dFjG2rkRRw84Gy6p5a4aGnpYcOKhuC4 HTTP/1.1" 200 96506 "https://www.blalockdialysiscenter.com/product/edit/37699176031690" "Mozilla/5.0 (Linux; Android 6.0.1; Nexus 5X Build/MMB29P) AppleWebKit/537.36 (KHTML, like Gecko) Chrome/141.0.7390.122 Mobile Safari/537.36 (compatible; Googlebot/2.1; +http://www.google.com/bot.html)" 256 **0/256949**
66.249.72.228 - - [01/Nov/2025:05:22:30 -0700] "GET /product/edit/79044212021690 HTTP/1.1" 200 21567 "-" "Mozilla/5.0 (Linux; Android 6.0.1; Nexus 5X Build/MMB29P) AppleWebKit/537.36 (KHTML, like Gecko) Chrome/141.0.7390.122 Mobile Safari/537.36 (compatible; Googlebot/2.1; +http://www.google.com/bot.html)" 899 **0/899607**
66.249.72.226 - - [01/Nov/2025:05:22:31 -0700] "GET /product/edit/37699176031690?/css_757ed0132a844208f409fbb5067dfa2d/_styles_css_wanderer-fg HTTP/1.1" 200 184 "https://www.blalockdialysiscenter.com/product/edit/37699176031690" "Mozilla/5.0 (Linux; Android 6.0.1; Nexus 5X Build/MMB29P) AppleWebKit/537.36 (KHTML, like Gecko) Chrome/141.0.7390.122 Mobile Safari/537.36 (compatible; Googlebot/2.1; +http://www.google.com/bot.html)" 111 **0/111439**
66.249.72.226 - - [01/Nov/2025:05:22:31 -0700] "GET /product/edit/44124692131690 HTTP/1.1" 200 21205 "-" "Mozilla/5.0 (Linux; Android 6.0.1; Nexus 5X Build/MMB29P) AppleWebKit/537.36 (KHTML, like Gecko) Chrome/141.0.7390.122 Mobile Safari/537.36 (compatible; Googlebot/2.1; +http://www.google.com/bot.html)" 724 **0/724749**
66.249.72.229 - - [01/Nov/2025:05:22:32 -0700] "GET /product/edit/91793184011690 HTTP/1.1" 200 21889 "-" "Mozilla/5.0 (Linux; Android 6.0.1; Nexus 5X Build/MMB29P) AppleWebKit/537.36 (KHTML, like Gecko) Chrome/141.0.7390.122 Mobile Safari/537.36 (compatible; Googlebot/2.1; +http://www.google.com/bot.html)" 783 **0/783006**
66.249.72.226 - - [01/Nov/2025:05:22:33 -0700] "GET /product/edit/37699176031690?/js_757ed0132a844208f409fbb5067dfa2d/_styles_js_lightbox HTTP/1.1" 200 4711 "https://www.blalockdialysiscenter.com/product/edit/37699176031690" "Mozilla/5.0 (Linux; Android 6.0.1; Nexus 5X Build/MMB29P) AppleWebKit/537.36 (KHTML, like Gecko) Chrome/141.0.7390.122 Mobile Safari/537.36 (compatible; Googlebot/2.1; +http://www.google.com/bot.html)" 115 **0/115026**
66.249.72.227 - - [01/Nov/2025:05:22:32 -0700] "GET /product/edit/360311071690 HTTP/1.1" 200 19757 "-" "Mozilla/5.0 (Linux; Android 6.0.1; Nexus 5X Build/MMB29P) AppleWebKit/537.36 (KHTML, like Gecko) Chrome/141.0.7390.122 Mobile Safari/537.36 (compatible; Googlebot/2.1; +http://www.google.com/bot.html)" 763 **0/763028**
66.249.72.229 - - [01/Nov/2025:05:22:33 -0700] "GET /product/edit/37699176031690?/js_757ed0132a844208f409fbb5067dfa2d/_styles_js_lazysizes.min HTTP/1.1" 200 3188 "https://www.blalockdialysiscenter.com/product/edit/37699176031690" "Mozilla/5.0 (Linux; Android 6.0.1; Nexus 5X Build/MMB29P) AppleWebKit/537.36 (KHTML, like Gecko) Chrome/141.0.7390.122 Mobile Safari/537.36 (compatible; Googlebot/2.1; +http://www.google.com/bot.html)" 113 **0/113404**
66.249.72.227 - - [01/Nov/2025:05:22:34 -0700] "GET /product/edit/37699176031690?/css_757ed0132a844208f409fbb5067dfa2d/_drupal_modules_product_detail_assets_css_new_pc_product_detail HTTP/1.1" 200 5213 "https://www.blalockdialysiscenter.com/product/edit/37699176031690" "Mozilla/5.0 (Linux; Android 6.0.1; Nexus 5X Build/MMB29P) AppleWebKit/537.36 (KHTML, like Gecko) Chrome/141.0.7390.122 Mobile Safari/537.36 (compatible; Googlebot/2.1; +http://www.google.com/bot.html)" 118 **0/118404**
66.249.72.227 - - [01/Nov/2025:05:22:33 -0700] "GET /product/edit/2747945071690 HTTP/1.1" 200 20849 "-" "Mozilla/5.0 (Linux; Android 6.0.1; Nexus 5X Build/MMB29P) AppleWebKit/537.36 (KHTML, like Gecko) Chrome/141.0.7390.122 Mobile Safari/537.36 (compatible; Googlebot/2.1; +http://www.google.com/bot.html)" 842 **0/842213**
66.249.72.227 - - [01/Nov/2025:05:22:34 -0700] "GET /product/edit/37699176031690?/css_757ed0132a844208f409fbb5067dfa2d/_styles_css_product-detail-ex01 HTTP/1.1" 200 397 "https://www.blalockdialysiscenter.com/product/edit/37699176031690" "Mozilla/5.0 (Linux; Android 6.0.1; Nexus 5X Build/MMB29P) AppleWebKit/537.36 (KHTML, like Gecko) Chrome/141.0.7390.122 Mobile Safari/537.36 (compatible; Googlebot/2.1; +http://www.google.com/bot.html)" 112 **0/112869**
66.249.69.140 - - [01/Nov/2025:05:22:34 -0700] "GET /?a=20794880111690&mod=97598856&uri=category-info.php%3Fid%3D695660-338%26name%3D11+pro+max+apple+iphone+12+x HTTP/1.1" 200 20859 "-" "Mozilla/5.0 (Linux; Android 6.0.1; Nexus 5X Build/MMB29P) AppleWebKit/537.36 (KHTML, like Gecko) Chrome/141.0.7390.122 Mobile Safari/537.36 (compatible; Googlebot/2.1; +http://www.google.com/bot.html)" 848 **0/848672**
66.249.72.226 - - [01/Nov/2025:05:22:35 -0700] "GET /product/edit/102729882141690?/css_757ed0132a844208f409fbb5067dfa2d/_drupal_sites_default_files_css_css_LmUrbIckCDCKvN2_Q3zbp044aJ28BPsL4EcroazBk2w HTTP/1.1" 200 42233 "https://www.blalockdialysiscenter.com/product/edit/102729882141690" "Mozilla/5.0 (Linux; Android 6.0.1; Nexus 5X Build/MMB29P) AppleWebKit/537.36 (KHTML, like Gecko) Chrome/141.0.7390.122 Mobile Safari/537.36 (compatible; Googlebot/2.1; +http://www.google.com/bot.html)" 206 **0/206591**
207.46.13.151 - - [01/Nov/2025:05:22:34 -0700] "GET /?a=114468365061690&mod=b8b68793&uri=article.php%3Fid%3D3830165-410%26name%3Dbread+one+quart+dutch+oven HTTP/2.0" 200 21725 "-" "Mozilla/5.0 AppleWebKit/537.36 (KHTML, like Gecko; compatible; bingbot/2.0; +http://www.bing.com/bingbot.htm) Chrome/116.0.1938.76 Safari/537.36" 889 **0/889325**
66.249.72.228 - - [01/Nov/2025:05:22:35 -0700] "GET /product/edit/53048142051690 HTTP/1.1" 200 21907 "-" "Mozilla/5.0 (Linux; Android 6.0.1; Nexus 5X Build/MMB29P) AppleWebKit/537.36 (KHTML, like Gecko) Chrome/141.0.7390.122 Mobile Safari/537.36 (compatible; Googlebot/2.1; +http://www.google.com/bot.html)" 954 **0/954388**
66.249.72.226 - - [01/Nov/2025:05:22:36 -0700] "GET /product/edit/102729882141690?/css_757ed0132a844208f409fbb5067dfa2d/_drupal_modules_product_detail_assets_css_new_pc_product_detail HTTP/1.1" 200 5213 "https://www.blalockdialysiscenter.com/product/edit/102729882141690" "Mozilla/5.0 (Linux; Android 6.0.1; Nexus 5X Build/MMB29P) AppleWebKit/537.36 (KHTML, like Gecko) Chrome/141.0.7390.122 Mobile Safari/537.36 (compatible; Googlebot/2.1; +http://www.google.com/bot.html)" 114 **0/114819**
66.249.72.226 - - [01/Nov/2025:05:22:35 -0700] "GET /product/edit/11572678011690 HTTP/1.1" 200 20393 "-" "Mozilla/5.0 (Linux; Android 6.0.1; Nexus 5X Build/MMB29P) AppleWebKit/537.36 (KHTML, like Gecko) Chrome/141.0.7390.122 Mobile Safari/537.36 (compatible; Googlebot/2.1; +http://www.google.com/bot.html)" 805 **0/805840**
66.249.72.229 - - [01/Nov/2025:05:22:36 -0700] "GET /product/edit/109350905021690?/js_757ed0132a844208f409fbb5067dfa2d/_styles_js_lazysizes.min HTTP/1.1" 200 3188 "https://www.blalockdialysiscenter.com/product/edit/109350905021690" "Mozilla/5.0 (Linux; Android 6.0.1; Nexus 5X Build/MMB29P) AppleWebKit/537.36 (KHTML, like Gecko) Chrome/141.0.7390.122 Mobile Safari/537.36 (compatible; Googlebot/2.1; +http://www.google.com/bot.html)" 112 **0/112254**
66.249.72.226 - - [01/Nov/2025:05:22:36 -0700] "GET /product/edit/114060700031690 HTTP/1.1" 200 21692 "-" "Mozilla/5.0 (Linux; Android 6.0.1; Nexus 5X Build/MMB29P) AppleWebKit/537.36 (KHTML, like Gecko) Chrome/141.0.7390.122 Mobile Safari/537.36 (compatible; Googlebot/2.1; +http://www.google.com/bot.html)" 943 **0/943589**
66.249.72.227 - - [01/Nov/2025:05:22:37 -0700] "GET /product/edit/109350905021690?/css_757ed0132a844208f409fbb5067dfa2d/_drupal_sites_default_files_css_css_LmUrbIckCDCKvN2_Q3zbp044aJ28BPsL4EcroazBk2w HTTP/1.1" 200 42233 "https://www.blalockdialysiscenter.com/product/edit/109350905021690" "Mozilla/5.0 (Linux; Android 6.0.1; Nexus 5X Build/MMB29P) AppleWebKit/537.36 (KHTML, like Gecko) Chrome/141.0.7390.122 Mobile Safari/537.36 (compatible; Googlebot/2.1; +http://www.google.com/bot.html)" 240 **0/240740**
66.249.72.227 - - [01/Nov/2025:05:22:37 -0700] "GET /product/edit/15182654021690 HTTP/1.1" 200 21586 "-" "Mozilla/5.0 (Linux; Android 6.0.1; Nexus 5X Build/MMB29P) AppleWebKit/537.36 (KHTML, like Gecko) Chrome/141.0.7390.122 Mobile Safari/537.36 (compatible; Googlebot/2.1; +http://www.google.com/bot.html)" 878 **0/878234**
66.249.72.226 - - [01/Nov/2025:05:22:38 -0700] "GET /product/edit/109350905021690?/js_757ed0132a844208f409fbb5067dfa2d/_drupal_sites_default_files_js_js_G878YGhv0pYpg9iZ_hIm3vCCQWyhWgLawk-6b6wmZuU HTTP/1.1" 200 52631 "https://www.blalockdialysiscenter.com/product/edit/109350905021690" "Mozilla/5.0 (Linux; Android 6.0.1; Nexus 5X Build/MMB29P) AppleWebKit/537.36 (KHTML, like Gecko) Chrome/141.0.7390.122 Mobile Safari/537.36 (compatible; Googlebot/2.1; +http://www.google.com/bot.html)" 202 **0/202036**
66.249.69.140 - - [01/Nov/2025:05:22:37 -0700] "GET /?a=22510601011690&mod=8003c8cd&uri=category-info.php%3Fid%3D753045-154%26name%3Dborsa+love+moschino+nera+a+spalla HTTP/1.1" 200 20486 "-" "Mozilla/5.0 (Linux; Android 6.0.1; Nexus 5X Build/MMB29P) AppleWebKit/537.36 (KHTML, like Gecko) Chrome/141.0.7390.122 Mobile Safari/537.36 (compatible; Googlebot/2.1; +http://www.google.com/bot.html)" 780 **0/780000**
66.249.72.229 - - [01/Nov/2025:05:22:38 -0700] "GET /product/edit/81567614021690 HTTP/1.1" 200 20674 "-" "Mozilla/5.0 (Linux; Android 6.0.1; Nexus 5X Build/MMB29P) AppleWebKit/537.36 (KHTML, like Gecko) Chrome/141.0.7390.122 Mobile Safari/537.36 (compatible; Googlebot/2.1; +http://www.google.com/bot.html)" 630 **0/630183**
66.249.72.229 - - [01/Nov/2025:05:22:39 -0700] "GET /product/edit/101242617011690?/css_757ed0132a844208f409fbb5067dfa2d/_styles_css_wanderer-fg HTTP/1.1" 200 184 "https://www.blalockdialysiscenter.com/product/edit/101242617011690" "Mozilla/5.0 (Linux; Android 6.0.1; Nexus 5X Build/MMB29P) AppleWebKit/537.36 (KHTML, like Gecko) Chrome/141.0.7390.122 Mobile Safari/537.36 (compatible; Googlebot/2.1; +http://www.google.com/bot.html)" 122 **0/122568**
66.249.72.229 - - [01/Nov/2025:05:22:39 -0700] "GET /product/edit/46478190091690 HTTP/1.1" 200 20732 "-" "Mozilla/5.0 (Linux; Android 6.0.1; Nexus 5X Build/MMB29P) AppleWebKit/537.36 (KHTML, like Gecko) Chrome/141.0.7390.122 Mobile Safari/537.36 (compatible; Googlebot/2.1; +http://www.google.com/bot.html)" 668 **0/668566**
66.249.72.228 - - [01/Nov/2025:05:22:39 -0700] "GET /product/edit/96797629031690 HTTP/1.1" 200 21296 "-" "Mozilla/5.0 (Linux; Android 6.0.1; Nexus 5X Build/MMB29P) AppleWebKit/537.36 (KHTML, like Gecko) Chrome/141.0.7390.122 Mobile Safari/537.36 (compatible; Googlebot/2.1; +http://www.google.com/bot.html)" 723 **0/723655**
66.249.72.228 - - [01/Nov/2025:05:22:40 -0700] "GET /product/edit/41833952061690?/css_757ed0132a844208f409fbb5067dfa2d/_drupal_sites_default_files_css_css_LmUrbIckCDCKvN2_Q3zbp044aJ28BPsL4EcroazBk2w HTTP/1.1" 200 42233 "https://www.blalockdialysiscenter.com/product/edit/41833952061690" "Mozilla/5.0 (Linux; Android 6.0.1; Nexus 5X Build/MMB29P) AppleWebKit/537.36 (KHTML, like Gecko) Chrome/141.0.7390.122 Mobile Safari/537.36 (compatible; Googlebot/2.1; +http://www.google.com/bot.html)" 225 **0/225087**
66.249.72.228 - - [01/Nov/2025:05:22:40 -0700] "GET /product/edit/110750771051690 HTTP/1.1" 200 20604 "-" "Mozilla/5.0 (Linux; Android 6.0.1; Nexus 5X Build/MMB29P) AppleWebKit/537.36 (KHTML, like Gecko) Chrome/141.0.7390.122 Mobile Safari/537.36 (compatible; Googlebot/2.1; +http://www.google.com/bot.html)" 638 **0/638135**
66.249.72.230 - - [01/Nov/2025:05:22:41 -0700] "GET /product/edit/101242617011690?/js_757ed0132a844208f409fbb5067dfa2d/_drupal_sites_default_files_js_js_G878YGhv0pYpg9iZ_hIm3vCCQWyhWgLawk-6b6wmZuU HTTP/1.1" 200 52631 "https://www.blalockdialysiscenter.com/product/edit/101242617011690" "Mozilla/5.0 (Linux; Android 6.0.1; Nexus 5X Build/MMB29P) AppleWebKit/537.36 (KHTML, like Gecko) Chrome/141.0.7390.122 Mobile Safari/537.36 (compatible; Googlebot/2.1; +http://www.google.com/bot.html)" 226 **0/226751**
66.249.72.228 - - [01/Nov/2025:05:22:41 -0700] "GET /product/edit/3225728021690 HTTP/1.1" 200 21445 "-" "Mozilla/5.0 (Linux; Android 6.0.1; Nexus 5X Build/MMB29P) AppleWebKit/537.36 (KHTML, like Gecko) Chrome/141.0.7390.122 Mobile Safari/537.36 (compatible; Googlebot/2.1; +http://www.google.com/bot.html)" 327 **0/327975**
66.249.72.227 - - [01/Nov/2025:05:22:41 -0700] "GET /product/edit/108507241081690?/css_757ed0132a844208f409fbb5067dfa2d/_styles_css_product-detail-ex01 HTTP/1.1" 200 397 "https://www.blalockdialysiscenter.com/product/edit/108507241081690" "Mozilla/5.0 (Linux; Android 6.0.1; Nexus 5X Build/MMB29P) AppleWebKit/537.36 (KHTML, like Gecko) Chrome/141.0.7390.122 Mobile Safari/537.36 (compatible; Googlebot/2.1; +http://www.google.com/bot.html)" 109 **0/109680**
66.249.72.226 - - [01/Nov/2025:05:22:42 -0700] "GET /product/edit/23919169001690 HTTP/1.1" 200 21917 "-" "Mozilla/5.0 (Linux; Android 6.0.1; Nexus 5X Build/MMB29P) AppleWebKit/537.36 (KHTML, like Gecko) Chrome/141.0.7390.122 Mobile Safari/537.36 (compatible; Googlebot/2.1; +http://www.google.com/bot.html)" 324 **0/324863**
66.249.72.226 - - [01/Nov/2025:05:22:42 -0700] "GET /product/edit/108507241081690?/js_757ed0132a844208f409fbb5067dfa2d/_drupal_sites_default_files_js_js_G878YGhv0pYpg9iZ_hIm3vCCQWyhWgLawk-6b6wmZuU HTTP/1.1" 200 52631 "https://www.blalockdialysiscenter.com/product/edit/108507241081690" "Mozilla/5.0 (Linux; Android 6.0.1; Nexus 5X Build/MMB29P) AppleWebKit/537.36 (KHTML, like Gecko) Chrome/141.0.7390.122 Mobile Safari/537.36 (compatible; Googlebot/2.1; +http://www.google.com/bot.html)" 195 **0/195060**
66.249.72.227 - - [01/Nov/2025:05:22:43 -0700] "GET /product/edit/76443786051690?/js_757ed0132a844208f409fbb5067dfa2d/_styles_js_lazysizes.min HTTP/1.1" 200 3188 "https://www.blalockdialysiscenter.com/product/edit/76443786051690" "Mozilla/5.0 (Linux; Android 6.0.1; Nexus 5X Build/MMB29P) AppleWebKit/537.36 (KHTML, like Gecko) Chrome/141.0.7390.122 Mobile Safari/537.36 (compatible; Googlebot/2.1; +http://www.google.com/bot.html)" 112 **0/112801**
66.249.72.228 - - [01/Nov/2025:05:22:44 -0700] "GET /product/edit/2747945071690?/css_757ed0132a844208f409fbb5067dfa2d/_drupal_sites_default_files_css_css_YLUY2usEybPXqNO15-ozAgAYsZmniqhrU6f3bp69-r4 HTTP/1.1" 200 3874 "https://www.blalockdialysiscenter.com/product/edit/2747945071690" "Mozilla/5.0 (Linux; Android 6.0.1; Nexus 5X Build/MMB29P) AppleWebKit/537.36 (KHTML, like Gecko) Chrome/141.0.7390.122 Mobile Safari/537.36 (compatible; Googlebot/2.1; +http://www.google.com/bot.html)" 116 **0/116347**
66.249.72.226 - - [01/Nov/2025:05:22:43 -0700] "GET /product/edit/6900730021690 HTTP/1.1" 200 21486 "-" "Mozilla/5.0 (Linux; Android 6.0.1; Nexus 5X Build/MMB29P) AppleWebKit/537.36 (KHTML, like Gecko) Chrome/141.0.7390.122 Mobile Safari/537.36 (compatible; Googlebot/2.1; +http://www.google.com/bot.html)" 804 **0/804401**
207.46.13.151 - - [01/Nov/2025:05:22:43 -0700] "GET /product/edit/114813794001690 HTTP/2.0" 200 21334 "-" "Mozilla/5.0 AppleWebKit/537.36 (KHTML, like Gecko; compatible; bingbot/2.0; +http://www.bing.com/bingbot.htm) Chrome/116.0.1938.76 Safari/537.36" 802 **0/802893**
66.249.72.228 - - [01/Nov/2025:05:22:44 -0700] "GET /product/edit/2747945071690?/js_757ed0132a844208f409fbb5067dfa2d/_styles_js_lazysizes.min HTTP/1.1" 200 3188 "https://www.blalockdialysiscenter.com/product/edit/2747945071690" "Mozilla/5.0 (Linux; Android 6.0.1; Nexus 5X Build/MMB29P) AppleWebKit/537.36 (KHTML, like Gecko) Chrome/141.0.7390.122 Mobile Safari/537.36 (compatible; Googlebot/2.1; +http://www.google.com/bot.html)" 117 **0/117533**
66.249.69.140 - - [01/Nov/2025:05:22:44 -0700] "GET /?a=119051326011690&mod=74456719&uri=us.php%3Fid%3D3983551-1507%26name%3Dvirtual+agm+skechers+work+trick+trainers+ladies HTTP/1.1" 200 20801 "-" "Mozilla/5.0 (Linux; Android 6.0.1; Nexus 5X Build/MMB29P) AppleWebKit/537.36 (KHTML, like Gecko) Chrome/141.0.7390.122 Mobile Safari/537.36 (compatible; Googlebot/2.1; +http://www.google.com/bot.html)" 562 **0/562890**
66.249.72.228 - - [01/Nov/2025:05:22:45 -0700] "GET /product/edit/2747945071690?/css_757ed0132a844208f409fbb5067dfa2d/_styles_css_wanderer-fg HTTP/1.1" 200 184 "https://www.blalockdialysiscenter.com/product/edit/2747945071690" "Mozilla/5.0 (Linux; Android 6.0.1; Nexus 5X Build/MMB29P) AppleWebKit/537.36 (KHTML, like Gecko) Chrome/141.0.7390.122 Mobile Safari/537.36 (compatible; Googlebot/2.1; +http://www.google.com/bot.html)" 116 **0/116468**
66.249.72.226 - - [01/Nov/2025:05:22:45 -0700] "GET /product/edit/119216001011690 HTTP/1.1" 200 21273 "-" "Mozilla/5.0 (Linux; Android 6.0.1; Nexus 5X Build/MMB29P) AppleWebKit/537.36 (KHTML, like Gecko) Chrome/141.0.7390.122 Mobile Safari/537.36 (compatible; Googlebot/2.1; +http://www.google.com/bot.html)" 575 **0/575283**
66.249.72.230 - - [01/Nov/2025:05:22:46 -0700] "GET /product/edit/119527092131690 HTTP/1.1" 200 19307 "-" "Mozilla/5.0 (Linux; Android 6.0.1; Nexus 5X Build/MMB29P) AppleWebKit/537.36 (KHTML, like Gecko) Chrome/141.0.7390.122 Mobile Safari/537.36 (compatible; Googlebot/2.1; +http://www.google.com/bot.html)" 355 **0/355751**
66.249.72.227 - - [01/Nov/2025:05:22:46 -0700] "GET /product/edit/2747945071690?/js_757ed0132a844208f409fbb5067dfa2d/_drupal_sites_default_files_js_js_nfGRbDhyXF9_dFjG2rkRRw84Gy6p5a4aGnpYcOKhuC4 HTTP/1.1" 200 96506 "https://www.blalockdialysiscenter.com/product/edit/2747945071690" "Mozilla/5.0 (Linux; Android 6.0.1; Nexus 5X Build/MMB29P) AppleWebKit/537.36 (KHTML, like Gecko) Chrome/141.0.7390.122 Mobile Safari/537.36 (compatible; Googlebot/2.1; +http://www.google.com/bot.html)" 253 **0/253172**
66.249.72.228 - - [01/Nov/2025:05:22:46 -0700] "GET /product/edit/51511146011690 HTTP/1.1" 200 20272 "-" "Mozilla/5.0 (Linux; Android 6.0.1; Nexus 5X Build/MMB29P) AppleWebKit/537.36 (KHTML, like Gecko) Chrome/141.0.7390.122 Mobile Safari/537.36 (compatible; Googlebot/2.1; +http://www.google.com/bot.html)" 430 **0/430898**
66.249.72.228 - - [01/Nov/2025:05:22:47 -0700] "GET /product/edit/2747945071690?/css_757ed0132a844208f409fbb5067dfa2d/_drupal_sites_default_files_css_css_LmUrbIckCDCKvN2_Q3zbp044aJ28BPsL4EcroazBk2w HTTP/1.1" 200 42233 "https://www.blalockdialysiscenter.com/product/edit/2747945071690" "Mozilla/5.0 (Linux; Android 6.0.1; Nexus 5X Build/MMB29P) AppleWebKit/537.36 (KHTML, like Gecko) Chrome/141.0.7390.122 Mobile Safari/537.36 (compatible; Googlebot/2.1; +http://www.google.com/bot.html)" 210 **0/210074**
66.249.72.231 - - [01/Nov/2025:05:22:47 -0700] "GET /product/edit/45457380021690 HTTP/1.1" 200 21607 "-" "Mozilla/5.0 (Linux; Android 6.0.1; Nexus 5X Build/MMB29P) AppleWebKit/537.36 (KHTML, like Gecko) Chrome/141.0.7390.122 Mobile Safari/537.36 (compatible; Googlebot/2.1; +http://www.google.com/bot.html)" 562 **0/562724**
207.46.13.9 - - [01/Nov/2025:05:22:47 -0700] "GET /?a=26250028051690&mod=e744f91c&uri=itm.php%3Fid%3D878132-9%26name%3Dwireless+iphone+old+earphones HTTP/2.0" 200 21830 "-" "Mozilla/5.0 AppleWebKit/537.36 (KHTML, like Gecko; compatible; bingbot/2.0; +http://www.bing.com/bingbot.htm) Chrome/116.0.1938.76 Safari/537.36" 332 **0/332117**
66.249.72.227 - - [01/Nov/2025:05:22:48 -0700] "GET /product/edit/108507241081690?/js_757ed0132a844208f409fbb5067dfa2d/_drupal_sites_default_files_js_js_i3BGasXGb_pVk8CAUeSJnjMmyNE-bFprX9j4_djQznQ HTTP/1.1" 200 3857 "https://www.blalockdialysiscenter.com/product/edit/108507241081690" "Mozilla/5.0 (Linux; Android 6.0.1; Nexus 5X Build/MMB29P) AppleWebKit/537.36 (KHTML, like Gecko) Chrome/141.0.7390.122 Mobile Safari/537.36 (compatible; Googlebot/2.1; +http://www.google.com/bot.html)" 120 **0/120212**
66.249.72.231 - - [01/Nov/2025:05:22:48 -0700] "GET /product/edit/62162066041690 HTTP/1.1" 200 21579 "-" "Mozilla/5.0 (Linux; Android 6.0.1; Nexus 5X Build/MMB29P) AppleWebKit/537.36 (KHTML, like Gecko) Chrome/141.0.7390.122 Mobile Safari/537.36 (compatible; Googlebot/2.1; +http://www.google.com/bot.html)" 389 **0/389508**
66.249.72.230 - - [01/Nov/2025:05:22:49 -0700] "GET /product/edit/101498132091690?/js_757ed0132a844208f409fbb5067dfa2d/_drupal_sites_default_files_js_js_z1qFDrghecTCI5Rjumn4rMBYPHvd-E4L0DVpS2JCjnw HTTP/1.1" 200 320 "https://www.blalockdialysiscenter.com/product/edit/101498132091690" "Mozilla/5.0 (Linux; Android 6.0.1; Nexus 5X Build/MMB29P) AppleWebKit/537.36 (KHTML, like Gecko) Chrome/141.0.7390.122 Mobile Safari/537.36 (compatible; Googlebot/2.1; +http://www.google.com/bot.html)" 110 **0/110496**
66.249.72.228 - - [01/Nov/2025:05:22:48 -0700] "GET /product/edit/50195066041690 HTTP/1.1" 200 20423 "-" "Mozilla/5.0 (Linux; Android 6.0.1; Nexus 5X Build/MMB29P) AppleWebKit/537.36 (KHTML, like Gecko) Chrome/141.0.7390.122 Mobile Safari/537.36 (compatible; Googlebot/2.1; +http://www.google.com/bot.html)" 616 **0/616234**
66.249.72.230 - - [01/Nov/2025:05:22:49 -0700] "GET /product/edit/101498132091690?/js_757ed0132a844208f409fbb5067dfa2d/_drupal_sites_default_files_js_js_i3BGasXGb_pVk8CAUeSJnjMmyNE-bFprX9j4_djQznQ HTTP/1.1" 200 3857 "https://www.blalockdialysiscenter.com/product/edit/101498132091690" "Mozilla/5.0 (Linux; Android 6.0.1; Nexus 5X Build/MMB29P) AppleWebKit/537.36 (KHTML, like Gecko) Chrome/141.0.7390.122 Mobile Safari/537.36 (compatible; Googlebot/2.1; +http://www.google.com/bot.html)" 116 **0/116231**
66.249.72.226 - - [01/Nov/2025:05:22:49 -0700] "GET /product/edit/116459541041690 HTTP/1.1" 200 20798 "-" "Mozilla/5.0 (Linux; Android 6.0.1; Nexus 5X Build/MMB29P) AppleWebKit/537.36 (KHTML, like Gecko) Chrome/141.0.7390.122 Mobile Safari/537.36 (compatible; Googlebot/2.1; +http://www.google.com/bot.html)" 558 **0/558740**
66.249.72.231 - - [01/Nov/2025:05:22:50 -0700] "GET /product/edit/51273634131690 HTTP/1.1" 200 20973 "-" "Mozilla/5.0 (Linux; Android 6.0.1; Nexus 5X Build/MMB29P) AppleWebKit/537.36 (KHTML, like Gecko) Chrome/141.0.7390.122 Mobile Safari/537.36 (compatible; Googlebot/2.1; +http://www.google.com/bot.html)" 302 **0/302088**
66.249.72.227 - - [01/Nov/2025:05:22:50 -0700] "GET /product/edit/96797629031690?/css_757ed0132a844208f409fbb5067dfa2d/_drupal_modules_product_detail_assets_css_new_pc_product_detail HTTP/1.1" 200 5213 "https://www.blalockdialysiscenter.com/product/edit/96797629031690" "Mozilla/5.0 (Linux; Android 6.0.1; Nexus 5X Build/MMB29P) AppleWebKit/537.36 (KHTML, like Gecko) Chrome/141.0.7390.122 Mobile Safari/537.36 (compatible; Googlebot/2.1; +http://www.google.com/bot.html)" 117 **0/117190**
66.249.72.231 - - [01/Nov/2025:05:22:50 -0700] "GET /product/edit/84213497071690 HTTP/1.1" 200 20639 "-" "Mozilla/5.0 (Linux; Android 6.0.1; Nexus 5X Build/MMB29P) AppleWebKit/537.36 (KHTML, like Gecko) Chrome/141.0.7390.122 Mobile Safari/537.36 (compatible; Googlebot/2.1; +http://www.google.com/bot.html)" 385 **0/385890**
66.249.72.231 - - [01/Nov/2025:05:22:51 -0700] "GET /product/edit/29116182031690 HTTP/1.1" 200 21430 "-" "Mozilla/5.0 (Linux; Android 6.0.1; Nexus 5X Build/MMB29P) AppleWebKit/537.36 (KHTML, like Gecko) Chrome/141.0.7390.122 Mobile Safari/537.36 (compatible; Googlebot/2.1; +http://www.google.com/bot.html)" 574 **0/574019**
66.249.72.229 - - [01/Nov/2025:05:22:51 -0700] "GET /product/edit/99794257011690?/js_757ed0132a844208f409fbb5067dfa2d/_drupal_sites_default_files_js_js_i3BGasXGb_pVk8CAUeSJnjMmyNE-bFprX9j4_djQznQ HTTP/1.1" 200 3857 "https://www.blalockdialysiscenter.com/product/edit/99794257011690" "Mozilla/5.0 (Linux; Android 6.0.1; Nexus 5X Build/MMB29P) AppleWebKit/537.36 (KHTML, like Gecko) Chrome/141.0.7390.122 Mobile Safari/537.36 (compatible; Googlebot/2.1; +http://www.google.com/bot.html)" 117 **0/117615**
66.249.69.140 - - [01/Nov/2025:05:22:52 -0700] "GET /?a=3377568011690&mod=2f3bbb97&uri=shared.php%3Fid%3D112942-49%26name%3Dthe+simpsons+hit+and+run+coins HTTP/1.1" 200 21589 "-" "Mozilla/5.0 (Linux; Android 6.0.1; Nexus 5X Build/MMB29P) AppleWebKit/537.36 (KHTML, like Gecko) Chrome/141.0.7390.122 Mobile Safari/537.36 (compatible; Googlebot/2.1; +http://www.google.com/bot.html)" 368 **0/368090**
66.249.72.232 - - [01/Nov/2025:05:22:52 -0700] "GET /product/edit/6124337041690 HTTP/1.1" 200 20684 "-" "Mozilla/5.0 (Linux; Android 6.0.1; Nexus 5X Build/MMB29P) AppleWebKit/537.36 (KHTML, like Gecko) Chrome/141.0.7390.122 Mobile Safari/537.36 (compatible; Googlebot/2.1; +http://www.google.com/bot.html)" 292 **0/292972**
66.249.72.231 - - [01/Nov/2025:05:22:52 -0700] "GET /product/edit/15182654021690?/css_757ed0132a844208f409fbb5067dfa2d/_drupal_modules_product_detail_assets_css_new_pc_product_detail HTTP/1.1" 200 5213 "https://www.blalockdialysiscenter.com/product/edit/15182654021690" "Mozilla/5.0 (Linux; Android 6.0.1; Nexus 5X Build/MMB29P) AppleWebKit/537.36 (KHTML, like Gecko) Chrome/141.0.7390.122 Mobile Safari/537.36 (compatible; Googlebot/2.1; +http://www.google.com/bot.html)" 113 **0/113155**
66.249.72.227 - - [01/Nov/2025:05:22:53 -0700] "GET /product/edit/23919169001690?/css_757ed0132a844208f409fbb5067dfa2d/_styles_css_product-detail-ex01 HTTP/1.1" 200 397 "https://www.blalockdialysiscenter.com/product/edit/23919169001690" "Mozilla/5.0 (Linux; Android 6.0.1; Nexus 5X Build/MMB29P) AppleWebKit/537.36 (KHTML, like Gecko) Chrome/141.0.7390.122 Mobile Safari/537.36 (compatible; Googlebot/2.1; +http://www.google.com/bot.html)" 111 **0/111043**
66.249.72.231 - - [01/Nov/2025:05:22:54 -0700] "GET /product/edit/23919169001690?/js_757ed0132a844208f409fbb5067dfa2d/_drupal_sites_default_files_js_js_nfGRbDhyXF9_dFjG2rkRRw84Gy6p5a4aGnpYcOKhuC4 HTTP/1.1" 200 96506 "https://www.blalockdialysiscenter.com/product/edit/23919169001690" "Mozilla/5.0 (Linux; Android 6.0.1; Nexus 5X Build/MMB29P) AppleWebKit/537.36 (KHTML, like Gecko) Chrome/141.0.7390.122 Mobile Safari/537.36 (compatible; Googlebot/2.1; +http://www.google.com/bot.html)" 258 **0/258511**
66.249.72.228 - - [01/Nov/2025:05:22:53 -0700] "GET /product/edit/40504516001690 HTTP/1.1" 200 21517 "-" "Mozilla/5.0 (Linux; Android 6.0.1; Nexus 5X Build/MMB29P) AppleWebKit/537.36 (KHTML, like Gecko) Chrome/141.0.7390.122 Mobile Safari/537.36 (compatible; Googlebot/2.1; +http://www.google.com/bot.html)" 467 **0/467786**
66.249.72.229 - - [01/Nov/2025:05:22:54 -0700] "GET /product/edit/40348390091690 HTTP/1.1" 200 21146 "-" "Mozilla/5.0 (Linux; Android 6.0.1; Nexus 5X Build/MMB29P) AppleWebKit/537.36 (KHTML, like Gecko) Chrome/141.0.7390.122 Mobile Safari/537.36 (compatible; Googlebot/2.1; +http://www.google.com/bot.html)" 479 **0/479830**
66.249.72.229 - - [01/Nov/2025:05:22:54 -0700] "GET /product/edit/36454901031690 HTTP/1.1" 200 20637 "-" "Mozilla/5.0 (Linux; Android 6.0.1; Nexus 5X Build/MMB29P) AppleWebKit/537.36 (KHTML, like Gecko) Chrome/141.0.7390.122 Mobile Safari/537.36 (compatible; Googlebot/2.1; +http://www.google.com/bot.html)" 420 **0/420199**
207.46.13.9 - - [01/Nov/2025:05:22:54 -0700] "GET /?a=45876325001690&mod=665d5cbb&uri=shared.php%3Fid%3D1534721-43%26name%3Dcable+adapter+moto+g5+plus+es+compatible+con+mhl HTTP/2.0" 200 21919 "-" "Mozilla/5.0 AppleWebKit/537.36 (KHTML, like Gecko; compatible; bingbot/2.0; +http://www.bing.com/bingbot.htm) Chrome/116.0.1938.76 Safari/537.36" 562 **0/562223**
207.46.13.151 - - [01/Nov/2025:05:22:54 -0700] "GET /?a=98650250001690&mod=31aa810a&uri=shared.php%3Fid%3D3300885-1435%26name%3Dchaqueta+catalogo+mango+hombre HTTP/2.0" 200 21331 "-" "Mozilla/5.0 AppleWebKit/537.36 (KHTML, like Gecko; compatible; bingbot/2.0; +http://www.bing.com/bingbot.htm) Chrome/116.0.1938.76 Safari/537.36" 557 **0/557322**
66.249.72.232 - - [01/Nov/2025:05:22:55 -0700] "GET /product/edit/77586003001690 HTTP/1.1" 200 21464 "-" "Mozilla/5.0 (Linux; Android 6.0.1; Nexus 5X Build/MMB29P) AppleWebKit/537.36 (KHTML, like Gecko) Chrome/141.0.7390.122 Mobile Safari/537.36 (compatible; Googlebot/2.1; +http://www.google.com/bot.html)" 570 **0/570373**
66.249.72.226 - - [01/Nov/2025:05:22:55 -0700] "GET /product/edit/96797629031690?/js_757ed0132a844208f409fbb5067dfa2d/_drupal_sites_default_files_js_js_G878YGhv0pYpg9iZ_hIm3vCCQWyhWgLawk-6b6wmZuU HTTP/1.1" 200 52631 "https://www.blalockdialysiscenter.com/product/edit/96797629031690" "Mozilla/5.0 (Linux; Android 6.0.1; Nexus 5X Build/MMB29P) AppleWebKit/537.36 (KHTML, like Gecko) Chrome/141.0.7390.122 Mobile Safari/537.36 (compatible; Googlebot/2.1; +http://www.google.com/bot.html)" 206 **0/206497**
66.249.72.228 - - [01/Nov/2025:05:22:55 -0700] "GET /product/edit/20121911041690 HTTP/1.1" 200 20831 "-" "Mozilla/5.0 (Linux; Android 6.0.1; Nexus 5X Build/MMB29P) AppleWebKit/537.36 (KHTML, like Gecko) Chrome/141.0.7390.122 Mobile Safari/537.36 (compatible; Googlebot/2.1; +http://www.google.com/bot.html)" 613 **0/613008**
66.249.72.226 - - [01/Nov/2025:05:22:56 -0700] "GET /product/edit/23919169001690?/css_757ed0132a844208f409fbb5067dfa2d/_styles_css_wanderer-fg HTTP/1.1" 200 184 "https://www.blalockdialysiscenter.com/product/edit/23919169001690" "Mozilla/5.0 (Linux; Android 6.0.1; Nexus 5X Build/MMB29P) AppleWebKit/537.36 (KHTML, like Gecko) Chrome/141.0.7390.122 Mobile Safari/537.36 (compatible; Googlebot/2.1; +http://www.google.com/bot.html)" 110 **0/110761**
66.249.72.232 - - [01/Nov/2025:05:22:56 -0700] "GET /product/edit/87794277071690 HTTP/1.1" 200 21012 "-" "Mozilla/5.0 (Linux; Android 6.0.1; Nexus 5X Build/MMB29P) AppleWebKit/537.36 (KHTML, like Gecko) Chrome/141.0.7390.122 Mobile Safari/537.36 (compatible; Googlebot/2.1; +http://www.google.com/bot.html)" 563 **0/563322**
66.249.72.231 - - [01/Nov/2025:05:22:56 -0700] "GET /product/edit/47861417061690 HTTP/1.1" 200 21171 "-" "Mozilla/5.0 (Linux; Android 6.0.1; Nexus 5X Build/MMB29P) AppleWebKit/537.36 (KHTML, like Gecko) Chrome/141.0.7390.122 Mobile Safari/537.36 (compatible; Googlebot/2.1; +http://www.google.com/bot.html)" 369 **0/369378**
66.249.72.228 - - [01/Nov/2025:05:22:57 -0700] "GET /product/edit/96797629031690?/js_757ed0132a844208f409fbb5067dfa2d/_drupal_sites_default_files_js_js_nfGRbDhyXF9_dFjG2rkRRw84Gy6p5a4aGnpYcOKhuC4 HTTP/1.1" 200 96506 "https://www.blalockdialysiscenter.com/product/edit/96797629031690" "Mozilla/5.0 (Linux; Android 6.0.1; Nexus 5X Build/MMB29P) AppleWebKit/537.36 (KHTML, like Gecko) Chrome/141.0.7390.122 Mobile Safari/537.36 (compatible; Googlebot/2.1; +http://www.google.com/bot.html)" 254 **0/254341**
66.249.69.140 - - [01/Nov/2025:05:22:58 -0700] "GET /?a=67828442021690&mod=baedb748&uri=category-info.php%3Fid%3D2269274-380%26name%3Dstivali+alti+gonna+e+tronchetti HTTP/1.1" 200 21493 "-" "Mozilla/5.0 (Linux; Android 6.0.1; Nexus 5X Build/MMB29P) AppleWebKit/537.36 (KHTML, like Gecko) Chrome/141.0.7390.122 Mobile Safari/537.36 (compatible; Googlebot/2.1; +http://www.google.com/bot.html)" 629 **0/629427**
66.249.72.229 - - [01/Nov/2025:05:22:58 -0700] "GET /product/edit/116576388011690 HTTP/1.1" 200 20530 "-" "Mozilla/5.0 (Linux; Android 6.0.1; Nexus 5X Build/MMB29P) AppleWebKit/537.36 (KHTML, like Gecko) Chrome/141.0.7390.122 Mobile Safari/537.36 (compatible; Googlebot/2.1; +http://www.google.com/bot.html)" 556 **0/556220**
66.249.72.227 - - [01/Nov/2025:05:22:58 -0700] "GET /product/edit/6900730021690?/js_757ed0132a844208f409fbb5067dfa2d/_drupal_sites_default_files_js_js_nfGRbDhyXF9_dFjG2rkRRw84Gy6p5a4aGnpYcOKhuC4 HTTP/1.1" 200 96506 "https://www.blalockdialysiscenter.com/product/edit/6900730021690" "Mozilla/5.0 (Linux; Android 6.0.1; Nexus 5X Build/MMB29P) AppleWebKit/537.36 (KHTML, like Gecko) Chrome/141.0.7390.122 Mobile Safari/537.36 (compatible; Googlebot/2.1; +http://www.google.com/bot.html)" 271 **0/271704**
207.46.13.170 - - [01/Nov/2025:05:22:58 -0700] "GET /?a=119279145031690&mod=a1f69f60&uri=pin.php%3Fid%3D3991164-147%26name%3D80+ml+paco+rabanne+million+frauen HTTP/2.0" 200 19958 "-" "Mozilla/5.0 AppleWebKit/537.36 (KHTML, like Gecko; compatible; bingbot/2.0; +http://www.bing.com/bingbot.htm) Chrome/116.0.1938.76 Safari/537.36" 294 **0/294526**
66.249.72.230 - - [01/Nov/2025:05:22:59 -0700] "GET /product/edit/46011525001690 HTTP/1.1" 200 21109 "-" "Mozilla/5.0 (Linux; Android 6.0.1; Nexus 5X Build/MMB29P) AppleWebKit/537.36 (KHTML, like Gecko) Chrome/141.0.7390.122 Mobile Safari/537.36 (compatible; Googlebot/2.1; +http://www.google.com/bot.html)" 340 **0/340295**
66.249.72.230 - - [01/Nov/2025:05:22:59 -0700] "GET /product/edit/23919169001690?/css_757ed0132a844208f409fbb5067dfa2d/_drupal_sites_default_files_css_css_YLUY2usEybPXqNO15-ozAgAYsZmniqhrU6f3bp69-r4 HTTP/1.1" 200 3874 "https://www.blalockdialysiscenter.com/product/edit/23919169001690" "Mozilla/5.0 (Linux; Android 6.0.1; Nexus 5X Build/MMB29P) AppleWebKit/537.36 (KHTML, like Gecko) Chrome/141.0.7390.122 Mobile Safari/537.36 (compatible; Googlebot/2.1; +http://www.google.com/bot.html)" 109 **0/109362**
66.249.72.233 - - [01/Nov/2025:05:22:59 -0700] "GET /product/edit/82030662041690 HTTP/1.1" 200 20631 "-" "Mozilla/5.0 (Linux; Android 6.0.1; Nexus 5X Build/MMB29P) AppleWebKit/537.36 (KHTML, like Gecko) Chrome/141.0.7390.122 Mobile Safari/537.36 (compatible; Googlebot/2.1; +http://www.google.com/bot.html)" 477 **0/477089**
