66.249.69.128 - - [01/Nov/2025:05:51:33 -0700] "GET /product/edit/109289803021690?/js_6356af597ebeb154b969e538d3e95f0f/_drupal_sites_default_files_js_js_G878YGhv0pYpg9iZ_hIm3vCCQWyhWgLawk-6b6wmZuU HTTP/1.1" 200 52631 "https://blalockdialysiscenter.com/product/edit/109289803021690" "Mozilla/5.0 (Linux; Android 6.0.1; Nexus 5X Build/MMB29P) AppleWebKit/537.36 (KHTML, like Gecko) Chrome/141.0.7390.122 Mobile Safari/537.36 (compatible; Googlebot/2.1; +http://www.google.com/bot.html)" 191 **0/191691**
66.249.69.128 - - [01/Nov/2025:05:51:32 -0700] "GET /?a=118794822071690&mod=7cc5a754&uri=brands.php%3Fid%3D3974948-80%26name%3Dcheetah+chaise+lounge+chair HTTP/1.1" 200 21505 "-" "Mozilla/5.0 (Linux; Android 6.0.1; Nexus 5X Build/MMB29P) AppleWebKit/537.36 (KHTML, like Gecko) Chrome/141.0.7390.122 Mobile Safari/537.36 (compatible; Googlebot/2.1; +http://www.google.com/bot.html)" 1073 **1/1073847**
66.249.69.128 - - [01/Nov/2025:05:51:34 -0700] "GET /product/edit/109289803021690?/css_6356af597ebeb154b969e538d3e95f0f/_styles_css_wanderer-fg HTTP/1.1" 200 184 "https://blalockdialysiscenter.com/product/edit/109289803021690" "Mozilla/5.0 (Linux; Android 6.0.1; Nexus 5X Build/MMB29P) AppleWebKit/537.36 (KHTML, like Gecko) Chrome/141.0.7390.122 Mobile Safari/537.36 (compatible; Googlebot/2.1; +http://www.google.com/bot.html)" 114 **0/114422**
66.249.69.128 - - [01/Nov/2025:05:51:33 -0700] "GET /product/edit/66536254041690 HTTP/1.1" 200 21733 "-" "Mozilla/5.0 (Linux; Android 6.0.1; Nexus 5X Build/MMB29P) AppleWebKit/537.36 (KHTML, like Gecko) Chrome/141.0.7390.122 Mobile Safari/537.36 (compatible; Googlebot/2.1; +http://www.google.com/bot.html)" 883 **0/883896**
66.249.69.128 - - [01/Nov/2025:05:51:34 -0700] "GET /product/edit/115156585001690 HTTP/1.1" 200 21565 "-" "Mozilla/5.0 (Linux; Android 6.0.1; Nexus 5X Build/MMB29P) AppleWebKit/537.36 (KHTML, like Gecko) Chrome/141.0.7390.122 Mobile Safari/537.36 (compatible; Googlebot/2.1; +http://www.google.com/bot.html)" 711 **0/711142**
66.249.72.226 - - [01/Nov/2025:05:51:35 -0700] "GET /product/edit/75468114011690?/css_757ed0132a844208f409fbb5067dfa2d/_drupal_sites_default_files_css_css_LmUrbIckCDCKvN2_Q3zbp044aJ28BPsL4EcroazBk2w HTTP/1.1" 200 42233 "https://www.blalockdialysiscenter.com/product/edit/75468114011690" "Mozilla/5.0 (Linux; Android 6.0.1; Nexus 5X Build/MMB29P) AppleWebKit/537.36 (KHTML, like Gecko) Chrome/141.0.7390.122 Mobile Safari/537.36 (compatible; Googlebot/2.1; +http://www.google.com/bot.html)" 198 **0/198365**
66.249.69.129 - - [01/Nov/2025:05:51:35 -0700] "GET /product/edit/87448930051690 HTTP/1.1" 200 21579 "-" "Mozilla/5.0 (Linux; Android 6.0.1; Nexus 5X Build/MMB29P) AppleWebKit/537.36 (KHTML, like Gecko) Chrome/141.0.7390.122 Mobile Safari/537.36 (compatible; Googlebot/2.1; +http://www.google.com/bot.html)" 745 **0/745428**
66.249.72.226 - - [01/Nov/2025:05:51:36 -0700] "GET /?a=116652233031690&mod=70e17786&uri=article.php%3Fid%3D3903268-398%26name%3Dfesta+roupa+social+casamento HTTP/1.1" 200 21386 "-" "Mozilla/5.0 (Linux; Android 6.0.1; Nexus 5X Build/MMB29P) AppleWebKit/537.36 (KHTML, like Gecko) Chrome/141.0.7390.122 Mobile Safari/537.36 (compatible; Googlebot/2.1; +http://www.google.com/bot.html)" 765 **0/765476**
66.249.72.226 - - [01/Nov/2025:05:51:36 -0700] "GET /product/edit/75468114011690?/js_757ed0132a844208f409fbb5067dfa2d/_drupal_sites_default_files_js_js_G878YGhv0pYpg9iZ_hIm3vCCQWyhWgLawk-6b6wmZuU HTTP/1.1" 200 52631 "https://www.blalockdialysiscenter.com/product/edit/75468114011690" "Mozilla/5.0 (Linux; Android 6.0.1; Nexus 5X Build/MMB29P) AppleWebKit/537.36 (KHTML, like Gecko) Chrome/141.0.7390.122 Mobile Safari/537.36 (compatible; Googlebot/2.1; +http://www.google.com/bot.html)" 206 **0/206339**
66.249.69.129 - - [01/Nov/2025:05:51:37 -0700] "GET /product/edit/116214125051690?/js_6356af597ebeb154b969e538d3e95f0f/_drupal_sites_default_files_js_js_i3BGasXGb_pVk8CAUeSJnjMmyNE-bFprX9j4_djQznQ HTTP/1.1" 200 3857 "https://blalockdialysiscenter.com/product/edit/116214125051690" "Mozilla/5.0 (Linux; Android 6.0.1; Nexus 5X Build/MMB29P) AppleWebKit/537.36 (KHTML, like Gecko) Chrome/141.0.7390.122 Mobile Safari/537.36 (compatible; Googlebot/2.1; +http://www.google.com/bot.html)" 116 **0/116335**
66.249.69.129 - - [01/Nov/2025:05:51:38 -0700] "GET /product/edit/61361575031690?/css_6356af597ebeb154b969e538d3e95f0f/_drupal_modules_product_detail_assets_css_new_pc_product_detail HTTP/1.1" 200 5213 "https://blalockdialysiscenter.com/product/edit/61361575031690" "Mozilla/5.0 (Linux; Android 6.0.1; Nexus 5X Build/MMB29P) AppleWebKit/537.36 (KHTML, like Gecko) Chrome/141.0.7390.122 Mobile Safari/537.36 (compatible; Googlebot/2.1; +http://www.google.com/bot.html)" 124 **0/124652**
66.249.72.226 - - [01/Nov/2025:05:51:37 -0700] "GET /?a=86490129011690&mod=679b4e06&uri=shop.php%3Fid%3D2893883-501%26name%3Dsphynx+cats+with+sweaters HTTP/1.1" 200 21370 "-" "Mozilla/5.0 (Linux; Android 6.0.1; Nexus 5X Build/MMB29P) AppleWebKit/537.36 (KHTML, like Gecko) Chrome/141.0.7390.122 Mobile Safari/537.36 (compatible; Googlebot/2.1; +http://www.google.com/bot.html)" 968 **0/968243**
66.249.69.129 - - [01/Nov/2025:05:51:38 -0700] "GET /product/edit/61361575031690?/css_6356af597ebeb154b969e538d3e95f0f/_styles_css_product-detail-ex01 HTTP/1.1" 200 397 "https://blalockdialysiscenter.com/product/edit/61361575031690" "Mozilla/5.0 (Linux; Android 6.0.1; Nexus 5X Build/MMB29P) AppleWebKit/537.36 (KHTML, like Gecko) Chrome/141.0.7390.122 Mobile Safari/537.36 (compatible; Googlebot/2.1; +http://www.google.com/bot.html)" 111 **0/111567**
66.249.69.128 - - [01/Nov/2025:05:51:39 -0700] "GET /product/edit/61361575031690?/css_6356af597ebeb154b969e538d3e95f0f/_drupal_sites_default_files_css_css_LmUrbIckCDCKvN2_Q3zbp044aJ28BPsL4EcroazBk2w HTTP/1.1" 200 42233 "https://blalockdialysiscenter.com/product/edit/61361575031690" "Mozilla/5.0 (Linux; Android 6.0.1; Nexus 5X Build/MMB29P) AppleWebKit/537.36 (KHTML, like Gecko) Chrome/141.0.7390.122 Mobile Safari/537.36 (compatible; Googlebot/2.1; +http://www.google.com/bot.html)" 199 **0/199067**
66.249.72.226 - - [01/Nov/2025:05:51:39 -0700] "GET /pcmypage?callback=/product%2Fdetail%2F118230127002690 HTTP/1.1" 200 20647 "-" "Mozilla/5.0 (Linux; Android 6.0.1; Nexus 5X Build/MMB29P) AppleWebKit/537.36 (KHTML, like Gecko) Chrome/141.0.7390.122 Mobile Safari/537.36 (compatible; Googlebot/2.1; +http://www.google.com/bot.html)" 913 **0/913496**
66.249.72.226 - - [01/Nov/2025:05:51:40 -0700] "GET /?a=118416471041690&mod=eb9b2480&uri=dp.php%3Fid%3D3962289-283%26name%3Db+twin+decathlon+bici+bimba+20+pollici HTTP/1.1" 200 21454 "-" "Mozilla/5.0 (Linux; Android 6.0.1; Nexus 5X Build/MMB29P) AppleWebKit/537.36 (KHTML, like Gecko) Chrome/141.0.7390.122 Mobile Safari/537.36 (compatible; Googlebot/2.1; +http://www.google.com/bot.html)" 976 **0/976144**
66.249.69.128 - - [01/Nov/2025:05:51:41 -0700] "GET /product/edit/61361575031690?/css_6356af597ebeb154b969e538d3e95f0f/_drupal_sites_default_files_css_css_YLUY2usEybPXqNO15-ozAgAYsZmniqhrU6f3bp69-r4 HTTP/1.1" 200 3874 "https://blalockdialysiscenter.com/product/edit/61361575031690" "Mozilla/5.0 (Linux; Android 6.0.1; Nexus 5X Build/MMB29P) AppleWebKit/537.36 (KHTML, like Gecko) Chrome/141.0.7390.122 Mobile Safari/537.36 (compatible; Googlebot/2.1; +http://www.google.com/bot.html)" 109 **0/109909**
66.249.69.128 - - [01/Nov/2025:05:51:40 -0700] "GET /?a=40365637001690&mod=ceba44ad&uri=search.php%3Fid%3D1350287-457%26name%3Dmontignac+tonneau+montre+automatique+montignac HTTP/1.1" 200 19974 "-" "Mozilla/5.0 (Linux; Android 6.0.1; Nexus 5X Build/MMB29P) AppleWebKit/537.36 (KHTML, like Gecko) Chrome/141.0.7390.122 Mobile Safari/537.36 (compatible; Googlebot/2.1; +http://www.google.com/bot.html)" 870 **0/870365**
66.249.69.128 - - [01/Nov/2025:05:51:41 -0700] "GET /product/edit/109289803021690?/js_6356af597ebeb154b969e538d3e95f0f/_drupal_sites_default_files_js_js_z1qFDrghecTCI5Rjumn4rMBYPHvd-E4L0DVpS2JCjnw HTTP/1.1" 200 320 "https://blalockdialysiscenter.com/product/edit/109289803021690" "Mozilla/5.0 (Linux; Android 6.0.1; Nexus 5X Build/MMB29P) AppleWebKit/537.36 (KHTML, like Gecko) Chrome/141.0.7390.122 Mobile Safari/537.36 (compatible; Googlebot/2.1; +http://www.google.com/bot.html)" 110 **0/110078**
66.249.72.226 - - [01/Nov/2025:05:51:41 -0700] "GET /pcmypage?callback=/product%2Fdetail%2F113920456042690 HTTP/1.1" 200 20182 "-" "Mozilla/5.0 (Linux; Android 6.0.1; Nexus 5X Build/MMB29P) AppleWebKit/537.36 (KHTML, like Gecko) Chrome/141.0.7390.122 Mobile Safari/537.36 (compatible; Googlebot/2.1; +http://www.google.com/bot.html)" 720 **0/720077**
66.249.69.128 - - [01/Nov/2025:05:51:42 -0700] "GET /product/edit/83547133031690?/css_6356af597ebeb154b969e538d3e95f0f/_drupal_sites_default_files_css_css_YLUY2usEybPXqNO15-ozAgAYsZmniqhrU6f3bp69-r4 HTTP/1.1" 200 3874 "https://blalockdialysiscenter.com/product/edit/83547133031690" "Mozilla/5.0 (Linux; Android 6.0.1; Nexus 5X Build/MMB29P) AppleWebKit/537.36 (KHTML, like Gecko) Chrome/141.0.7390.122 Mobile Safari/537.36 (compatible; Googlebot/2.1; +http://www.google.com/bot.html)" 111 **0/111797**
66.249.72.226 - - [01/Nov/2025:05:51:42 -0700] "GET /pcmypage?callback=/product%2Fdetail%2F116844531042690 HTTP/1.1" 200 21400 "-" "Mozilla/5.0 (Linux; Android 6.0.1; Nexus 5X Build/MMB29P) AppleWebKit/537.36 (KHTML, like Gecko) Chrome/141.0.7390.122 Mobile Safari/537.36 (compatible; Googlebot/2.1; +http://www.google.com/bot.html)" 583 **0/583711**
66.249.69.140 - - [01/Nov/2025:05:51:43 -0700] "GET /product/edit/83547133031690?/js_6356af597ebeb154b969e538d3e95f0f/_styles_js_lightbox HTTP/1.1" 200 4711 "https://blalockdialysiscenter.com/product/edit/83547133031690" "Mozilla/5.0 (Linux; Android 6.0.1; Nexus 5X Build/MMB29P) AppleWebKit/537.36 (KHTML, like Gecko) Chrome/141.0.7390.122 Mobile Safari/537.36 (compatible; Googlebot/2.1; +http://www.google.com/bot.html)" 116 **0/116396**
66.249.69.141 - - [01/Nov/2025:05:51:43 -0700] "GET /pcmypage?callback=/product%2Fdetail%2F101966205042690 HTTP/1.1" 200 21117 "-" "Mozilla/5.0 (Linux; Android 6.0.1; Nexus 5X Build/MMB29P) AppleWebKit/537.36 (KHTML, like Gecko) Chrome/141.0.7390.122 Mobile Safari/537.36 (compatible; Googlebot/2.1; +http://www.google.com/bot.html)" 704 **0/704154**
66.249.72.226 - - [01/Nov/2025:05:51:44 -0700] "GET /pcmypage?callback=/product%2Fdetail%2F118940966002690 HTTP/1.1" 200 21453 "-" "Mozilla/5.0 (Linux; Android 6.0.1; Nexus 5X Build/MMB29P) AppleWebKit/537.36 (KHTML, like Gecko) Chrome/141.0.7390.122 Mobile Safari/537.36 (compatible; Googlebot/2.1; +http://www.google.com/bot.html)" 531 **0/531249**
66.249.69.128 - - [01/Nov/2025:05:51:44 -0700] "GET /product/edit/109289803021690?/js_6356af597ebeb154b969e538d3e95f0f/_drupal_sites_default_files_js_js_i3BGasXGb_pVk8CAUeSJnjMmyNE-bFprX9j4_djQznQ HTTP/1.1" 200 3857 "https://blalockdialysiscenter.com/product/edit/109289803021690" "Mozilla/5.0 (Linux; Android 6.0.1; Nexus 5X Build/MMB29P) AppleWebKit/537.36 (KHTML, like Gecko) Chrome/141.0.7390.122 Mobile Safari/537.36 (compatible; Googlebot/2.1; +http://www.google.com/bot.html)" 108 **0/108489**
66.249.69.129 - - [01/Nov/2025:05:51:45 -0700] "GET /product/edit/83547133031690?/js_6356af597ebeb154b969e538d3e95f0f/_styles_js_lazysizes.min HTTP/1.1" 200 3188 "https://blalockdialysiscenter.com/product/edit/83547133031690" "Mozilla/5.0 (Linux; Android 6.0.1; Nexus 5X Build/MMB29P) AppleWebKit/537.36 (KHTML, like Gecko) Chrome/141.0.7390.122 Mobile Safari/537.36 (compatible; Googlebot/2.1; +http://www.google.com/bot.html)" 114 **0/114724**
66.249.72.227 - - [01/Nov/2025:05:51:45 -0700] "GET /pcmypage?callback=product/review/117603263041690 HTTP/1.1" 200 20850 "-" "Mozilla/5.0 (Linux; Android 6.0.1; Nexus 5X Build/MMB29P) AppleWebKit/537.36 (KHTML, like Gecko) Chrome/141.0.7390.122 Mobile Safari/537.36 (compatible; Googlebot/2.1; +http://www.google.com/bot.html)" 691 **0/691097**
66.249.69.128 - - [01/Nov/2025:05:51:46 -0700] "GET /product/edit/83547133031690?/css_6356af597ebeb154b969e538d3e95f0f/_styles_css_wanderer-fg HTTP/1.1" 200 184 "https://blalockdialysiscenter.com/product/edit/83547133031690" "Mozilla/5.0 (Linux; Android 6.0.1; Nexus 5X Build/MMB29P) AppleWebKit/537.36 (KHTML, like Gecko) Chrome/141.0.7390.122 Mobile Safari/537.36 (compatible; Googlebot/2.1; +http://www.google.com/bot.html)" 110 **0/110592**
66.249.72.227 - - [01/Nov/2025:05:51:46 -0700] "GET /pcmypage?callback=/product%2Fdetail%2F119137322062690 HTTP/1.1" 200 21233 "-" "Mozilla/5.0 (Linux; Android 6.0.1; Nexus 5X Build/MMB29P) AppleWebKit/537.36 (KHTML, like Gecko) Chrome/141.0.7390.122 Mobile Safari/537.36 (compatible; Googlebot/2.1; +http://www.google.com/bot.html)" 838 **0/838257**
66.249.72.226 - - [01/Nov/2025:05:51:47 -0700] "GET /product/edit/75468114011690?/js_757ed0132a844208f409fbb5067dfa2d/_drupal_sites_default_files_js_js_i3BGasXGb_pVk8CAUeSJnjMmyNE-bFprX9j4_djQznQ HTTP/1.1" 200 3857 "https://www.blalockdialysiscenter.com/product/edit/75468114011690" "Mozilla/5.0 (Linux; Android 6.0.1; Nexus 5X Build/MMB29P) AppleWebKit/537.36 (KHTML, like Gecko) Chrome/141.0.7390.122 Mobile Safari/537.36 (compatible; Googlebot/2.1; +http://www.google.com/bot.html)" 112 **0/112101**
66.249.72.226 - - [01/Nov/2025:05:51:46 -0700] "GET /pcmypage?callback=product/review/100410644001690 HTTP/1.1" 200 21245 "-" "Mozilla/5.0 (Linux; Android 6.0.1; Nexus 5X Build/MMB29P) AppleWebKit/537.36 (KHTML, like Gecko) Chrome/141.0.7390.122 Mobile Safari/537.36 (compatible; Googlebot/2.1; +http://www.google.com/bot.html)" 859 **0/859596**
66.249.72.226 - - [01/Nov/2025:05:51:48 -0700] "GET /product/edit/75468114011690?/js_757ed0132a844208f409fbb5067dfa2d/_drupal_sites_default_files_js_js_z1qFDrghecTCI5Rjumn4rMBYPHvd-E4L0DVpS2JCjnw HTTP/1.1" 200 320 "https://www.blalockdialysiscenter.com/product/edit/75468114011690" "Mozilla/5.0 (Linux; Android 6.0.1; Nexus 5X Build/MMB29P) AppleWebKit/537.36 (KHTML, like Gecko) Chrome/141.0.7390.122 Mobile Safari/537.36 (compatible; Googlebot/2.1; +http://www.google.com/bot.html)" 109 **0/109358**
66.249.72.226 - - [01/Nov/2025:05:51:47 -0700] "GET /pcmypage?callback=/product%2Fdetail%2F114047508062690 HTTP/1.1" 200 19900 "-" "Mozilla/5.0 (Linux; Android 6.0.1; Nexus 5X Build/MMB29P) AppleWebKit/537.36 (KHTML, like Gecko) Chrome/141.0.7390.122 Mobile Safari/537.36 (compatible; Googlebot/2.1; +http://www.google.com/bot.html)" 614 **0/614388**
66.249.69.128 - - [01/Nov/2025:05:51:49 -0700] "GET /product/edit/52137430111690?/js_6356af597ebeb154b969e538d3e95f0f/_styles_js_lazysizes.min HTTP/1.1" 200 3188 "https://blalockdialysiscenter.com/product/edit/52137430111690" "Mozilla/5.0 (Linux; Android 6.0.1; Nexus 5X Build/MMB29P) AppleWebKit/537.36 (KHTML, like Gecko) Chrome/141.0.7390.122 Mobile Safari/537.36 (compatible; Googlebot/2.1; +http://www.google.com/bot.html)" 111 **0/111525**
66.249.72.226 - - [01/Nov/2025:05:51:49 -0700] "GET /pcmypage?callback=product/review/119391284021690 HTTP/1.1" 200 21000 "-" "Mozilla/5.0 (Linux; Android 6.0.1; Nexus 5X Build/MMB29P) AppleWebKit/537.36 (KHTML, like Gecko) Chrome/141.0.7390.122 Mobile Safari/537.36 (compatible; Googlebot/2.1; +http://www.google.com/bot.html)" 374 **0/374886**
66.249.69.141 - - [01/Nov/2025:05:51:50 -0700] "GET /product/edit/66536254041690?/css_6356af597ebeb154b969e538d3e95f0f/_drupal_sites_default_files_css_css_LmUrbIckCDCKvN2_Q3zbp044aJ28BPsL4EcroazBk2w HTTP/1.1" 200 42233 "https://blalockdialysiscenter.com/product/edit/66536254041690" "Mozilla/5.0 (Linux; Android 6.0.1; Nexus 5X Build/MMB29P) AppleWebKit/537.36 (KHTML, like Gecko) Chrome/141.0.7390.122 Mobile Safari/537.36 (compatible; Googlebot/2.1; +http://www.google.com/bot.html)" 228 **0/228222**
66.249.72.226 - - [01/Nov/2025:05:51:50 -0700] "GET /pcmypage?callback=product/review/116000152011690 HTTP/1.1" 200 21989 "-" "Mozilla/5.0 (Linux; Android 6.0.1; Nexus 5X Build/MMB29P) AppleWebKit/537.36 (KHTML, like Gecko) Chrome/141.0.7390.122 Mobile Safari/537.36 (compatible; Googlebot/2.1; +http://www.google.com/bot.html)" 399 **0/399841**
66.249.69.128 - - [01/Nov/2025:05:51:51 -0700] "GET /?a=32642082031690&mod=f373c0ea&uri=category-info.php%3Fid%3D1091938-573%26name%3Dfitness+watches+polar+ignite+open+water+swimming HTTP/1.1" 200 21504 "-" "Mozilla/5.0 (Linux; Android 6.0.1; Nexus 5X Build/MMB29P) AppleWebKit/537.36 (KHTML, like Gecko) Chrome/141.0.7390.122 Mobile Safari/537.36 (compatible; Googlebot/2.1; +http://www.google.com/bot.html)" 352 **0/352556**
66.249.72.227 - - [01/Nov/2025:05:51:51 -0700] "GET /pcmypage?callback=product/review/119116353031690 HTTP/1.1" 200 21059 "-" "Mozilla/5.0 (Linux; Android 6.0.1; Nexus 5X Build/MMB29P) AppleWebKit/537.36 (KHTML, like Gecko) Chrome/141.0.7390.122 Mobile Safari/537.36 (compatible; Googlebot/2.1; +http://www.google.com/bot.html)" 301 **0/301311**
66.249.69.141 - - [01/Nov/2025:05:51:52 -0700] "GET /product/edit/66536254041690?/js_6356af597ebeb154b969e538d3e95f0f/_styles_js_lightbox HTTP/1.1" 200 4711 "https://blalockdialysiscenter.com/product/edit/66536254041690" "Mozilla/5.0 (Linux; Android 6.0.1; Nexus 5X Build/MMB29P) AppleWebKit/537.36 (KHTML, like Gecko) Chrome/141.0.7390.122 Mobile Safari/537.36 (compatible; Googlebot/2.1; +http://www.google.com/bot.html)" 115 **0/115323**
66.249.72.227 - - [01/Nov/2025:05:51:52 -0700] "GET /product/edit/80278475071690 HTTP/1.1" 200 19807 "-" "Mozilla/5.0 (Linux; Android 6.0.1; Nexus 5X Build/MMB29P) AppleWebKit/537.36 (KHTML, like Gecko) Chrome/141.0.7390.122 Mobile Safari/537.36 (compatible; Googlebot/2.1; +http://www.google.com/bot.html)" 477 **0/477627**
66.249.69.130 - - [01/Nov/2025:05:51:53 -0700] "GET /product/edit/83547133031690?/js_6356af597ebeb154b969e538d3e95f0f/_drupal_sites_default_files_js_js_z1qFDrghecTCI5Rjumn4rMBYPHvd-E4L0DVpS2JCjnw HTTP/1.1" 200 320 "https://blalockdialysiscenter.com/product/edit/83547133031690" "Mozilla/5.0 (Linux; Android 6.0.1; Nexus 5X Build/MMB29P) AppleWebKit/537.36 (KHTML, like Gecko) Chrome/141.0.7390.122 Mobile Safari/537.36 (compatible; Googlebot/2.1; +http://www.google.com/bot.html)" 113 **0/113523**
66.249.72.226 - - [01/Nov/2025:05:51:53 -0700] "GET /product/edit/7527106021690 HTTP/1.1" 200 21001 "-" "Mozilla/5.0 (Linux; Android 6.0.1; Nexus 5X Build/MMB29P) AppleWebKit/537.36 (KHTML, like Gecko) Chrome/141.0.7390.122 Mobile Safari/537.36 (compatible; Googlebot/2.1; +http://www.google.com/bot.html)" 587 **0/587634**
66.249.69.128 - - [01/Nov/2025:05:51:54 -0700] "GET /product/edit/66536254041690?/js_6356af597ebeb154b969e538d3e95f0f/_drupal_sites_default_files_js_js_z1qFDrghecTCI5Rjumn4rMBYPHvd-E4L0DVpS2JCjnw HTTP/1.1" 200 320 "https://blalockdialysiscenter.com/product/edit/66536254041690" "Mozilla/5.0 (Linux; Android 6.0.1; Nexus 5X Build/MMB29P) AppleWebKit/537.36 (KHTML, like Gecko) Chrome/141.0.7390.122 Mobile Safari/537.36 (compatible; Googlebot/2.1; +http://www.google.com/bot.html)" 112 **0/112880**
66.249.72.227 - - [01/Nov/2025:05:51:54 -0700] "GET /product/edit/92510531141690 HTTP/1.1" 200 20707 "-" "Mozilla/5.0 (Linux; Android 6.0.1; Nexus 5X Build/MMB29P) AppleWebKit/537.36 (KHTML, like Gecko) Chrome/141.0.7390.122 Mobile Safari/537.36 (compatible; Googlebot/2.1; +http://www.google.com/bot.html)" 729 **0/729718**
66.249.69.141 - - [01/Nov/2025:05:51:55 -0700] "GET /product/edit/87448930051690?/js_6356af597ebeb154b969e538d3e95f0f/_drupal_sites_default_files_js_js_z1qFDrghecTCI5Rjumn4rMBYPHvd-E4L0DVpS2JCjnw HTTP/1.1" 200 320 "https://blalockdialysiscenter.com/product/edit/87448930051690" "Mozilla/5.0 (Linux; Android 6.0.1; Nexus 5X Build/MMB29P) AppleWebKit/537.36 (KHTML, like Gecko) Chrome/141.0.7390.122 Mobile Safari/537.36 (compatible; Googlebot/2.1; +http://www.google.com/bot.html)" 115 **0/115666**
66.249.72.228 - - [01/Nov/2025:05:51:55 -0700] "GET /product/edit/82563586001690 HTTP/1.1" 200 20203 "-" "Mozilla/5.0 (Linux; Android 6.0.1; Nexus 5X Build/MMB29P) AppleWebKit/537.36 (KHTML, like Gecko) Chrome/141.0.7390.122 Mobile Safari/537.36 (compatible; Googlebot/2.1; +http://www.google.com/bot.html)" 667 **0/667154**
66.249.72.227 - - [01/Nov/2025:05:51:55 -0700] "GET /product/edit/53429501081690 HTTP/1.1" 200 20767 "-" "Mozilla/5.0 (Linux; Android 6.0.1; Nexus 5X Build/MMB29P) AppleWebKit/537.36 (KHTML, like Gecko) Chrome/141.0.7390.122 Mobile Safari/537.36 (compatible; Googlebot/2.1; +http://www.google.com/bot.html)" 305 **0/305203**
66.249.72.228 - - [01/Nov/2025:05:51:56 -0700] "GET /product/edit/56057971001690 HTTP/1.1" 200 21512 "-" "Mozilla/5.0 (Linux; Android 6.0.1; Nexus 5X Build/MMB29P) AppleWebKit/537.36 (KHTML, like Gecko) Chrome/141.0.7390.122 Mobile Safari/537.36 (compatible; Googlebot/2.1; +http://www.google.com/bot.html)" 370 **0/370553**
207.46.13.92 - - [01/Nov/2025:05:51:57 -0700] "GET /product/edit/88343971011690 HTTP/2.0" 200 21228 "-" "Mozilla/5.0 AppleWebKit/537.36 (KHTML, like Gecko; compatible; bingbot/2.0; +http://www.bing.com/bingbot.htm) Chrome/116.0.1938.76 Safari/537.36" 324 **0/324633**
66.249.72.227 - - [01/Nov/2025:05:51:57 -0700] "GET /product/edit/47028427021690 HTTP/1.1" 200 20868 "-" "Mozilla/5.0 (Linux; Android 6.0.1; Nexus 5X Build/MMB29P) AppleWebKit/537.36 (KHTML, like Gecko) Chrome/141.0.7390.122 Mobile Safari/537.36 (compatible; Googlebot/2.1; +http://www.google.com/bot.html)" 397 **0/397650**
66.249.69.140 - - [01/Nov/2025:05:51:58 -0700] "GET /?a=84011009001690&mod=78c793ba&uri=pin.php%3Fid%3D2810874-492%26name%3Dhori+rap+real+arcade+pro+v+hayabusa+fighting+stick HTTP/1.1" 200 21488 "-" "Mozilla/5.0 (Linux; Android 6.0.1; Nexus 5X Build/MMB29P) AppleWebKit/537.36 (KHTML, like Gecko) Chrome/141.0.7390.122 Mobile Safari/537.36 (compatible; Googlebot/2.1; +http://www.google.com/bot.html)" 352 **0/352637**
66.249.72.226 - - [01/Nov/2025:05:51:59 -0700] "GET /product/edit/46644911051690 HTTP/1.1" 200 21559 "-" "Mozilla/5.0 (Linux; Android 6.0.1; Nexus 5X Build/MMB29P) AppleWebKit/537.36 (KHTML, like Gecko) Chrome/141.0.7390.122 Mobile Safari/537.36 (compatible; Googlebot/2.1; +http://www.google.com/bot.html)" 339 **0/339797**
66.249.72.227 - - [01/Nov/2025:05:51:59 -0700] "GET /product/edit/62688406081690 HTTP/1.1" 200 20866 "-" "Mozilla/5.0 (Linux; Android 6.0.1; Nexus 5X Build/MMB29P) AppleWebKit/537.36 (KHTML, like Gecko) Chrome/141.0.7390.122 Mobile Safari/537.36 (compatible; Googlebot/2.1; +http://www.google.com/bot.html)" 371 **0/371933**
66.249.72.226 - - [01/Nov/2025:05:52:00 -0700] "GET /product/edit/93239596041690 HTTP/1.1" 200 21354 "-" "Mozilla/5.0 (Linux; Android 6.0.1; Nexus 5X Build/MMB29P) AppleWebKit/537.36 (KHTML, like Gecko) Chrome/141.0.7390.122 Mobile Safari/537.36 (compatible; Googlebot/2.1; +http://www.google.com/bot.html)" 317 **0/317704**
66.249.69.141 - - [01/Nov/2025:05:52:01 -0700] "GET /?a=63940346011690&mod=240aa617&uri=product.php%3Fid%3D2139215-773%26name%3Dclassic+ducati+scrambler+cover HTTP/1.1" 200 21568 "-" "Mozilla/5.0 (Linux; Android 6.0.1; Nexus 5X Build/MMB29P) AppleWebKit/537.36 (KHTML, like Gecko) Chrome/141.0.7390.122 Mobile Safari/537.36 (compatible; Googlebot/2.1; +http://www.google.com/bot.html)" 427 **0/427353**
66.249.69.129 - - [01/Nov/2025:05:52:02 -0700] "GET /?a=72122020051690&mod=44ac09ac&uri=category-info.php%3Fid%3D2413006-27%26name%3Dryan%27s+world+toys+walmart+ryan+new+toys HTTP/1.1" 200 21217 "-" "Mozilla/5.0 (Linux; Android 6.0.1; Nexus 5X Build/MMB29P) AppleWebKit/537.36 (KHTML, like Gecko) Chrome/141.0.7390.122 Mobile Safari/537.36 (compatible; Googlebot/2.1; +http://www.google.com/bot.html)" 523 **0/523603**
207.46.13.102 - - [01/Nov/2025:05:52:03 -0700] "GET /?a=53051573011690&mod=16d45a03&uri=itm.php%3Fid%3D1774801-1756%26name%3Dsupreme+nike+gato+chile HTTP/2.0" 200 20403 "-" "Mozilla/5.0 AppleWebKit/537.36 (KHTML, like Gecko; compatible; bingbot/2.0; +http://www.bing.com/bingbot.htm) Chrome/116.0.1938.76 Safari/537.36" 553 **0/553169**
66.249.69.129 - - [01/Nov/2025:05:52:05 -0700] "GET /?a=65672094071690&mod=a171a609&uri=category-info.php%3Fid%3D2197138-490%26name%3Dzara+robe+mi+longue+volant HTTP/1.1" 200 20967 "-" "Mozilla/5.0 (Linux; Android 6.0.1; Nexus 5X Build/MMB29P) AppleWebKit/537.36 (KHTML, like Gecko) Chrome/141.0.7390.122 Mobile Safari/537.36 (compatible; Googlebot/2.1; +http://www.google.com/bot.html)" 398 **0/398786**
66.249.69.128 - - [01/Nov/2025:05:52:06 -0700] "GET /?a=49741170101690&mod=ae06fbdc&uri=category-info.php%3Fid%3D1664049-54%26name%3Dcampa%C3%B1a+catalogo+ilusion+diciembre+2021 HTTP/1.1" 200 20892 "-" "Mozilla/5.0 (Linux; Android 6.0.1; Nexus 5X Build/MMB29P) AppleWebKit/537.36 (KHTML, like Gecko) Chrome/141.0.7390.122 Mobile Safari/537.36 (compatible; Googlebot/2.1; +http://www.google.com/bot.html)" 488 **0/488248**
66.249.69.128 - - [01/Nov/2025:05:52:07 -0700] "GET /?a=34360364041690&mod=b3e6c893&uri=category-info.php%3Fid%3D1149431-547%26name%3Dwrist+gmt+11670+ln HTTP/1.1" 200 20296 "-" "Mozilla/5.0 (Linux; Android 6.0.1; Nexus 5X Build/MMB29P) AppleWebKit/537.36 (KHTML, like Gecko) Chrome/141.0.7390.122 Mobile Safari/537.36 (compatible; Googlebot/2.1; +http://www.google.com/bot.html)" 866 **0/866412**
66.249.72.227 - - [01/Nov/2025:05:52:08 -0700] "GET /product/edit/7527106021690?/css_757ed0132a844208f409fbb5067dfa2d/_drupal_modules_product_detail_assets_css_new_pc_product_detail HTTP/1.1" 200 5213 "https://www.blalockdialysiscenter.com/product/edit/7527106021690" "Mozilla/5.0 (Linux; Android 6.0.1; Nexus 5X Build/MMB29P) AppleWebKit/537.36 (KHTML, like Gecko) Chrome/141.0.7390.122 Mobile Safari/537.36 (compatible; Googlebot/2.1; +http://www.google.com/bot.html)" 114 **0/114989**
66.249.72.226 - - [01/Nov/2025:05:52:09 -0700] "GET /product/edit/7527106021690?/css_757ed0132a844208f409fbb5067dfa2d/_drupal_sites_default_files_css_css_LmUrbIckCDCKvN2_Q3zbp044aJ28BPsL4EcroazBk2w HTTP/1.1" 200 42233 "https://www.blalockdialysiscenter.com/product/edit/7527106021690" "Mozilla/5.0 (Linux; Android 6.0.1; Nexus 5X Build/MMB29P) AppleWebKit/537.36 (KHTML, like Gecko) Chrome/141.0.7390.122 Mobile Safari/537.36 (compatible; Googlebot/2.1; +http://www.google.com/bot.html)" 204 **0/204354**
66.249.72.227 - - [01/Nov/2025:05:52:10 -0700] "GET /product/edit/7527106021690?/css_757ed0132a844208f409fbb5067dfa2d/_drupal_sites_default_files_css_css_YLUY2usEybPXqNO15-ozAgAYsZmniqhrU6f3bp69-r4 HTTP/1.1" 200 3874 "https://www.blalockdialysiscenter.com/product/edit/7527106021690" "Mozilla/5.0 (Linux; Android 6.0.1; Nexus 5X Build/MMB29P) AppleWebKit/537.36 (KHTML, like Gecko) Chrome/141.0.7390.122 Mobile Safari/537.36 (compatible; Googlebot/2.1; +http://www.google.com/bot.html)" 111 **0/111965**
66.249.69.141 - - [01/Nov/2025:05:52:09 -0700] "GET /?a=22531287061690&mod=77c493ec&uri=category-info.php%3Fid%3D753737-35%26name%3Dcinderella+castle+cinderella+dollhouse+game HTTP/1.1" 200 20840 "-" "Mozilla/5.0 (Linux; Android 6.0.1; Nexus 5X Build/MMB29P) AppleWebKit/537.36 (KHTML, like Gecko) Chrome/141.0.7390.122 Mobile Safari/537.36 (compatible; Googlebot/2.1; +http://www.google.com/bot.html)" 803 **0/803204**
66.249.72.226 - - [01/Nov/2025:05:52:10 -0700] "GET /product/edit/7527106021690?/js_757ed0132a844208f409fbb5067dfa2d/_drupal_sites_default_files_js_js_nfGRbDhyXF9_dFjG2rkRRw84Gy6p5a4aGnpYcOKhuC4 HTTP/1.1" 200 96506 "https://www.blalockdialysiscenter.com/product/edit/7527106021690" "Mozilla/5.0 (Linux; Android 6.0.1; Nexus 5X Build/MMB29P) AppleWebKit/537.36 (KHTML, like Gecko) Chrome/141.0.7390.122 Mobile Safari/537.36 (compatible; Googlebot/2.1; +http://www.google.com/bot.html)" 240 **0/240487**
66.249.69.141 - - [01/Nov/2025:05:52:10 -0700] "GET /?a=43904408001690&mod=fb4c4860&uri=category-info.php%3Fid%3D1468763-40%26name%3Dsolvent+degreaser+zep+aerosolve+ii HTTP/1.1" 200 21492 "-" "Mozilla/5.0 (Linux; Android 6.0.1; Nexus 5X Build/MMB29P) AppleWebKit/537.36 (KHTML, like Gecko) Chrome/141.0.7390.122 Mobile Safari/537.36 (compatible; Googlebot/2.1; +http://www.google.com/bot.html)" 1038 **1/1038748**
66.249.72.227 - - [01/Nov/2025:05:52:11 -0700] "GET /product/edit/92510531141690?/css_757ed0132a844208f409fbb5067dfa2d/_drupal_sites_default_files_css_css_YLUY2usEybPXqNO15-ozAgAYsZmniqhrU6f3bp69-r4 HTTP/1.1" 200 3874 "https://www.blalockdialysiscenter.com/product/edit/92510531141690" "Mozilla/5.0 (Linux; Android 6.0.1; Nexus 5X Build/MMB29P) AppleWebKit/537.36 (KHTML, like Gecko) Chrome/141.0.7390.122 Mobile Safari/537.36 (compatible; Googlebot/2.1; +http://www.google.com/bot.html)" 130 **0/130926**
66.249.69.140 - - [01/Nov/2025:05:52:11 -0700] "GET /?a=29059531041690&mod=870271b3&uri=category-info.php%3Fid%3D972104-160%26name%3Dpattern+fifties+style+evening+dresses HTTP/1.1" 200 20622 "-" "Mozilla/5.0 (Linux; Android 6.0.1; Nexus 5X Build/MMB29P) AppleWebKit/537.36 (KHTML, like Gecko) Chrome/141.0.7390.122 Mobile Safari/537.36 (compatible; Googlebot/2.1; +http://www.google.com/bot.html)" 1145 **1/1145064**
66.249.72.226 - - [01/Nov/2025:05:52:12 -0700] "GET /product/edit/53429501081690?/css_757ed0132a844208f409fbb5067dfa2d/_drupal_modules_product_detail_assets_css_new_pc_product_detail HTTP/1.1" 200 5213 "https://www.blalockdialysiscenter.com/product/edit/53429501081690" "Mozilla/5.0 (Linux; Android 6.0.1; Nexus 5X Build/MMB29P) AppleWebKit/537.36 (KHTML, like Gecko) Chrome/141.0.7390.122 Mobile Safari/537.36 (compatible; Googlebot/2.1; +http://www.google.com/bot.html)" 115 **0/115046**
20.15.133.160 - - [01/Nov/2025:05:52:11 -0700] "GET /?a=62783253011690&mod=301f1517&uri=form.php%3Fid%3D2100518-190%26name%3Dmini+bag+crystal+embellished+bag HTTP/2.0" 200 20336 "-" "Mozilla/5.0 AppleWebKit/537.36 (KHTML, like Gecko; compatible; bingbot/2.0; +http://www.bing.com/bingbot.htm) Chrome/116.0.1938.76 Safari/537.36" 1009 **1/1009484**
66.249.72.226 - - [01/Nov/2025:05:52:12 -0700] "GET /product/edit/92510531141690?/js_757ed0132a844208f409fbb5067dfa2d/_styles_js_lightbox HTTP/1.1" 200 4711 "https://www.blalockdialysiscenter.com/product/edit/92510531141690" "Mozilla/5.0 (Linux; Android 6.0.1; Nexus 5X Build/MMB29P) AppleWebKit/537.36 (KHTML, like Gecko) Chrome/141.0.7390.122 Mobile Safari/537.36 (compatible; Googlebot/2.1; +http://www.google.com/bot.html)" 116 **0/116337**
66.249.69.141 - - [01/Nov/2025:05:52:11 -0700] "GET /?a=25197858101690&mod=eac985bd&uri=category-info.php%3Fid%3D842949-315%26name%3Dmartingale+collars+hipster+dog+collar HTTP/1.1" 200 20851 "-" "Mozilla/5.0 (Linux; Android 6.0.1; Nexus 5X Build/MMB29P) AppleWebKit/537.36 (KHTML, like Gecko) Chrome/141.0.7390.122 Mobile Safari/537.36 (compatible; Googlebot/2.1; +http://www.google.com/bot.html)" 1088 **1/1088906**
66.249.72.226 - - [01/Nov/2025:05:52:13 -0700] "GET /product/edit/47028427021690?/css_757ed0132a844208f409fbb5067dfa2d/_styles_css_product-detail-ex01 HTTP/1.1" 200 397 "https://www.blalockdialysiscenter.com/product/edit/47028427021690" "Mozilla/5.0 (Linux; Android 6.0.1; Nexus 5X Build/MMB29P) AppleWebKit/537.36 (KHTML, like Gecko) Chrome/141.0.7390.122 Mobile Safari/537.36 (compatible; Googlebot/2.1; +http://www.google.com/bot.html)" 113 **0/113953**
66.249.72.226 - - [01/Nov/2025:05:52:14 -0700] "GET /product/edit/93239596041690?/css_757ed0132a844208f409fbb5067dfa2d/_drupal_sites_default_files_css_css_LmUrbIckCDCKvN2_Q3zbp044aJ28BPsL4EcroazBk2w HTTP/1.1" 200 42233 "https://www.blalockdialysiscenter.com/product/edit/93239596041690" "Mozilla/5.0 (Linux; Android 6.0.1; Nexus 5X Build/MMB29P) AppleWebKit/537.36 (KHTML, like Gecko) Chrome/141.0.7390.122 Mobile Safari/537.36 (compatible; Googlebot/2.1; +http://www.google.com/bot.html)" 235 **0/235892**
66.249.72.226 - - [01/Nov/2025:05:52:13 -0700] "GET /?a=79368313021690&mod=75144d9c&uri=category-info.php%3Fid%3D2655565-140%26name%3Dcasual+handbags+ladies+bags+online+flipkart HTTP/1.1" 200 21674 "-" "Mozilla/5.0 (Linux; Android 6.0.1; Nexus 5X Build/MMB29P) AppleWebKit/537.36 (KHTML, like Gecko) Chrome/141.0.7390.122 Mobile Safari/537.36 (compatible; Googlebot/2.1; +http://www.google.com/bot.html)" 1151 **1/1151721**
66.249.69.140 - - [01/Nov/2025:05:52:14 -0700] "GET /?a=13801290071690&mod=8d43d246&uri=category-info.php%3Fid%3D461710-394%26name%3Dbasketball+shorts+nike+dri+fit+shorts+uk HTTP/1.1" 200 20340 "-" "Mozilla/5.0 (Linux; Android 6.0.1; Nexus 5X Build/MMB29P) AppleWebKit/537.36 (KHTML, like Gecko) Chrome/141.0.7390.122 Mobile Safari/537.36 (compatible; Googlebot/2.1; +http://www.google.com/bot.html)" 1348 **1/1348971**
66.249.69.140 - - [01/Nov/2025:05:52:15 -0700] "GET /?a=47217998051690&mod=e744f91c&uri=search.php%3Fid%3D1579578-9%26name%3Dmarshall+monitor+bluetooth+marshall+04091743 HTTP/1.1" 200 20614 "-" "Mozilla/5.0 (Linux; Android 6.0.1; Nexus 5X Build/MMB29P) AppleWebKit/537.36 (KHTML, like Gecko) Chrome/141.0.7390.122 Mobile Safari/537.36 (compatible; Googlebot/2.1; +http://www.google.com/bot.html)" 1201 **1/1201156**
40.77.167.154 - - [01/Nov/2025:05:52:16 -0700] "GET /?a=5416876021690&mod=069802d4&uri=article.php%3Fid%3D181187-158%26name%3Dii+special+edition+bose+soundlink+mini+cena HTTP/2.0" 200 21613 "-" "Mozilla/5.0 AppleWebKit/537.36 (KHTML, like Gecko; compatible; bingbot/2.0; +http://www.bing.com/bingbot.htm) Chrome/116.0.1938.76 Safari/537.36" 1180 **1/1180281**
66.249.69.140 - - [01/Nov/2025:05:52:16 -0700] "GET /?a=26276512021690&mod=c12eadd7&uri=product.php%3Fid%3D879021-1211%26name%3Dguess+canada+sac+guess+cary HTTP/1.1" 200 20725 "-" "Mozilla/5.0 (Linux; Android 6.0.1; Nexus 5X Build/MMB29P) AppleWebKit/537.36 (KHTML, like Gecko) Chrome/141.0.7390.122 Mobile Safari/537.36 (compatible; Googlebot/2.1; +http://www.google.com/bot.html)" 1336 **1/1336224**
66.249.72.226 - - [01/Nov/2025:05:52:16 -0700] "GET /product/edit/33898201061690 HTTP/1.1" 200 21017 "-" "Mozilla/5.0 (Linux; Android 6.0.1; Nexus 5X Build/MMB29P) AppleWebKit/537.36 (KHTML, like Gecko) Chrome/141.0.7390.122 Mobile Safari/537.36 (compatible; Googlebot/2.1; +http://www.google.com/bot.html)" 1406 **1/1406612**
40.77.167.154 - - [01/Nov/2025:05:52:17 -0700] "GET /?a=98970071031690&mod=0fe750ce&uri=news.php%3Fid%3D3311576-313%26name%3Dclothes+h+and+m+girlswear HTTP/2.0" 200 21246 "-" "Mozilla/5.0 AppleWebKit/537.36 (KHTML, like Gecko; compatible; bingbot/2.0; +http://www.bing.com/bingbot.htm) Chrome/116.0.1938.76 Safari/537.36" 1320 **1/1320948**
66.249.69.140 - - [01/Nov/2025:05:52:17 -0700] "GET /?a=116333893021690&mod=9d38e6ea&uri=category-info.php%3Fid%3D3892621-67%26name%3Dkors+clearance+michael+kors+leather+pants HTTP/1.1" 200 20469 "-" "Mozilla/5.0 (Linux; Android 6.0.1; Nexus 5X Build/MMB29P) AppleWebKit/537.36 (KHTML, like Gecko) Chrome/141.0.7390.122 Mobile Safari/537.36 (compatible; Googlebot/2.1; +http://www.google.com/bot.html)" 1075 **1/1075319**
66.249.69.140 - - [01/Nov/2025:05:52:18 -0700] "GET /?a=94480816041690&mod=13850853&uri=category-info.php%3Fid%3D3161279-1002%26name%3Dli+ning+zen+shoes HTTP/1.1" 200 19529 "-" "Mozilla/5.0 (Linux; Android 6.0.1; Nexus 5X Build/MMB29P) AppleWebKit/537.36 (KHTML, like Gecko) Chrome/141.0.7390.122 Mobile Safari/537.36 (compatible; Googlebot/2.1; +http://www.google.com/bot.html)" 837 **0/837506**
66.249.69.141 - - [01/Nov/2025:05:52:19 -0700] "GET /?a=30162238041690&mod=30cd1e36&uri=category-info.php%3Fid%3D1008977-130%26name%3Dmacbook+air+macbook+pro+2013+displayport HTTP/1.1" 200 21590 "-" "Mozilla/5.0 (Linux; Android 6.0.1; Nexus 5X Build/MMB29P) AppleWebKit/537.36 (KHTML, like Gecko) Chrome/141.0.7390.122 Mobile Safari/537.36 (compatible; Googlebot/2.1; +http://www.google.com/bot.html)" 892 **0/892717**
66.249.69.140 - - [01/Nov/2025:05:52:19 -0700] "GET /?a=78571487031690&mod=e1228be4&uri=category-info.php%3Fid%3D2628891-36%26name%3Dlego+pieces+lego+creator+volkswagen+t1+camper+van+10220 HTTP/1.1" 200 21134 "-" "Mozilla/5.0 (Linux; Android 6.0.1; Nexus 5X Build/MMB29P) AppleWebKit/537.36 (KHTML, like Gecko) Chrome/141.0.7390.122 Mobile Safari/537.36 (compatible; Googlebot/2.1; +http://www.google.com/bot.html)" 1030 **1/1030566**
66.249.69.141 - - [01/Nov/2025:05:52:20 -0700] "GET /?a=35291335011690&mod=e744f91c&uri=category-info.php%3Fid%3D1180578-9%26name%3Drazer+synapse+razer+nari+ultimate+charging HTTP/1.1" 200 21211 "-" "Mozilla/5.0 (Linux; Android 6.0.1; Nexus 5X Build/MMB29P) AppleWebKit/537.36 (KHTML, like Gecko) Chrome/141.0.7390.122 Mobile Safari/537.36 (compatible; Googlebot/2.1; +http://www.google.com/bot.html)" 948 **0/948756**
66.249.72.226 - - [01/Nov/2025:05:52:21 -0700] "GET /product/edit/33898201061690?/css_757ed0132a844208f409fbb5067dfa2d/_drupal_sites_default_files_css_css_LmUrbIckCDCKvN2_Q3zbp044aJ28BPsL4EcroazBk2w HTTP/1.1" 200 42233 "https://www.blalockdialysiscenter.com/product/edit/33898201061690" "Mozilla/5.0 (Linux; Android 6.0.1; Nexus 5X Build/MMB29P) AppleWebKit/537.36 (KHTML, like Gecko) Chrome/141.0.7390.122 Mobile Safari/537.36 (compatible; Googlebot/2.1; +http://www.google.com/bot.html)" 199 **0/199376**
66.249.69.140 - - [01/Nov/2025:05:52:20 -0700] "GET /?a=89422429111690&mod=c17a9b84&uri=pin.php%3Fid%3D2991981-364%26name%3Dendorphin+pro+zapatillas+saucony+hombre+running HTTP/1.1" 200 19863 "-" "Mozilla/5.0 (Linux; Android 6.0.1; Nexus 5X Build/MMB29P) AppleWebKit/537.36 (KHTML, like Gecko) Chrome/141.0.7390.122 Mobile Safari/537.36 (compatible; Googlebot/2.1; +http://www.google.com/bot.html)" 900 **0/900974**
66.249.72.226 - - [01/Nov/2025:05:52:21 -0700] "GET /product/edit/33898201061690?/css_757ed0132a844208f409fbb5067dfa2d/_drupal_sites_default_files_css_css_YLUY2usEybPXqNO15-ozAgAYsZmniqhrU6f3bp69-r4 HTTP/1.1" 200 3874 "https://www.blalockdialysiscenter.com/product/edit/33898201061690" "Mozilla/5.0 (Linux; Android 6.0.1; Nexus 5X Build/MMB29P) AppleWebKit/537.36 (KHTML, like Gecko) Chrome/141.0.7390.122 Mobile Safari/537.36 (compatible; Googlebot/2.1; +http://www.google.com/bot.html)" 118 **0/118487**
66.249.69.141 - - [01/Nov/2025:05:52:21 -0700] "GET /?a=116319237041690&mod=59f7026f&uri=itm.php%3Fid%3D3892131-546%26name%3Dmalaysia+telomian+for+sale HTTP/1.1" 200 20076 "-" "Mozilla/5.0 (Linux; Android 6.0.1; Nexus 5X Build/MMB29P) AppleWebKit/537.36 (KHTML, like Gecko) Chrome/141.0.7390.122 Mobile Safari/537.36 (compatible; Googlebot/2.1; +http://www.google.com/bot.html)" 1024 **1/1024061**
66.249.72.226 - - [01/Nov/2025:05:52:22 -0700] "GET /product/edit/33898201061690?/js_757ed0132a844208f409fbb5067dfa2d/_styles_js_lightbox HTTP/1.1" 200 4711 "https://www.blalockdialysiscenter.com/product/edit/33898201061690" "Mozilla/5.0 (Linux; Android 6.0.1; Nexus 5X Build/MMB29P) AppleWebKit/537.36 (KHTML, like Gecko) Chrome/141.0.7390.122 Mobile Safari/537.36 (compatible; Googlebot/2.1; +http://www.google.com/bot.html)" 110 **0/110701**
66.249.72.226 - - [01/Nov/2025:05:52:22 -0700] "GET /product/edit/33898201061690?/js_757ed0132a844208f409fbb5067dfa2d/_styles_js_lazysizes.min HTTP/1.1" 200 3188 "https://www.blalockdialysiscenter.com/product/edit/33898201061690" "Mozilla/5.0 (Linux; Android 6.0.1; Nexus 5X Build/MMB29P) AppleWebKit/537.36 (KHTML, like Gecko) Chrome/141.0.7390.122 Mobile Safari/537.36 (compatible; Googlebot/2.1; +http://www.google.com/bot.html)" 110 **0/110599**
66.249.72.226 - - [01/Nov/2025:05:52:23 -0700] "GET /product/edit/33898201061690?/css_757ed0132a844208f409fbb5067dfa2d/_styles_css_wanderer-fg HTTP/1.1" 200 184 "https://www.blalockdialysiscenter.com/product/edit/33898201061690" "Mozilla/5.0 (Linux; Android 6.0.1; Nexus 5X Build/MMB29P) AppleWebKit/537.36 (KHTML, like Gecko) Chrome/141.0.7390.122 Mobile Safari/537.36 (compatible; Googlebot/2.1; +http://www.google.com/bot.html)" 108 **0/108462**
66.249.69.140 - - [01/Nov/2025:05:52:23 -0700] "GET /?a=40489888061690&mod=dffe93f9&uri=category-info.php%3Fid%3D1354449-466%26name%3Dcapota+abrigo+yoedu HTTP/1.1" 200 21134 "-" "Mozilla/5.0 (Linux; Android 6.0.1; Nexus 5X Build/MMB29P) AppleWebKit/537.36 (KHTML, like Gecko) Chrome/141.0.7390.122 Mobile Safari/537.36 (compatible; Googlebot/2.1; +http://www.google.com/bot.html)" 1245 **1/1245882**
66.249.72.226 - - [01/Nov/2025:05:52:24 -0700] "GET /product/edit/33898201061690?/css_757ed0132a844208f409fbb5067dfa2d/_styles_css_product-detail-ex01 HTTP/1.1" 200 397 "https://www.blalockdialysiscenter.com/product/edit/33898201061690" "Mozilla/5.0 (Linux; Android 6.0.1; Nexus 5X Build/MMB29P) AppleWebKit/537.36 (KHTML, like Gecko) Chrome/141.0.7390.122 Mobile Safari/537.36 (compatible; Googlebot/2.1; +http://www.google.com/bot.html)" 107 **0/107279**
66.249.69.140 - - [01/Nov/2025:05:52:24 -0700] "GET /?a=29859154001690&mod=dffe93f9&uri=category-info.php%3Fid%3D998849-466%26name%3Dbarco+nautica+es+buena+marca+de+ropa HTTP/1.1" 200 21741 "-" "Mozilla/5.0 (Linux; Android 6.0.1; Nexus 5X Build/MMB29P) AppleWebKit/537.36 (KHTML, like Gecko) Chrome/141.0.7390.122 Mobile Safari/537.36 (compatible; Googlebot/2.1; +http://www.google.com/bot.html)" 899 **0/899502**
66.249.72.226 - - [01/Nov/2025:05:52:24 -0700] "GET /product/edit/33898201061690?/js_757ed0132a844208f409fbb5067dfa2d/_drupal_sites_default_files_js_js_nfGRbDhyXF9_dFjG2rkRRw84Gy6p5a4aGnpYcOKhuC4 HTTP/1.1" 200 96506 "https://www.blalockdialysiscenter.com/product/edit/33898201061690" "Mozilla/5.0 (Linux; Android 6.0.1; Nexus 5X Build/MMB29P) AppleWebKit/537.36 (KHTML, like Gecko) Chrome/141.0.7390.122 Mobile Safari/537.36 (compatible; Googlebot/2.1; +http://www.google.com/bot.html)" 264 **0/264045**
66.249.72.226 - - [01/Nov/2025:05:52:25 -0700] "GET /product/edit/33898201061690?/css_757ed0132a844208f409fbb5067dfa2d/_drupal_modules_product_detail_assets_css_new_pc_product_detail HTTP/1.1" 200 5213 "https://www.blalockdialysiscenter.com/product/edit/33898201061690" "Mozilla/5.0 (Linux; Android 6.0.1; Nexus 5X Build/MMB29P) AppleWebKit/537.36 (KHTML, like Gecko) Chrome/141.0.7390.122 Mobile Safari/537.36 (compatible; Googlebot/2.1; +http://www.google.com/bot.html)" 107 **0/107193**
66.249.69.141 - - [01/Nov/2025:05:52:25 -0700] "GET /?a=49915295021690&mod=cc3f9686&uri=category-info.php%3Fid%3D1669871-721%26name%3Dworkstation+graphics+radeon+pro+wx+3200+specs HTTP/1.1" 200 21120 "-" "Mozilla/5.0 (Linux; Android 6.0.1; Nexus 5X Build/MMB29P) AppleWebKit/537.36 (KHTML, like Gecko) Chrome/141.0.7390.122 Mobile Safari/537.36 (compatible; Googlebot/2.1; +http://www.google.com/bot.html)" 1130 **1/1130256**
66.249.72.226 - - [01/Nov/2025:05:52:26 -0700] "GET /product/edit/33898201061690?/js_757ed0132a844208f409fbb5067dfa2d/_drupal_sites_default_files_js_js_G878YGhv0pYpg9iZ_hIm3vCCQWyhWgLawk-6b6wmZuU HTTP/1.1" 200 52631 "https://www.blalockdialysiscenter.com/product/edit/33898201061690" "Mozilla/5.0 (Linux; Android 6.0.1; Nexus 5X Build/MMB29P) AppleWebKit/537.36 (KHTML, like Gecko) Chrome/141.0.7390.122 Mobile Safari/537.36 (compatible; Googlebot/2.1; +http://www.google.com/bot.html)" 195 **0/195509**
66.249.69.141 - - [01/Nov/2025:05:52:26 -0700] "GET /?a=9287466041690&mod=d7d71ade&uri=category-info.php%3Fid%3D310685-337%26name%3Dbalance+fresh+foam+new+balance+wl410+dames+zwart HTTP/1.1" 200 20664 "-" "Mozilla/5.0 (Linux; Android 6.0.1; Nexus 5X Build/MMB29P) AppleWebKit/537.36 (KHTML, like Gecko) Chrome/141.0.7390.122 Mobile Safari/537.36 (compatible; Googlebot/2.1; +http://www.google.com/bot.html)" 1322 **1/1322720**
66.249.72.226 - - [01/Nov/2025:05:52:27 -0700] "GET /product/edit/33898201061690?/js_757ed0132a844208f409fbb5067dfa2d/_drupal_sites_default_files_js_js_z1qFDrghecTCI5Rjumn4rMBYPHvd-E4L0DVpS2JCjnw HTTP/1.1" 200 320 "https://www.blalockdialysiscenter.com/product/edit/33898201061690" "Mozilla/5.0 (Linux; Android 6.0.1; Nexus 5X Build/MMB29P) AppleWebKit/537.36 (KHTML, like Gecko) Chrome/141.0.7390.122 Mobile Safari/537.36 (compatible; Googlebot/2.1; +http://www.google.com/bot.html)" 111 **0/111593**
66.249.72.226 - - [01/Nov/2025:05:52:27 -0700] "GET /product/edit/33898201061690?/js_757ed0132a844208f409fbb5067dfa2d/_drupal_sites_default_files_js_js_i3BGasXGb_pVk8CAUeSJnjMmyNE-bFprX9j4_djQznQ HTTP/1.1" 200 3857 "https://www.blalockdialysiscenter.com/product/edit/33898201061690" "Mozilla/5.0 (Linux; Android 6.0.1; Nexus 5X Build/MMB29P) AppleWebKit/537.36 (KHTML, like Gecko) Chrome/141.0.7390.122 Mobile Safari/537.36 (compatible; Googlebot/2.1; +http://www.google.com/bot.html)" 116 **0/116729**
66.249.69.141 - - [01/Nov/2025:05:52:26 -0700] "GET /?a=18059420041690&mod=dcf93600&uri=category-info.php%3Fid%3D604173-387%26name%3Dcross+body+a+small+bag HTTP/1.1" 200 20862 "-" "Mozilla/5.0 (Linux; Android 6.0.1; Nexus 5X Build/MMB29P) AppleWebKit/537.36 (KHTML, like Gecko) Chrome/141.0.7390.122 Mobile Safari/537.36 (compatible; Googlebot/2.1; +http://www.google.com/bot.html)" 1327 **1/1327897**
66.249.69.140 - - [01/Nov/2025:05:52:28 -0700] "GET /?a=2640949051690&mod=8d161876&uri=category-info.php%3Fid%3D88290-536%26name%3Dgucci+ace+sneaker+scarpe+gucci+poco+prezzo HTTP/1.1" 200 21324 "-" "Mozilla/5.0 (Linux; Android 6.0.1; Nexus 5X Build/MMB29P) AppleWebKit/537.36 (KHTML, like Gecko) Chrome/141.0.7390.122 Mobile Safari/537.36 (compatible; Googlebot/2.1; +http://www.google.com/bot.html)" 1287 **1/1287260**
207.46.13.92 - - [01/Nov/2025:05:52:29 -0700] "GET /?a=27484051041690&mod=d4067253&uri=article.php%3Fid%3D919393-769%26name%3D512gb+ssd+micron+1100+sata+512gb HTTP/2.0" 200 20210 "-" "Mozilla/5.0 AppleWebKit/537.36 (KHTML, like Gecko; compatible; bingbot/2.0; +http://www.bing.com/bingbot.htm) Chrome/116.0.1938.76 Safari/537.36" 1239 **1/1239542**
66.249.69.141 - - [01/Nov/2025:05:52:29 -0700] "GET /?a=43676668081690&mod=1a5edf38&uri=us.php%3Fid%3D1461135-1651%26name%3Dvan+cleef+green+clover+necklace HTTP/1.1" 200 20999 "-" "Mozilla/5.0 (Linux; Android 6.0.1; Nexus 5X Build/MMB29P) AppleWebKit/537.36 (KHTML, like Gecko) Chrome/141.0.7390.122 Mobile Safari/537.36 (compatible; Googlebot/2.1; +http://www.google.com/bot.html)" 1250 **1/1250549**
66.249.69.141 - - [01/Nov/2025:05:52:30 -0700] "GET /?a=47229767061690&mod=3292cdae&uri=category-info.php%3Fid%3D1579971-476%26name%3Dpull+fille+pull+a+la+mode+ado+garcon HTTP/1.1" 200 21849 "-" "Mozilla/5.0 (Linux; Android 6.0.1; Nexus 5X Build/MMB29P) AppleWebKit/537.36 (KHTML, like Gecko) Chrome/141.0.7390.122 Mobile Safari/537.36 (compatible; Googlebot/2.1; +http://www.google.com/bot.html)" 1372 **1/1372322**
66.249.69.141 - - [01/Nov/2025:05:52:31 -0700] "GET /?a=70986865041690&mod=68c694de&uri=category-info.php%3Fid%3D2374995-18%26name%3Dbike+tape+newbaum%27s+cotton+cloth+handlebar+tape HTTP/1.1" 200 20831 "-" "Mozilla/5.0 (Linux; Android 6.0.1; Nexus 5X Build/MMB29P) AppleWebKit/537.36 (KHTML, like Gecko) Chrome/141.0.7390.122 Mobile Safari/537.36 (compatible; Googlebot/2.1; +http://www.google.com/bot.html)" 1383 **1/1383944**
66.249.69.141 - - [01/Nov/2025:05:52:31 -0700] "GET /?a=82843120001690&mod=5e4d0656&uri=category-info.php%3Fid%3D2771813-334%26name%3Dhot+water+marey+tankless+water+heater+installation HTTP/1.1" 200 21307 "-" "Mozilla/5.0 (Linux; Android 6.0.1; Nexus 5X Build/MMB29P) AppleWebKit/537.36 (KHTML, like Gecko) Chrome/141.0.7390.122 Mobile Safari/537.36 (compatible; Googlebot/2.1; +http://www.google.com/bot.html)" 1275 **1/1275143**
66.249.69.141 - - [01/Nov/2025:05:52:33 -0700] "GET /?a=106229530011690&mod=30cd1e36&uri=category-info.php%3Fid%3D3554594-130%26name%3Dgigabyte+how+to+see+your+motherboard+model HTTP/1.1" 200 21649 "-" "Mozilla/5.0 (Linux; Android 6.0.1; Nexus 5X Build/MMB29P) AppleWebKit/537.36 (KHTML, like Gecko) Chrome/141.0.7390.122 Mobile Safari/537.36 (compatible; Googlebot/2.1; +http://www.google.com/bot.html)" 1088 **1/1088938**
66.249.69.141 - - [01/Nov/2025:05:52:33 -0700] "GET /?a=47918320041690&mod=6ac94846&uri=category-info.php%3Fid%3D1603025-854%26name%3Dsmart+watch+apple+watch+series+waterproof+test HTTP/1.1" 200 20457 "-" "Mozilla/5.0 (Linux; Android 6.0.1; Nexus 5X Build/MMB29P) AppleWebKit/537.36 (KHTML, like Gecko) Chrome/141.0.7390.122 Mobile Safari/537.36 (compatible; Googlebot/2.1; +http://www.google.com/bot.html)" 969 **0/969329**
66.249.69.128 - - [01/Nov/2025:05:52:34 -0700] "GET /?a=1863376031690&mod=fd112b9e&uri=category-info.php%3Fid%3D62282-432%26name%3Dcocktail+dress+christmas+party+women%27s+outfits HTTP/1.1" 200 21208 "-" "Mozilla/5.0 (Linux; Android 6.0.1; Nexus 5X Build/MMB29P) AppleWebKit/537.36 (KHTML, like Gecko) Chrome/141.0.7390.122 Mobile Safari/537.36 (compatible; Googlebot/2.1; +http://www.google.com/bot.html)" 946 **0/946750**
66.249.69.141 - - [01/Nov/2025:05:52:34 -0700] "GET /?a=60556320061690&mod=5baaf192&uri=category-info.php%3Fid%3D2025983-415%26name%3Dwolverhampton+wanderers+wwfc+club+shop HTTP/1.1" 200 21708 "-" "Mozilla/5.0 (Linux; Android 6.0.1; Nexus 5X Build/MMB29P) AppleWebKit/537.36 (KHTML, like Gecko) Chrome/141.0.7390.122 Mobile Safari/537.36 (compatible; Googlebot/2.1; +http://www.google.com/bot.html)" 1069 **1/1069256**
66.249.69.141 - - [01/Nov/2025:05:52:35 -0700] "GET /?a=95654977091690&mod=a77fee56&uri=category-info.php%3Fid%3D3200527-223%26name%3Dlumix+tz110+tz110+review HTTP/1.1" 200 21223 "-" "Mozilla/5.0 (Linux; Android 6.0.1; Nexus 5X Build/MMB29P) AppleWebKit/537.36 (KHTML, like Gecko) Chrome/141.0.7390.122 Mobile Safari/537.36 (compatible; Googlebot/2.1; +http://www.google.com/bot.html)" 1029 **1/1029305**
66.249.69.140 - - [01/Nov/2025:05:52:36 -0700] "GET /?a=62725121011690&mod=7cc5a754&uri=category-info.php%3Fid%3D2098578-80%26name%3Dchairs+recliner+laura+ashley+wingback+chair HTTP/1.1" 200 21179 "-" "Mozilla/5.0 (Linux; Android 6.0.1; Nexus 5X Build/MMB29P) AppleWebKit/537.36 (KHTML, like Gecko) Chrome/141.0.7390.122 Mobile Safari/537.36 (compatible; Googlebot/2.1; +http://www.google.com/bot.html)" 911 **0/911958**
66.249.69.140 - - [01/Nov/2025:05:52:37 -0700] "GET /?a=113329862091690&mod=c8d917d3&uri=category-info.php%3Fid%3D3792076-1019%26name%3Dman+2000+watch+family+man+nicolas+cage HTTP/1.1" 200 20341 "-" "Mozilla/5.0 (Linux; Android 6.0.1; Nexus 5X Build/MMB29P) AppleWebKit/537.36 (KHTML, like Gecko) Chrome/141.0.7390.122 Mobile Safari/537.36 (compatible; Googlebot/2.1; +http://www.google.com/bot.html)" 972 **0/972253**
