66.249.72.226 - - [01/Nov/2025:05:05:39 -0700] "GET /?a=88195869061690&mod=e0f120ee&uri=goods.php%3Fid%3D2950979-44%26name%3Dwomens+bags+nicce+body+bag HTTP/1.1" 200 20732 "-" "Mozilla/5.0 (Linux; Android 6.0.1; Nexus 5X Build/MMB29P) AppleWebKit/537.36 (KHTML, like Gecko) Chrome/141.0.7390.122 Mobile Safari/537.36 (compatible; Googlebot/2.1; +http://www.google.com/bot.html)" 554 **0/554629**
207.46.13.150 - - [01/Nov/2025:05:05:40 -0700] "GET /?a=6016068101690&mod=06138bc5&uri=products.php%3Fid%3D201224-2%26name%3Dmercari+jessica+simpson+lounge+pants HTTP/2.0" 200 20876 "-" "Mozilla/5.0 AppleWebKit/537.36 (KHTML, like Gecko; compatible; bingbot/2.0; +http://www.bing.com/bingbot.htm) Chrome/116.0.1938.76 Safari/537.36" 342 **0/342843**
207.46.13.17 - - [01/Nov/2025:05:05:40 -0700] "GET /?a=2720903071690&mod=d252d79c&uri=itm.php%3Fid%3D90962-552%26name%3Dnon+reflective+yeezy+white+adidas HTTP/2.0" 200 20229 "-" "Mozilla/5.0 AppleWebKit/537.36 (KHTML, like Gecko; compatible; bingbot/2.0; +http://www.bing.com/bingbot.htm) Chrome/116.0.1938.76 Safari/537.36" 316 **0/316973**
66.249.72.226 - - [01/Nov/2025:05:05:41 -0700] "GET /?a=7692299141690&mod=3a37abde&uri=shop.php%3Fid%3D257272-66%26name%3Dcatalogo+botas+price+price+shoes+en+linea+precios HTTP/1.1" 200 20209 "-" "Mozilla/5.0 (Linux; Android 6.0.1; Nexus 5X Build/MMB29P) AppleWebKit/537.36 (KHTML, like Gecko) Chrome/141.0.7390.122 Mobile Safari/537.36 (compatible; Googlebot/2.1; +http://www.google.com/bot.html)" 387 **0/387046**
66.249.72.226 - - [01/Nov/2025:05:05:42 -0700] "GET /?a=75893727061690&mod=d2625d00&uri=category-info.php%3Fid%3D2539247-473%26name%3Djersey+conjunto+piezas+punto+mujer HTTP/1.1" 200 21408 "-" "Mozilla/5.0 (Linux; Android 6.0.1; Nexus 5X Build/MMB29P) AppleWebKit/537.36 (KHTML, like Gecko) Chrome/141.0.7390.122 Mobile Safari/537.36 (compatible; Googlebot/2.1; +http://www.google.com/bot.html)" 378 **0/378568**
66.249.69.140 - - [01/Nov/2025:05:05:43 -0700] "GET /?a=95786958041690&mod=d123a7a9&uri=us.php%3Fid%3D3204948-1001%26name%3Dburlon+nera+maglietta+burlon+ali HTTP/1.1" 200 20707 "-" "Mozilla/5.0 (Linux; Android 6.0.1; Nexus 5X Build/MMB29P) AppleWebKit/537.36 (KHTML, like Gecko) Chrome/141.0.7390.122 Mobile Safari/537.36 (compatible; Googlebot/2.1; +http://www.google.com/bot.html)" 331 **0/331463**
66.249.72.227 - - [01/Nov/2025:05:05:43 -0700] "GET /?a=54233582011690&mod=1ce3e6e3&uri=search.php%3Fid%3D1814352-88%26name%3Dbuzo+blanco+manga+larga HTTP/1.1" 200 21312 "-" "Mozilla/5.0 (Linux; Android 6.0.1; Nexus 5X Build/MMB29P) AppleWebKit/537.36 (KHTML, like Gecko) Chrome/141.0.7390.122 Mobile Safari/537.36 (compatible; Googlebot/2.1; +http://www.google.com/bot.html)" 329 **0/329838**
157.55.39.195 - - [01/Nov/2025:05:05:44 -0700] "GET /product/edit/31871021071690 HTTP/2.0" 200 20746 "-" "Mozilla/5.0 AppleWebKit/537.36 (KHTML, like Gecko; compatible; bingbot/2.0; +http://www.bing.com/bingbot.htm) Chrome/116.0.1938.76 Safari/537.36" 445 **0/445116**
66.249.72.228 - - [01/Nov/2025:05:05:44 -0700] "GET /?a=116595903131690&mod=7f04d9fc&uri=category-info.php%3Fid%3D3901382-553%26name%3Dtavolo+country+tavoli+bianchi+e+legno HTTP/1.1" 200 21317 "-" "Mozilla/5.0 (Linux; Android 6.0.1; Nexus 5X Build/MMB29P) AppleWebKit/537.36 (KHTML, like Gecko) Chrome/141.0.7390.122 Mobile Safari/537.36 (compatible; Googlebot/2.1; +http://www.google.com/bot.html)" 385 **0/385947**
157.55.39.195 - - [01/Nov/2025:05:05:45 -0700] "GET /?a=83370275021690&mod=f87c1398&uri=goods.php%3Fid%3D2789449-1021%26name%3Dgrey+blazer+set+men HTTP/2.0" 200 20482 "-" "Mozilla/5.0 AppleWebKit/537.36 (KHTML, like Gecko; compatible; bingbot/2.0; +http://www.bing.com/bingbot.htm) Chrome/116.0.1938.76 Safari/537.36" 520 **0/520439**
66.249.72.226 - - [01/Nov/2025:05:05:45 -0700] "GET /?a=20875720071690&mod=767ba422&uri=search.php%3Fid%3D698364-789%26name%3Dfloor+cushions+extra+large+velvet+cushions HTTP/1.1" 200 19909 "-" "Mozilla/5.0 (Linux; Android 6.0.1; Nexus 5X Build/MMB29P) AppleWebKit/537.36 (KHTML, like Gecko) Chrome/141.0.7390.122 Mobile Safari/537.36 (compatible; Googlebot/2.1; +http://www.google.com/bot.html)" 361 **0/361483**
66.249.72.227 - - [01/Nov/2025:05:05:47 -0700] "GET /?a=3473354041690&mod=0ff73ca2&uri=article.php%3Fid%3D116143-459%26name%3Drasta+mens+netted+vest HTTP/1.1" 200 21196 "-" "Mozilla/5.0 (Linux; Android 6.0.1; Nexus 5X Build/MMB29P) AppleWebKit/537.36 (KHTML, like Gecko) Chrome/141.0.7390.122 Mobile Safari/537.36 (compatible; Googlebot/2.1; +http://www.google.com/bot.html)" 294 **0/294860**
66.249.69.140 - - [01/Nov/2025:05:05:48 -0700] "GET /?a=72202273091690&mod=a6a38989&uri=article.php%3Fid%3D2415694-113%26name%3Dportafoglio+gucci+uomo+serpente HTTP/1.1" 200 20386 "-" "Mozilla/5.0 (Linux; Android 6.0.1; Nexus 5X Build/MMB29P) AppleWebKit/537.36 (KHTML, like Gecko) Chrome/141.0.7390.122 Mobile Safari/537.36 (compatible; Googlebot/2.1; +http://www.google.com/bot.html)" 320 **0/320476**
66.249.72.227 - - [01/Nov/2025:05:05:49 -0700] "GET /?a=49436721021690&mod=e5e71338&uri=dp.php%3Fid%3D1653861-849%26name%3Dmatrimonio+civil+vestidos+para+despues+del+matrimonio HTTP/1.1" 200 20589 "-" "Mozilla/5.0 (Linux; Android 6.0.1; Nexus 5X Build/MMB29P) AppleWebKit/537.36 (KHTML, like Gecko) Chrome/141.0.7390.122 Mobile Safari/537.36 (compatible; Googlebot/2.1; +http://www.google.com/bot.html)" 402 **0/402018**
66.249.72.228 - - [01/Nov/2025:05:05:51 -0700] "GET /?a=87517076021690&mod=1c2dc882&uri=dp.php%3Fid%3D2928249-599%26name%3Dbaskets+homme+reebok+npc+homme+cyan HTTP/1.1" 200 20089 "-" "Mozilla/5.0 (Linux; Android 6.0.1; Nexus 5X Build/MMB29P) AppleWebKit/537.36 (KHTML, like Gecko) Chrome/141.0.7390.122 Mobile Safari/537.36 (compatible; Googlebot/2.1; +http://www.google.com/bot.html)" 257 **0/257485**
66.249.72.228 - - [01/Nov/2025:05:05:52 -0700] "GET /?a=118375893021690&mod=e8c6ba15&uri=product.php%3Fid%3D3960934-105%26name%3Dall+the+moms+happy+mothers+day+mum+to+be HTTP/1.1" 200 21611 "-" "Mozilla/5.0 (Linux; Android 6.0.1; Nexus 5X Build/MMB29P) AppleWebKit/537.36 (KHTML, like Gecko) Chrome/141.0.7390.122 Mobile Safari/537.36 (compatible; Googlebot/2.1; +http://www.google.com/bot.html)" 349 **0/349008**
66.249.72.226 - - [01/Nov/2025:05:05:53 -0700] "GET /?a=42151242021690&mod=22b8064b&uri=blog.php%3Fid%3D1410063-264%26name%3Dengagement+ring+easy+way+to+measure+ring+size+at+home HTTP/1.1" 200 21677 "-" "Mozilla/5.0 (Linux; Android 6.0.1; Nexus 5X Build/MMB29P) AppleWebKit/537.36 (KHTML, like Gecko) Chrome/141.0.7390.122 Mobile Safari/537.36 (compatible; Googlebot/2.1; +http://www.google.com/bot.html)" 312 **0/312301**
66.249.72.226 - - [01/Nov/2025:05:05:54 -0700] "GET /?a=115891313051690&mod=245b2132&uri=brands.php%3Fid%3D3877812-498%26name%3Dminicar+aixam+macchinina+50+prezzo+usata HTTP/1.1" 200 21111 "-" "Mozilla/5.0 (Linux; Android 6.0.1; Nexus 5X Build/MMB29P) AppleWebKit/537.36 (KHTML, like Gecko) Chrome/141.0.7390.122 Mobile Safari/537.36 (compatible; Googlebot/2.1; +http://www.google.com/bot.html)" 867 **0/867252**
66.249.72.226 - - [01/Nov/2025:05:05:56 -0700] "GET /?a=73770801011690&mod=1231d757&uri=news.php%3Fid%3D2468191-389%26name%3Dsnowboard+jacket+sweatshirt+snowboard HTTP/1.1" 200 21737 "-" "Mozilla/5.0 (Linux; Android 6.0.1; Nexus 5X Build/MMB29P) AppleWebKit/537.36 (KHTML, like Gecko) Chrome/141.0.7390.122 Mobile Safari/537.36 (compatible; Googlebot/2.1; +http://www.google.com/bot.html)" 511 **0/511675**
66.249.72.228 - - [01/Nov/2025:05:05:59 -0700] "GET /?a=96300341021690&mod=679b4e06&uri=form.php%3Fid%3D3222177-501%26name%3Dinternal+medicine+santa+cruz+veterinarian HTTP/1.1" 200 21833 "-" "Mozilla/5.0 (Linux; Android 6.0.1; Nexus 5X Build/MMB29P) AppleWebKit/537.36 (KHTML, like Gecko) Chrome/141.0.7390.122 Mobile Safari/537.36 (compatible; Googlebot/2.1; +http://www.google.com/bot.html)" 292 **0/292867**
66.249.72.227 - - [01/Nov/2025:05:06:01 -0700] "GET /?a=65028792041690&mod=6896ca7a&uri=brands.php%3Fid%3D2175620-1777%26name%3Dxpedition+iii+m+ecco+xpedition+ii+mens+for+sale HTTP/1.1" 200 20151 "-" "Mozilla/5.0 (Linux; Android 6.0.1; Nexus 5X Build/MMB29P) AppleWebKit/537.36 (KHTML, like Gecko) Chrome/141.0.7390.122 Mobile Safari/537.36 (compatible; Googlebot/2.1; +http://www.google.com/bot.html)" 342 **0/342646**
66.249.69.140 - - [01/Nov/2025:05:06:03 -0700] "GET /?a=83463216001690&mod=4c26774d&uri=news.php%3Fid%3D2792552-58%26name%3Dchennai+on+road+price+of+platina+110cc HTTP/1.1" 200 21277 "-" "Mozilla/5.0 (Linux; Android 6.0.1; Nexus 5X Build/MMB29P) AppleWebKit/537.36 (KHTML, like Gecko) Chrome/141.0.7390.122 Mobile Safari/537.36 (compatible; Googlebot/2.1; +http://www.google.com/bot.html)" 350 **0/350338**
66.249.72.226 - - [01/Nov/2025:05:06:05 -0700] "GET /?a=6025008091690&mod=2cb8fad3&uri=news.php%3Fid%3D201522-845%26name%3Djordan+sneakers+jordan+gsb+max+aura HTTP/1.1" 200 20163 "-" "Mozilla/5.0 (Linux; Android 6.0.1; Nexus 5X Build/MMB29P) AppleWebKit/537.36 (KHTML, like Gecko) Chrome/141.0.7390.122 Mobile Safari/537.36 (compatible; Googlebot/2.1; +http://www.google.com/bot.html)" 280 **0/280268**
66.249.72.226 - - [01/Nov/2025:05:06:06 -0700] "GET /?a=74072188061690&mod=68c694de&uri=article.php%3Fid%3D2478291-18%26name%3Dindiamart+children%27s+royal+enfield+bike HTTP/1.1" 200 21518 "-" "Mozilla/5.0 (Linux; Android 6.0.1; Nexus 5X Build/MMB29P) AppleWebKit/537.36 (KHTML, like Gecko) Chrome/141.0.7390.122 Mobile Safari/537.36 (compatible; Googlebot/2.1; +http://www.google.com/bot.html)" 323 **0/323502**
66.249.72.227 - - [01/Nov/2025:05:06:07 -0700] "GET /?a=76318076031690&mod=0b518a25&uri=info.php%3Fid%3D2553472-102%26name%3Dchair+replacement+settee+covers HTTP/1.1" 200 20369 "-" "Mozilla/5.0 (Linux; Android 6.0.1; Nexus 5X Build/MMB29P) AppleWebKit/537.36 (KHTML, like Gecko) Chrome/141.0.7390.122 Mobile Safari/537.36 (compatible; Googlebot/2.1; +http://www.google.com/bot.html)" 286 **0/286913**
66.249.69.141 - - [01/Nov/2025:05:06:08 -0700] "GET /?a=66930512001690&mod=caeed890&uri=shared.php%3Fid%3D2239235-951%26name%3Djuguete+venta+de+coches+teledirigidos+de+gasolina HTTP/1.1" 200 20298 "-" "Mozilla/5.0 (Linux; Android 6.0.1; Nexus 5X Build/MMB29P) AppleWebKit/537.36 (KHTML, like Gecko) Chrome/141.0.7390.122 Mobile Safari/537.36 (compatible; Googlebot/2.1; +http://www.google.com/bot.html)" 378 **0/378278**
66.249.72.227 - - [01/Nov/2025:05:06:09 -0700] "GET /?a=25035639021690&mod=25fac99a&uri=dp.php%3Fid%3D837521-386%26name%3Dstylish+sandals+paragon+chappal+new+design HTTP/1.1" 200 21132 "-" "Mozilla/5.0 (Linux; Android 6.0.1; Nexus 5X Build/MMB29P) AppleWebKit/537.36 (KHTML, like Gecko) Chrome/141.0.7390.122 Mobile Safari/537.36 (compatible; Googlebot/2.1; +http://www.google.com/bot.html)" 310 **0/310957**
207.46.13.150 - - [01/Nov/2025:05:06:09 -0700] "GET /product/edit/77807406041690 HTTP/2.0" 200 20978 "-" "Mozilla/5.0 AppleWebKit/537.36 (KHTML, like Gecko; compatible; bingbot/2.0; +http://www.bing.com/bingbot.htm) Chrome/116.0.1938.76 Safari/537.36" 282 **0/282649**
66.249.72.226 - - [01/Nov/2025:05:06:10 -0700] "GET /?a=96746245071690&mod=2737da79&uri=shop.php%3Fid%3D3237124-1530%26name%3Dcastle+rock+arcteryx+outlet+stores HTTP/1.1" 200 20251 "-" "Mozilla/5.0 (Linux; Android 6.0.1; Nexus 5X Build/MMB29P) AppleWebKit/537.36 (KHTML, like Gecko) Chrome/141.0.7390.122 Mobile Safari/537.36 (compatible; Googlebot/2.1; +http://www.google.com/bot.html)" 439 **0/439413**
40.77.167.32 - - [01/Nov/2025:05:06:11 -0700] "GET /?a=30247769031690&mod=991de292&uri=article.php%3Fid%3D1011840-14%26name%3Dair+styler+babyliss+vs+revlon+hot+air+brush HTTP/2.0" 200 21837 "-" "Mozilla/5.0 AppleWebKit/537.36 (KHTML, like Gecko; compatible; bingbot/2.0; +http://www.bing.com/bingbot.htm) Chrome/116.0.1938.76 Safari/537.36" 335 **0/335515**
66.249.72.226 - - [01/Nov/2025:05:06:11 -0700] "GET /?a=6406408001690&mod=4d855669&uri=news.php%3Fid%3D214281-19%26name%3Dbirkenstock+sandals+galaxy+birkenstock HTTP/1.1" 200 20389 "-" "Mozilla/5.0 (Linux; Android 6.0.1; Nexus 5X Build/MMB29P) AppleWebKit/537.36 (KHTML, like Gecko) Chrome/141.0.7390.122 Mobile Safari/537.36 (compatible; Googlebot/2.1; +http://www.google.com/bot.html)" 382 **0/382639**
207.46.13.150 - - [01/Nov/2025:05:06:11 -0700] "GET /product/edit/32169971051690 HTTP/2.0" 200 19871 "-" "Mozilla/5.0 AppleWebKit/537.36 (KHTML, like Gecko; compatible; bingbot/2.0; +http://www.bing.com/bingbot.htm) Chrome/116.0.1938.76 Safari/537.36" 618 **0/618716**
66.249.72.226 - - [01/Nov/2025:05:06:12 -0700] "GET /?a=84668903031690&mod=7c628bdf&uri=info.php%3Fid%3D2832901-1850%26name%3Dsepatu+sneakers+adidas+sc+premiere+blanc HTTP/1.1" 200 20220 "-" "Mozilla/5.0 (Linux; Android 6.0.1; Nexus 5X Build/MMB29P) AppleWebKit/537.36 (KHTML, like Gecko) Chrome/141.0.7390.122 Mobile Safari/537.36 (compatible; Googlebot/2.1; +http://www.google.com/bot.html)" 529 **0/529965**
66.249.72.226 - - [01/Nov/2025:05:06:13 -0700] "GET /?a=33345592081690&mod=146a0681&uri=brands.php%3Fid%3D1115479-760%26name%3Dzara+pantalones+culotte+invierno HTTP/1.1" 200 20454 "-" "Mozilla/5.0 (Linux; Android 6.0.1; Nexus 5X Build/MMB29P) AppleWebKit/537.36 (KHTML, like Gecko) Chrome/141.0.7390.122 Mobile Safari/537.36 (compatible; Googlebot/2.1; +http://www.google.com/bot.html)" 348 **0/348102**
66.249.72.226 - - [01/Nov/2025:05:06:14 -0700] "GET /?a=71486454071690&mod=7cc5a754&uri=info.php%3Fid%3D2391730-80%26name%3Dstools+set+damario+bar+counter+swivel+stool HTTP/1.1" 200 20605 "-" "Mozilla/5.0 (Linux; Android 6.0.1; Nexus 5X Build/MMB29P) AppleWebKit/537.36 (KHTML, like Gecko) Chrome/141.0.7390.122 Mobile Safari/537.36 (compatible; Googlebot/2.1; +http://www.google.com/bot.html)" 315 **0/315242**
66.249.69.140 - - [01/Nov/2025:05:06:15 -0700] "GET /?a=72223441071690&mod=752e87eb&uri=shared.php%3Fid%3D2416402-245%26name%3Dsoul+glo+nike+greek+freak+shoes HTTP/1.1" 200 20477 "-" "Mozilla/5.0 (Linux; Android 6.0.1; Nexus 5X Build/MMB29P) AppleWebKit/537.36 (KHTML, like Gecko) Chrome/141.0.7390.122 Mobile Safari/537.36 (compatible; Googlebot/2.1; +http://www.google.com/bot.html)" 432 **0/432836**
66.249.72.226 - - [01/Nov/2025:05:06:15 -0700] "GET /?a=75266210081690&mod=2f3bbb97&uri=category-info.php%3Fid%3D2518233-49%26name%3Dthe+xbox+360+best+time+to+buy+xbox+one+x HTTP/1.1" 200 20910 "-" "Mozilla/5.0 (Linux; Android 6.0.1; Nexus 5X Build/MMB29P) AppleWebKit/537.36 (KHTML, like Gecko) Chrome/141.0.7390.122 Mobile Safari/537.36 (compatible; Googlebot/2.1; +http://www.google.com/bot.html)" 367 **0/367620**
66.249.72.226 - - [01/Nov/2025:05:06:18 -0700] "GET /?a=77740530061690&mod=83a203cc&uri=shop.php%3Fid%3D2601087-316%26name%3Dmcqueen+outlet+alexander+mcqueen+basket+paillette HTTP/1.1" 200 20503 "-" "Mozilla/5.0 (Linux; Android 6.0.1; Nexus 5X Build/MMB29P) AppleWebKit/537.36 (KHTML, like Gecko) Chrome/141.0.7390.122 Mobile Safari/537.36 (compatible; Googlebot/2.1; +http://www.google.com/bot.html)" 298 **0/298588**
66.249.72.226 - - [01/Nov/2025:05:06:19 -0700] "GET /?a=111038962001690&mod=1a32df83&uri=info.php%3Fid%3D3715493-81%26name%3Dfestool+cleaning+kit HTTP/1.1" 200 21708 "-" "Mozilla/5.0 (Linux; Android 6.0.1; Nexus 5X Build/MMB29P) AppleWebKit/537.36 (KHTML, like Gecko) Chrome/141.0.7390.122 Mobile Safari/537.36 (compatible; Googlebot/2.1; +http://www.google.com/bot.html)" 304 **0/304972**
207.46.13.78 - - [01/Nov/2025:05:06:19 -0700] "GET /?a=38843666031690&mod=7cc7188f&uri=goods.php%3Fid%3D1299398-588%26name%3Dfield+jacket+khaki+coats+for+men HTTP/2.0" 200 21678 "-" "Mozilla/5.0 AppleWebKit/537.36 (KHTML, like Gecko; compatible; bingbot/2.0; +http://www.bing.com/bingbot.htm) Chrome/116.0.1938.76 Safari/537.36" 333 **0/333391**
207.46.13.78 - - [01/Nov/2025:05:06:20 -0700] "GET /?a=26124125041690&mod=8cd7775f&uri=itm.php%3Fid%3D873917-85%26name%3Dtecho+aro+foco+empotrable HTTP/2.0" 200 20782 "-" "Mozilla/5.0 AppleWebKit/537.36 (KHTML, like Gecko; compatible; bingbot/2.0; +http://www.bing.com/bingbot.htm) Chrome/116.0.1938.76 Safari/537.36" 348 **0/348598**
66.249.72.227 - - [01/Nov/2025:05:06:22 -0700] "GET /?a=83295800071690&mod=78c793ba&uri=goods.php%3Fid%3D2786962-492%26name%3Dkart+racing+what+is+the+new+mario+kart+game HTTP/1.1" 200 21169 "-" "Mozilla/5.0 (Linux; Android 6.0.1; Nexus 5X Build/MMB29P) AppleWebKit/537.36 (KHTML, like Gecko) Chrome/141.0.7390.122 Mobile Safari/537.36 (compatible; Googlebot/2.1; +http://www.google.com/bot.html)" 340 **0/340086**
66.249.72.227 - - [01/Nov/2025:05:06:23 -0700] "GET /?a=6180508071690&mod=e744f91c&uri=pin.php%3Fid%3D206722-9%26name%3Dvirtual+reality+2020+psvr+games HTTP/1.1" 200 20413 "-" "Mozilla/5.0 (Linux; Android 6.0.1; Nexus 5X Build/MMB29P) AppleWebKit/537.36 (KHTML, like Gecko) Chrome/141.0.7390.122 Mobile Safari/537.36 (compatible; Googlebot/2.1; +http://www.google.com/bot.html)" 432 **0/432264**
157.55.39.195 - - [01/Nov/2025:05:06:23 -0700] "GET /?a=108177257011690&mod=4fbe9e8a&uri=itm.php%3Fid%3D3619760-455%26name%3Dde+barbie+traje+de+novio+para+ken HTTP/2.0" 200 20414 "-" "Mozilla/5.0 AppleWebKit/537.36 (KHTML, like Gecko; compatible; bingbot/2.0; +http://www.bing.com/bingbot.htm) Chrome/116.0.1938.76 Safari/537.36" 321 **0/321517**
66.249.72.226 - - [01/Nov/2025:05:06:24 -0700] "GET /?a=53936508031690&mod=35da5808&uri=us.php%3Fid%3D1804404-1670%26name%3Dshopping+galleria+burberry HTTP/1.1" 200 20290 "-" "Mozilla/5.0 (Linux; Android 6.0.1; Nexus 5X Build/MMB29P) AppleWebKit/537.36 (KHTML, like Gecko) Chrome/141.0.7390.122 Mobile Safari/537.36 (compatible; Googlebot/2.1; +http://www.google.com/bot.html)" 360 **0/360608**
66.249.72.226 - - [01/Nov/2025:05:06:26 -0700] "GET /?a=98729071021690&mod=2f3bbb97&uri=news.php%3Fid%3D3303519-49%26name%3Dps4+can+you+use+an+xbox+controller+on+playstation HTTP/1.1" 200 20913 "-" "Mozilla/5.0 (Linux; Android 6.0.1; Nexus 5X Build/MMB29P) AppleWebKit/537.36 (KHTML, like Gecko) Chrome/141.0.7390.122 Mobile Safari/537.36 (compatible; Googlebot/2.1; +http://www.google.com/bot.html)" 425 **0/425026**
157.55.39.195 - - [01/Nov/2025:05:06:26 -0700] "GET /?a=77588073051690&mod=552817dd&uri=goods.php%3Fid%3D2595986-1103%26name%3Dzapatos+botines+clarks+mujer+chile HTTP/2.0" 200 20468 "-" "Mozilla/5.0 AppleWebKit/537.36 (KHTML, like Gecko; compatible; bingbot/2.0; +http://www.bing.com/bingbot.htm) Chrome/116.0.1938.76 Safari/537.36" 423 **0/423620**
66.249.72.227 - - [01/Nov/2025:05:06:27 -0700] "GET /?a=117997785111690&mod=d9788dca&uri=news.php%3Fid%3D3948286-507%26name%3Dchaussure+chausson+neut+mailla HTTP/1.1" 200 19706 "-" "Mozilla/5.0 (Linux; Android 6.0.1; Nexus 5X Build/MMB29P) AppleWebKit/537.36 (KHTML, like Gecko) Chrome/141.0.7390.122 Mobile Safari/537.36 (compatible; Googlebot/2.1; +http://www.google.com/bot.html)" 278 **0/278707**
66.249.72.226 - - [01/Nov/2025:05:06:29 -0700] "GET /?a=47018197081690&mod=33936698&uri=products.php%3Fid%3D1572905-360%26name%3Dtyres+panaracer+gravelking+slick+review HTTP/1.1" 200 20867 "-" "Mozilla/5.0 (Linux; Android 6.0.1; Nexus 5X Build/MMB29P) AppleWebKit/537.36 (KHTML, like Gecko) Chrome/141.0.7390.122 Mobile Safari/537.36 (compatible; Googlebot/2.1; +http://www.google.com/bot.html)" 417 **0/417294**
40.77.167.32 - - [01/Nov/2025:05:06:30 -0700] "GET /product/edit/19749346011690 HTTP/2.0" 200 21072 "-" "Mozilla/5.0 AppleWebKit/537.36 (KHTML, like Gecko; compatible; bingbot/2.0; +http://www.bing.com/bingbot.htm) Chrome/116.0.1938.76 Safari/537.36" 325 **0/325062**
66.249.69.140 - - [01/Nov/2025:05:06:31 -0700] "GET /?a=66965838041690&mod=3e7e22b6&uri=us.php%3Fid%3D2240419-295%26name%3Dberner+sennenhund+bernese+mountain+dog+pets4homes HTTP/1.1" 200 21955 "-" "Mozilla/5.0 (Linux; Android 6.0.1; Nexus 5X Build/MMB29P) AppleWebKit/537.36 (KHTML, like Gecko) Chrome/141.0.7390.122 Mobile Safari/537.36 (compatible; Googlebot/2.1; +http://www.google.com/bot.html)" 327 **0/327317**
207.46.13.150 - - [01/Nov/2025:05:06:31 -0700] "GET /?a=70271657041690&mod=e46457b5&uri=products.php%3Fid%3D2351033-1589%26name%3Dmilk+avent+breast+pump+flange+size HTTP/2.0" 200 20859 "-" "Mozilla/5.0 AppleWebKit/537.36 (KHTML, like Gecko; compatible; bingbot/2.0; +http://www.bing.com/bingbot.htm) Chrome/116.0.1938.76 Safari/537.36" 327 **0/327634**
66.249.72.226 - - [01/Nov/2025:05:06:32 -0700] "GET /?a=46622906031690&mod=02f657d5&uri=article.php%3Fid%3D1559682-25%26name%3Dflank+steak+vs+skirt+steak+vs+hanger+steak HTTP/1.1" 200 21686 "-" "Mozilla/5.0 (Linux; Android 6.0.1; Nexus 5X Build/MMB29P) AppleWebKit/537.36 (KHTML, like Gecko) Chrome/141.0.7390.122 Mobile Safari/537.36 (compatible; Googlebot/2.1; +http://www.google.com/bot.html)" 425 **0/425405**
66.249.69.140 - - [01/Nov/2025:05:06:34 -0700] "GET /?/js_6356af597ebeb154b969e538d3e95f0f/_drupal_sites_default_files_js_js_G878YGhv0pYpg9iZ_hIm3vCCQWyhWgLawk-6b6wmZuU HTTP/1.1" 200 52631 "https://blalockdialysiscenter.com/?a=66965838041690&mod=3e7e22b6&uri=us.php%3Fid%3D2240419-295%26name%3Dberner+sennenhund+bernese+mountain+dog+pets4homes" "Mozilla/5.0 (Linux; Android 6.0.1; Nexus 5X Build/MMB29P) AppleWebKit/537.36 (KHTML, like Gecko) Chrome/141.0.7390.122 Mobile Safari/537.36 (compatible; Googlebot/2.1; +http://www.google.com/bot.html)" 194 **0/194166**
66.249.72.227 - - [01/Nov/2025:05:06:34 -0700] "GET /?a=28474636031690&mod=991de292&uri=info.php%3Fid%3D952548-14%26name%3Dbarbecue+briquettes+kingsford+match+light+charcoal+briquets+instant HTTP/1.1" 200 21808 "-" "Mozilla/5.0 (Linux; Android 6.0.1; Nexus 5X Build/MMB29P) AppleWebKit/537.36 (KHTML, like Gecko) Chrome/141.0.7390.122 Mobile Safari/537.36 (compatible; Googlebot/2.1; +http://www.google.com/bot.html)" 457 **0/457509**
66.249.69.140 - - [01/Nov/2025:05:06:35 -0700] "GET /?/js_6356af597ebeb154b969e538d3e95f0f/_drupal_sites_default_files_js_js_G878YGhv0pYpg9iZ_hIm3vCCQWyhWgLawk-6b6wmZuU HTTP/1.1" 200 52631 "https://blalockdialysiscenter.com/?a=47785723061690&mod=ff123d85&uri=search.php%3Fid%3D1598583-222%26name%3Dnaruto+shippuden+jacket+naruto+orange+and+black+jacket" "Mozilla/5.0 (Linux; Android 6.0.1; Nexus 5X Build/MMB29P) AppleWebKit/537.36 (KHTML, like Gecko) Chrome/141.0.7390.122 Mobile Safari/537.36 (compatible; Googlebot/2.1; +http://www.google.com/bot.html)" 198 **0/198741**
66.249.72.227 - - [01/Nov/2025:05:06:36 -0700] "GET /?a=118011670001690&mod=7f04d9fc&uri=us.php%3Fid%3D3948753-553%26name%3Dsedia+impilabile+sedie+metro+prezzi HTTP/1.1" 200 21042 "-" "Mozilla/5.0 (Linux; Android 6.0.1; Nexus 5X Build/MMB29P) AppleWebKit/537.36 (KHTML, like Gecko) Chrome/141.0.7390.122 Mobile Safari/537.36 (compatible; Googlebot/2.1; +http://www.google.com/bot.html)" 414 **0/414191**
66.249.72.227 - - [01/Nov/2025:05:06:38 -0700] "GET /?a=6433366051690&mod=06138bc5&uri=dp.php%3Fid%3D215182-2%26name%3Dfeather+pajamas+plus+size+bride+pajama+set HTTP/1.1" 200 21569 "-" "Mozilla/5.0 (Linux; Android 6.0.1; Nexus 5X Build/MMB29P) AppleWebKit/537.36 (KHTML, like Gecko) Chrome/141.0.7390.122 Mobile Safari/537.36 (compatible; Googlebot/2.1; +http://www.google.com/bot.html)" 370 **0/370270**
66.249.72.226 - - [01/Nov/2025:05:06:40 -0700] "GET /?a=106632334021690&mod=4335dc53&uri=blog.php%3Fid%3D3568060-188%26name%3Dbaby+theme+half+birthday+party+hat HTTP/1.1" 200 21102 "-" "Mozilla/5.0 (Linux; Android 6.0.1; Nexus 5X Build/MMB29P) AppleWebKit/537.36 (KHTML, like Gecko) Chrome/141.0.7390.122 Mobile Safari/537.36 (compatible; Googlebot/2.1; +http://www.google.com/bot.html)" 322 **0/322703**
66.249.69.140 - - [01/Nov/2025:05:06:41 -0700] "GET /?a=83338379091690&mod=ef59598d&uri=itm.php%3Fid%3D2788384-1024%26name%3Dschool+emergency+go+backpack HTTP/1.1" 200 20560 "-" "Mozilla/5.0 (Linux; Android 6.0.1; Nexus 5X Build/MMB29P) AppleWebKit/537.36 (KHTML, like Gecko) Chrome/141.0.7390.122 Mobile Safari/537.36 (compatible; Googlebot/2.1; +http://www.google.com/bot.html)" 398 **0/398304**
52.167.144.192 - - [01/Nov/2025:05:06:42 -0700] "GET /?a=43767395021690&mod=0ac34cb7&uri=products.php%3Fid%3D1464179-1404%26name%3Dgummistiefeln+scandi+gummistiefel HTTP/2.0" 200 21288 "-" "Mozilla/5.0 AppleWebKit/537.36 (KHTML, like Gecko; compatible; bingbot/2.0; +http://www.bing.com/bingbot.htm) Chrome/116.0.1938.76 Safari/537.36" 419 **0/419957**
66.249.72.227 - - [01/Nov/2025:05:06:43 -0700] "GET /?a=118381964081690&mod=c6c3cc38&uri=pin.php%3Fid%3D3961137-1553%26name%3Duptownie+lite+satin+pleated+midi+skirt+grey HTTP/1.1" 200 20097 "-" "Mozilla/5.0 (Linux; Android 6.0.1; Nexus 5X Build/MMB29P) AppleWebKit/537.36 (KHTML, like Gecko) Chrome/141.0.7390.122 Mobile Safari/537.36 (compatible; Googlebot/2.1; +http://www.google.com/bot.html)" 299 **0/299687**
66.249.72.227 - - [01/Nov/2025:05:06:45 -0700] "GET /?a=118692634031690&mod=c6429c03&uri=us.php%3Fid%3D3971530-368%26name%3Drugby+league+2021+bulldogs+jersey HTTP/1.1" 200 21371 "-" "Mozilla/5.0 (Linux; Android 6.0.1; Nexus 5X Build/MMB29P) AppleWebKit/537.36 (KHTML, like Gecko) Chrome/141.0.7390.122 Mobile Safari/537.36 (compatible; Googlebot/2.1; +http://www.google.com/bot.html)" 354 **0/354484**
66.249.72.226 - - [01/Nov/2025:05:06:46 -0700] "GET /?a=63802349081690&mod=ab8aa05e&uri=product.php%3Fid%3D2134601-23%26name%3D6mm+14+karat+rope+chain HTTP/1.1" 200 19986 "-" "Mozilla/5.0 (Linux; Android 6.0.1; Nexus 5X Build/MMB29P) AppleWebKit/537.36 (KHTML, like Gecko) Chrome/141.0.7390.122 Mobile Safari/537.36 (compatible; Googlebot/2.1; +http://www.google.com/bot.html)" 522 **0/522920**
66.249.72.228 - - [01/Nov/2025:05:06:47 -0700] "GET /?a=46502122041690&mod=27b9dd45&uri=news.php%3Fid%3D1555645-243%26name%3Dxlab+torpedo+kompact+500+trek+speed+concept+hydration+systems HTTP/1.1" 200 20382 "-" "Mozilla/5.0 (Linux; Android 6.0.1; Nexus 5X Build/MMB29P) AppleWebKit/537.36 (KHTML, like Gecko) Chrome/141.0.7390.122 Mobile Safari/537.36 (compatible; Googlebot/2.1; +http://www.google.com/bot.html)" 352 **0/352067**
66.249.72.228 - - [01/Nov/2025:05:06:49 -0700] "GET /?a=88060911001690&mod=75144d9c&uri=product.php%3Fid%3D2946461-140%26name%3Dcrossbody+bag+cleo+womens+messenger+bag HTTP/1.1" 200 21811 "-" "Mozilla/5.0 (Linux; Android 6.0.1; Nexus 5X Build/MMB29P) AppleWebKit/537.36 (KHTML, like Gecko) Chrome/141.0.7390.122 Mobile Safari/537.36 (compatible; Googlebot/2.1; +http://www.google.com/bot.html)" 319 **0/319680**
66.249.72.226 - - [01/Nov/2025:05:06:50 -0700] "GET /?a=7084796011690&mod=434f3fd2&uri=itm.php%3Fid%3D236964-911%26name%3Dradiology+centers+new+balance+femme+574+argent HTTP/1.1" 200 20416 "-" "Mozilla/5.0 (Linux; Android 6.0.1; Nexus 5X Build/MMB29P) AppleWebKit/537.36 (KHTML, like Gecko) Chrome/141.0.7390.122 Mobile Safari/537.36 (compatible; Googlebot/2.1; +http://www.google.com/bot.html)" 279 **0/279267**
66.249.72.227 - - [01/Nov/2025:05:06:54 -0700] "GET /?a=117478182071690&mod=ad034549&uri=info.php%3Fid%3D3930910-260%26name%3Dneoprene+socks+water+socks+amazon HTTP/1.1" 200 20270 "-" "Mozilla/5.0 (Linux; Android 6.0.1; Nexus 5X Build/MMB29P) AppleWebKit/537.36 (KHTML, like Gecko) Chrome/141.0.7390.122 Mobile Safari/537.36 (compatible; Googlebot/2.1; +http://www.google.com/bot.html)" 329 **0/329139**
66.249.72.228 - - [01/Nov/2025:05:06:55 -0700] "GET /?a=117532697031690&mod=09003437&uri=product.php%3Fid%3D3932730-1029%26name%3Dbasket+homme+chaussure+nike+de+luxe HTTP/1.1" 200 20101 "-" "Mozilla/5.0 (Linux; Android 6.0.1; Nexus 5X Build/MMB29P) AppleWebKit/537.36 (KHTML, like Gecko) Chrome/141.0.7390.122 Mobile Safari/537.36 (compatible; Googlebot/2.1; +http://www.google.com/bot.html)" 405 **0/405281**
207.46.13.78 - - [01/Nov/2025:05:06:59 -0700] "GET /?a=111543202031690&mod=f6ed5734&uri=products.php%3Fid%3D3732352-974%26name%3Dbomber+jacket+gengar+varsity+jacket HTTP/2.0" 200 21824 "-" "Mozilla/5.0 AppleWebKit/537.36 (KHTML, like Gecko; compatible; bingbot/2.0; +http://www.bing.com/bingbot.htm) Chrome/116.0.1938.76 Safari/537.36" 356 **0/356598**
66.249.72.227 - - [01/Nov/2025:05:06:59 -0700] "GET /?a=117428312031690&mod=4c26774d&uri=goods.php%3Fid%3D3929230-58%26name%3Dfsr+comp+specialized+e+bike+2017 HTTP/1.1" 200 21403 "-" "Mozilla/5.0 (Linux; Android 6.0.1; Nexus 5X Build/MMB29P) AppleWebKit/537.36 (KHTML, like Gecko) Chrome/141.0.7390.122 Mobile Safari/537.36 (compatible; Googlebot/2.1; +http://www.google.com/bot.html)" 295 **0/295726**
66.249.72.226 - - [01/Nov/2025:05:07:01 -0700] "GET /?a=116947981001690&mod=286142eb&uri=us.php%3Fid%3D3913155-481%26name%3Dsportsocken+tennissocken+nike+damen HTTP/1.1" 200 19789 "-" "Mozilla/5.0 (Linux; Android 6.0.1; Nexus 5X Build/MMB29P) AppleWebKit/537.36 (KHTML, like Gecko) Chrome/141.0.7390.122 Mobile Safari/537.36 (compatible; Googlebot/2.1; +http://www.google.com/bot.html)" 302 **0/302035**
66.249.69.140 - - [01/Nov/2025:05:07:01 -0700] "GET /?a=34286880011690&mod=1e1d1841&uri=brands.php%3Fid%3D1146970-11%26name%3Dgreek+letters+vintage+fraternity+sweaters HTTP/1.1" 200 21121 "-" "Mozilla/5.0 (Linux; Android 6.0.1; Nexus 5X Build/MMB29P) AppleWebKit/537.36 (KHTML, like Gecko) Chrome/141.0.7390.122 Mobile Safari/537.36 (compatible; Googlebot/2.1; +http://www.google.com/bot.html)" 361 **0/361671**
66.249.69.140 - - [01/Nov/2025:05:07:02 -0700] "GET /product/edit/91342150021690?/css_6356af597ebeb154b969e538d3e95f0f/_styles_css_wanderer-fg HTTP/1.1" 200 184 "https://blalockdialysiscenter.com/product/edit/91342150021690" "Mozilla/5.0 (Linux; Android 6.0.1; Nexus 5X Build/MMB29P) AppleWebKit/537.36 (KHTML, like Gecko) Chrome/141.0.7390.122 Mobile Safari/537.36 (compatible; Googlebot/2.1; +http://www.google.com/bot.html)" 119 **0/119353**
66.249.72.226 - - [01/Nov/2025:05:07:02 -0700] "GET /?a=83624807001690&mod=398024cb&uri=category-info.php%3Fid%3D2797959-78%26name%3Damaryls+ravelry+free+crochet+doll+patterns HTTP/1.1" 200 21207 "-" "Mozilla/5.0 (Linux; Android 6.0.1; Nexus 5X Build/MMB29P) AppleWebKit/537.36 (KHTML, like Gecko) Chrome/141.0.7390.122 Mobile Safari/537.36 (compatible; Googlebot/2.1; +http://www.google.com/bot.html)" 346 **0/346014**
66.249.69.128 - - [01/Nov/2025:05:07:02 -0700] "GET /product/edit/91342150021690?/js_6356af597ebeb154b969e538d3e95f0f/_styles_js_lazysizes.min HTTP/1.1" 200 3188 "https://blalockdialysiscenter.com/product/edit/91342150021690" "Mozilla/5.0 (Linux; Android 6.0.1; Nexus 5X Build/MMB29P) AppleWebKit/537.36 (KHTML, like Gecko) Chrome/141.0.7390.122 Mobile Safari/537.36 (compatible; Googlebot/2.1; +http://www.google.com/bot.html)" 115 **0/115557**
66.249.69.141 - - [01/Nov/2025:05:07:03 -0700] "GET /?a=100292351051690&mod=d52bedd6&uri=form.php%3Fid%3D3355862-719%26name%3Daudrey+hepburn+50s+greaser+clothes HTTP/1.1" 200 20311 "-" "Mozilla/5.0 (Linux; Android 6.0.1; Nexus 5X Build/MMB29P) AppleWebKit/537.36 (KHTML, like Gecko) Chrome/141.0.7390.122 Mobile Safari/537.36 (compatible; Googlebot/2.1; +http://www.google.com/bot.html)" 350 **0/350401**
66.249.69.141 - - [01/Nov/2025:05:07:03 -0700] "GET /product/edit/91342150021690?/js_6356af597ebeb154b969e538d3e95f0f/_styles_js_lightbox HTTP/1.1" 200 4711 "https://blalockdialysiscenter.com/product/edit/91342150021690" "Mozilla/5.0 (Linux; Android 6.0.1; Nexus 5X Build/MMB29P) AppleWebKit/537.36 (KHTML, like Gecko) Chrome/141.0.7390.122 Mobile Safari/537.36 (compatible; Googlebot/2.1; +http://www.google.com/bot.html)" 122 **0/122036**
66.249.72.227 - - [01/Nov/2025:05:07:03 -0700] "GET /?a=27864794001690&mod=ae06fbdc&uri=brands.php%3Fid%3D932159-54%26name%3Dtendenze+moda+primavera+21+moda HTTP/1.1" 200 20875 "-" "Mozilla/5.0 (Linux; Android 6.0.1; Nexus 5X Build/MMB29P) AppleWebKit/537.36 (KHTML, like Gecko) Chrome/141.0.7390.122 Mobile Safari/537.36 (compatible; Googlebot/2.1; +http://www.google.com/bot.html)" 379 **0/379204**
66.249.69.141 - - [01/Nov/2025:05:07:04 -0700] "GET /product/edit/91342150021690?/js_6356af597ebeb154b969e538d3e95f0f/_drupal_sites_default_files_js_js_nfGRbDhyXF9_dFjG2rkRRw84Gy6p5a4aGnpYcOKhuC4 HTTP/1.1" 200 96506 "https://blalockdialysiscenter.com/product/edit/91342150021690" "Mozilla/5.0 (Linux; Android 6.0.1; Nexus 5X Build/MMB29P) AppleWebKit/537.36 (KHTML, like Gecko) Chrome/141.0.7390.122 Mobile Safari/537.36 (compatible; Googlebot/2.1; +http://www.google.com/bot.html)" 287 **0/287505**
66.249.72.227 - - [01/Nov/2025:05:07:04 -0700] "GET /?a=66095642031690&mod=b96586f2&uri=products.php%3Fid%3D2211294-1665%26name%3Dpea+coat+barbour+wool+coat+mens+for+sale HTTP/1.1" 200 19697 "-" "Mozilla/5.0 (Linux; Android 6.0.1; Nexus 5X Build/MMB29P) AppleWebKit/537.36 (KHTML, like Gecko) Chrome/141.0.7390.122 Mobile Safari/537.36 (compatible; Googlebot/2.1; +http://www.google.com/bot.html)" 308 **0/308430**
66.249.69.141 - - [01/Nov/2025:05:07:04 -0700] "GET /product/edit/91342150021690?/js_6356af597ebeb154b969e538d3e95f0f/_drupal_sites_default_files_js_js_G878YGhv0pYpg9iZ_hIm3vCCQWyhWgLawk-6b6wmZuU HTTP/1.1" 200 52631 "https://blalockdialysiscenter.com/product/edit/91342150021690" "Mozilla/5.0 (Linux; Android 6.0.1; Nexus 5X Build/MMB29P) AppleWebKit/537.36 (KHTML, like Gecko) Chrome/141.0.7390.122 Mobile Safari/537.36 (compatible; Googlebot/2.1; +http://www.google.com/bot.html)" 209 **0/209533**
66.249.69.141 - - [01/Nov/2025:05:07:05 -0700] "GET /product/edit/91342150021690?/css_6356af597ebeb154b969e538d3e95f0f/_styles_css_product-detail-ex01 HTTP/1.1" 200 397 "https://blalockdialysiscenter.com/product/edit/91342150021690" "Mozilla/5.0 (Linux; Android 6.0.1; Nexus 5X Build/MMB29P) AppleWebKit/537.36 (KHTML, like Gecko) Chrome/141.0.7390.122 Mobile Safari/537.36 (compatible; Googlebot/2.1; +http://www.google.com/bot.html)" 110 **0/110980**
66.249.69.141 - - [01/Nov/2025:05:07:05 -0700] "GET /product/edit/91342150021690?/css_6356af597ebeb154b969e538d3e95f0f/_drupal_sites_default_files_css_css_YLUY2usEybPXqNO15-ozAgAYsZmniqhrU6f3bp69-r4 HTTP/1.1" 200 3874 "https://blalockdialysiscenter.com/product/edit/91342150021690" "Mozilla/5.0 (Linux; Android 6.0.1; Nexus 5X Build/MMB29P) AppleWebKit/537.36 (KHTML, like Gecko) Chrome/141.0.7390.122 Mobile Safari/537.36 (compatible; Googlebot/2.1; +http://www.google.com/bot.html)" 114 **0/114112**
66.249.69.140 - - [01/Nov/2025:05:07:06 -0700] "GET /product/edit/91342150021690?/css_6356af597ebeb154b969e538d3e95f0f/_drupal_sites_default_files_css_css_LmUrbIckCDCKvN2_Q3zbp044aJ28BPsL4EcroazBk2w HTTP/1.1" 200 42233 "https://blalockdialysiscenter.com/product/edit/91342150021690" "Mozilla/5.0 (Linux; Android 6.0.1; Nexus 5X Build/MMB29P) AppleWebKit/537.36 (KHTML, like Gecko) Chrome/141.0.7390.122 Mobile Safari/537.36 (compatible; Googlebot/2.1; +http://www.google.com/bot.html)" 202 **0/202729**
66.249.72.226 - - [01/Nov/2025:05:07:07 -0700] "GET /?a=27791672101690&mod=d9d47929&uri=shared.php%3Fid%3D929715-365%26name%3Dcamisetas+parches+para+ropa+de+navidad HTTP/1.1" 200 20961 "-" "Mozilla/5.0 (Linux; Android 6.0.1; Nexus 5X Build/MMB29P) AppleWebKit/537.36 (KHTML, like Gecko) Chrome/141.0.7390.122 Mobile Safari/537.36 (compatible; Googlebot/2.1; +http://www.google.com/bot.html)" 337 **0/337761**
66.249.69.141 - - [01/Nov/2025:05:07:07 -0700] "GET /product/edit/91342150021690?/css_6356af597ebeb154b969e538d3e95f0f/_drupal_modules_product_detail_assets_css_new_pc_product_detail HTTP/1.1" 200 5213 "https://blalockdialysiscenter.com/product/edit/91342150021690" "Mozilla/5.0 (Linux; Android 6.0.1; Nexus 5X Build/MMB29P) AppleWebKit/537.36 (KHTML, like Gecko) Chrome/141.0.7390.122 Mobile Safari/537.36 (compatible; Googlebot/2.1; +http://www.google.com/bot.html)" 115 **0/115999**
66.249.72.226 - - [01/Nov/2025:05:07:08 -0700] "GET /?a=61185622081690&mod=61b5c689&uri=dp.php%3Fid%3D2047065-134%26name%3Dwacom+intuos+graphic+tablet+drawing+tablet HTTP/1.1" 200 21452 "-" "Mozilla/5.0 (Linux; Android 6.0.1; Nexus 5X Build/MMB29P) AppleWebKit/537.36 (KHTML, like Gecko) Chrome/141.0.7390.122 Mobile Safari/537.36 (compatible; Googlebot/2.1; +http://www.google.com/bot.html)" 424 **0/424863**
66.249.69.140 - - [01/Nov/2025:05:07:08 -0700] "GET /product/edit/91342150021690?/js_6356af597ebeb154b969e538d3e95f0f/_drupal_sites_default_files_js_js_z1qFDrghecTCI5Rjumn4rMBYPHvd-E4L0DVpS2JCjnw HTTP/1.1" 200 320 "https://blalockdialysiscenter.com/product/edit/91342150021690" "Mozilla/5.0 (Linux; Android 6.0.1; Nexus 5X Build/MMB29P) AppleWebKit/537.36 (KHTML, like Gecko) Chrome/141.0.7390.122 Mobile Safari/537.36 (compatible; Googlebot/2.1; +http://www.google.com/bot.html)" 112 **0/112054**
66.249.72.226 - - [01/Nov/2025:05:07:08 -0700] "GET /?a=83747601121690&mod=2fc02e92&uri=news.php%3Fid%3D2802060-152%26name%3Dlogo+handmade+popsocket HTTP/1.1" 200 21148 "-" "Mozilla/5.0 (Linux; Android 6.0.1; Nexus 5X Build/MMB29P) AppleWebKit/537.36 (KHTML, like Gecko) Chrome/141.0.7390.122 Mobile Safari/537.36 (compatible; Googlebot/2.1; +http://www.google.com/bot.html)" 335 **0/335790**
66.249.69.141 - - [01/Nov/2025:05:07:09 -0700] "GET /?/js_6356af597ebeb154b969e538d3e95f0f/_drupal_sites_default_files_js_js_G878YGhv0pYpg9iZ_hIm3vCCQWyhWgLawk-6b6wmZuU HTTP/1.1" 200 52631 "https://blalockdialysiscenter.com/?a=100292351051690&mod=d52bedd6&uri=form.php%3Fid%3D3355862-719%26name%3Daudrey+hepburn+50s+greaser+clothes" "Mozilla/5.0 (Linux; Android 6.0.1; Nexus 5X Build/MMB29P) AppleWebKit/537.36 (KHTML, like Gecko) Chrome/141.0.7390.122 Mobile Safari/537.36 (compatible; Googlebot/2.1; +http://www.google.com/bot.html)" 198 **0/198051**
66.249.69.140 - - [01/Nov/2025:05:07:10 -0700] "GET /?/js_6356af597ebeb154b969e538d3e95f0f/_drupal_sites_default_files_js_js_G878YGhv0pYpg9iZ_hIm3vCCQWyhWgLawk-6b6wmZuU HTTP/1.1" 200 52631 "https://blalockdialysiscenter.com/?a=34286880011690&mod=1e1d1841&uri=brands.php%3Fid%3D1146970-11%26name%3Dgreek+letters+vintage+fraternity+sweaters" "Mozilla/5.0 (Linux; Android 6.0.1; Nexus 5X Build/MMB29P) AppleWebKit/537.36 (KHTML, like Gecko) Chrome/141.0.7390.122 Mobile Safari/537.36 (compatible; Googlebot/2.1; +http://www.google.com/bot.html)" 213 **0/213579**
66.249.72.226 - - [01/Nov/2025:05:07:10 -0700] "GET /?a=119478605001690&mod=17c43577&uri=news.php%3Fid%3D3997835-681%26name%3Dwii+sonic+the+olympic+games HTTP/1.1" 200 20399 "-" "Mozilla/5.0 (Linux; Android 6.0.1; Nexus 5X Build/MMB29P) AppleWebKit/537.36 (KHTML, like Gecko) Chrome/141.0.7390.122 Mobile Safari/537.36 (compatible; Googlebot/2.1; +http://www.google.com/bot.html)" 295 **0/295601**
66.249.69.140 - - [01/Nov/2025:05:07:11 -0700] "GET /product/edit/91342150021690?/js_6356af597ebeb154b969e538d3e95f0f/_drupal_sites_default_files_js_js_i3BGasXGb_pVk8CAUeSJnjMmyNE-bFprX9j4_djQznQ HTTP/1.1" 200 3857 "https://blalockdialysiscenter.com/product/edit/91342150021690" "Mozilla/5.0 (Linux; Android 6.0.1; Nexus 5X Build/MMB29P) AppleWebKit/537.36 (KHTML, like Gecko) Chrome/141.0.7390.122 Mobile Safari/537.36 (compatible; Googlebot/2.1; +http://www.google.com/bot.html)" 115 **0/115670**
52.167.144.192 - - [01/Nov/2025:05:07:11 -0700] "GET /?a=18961212001690&mod=dc6a6489&uri=category-info.php%3Fid%3D634352-4%26name%3Dwall+hanging+tapestry+dbllf+tapestry HTTP/2.0" 200 20774 "-" "Mozilla/5.0 AppleWebKit/537.36 (KHTML, like Gecko; compatible; bingbot/2.0; +http://www.bing.com/bingbot.htm) Chrome/116.0.1938.76 Safari/537.36" 349 **0/349758**
66.249.69.140 - - [01/Nov/2025:05:07:12 -0700] "GET /?a=116098884051690&mod=3e87b607&uri=form.php%3Fid%3D3884766-1354%26name%3Dchaussure+eclat+w+rooster+le+coq+sportif HTTP/1.1" 200 20269 "-" "Mozilla/5.0 (Linux; Android 6.0.1; Nexus 5X Build/MMB29P) AppleWebKit/537.36 (KHTML, like Gecko) Chrome/141.0.7390.122 Mobile Safari/537.36 (compatible; Googlebot/2.1; +http://www.google.com/bot.html)" 259 **0/259450**
66.249.72.226 - - [01/Nov/2025:05:07:13 -0700] "GET /?a=103409954001690&mod=e744f91c&uri=shared.php%3Fid%3D3460158-9%26name%3Dmic+nintendo+lite+headset HTTP/1.1" 200 21937 "-" "Mozilla/5.0 (Linux; Android 6.0.1; Nexus 5X Build/MMB29P) AppleWebKit/537.36 (KHTML, like Gecko) Chrome/141.0.7390.122 Mobile Safari/537.36 (compatible; Googlebot/2.1; +http://www.google.com/bot.html)" 340 **0/340239**
66.249.72.226 - - [01/Nov/2025:05:07:15 -0700] "GET /?a=6707244031690&mod=50c8932f&uri=news.php%3Fid%3D224342-446%26name%3Dbackpack+michael+kors+palacio+de+hierro HTTP/1.1" 200 21539 "-" "Mozilla/5.0 (Linux; Android 6.0.1; Nexus 5X Build/MMB29P) AppleWebKit/537.36 (KHTML, like Gecko) Chrome/141.0.7390.122 Mobile Safari/537.36 (compatible; Googlebot/2.1; +http://www.google.com/bot.html)" 309 **0/309482**
66.249.72.226 - - [01/Nov/2025:05:07:18 -0700] "GET /?a=47583069041690&mod=29d1165b&uri=shared.php%3Fid%3D1591803-221%26name%3Dthe+loom+t+shirt+coton+qualit%C3%83%C2%A9 HTTP/1.1" 200 20797 "-" "Mozilla/5.0 (Linux; Android 6.0.1; Nexus 5X Build/MMB29P) AppleWebKit/537.36 (KHTML, like Gecko) Chrome/141.0.7390.122 Mobile Safari/537.36 (compatible; Googlebot/2.1; +http://www.google.com/bot.html)" 316 **0/316342**
66.249.72.226 - - [01/Nov/2025:05:07:20 -0700] "GET /?a=54113181011690&mod=a768cbbf&uri=us.php%3Fid%3D1810322-827%26name%3Dsmartwatch+android+samsung+gear+s3+frontier+smartwatch+review HTTP/1.1" 200 21476 "-" "Mozilla/5.0 (Linux; Android 6.0.1; Nexus 5X Build/MMB29P) AppleWebKit/537.36 (KHTML, like Gecko) Chrome/141.0.7390.122 Mobile Safari/537.36 (compatible; Googlebot/2.1; +http://www.google.com/bot.html)" 324 **0/324339**
66.249.72.226 - - [01/Nov/2025:05:07:21 -0700] "GET /?a=6070220051690&mod=d10278e3&uri=info.php%3Fid%3D203033-554%26name%3Dboston+celtics+mitchell+and+ness+paintbrush+snapback HTTP/1.1" 200 20327 "-" "Mozilla/5.0 (Linux; Android 6.0.1; Nexus 5X Build/MMB29P) AppleWebKit/537.36 (KHTML, like Gecko) Chrome/141.0.7390.122 Mobile Safari/537.36 (compatible; Googlebot/2.1; +http://www.google.com/bot.html)" 304 **0/304416**
66.249.72.226 - - [01/Nov/2025:05:07:23 -0700] "GET /?a=42009142051690&mod=9d38e6ea&uri=shop.php%3Fid%3D1405308-67%26name%3Dprimer+sealer+epoxy+primer+over+rust HTTP/1.1" 200 20352 "-" "Mozilla/5.0 (Linux; Android 6.0.1; Nexus 5X Build/MMB29P) AppleWebKit/537.36 (KHTML, like Gecko) Chrome/141.0.7390.122 Mobile Safari/537.36 (compatible; Googlebot/2.1; +http://www.google.com/bot.html)" 287 **0/287155**
66.249.72.226 - - [01/Nov/2025:05:07:25 -0700] "GET /?a=83445787041690&mod=59f7026f&uri=category-info.php%3Fid%3D2791971-546%26name%3Dchinese+crested+puppies+ohio HTTP/1.1" 200 20945 "-" "Mozilla/5.0 (Linux; Android 6.0.1; Nexus 5X Build/MMB29P) AppleWebKit/537.36 (KHTML, like Gecko) Chrome/141.0.7390.122 Mobile Safari/537.36 (compatible; Googlebot/2.1; +http://www.google.com/bot.html)" 552 **0/552702**
66.249.72.226 - - [01/Nov/2025:05:07:26 -0700] "GET /?a=6795304081690&mod=810d9fa0&uri=dp.php%3Fid%3D227283-614%26name%3Dlgbt+zapatillas+suela+arcoiris HTTP/1.1" 200 20177 "-" "Mozilla/5.0 (Linux; Android 6.0.1; Nexus 5X Build/MMB29P) AppleWebKit/537.36 (KHTML, like Gecko) Chrome/141.0.7390.122 Mobile Safari/537.36 (compatible; Googlebot/2.1; +http://www.google.com/bot.html)" 424 **0/424330**
66.249.69.140 - - [01/Nov/2025:05:07:27 -0700] "GET /?a=43146905011690&mod=fb4c4860&uri=search.php%3Fid%3D1443395-40%26name%3Dhasbro+transformers+studio+studio+series+32 HTTP/1.1" 200 21143 "-" "Mozilla/5.0 (Linux; Android 6.0.1; Nexus 5X Build/MMB29P) AppleWebKit/537.36 (KHTML, like Gecko) Chrome/141.0.7390.122 Mobile Safari/537.36 (compatible; Googlebot/2.1; +http://www.google.com/bot.html)" 405 **0/405680**
66.249.69.140 - - [01/Nov/2025:05:07:27 -0700] "GET /?a=59007892081690&mod=325995af&uri=info.php%3Fid%3D1974158-20%26name%3Ddell+laptop+keyboard+light+price HTTP/1.1" 200 21450 "-" "Mozilla/5.0 (Linux; Android 6.0.1; Nexus 5X Build/MMB29P) AppleWebKit/537.36 (KHTML, like Gecko) Chrome/141.0.7390.122 Mobile Safari/537.36 (compatible; Googlebot/2.1; +http://www.google.com/bot.html)" 424 **0/424166**
66.249.72.227 - - [01/Nov/2025:05:07:28 -0700] "GET /?a=5975217011690&mod=9cd3598a&uri=pin.php%3Fid%3D199860-74%26name%3Dwinslow+khaki+dress+shoes HTTP/1.1" 200 21587 "-" "Mozilla/5.0 (Linux; Android 6.0.1; Nexus 5X Build/MMB29P) AppleWebKit/537.36 (KHTML, like Gecko) Chrome/141.0.7390.122 Mobile Safari/537.36 (compatible; Googlebot/2.1; +http://www.google.com/bot.html)" 303 **0/303867**
66.249.72.226 - - [01/Nov/2025:05:07:28 -0700] "GET /?a=109047079001690&mod=fc0de4e0&uri=shared.php%3Fid%3D3648858-89%26name%3Dgps+sonar+striker+cast+gps+review HTTP/1.1" 200 21058 "-" "Mozilla/5.0 (Linux; Android 6.0.1; Nexus 5X Build/MMB29P) AppleWebKit/537.36 (KHTML, like Gecko) Chrome/141.0.7390.122 Mobile Safari/537.36 (compatible; Googlebot/2.1; +http://www.google.com/bot.html)" 313 **0/313525**
66.249.69.140 - - [01/Nov/2025:05:07:30 -0700] "GET /?a=113806321001690&mod=fb4c4860&uri=us.php%3Fid%3D3808010-40%26name%3Dbatman+beyond+gotham+lego+batman+the+videogame+release+date HTTP/1.1" 200 21472 "-" "Mozilla/5.0 (Linux; Android 6.0.1; Nexus 5X Build/MMB29P) AppleWebKit/537.36 (KHTML, like Gecko) Chrome/141.0.7390.122 Mobile Safari/537.36 (compatible; Googlebot/2.1; +http://www.google.com/bot.html)" 354 **0/354490**
66.249.72.227 - - [01/Nov/2025:05:07:30 -0700] "GET /?a=105903066021690&mod=937f578a&uri=product.php%3Fid%3D3543669-300%26name%3Dcajero+coto+cajas+organizadoras HTTP/1.1" 200 20977 "-" "Mozilla/5.0 (Linux; Android 6.0.1; Nexus 5X Build/MMB29P) AppleWebKit/537.36 (KHTML, like Gecko) Chrome/141.0.7390.122 Mobile Safari/537.36 (compatible; Googlebot/2.1; +http://www.google.com/bot.html)" 360 **0/360181**
66.249.72.227 - - [01/Nov/2025:05:07:31 -0700] "GET /?a=54597531021690&mod=6bd87f45&uri=news.php%3Fid%3D1826542-1763%26name%3Dcoach+wool+jacket+coach+cape+coat HTTP/1.1" 200 20517 "-" "Mozilla/5.0 (Linux; Android 6.0.1; Nexus 5X Build/MMB29P) AppleWebKit/537.36 (KHTML, like Gecko) Chrome/141.0.7390.122 Mobile Safari/537.36 (compatible; Googlebot/2.1; +http://www.google.com/bot.html)" 606 **0/606702**
66.249.72.226 - - [01/Nov/2025:05:07:32 -0700] "GET /?a=86042598011690&mod=de11adb2&uri=dp.php%3Fid%3D2878899-1816%26name%3Dsneakers+world+balance+shoes+girls HTTP/1.1" 200 20330 "-" "Mozilla/5.0 (Linux; Android 6.0.1; Nexus 5X Build/MMB29P) AppleWebKit/537.36 (KHTML, like Gecko) Chrome/141.0.7390.122 Mobile Safari/537.36 (compatible; Googlebot/2.1; +http://www.google.com/bot.html)" 349 **0/349080**
66.249.72.226 - - [01/Nov/2025:05:07:33 -0700] "GET /?a=6668286031690&mod=2f3bbb97&uri=category-info.php%3Fid%3D223034-49%26name%3Dprice+buy+sony+playstation HTTP/1.1" 200 21104 "-" "Mozilla/5.0 (Linux; Android 6.0.1; Nexus 5X Build/MMB29P) AppleWebKit/537.36 (KHTML, like Gecko) Chrome/141.0.7390.122 Mobile Safari/537.36 (compatible; Googlebot/2.1; +http://www.google.com/bot.html)" 388 **0/388684**
157.55.39.194 - - [01/Nov/2025:05:07:34 -0700] "GET /?a=97433071011690&mod=4d855669&uri=itm.php%3Fid%3D3260108-19%26name%3Dcalvin+klein+wedge+sandals HTTP/2.0" 200 21557 "-" "Mozilla/5.0 AppleWebKit/537.36 (KHTML, like Gecko; compatible; bingbot/2.0; +http://www.bing.com/bingbot.htm) Chrome/116.0.1938.76 Safari/537.36" 374 **0/374149**
66.249.72.227 - - [01/Nov/2025:05:07:34 -0700] "GET /?a=6359375021690&mod=e744f91c&uri=products.php%3Fid%3D212707-9%26name%3Dmach+70+westone+earphones+review HTTP/1.1" 200 21481 "-" "Mozilla/5.0 (Linux; Android 6.0.1; Nexus 5X Build/MMB29P) AppleWebKit/537.36 (KHTML, like Gecko) Chrome/141.0.7390.122 Mobile Safari/537.36 (compatible; Googlebot/2.1; +http://www.google.com/bot.html)" 436 **0/436495**
66.249.72.227 - - [01/Nov/2025:05:07:34 -0700] "GET /?a=6472971041690&mod=a3c335b8&uri=dp.php%3Fid%3D216509-874%26name%3Dgio+absolu+acqua+di+gio+oil+based HTTP/1.1" 200 21547 "-" "Mozilla/5.0 (Linux; Android 6.0.1; Nexus 5X Build/MMB29P) AppleWebKit/537.36 (KHTML, like Gecko) Chrome/141.0.7390.122 Mobile Safari/537.36 (compatible; Googlebot/2.1; +http://www.google.com/bot.html)" 380 **0/380392**
66.249.69.140 - - [01/Nov/2025:05:07:35 -0700] "GET /?/js_6356af597ebeb154b969e538d3e95f0f/_drupal_sites_default_files_js_js_G878YGhv0pYpg9iZ_hIm3vCCQWyhWgLawk-6b6wmZuU HTTP/1.1" 200 52631 "https://blalockdialysiscenter.com/?a=113806321001690&mod=fb4c4860&uri=us.php%3Fid%3D3808010-40%26name%3Dbatman+beyond+gotham+lego+batman+the+videogame+release+date" "Mozilla/5.0 (Linux; Android 6.0.1; Nexus 5X Build/MMB29P) AppleWebKit/537.36 (KHTML, like Gecko) Chrome/141.0.7390.122 Mobile Safari/537.36 (compatible; Googlebot/2.1; +http://www.google.com/bot.html)" 195 **0/195690**
66.249.72.226 - - [01/Nov/2025:05:07:36 -0700] "GET /?a=6637330021690&mod=86f3d427&uri=blog.php%3Fid%3D222001-879%26name%3Dsemi+precious+stones+price HTTP/1.1" 200 20389 "-" "Mozilla/5.0 (Linux; Android 6.0.1; Nexus 5X Build/MMB29P) AppleWebKit/537.36 (KHTML, like Gecko) Chrome/141.0.7390.122 Mobile Safari/537.36 (compatible; Googlebot/2.1; +http://www.google.com/bot.html)" 257 **0/257800**
20.15.133.160 - - [01/Nov/2025:05:07:37 -0700] "GET /?a=62869113041690&mod=68c694de&uri=news.php%3Fid%3D2103385-18%26name%3Dactiva+110+cc+honda+activa+5g+deluxe+color+options HTTP/2.0" 200 21644 "-" "Mozilla/5.0 AppleWebKit/537.36 (KHTML, like Gecko; compatible; bingbot/2.0; +http://www.bing.com/bingbot.htm) Chrome/116.0.1938.76 Safari/537.36" 323 **0/323738**
66.249.72.227 - - [01/Nov/2025:05:07:37 -0700] "GET /?a=6364034101690&mod=e0f120ee&uri=blog.php%3Fid%3D212864-44%26name%3Dtonni+art+and+craft+purse HTTP/1.1" 200 20593 "-" "Mozilla/5.0 (Linux; Android 6.0.1; Nexus 5X Build/MMB29P) AppleWebKit/537.36 (KHTML, like Gecko) Chrome/141.0.7390.122 Mobile Safari/537.36 (compatible; Googlebot/2.1; +http://www.google.com/bot.html)" 288 **0/288720**
66.249.72.227 - - [01/Nov/2025:05:07:39 -0700] "GET /?a=6407038111690&mod=530ad673&uri=search.php%3Fid%3D214302-100%26name%3Dhoodie+2025+anti+social+social+club+not+gildan+hoodie HTTP/1.1" 200 20704 "-" "Mozilla/5.0 (Linux; Android 6.0.1; Nexus 5X Build/MMB29P) AppleWebKit/537.36 (KHTML, like Gecko) Chrome/141.0.7390.122 Mobile Safari/537.36 (compatible; Googlebot/2.1; +http://www.google.com/bot.html)" 354 **0/354373**
66.249.72.227 - - [01/Nov/2025:05:07:41 -0700] "GET /?a=85580832011690&mod=665d5cbb&uri=news.php%3Fid%3D2863458-43%26name%3Dpeinados+para+cortes+de+cabello+hombre+corto+2021 HTTP/1.1" 200 21003 "-" "Mozilla/5.0 (Linux; Android 6.0.1; Nexus 5X Build/MMB29P) AppleWebKit/537.36 (KHTML, like Gecko) Chrome/141.0.7390.122 Mobile Safari/537.36 (compatible; Googlebot/2.1; +http://www.google.com/bot.html)" 288 **0/288390**
