66.249.72.226 - - [01/Nov/2025:05:40:11 -0700] "GET /?/js_757ed0132a844208f409fbb5067dfa2d/_drupal_sites_default_files_js_js_i3BGasXGb_pVk8CAUeSJnjMmyNE-bFprX9j4_djQznQ HTTP/1.1" 200 3857 "https://www.blalockdialysiscenter.com/?a=43585017001690&mod=d39e8a0d&uri=products.php%3Fid%3D1458061-528%26name%3Dtissot+gentleman+watch+the+gentlemen+123" "Mozilla/5.0 (Linux; Android 6.0.1; Nexus 5X Build/MMB29P) AppleWebKit/537.36 (KHTML, like Gecko) Chrome/141.0.7390.122 Mobile Safari/537.36 (compatible; Googlebot/2.1; +http://www.google.com/bot.html)" 115 **0/115489**
66.249.69.140 - - [01/Nov/2025:05:40:11 -0700] "GET /?a=6156459001690&mod=6ac94846&uri=news.php%3Fid%3D205917-854%26name%3Dleather+discounts+on+fossil+watches HTTP/1.1" 200 20285 "-" "Mozilla/5.0 (Linux; Android 6.0.1; Nexus 5X Build/MMB29P) AppleWebKit/537.36 (KHTML, like Gecko) Chrome/141.0.7390.122 Mobile Safari/537.36 (compatible; Googlebot/2.1; +http://www.google.com/bot.html)" 759 **0/759156**
66.249.72.226 - - [01/Nov/2025:05:40:12 -0700] "GET /?/js_757ed0132a844208f409fbb5067dfa2d/_drupal_sites_default_files_js_js_i3BGasXGb_pVk8CAUeSJnjMmyNE-bFprX9j4_djQznQ HTTP/1.1" 200 3857 "https://www.blalockdialysiscenter.com/?a=86462844001690&mod=5baaf192&uri=pin.php%3Fid%3D2892967-415%26name%3Dnike+yankee+shirts" "Mozilla/5.0 (Linux; Android 6.0.1; Nexus 5X Build/MMB29P) AppleWebKit/537.36 (KHTML, like Gecko) Chrome/141.0.7390.122 Mobile Safari/537.36 (compatible; Googlebot/2.1; +http://www.google.com/bot.html)" 132 **0/132199**
66.249.69.140 - - [01/Nov/2025:05:40:12 -0700] "GET /?a=119393984141690&mod=3f6ad121&uri=itm.php%3Fid%3D3995005-393%26name%3Dquinceanera+pink+blossom+dress HTTP/1.1" 200 20516 "-" "Mozilla/5.0 (Linux; Android 6.0.1; Nexus 5X Build/MMB29P) AppleWebKit/537.36 (KHTML, like Gecko) Chrome/141.0.7390.122 Mobile Safari/537.36 (compatible; Googlebot/2.1; +http://www.google.com/bot.html)" 813 **0/813493**
66.249.69.140 - - [01/Nov/2025:05:40:13 -0700] "GET /?a=114985728051690&mod=1d578bd3&uri=product.php%3Fid%3D3847490-634%26name%3Dwearing+out+my+jeans+get+holes+in+the+thighs HTTP/1.1" 200 20036 "-" "Mozilla/5.0 (Linux; Android 6.0.1; Nexus 5X Build/MMB29P) AppleWebKit/537.36 (KHTML, like Gecko) Chrome/141.0.7390.122 Mobile Safari/537.36 (compatible; Googlebot/2.1; +http://www.google.com/bot.html)" 1047 **1/1047223**
66.249.69.140 - - [01/Nov/2025:05:40:14 -0700] "GET /?a=99232052001690&mod=7dc93bbe&uri=news.php%3Fid%3D3320368-497%26name%3Dprice+bulova+digitale HTTP/1.1" 200 20859 "-" "Mozilla/5.0 (Linux; Android 6.0.1; Nexus 5X Build/MMB29P) AppleWebKit/537.36 (KHTML, like Gecko) Chrome/141.0.7390.122 Mobile Safari/537.36 (compatible; Googlebot/2.1; +http://www.google.com/bot.html)" 1055 **1/1055573**
66.249.69.140 - - [01/Nov/2025:05:40:14 -0700] "GET /?a=90685523011690&mod=cc8f6932&uri=product.php%3Fid%3D3034265-1497%26name%3Dadidas+originals+adidas+diamond+plaza HTTP/1.1" 200 20302 "-" "Mozilla/5.0 (Linux; Android 6.0.1; Nexus 5X Build/MMB29P) AppleWebKit/537.36 (KHTML, like Gecko) Chrome/141.0.7390.122 Mobile Safari/537.36 (compatible; Googlebot/2.1; +http://www.google.com/bot.html)" 1008 **1/1008099**
66.249.72.226 - - [01/Nov/2025:05:40:15 -0700] "GET /?/js_757ed0132a844208f409fbb5067dfa2d/_drupal_sites_default_files_js_js_i3BGasXGb_pVk8CAUeSJnjMmyNE-bFprX9j4_djQznQ HTTP/1.1" 200 3857 "https://www.blalockdialysiscenter.com/?a=100161235021690&mod=3ce77534&uri=itm.php%3Fid%3D3351482-749%26name%3Dhigh+roof+cargo+van+rental+penske+sprinter+van+for+sale" "Mozilla/5.0 (Linux; Android 6.0.1; Nexus 5X Build/MMB29P) AppleWebKit/537.36 (KHTML, like Gecko) Chrome/141.0.7390.122 Mobile Safari/537.36 (compatible; Googlebot/2.1; +http://www.google.com/bot.html)" 119 **0/119034**
52.167.144.146 - - [01/Nov/2025:05:40:15 -0700] "GET /?a=99028501141690&mod=8b1c998c&uri=search.php%3Fid%3D3313535-116%26name%3Dfleecejacke+teddy+jacken+waschen HTTP/2.0" 200 20544 "-" "Mozilla/5.0 AppleWebKit/537.36 (KHTML, like Gecko; compatible; bingbot/2.0; +http://www.bing.com/bingbot.htm) Chrome/116.0.1938.76 Safari/537.36" 1113 **1/1113499**
66.249.72.226 - - [01/Nov/2025:05:40:15 -0700] "GET /?a=78300835011690&mod=c4ad18f2&uri=dp.php%3Fid%3D2619836-1218%26name%3Dsneakers+blue+coach+loafers HTTP/1.1" 200 21418 "-" "Mozilla/5.0 (Linux; Android 6.0.1; Nexus 5X Build/MMB29P) AppleWebKit/537.36 (KHTML, like Gecko) Chrome/141.0.7390.122 Mobile Safari/537.36 (compatible; Googlebot/2.1; +http://www.google.com/bot.html)" 1081 **1/1081161**
66.249.69.140 - - [01/Nov/2025:05:40:16 -0700] "GET /?a=37844467011690&mod=4aa4ea22&uri=goods.php%3Fid%3D1265978-217%26name%3Dropa+de+ajuares+de+cuna HTTP/1.1" 200 20601 "-" "Mozilla/5.0 (Linux; Android 6.0.1; Nexus 5X Build/MMB29P) AppleWebKit/537.36 (KHTML, like Gecko) Chrome/141.0.7390.122 Mobile Safari/537.36 (compatible; Googlebot/2.1; +http://www.google.com/bot.html)" 831 **0/831850**
157.55.39.194 - - [01/Nov/2025:05:40:16 -0700] "GET /product/edit/119524697051690 HTTP/2.0" 200 20761 "-" "Mozilla/5.0 AppleWebKit/537.36 (KHTML, like Gecko; compatible; bingbot/2.0; +http://www.bing.com/bingbot.htm) Chrome/116.0.1938.76 Safari/537.36" 774 **0/774770**
66.249.72.226 - - [01/Nov/2025:05:40:17 -0700] "GET /?a=40273633031690&mod=dffe93f9&uri=blog.php%3Fid%3D1347213-466%26name%3Dla+playa+outfits+para+navidad+verano HTTP/1.1" 200 21648 "-" "Mozilla/5.0 (Linux; Android 6.0.1; Nexus 5X Build/MMB29P) AppleWebKit/537.36 (KHTML, like Gecko) Chrome/141.0.7390.122 Mobile Safari/537.36 (compatible; Googlebot/2.1; +http://www.google.com/bot.html)" 814 **0/814342**
207.46.13.141 - - [01/Nov/2025:05:40:17 -0700] "GET /?a=112677451021690&mod=dad607bd&uri=search.php%3Fid%3D3770269-225%26name%3Dzx+25r+model+motor+ninja+250 HTTP/2.0" 200 20666 "-" "Mozilla/5.0 AppleWebKit/537.36 (KHTML, like Gecko; compatible; bingbot/2.0; +http://www.bing.com/bingbot.htm) Chrome/116.0.1938.76 Safari/537.36" 806 **0/806854**
66.249.69.140 - - [01/Nov/2025:05:40:17 -0700] "GET /?a=81194939101690&mod=0c74b7f7&uri=us.php%3Fid%3D2716668-3%26name%3Dmachine+gym+pull+up+equipment HTTP/1.1" 200 21114 "-" "Mozilla/5.0 (Linux; Android 6.0.1; Nexus 5X Build/MMB29P) AppleWebKit/537.36 (KHTML, like Gecko) Chrome/141.0.7390.122 Mobile Safari/537.36 (compatible; Googlebot/2.1; +http://www.google.com/bot.html)" 937 **0/937305**
66.249.72.226 - - [01/Nov/2025:05:40:18 -0700] "GET /?a=40786767011690&mod=8f8395eb&uri=blog.php%3Fid%3D1364368-684%26name%3Dnike+pants+nike+2xl+tall HTTP/1.1" 200 19991 "-" "Mozilla/5.0 (Linux; Android 6.0.1; Nexus 5X Build/MMB29P) AppleWebKit/537.36 (KHTML, like Gecko) Chrome/141.0.7390.122 Mobile Safari/537.36 (compatible; Googlebot/2.1; +http://www.google.com/bot.html)" 928 **0/928769**
52.167.144.146 - - [01/Nov/2025:05:40:18 -0700] "GET /?a=42331834011690&mod=e1228be4&uri=article.php%3Fid%3D1416119-36%26name%3D44009+dragon+lego+44009 HTTP/2.0" 200 20929 "-" "Mozilla/5.0 AppleWebKit/537.36 (KHTML, like Gecko; compatible; bingbot/2.0; +http://www.bing.com/bingbot.htm) Chrome/116.0.1938.76 Safari/537.36" 1017 **1/1017397**
52.167.144.146 - - [01/Nov/2025:05:40:19 -0700] "GET /?a=26172301021690&mod=20337d9c&uri=form.php%3Fid%3D875531-114%26name%3Dbrighton+is+the+chelsea+game+on+sky HTTP/2.0" 200 22016 "-" "Mozilla/5.0 AppleWebKit/537.36 (KHTML, like Gecko; compatible; bingbot/2.0; +http://www.bing.com/bingbot.htm) Chrome/116.0.1938.76 Safari/537.36" 1018 **1/1018158**
66.249.69.140 - - [01/Nov/2025:05:40:19 -0700] "GET /?a=24497526031690&mod=2f093e72&uri=dp.php%3Fid%3D819517-141%26name%3Dgps+eachine+e511+amazon HTTP/1.1" 200 21677 "-" "Mozilla/5.0 (Linux; Android 6.0.1; Nexus 5X Build/MMB29P) AppleWebKit/537.36 (KHTML, like Gecko) Chrome/141.0.7390.122 Mobile Safari/537.36 (compatible; Googlebot/2.1; +http://www.google.com/bot.html)" 1038 **1/1038095**
66.249.69.140 - - [01/Nov/2025:05:40:19 -0700] "GET /?a=19965995031690&mod=489d1cce&uri=us.php%3Fid%3D667954-736%26name%3Dtrue+religion+size+26+womens+jeans HTTP/1.1" 200 21116 "-" "Mozilla/5.0 (Linux; Android 6.0.1; Nexus 5X Build/MMB29P) AppleWebKit/537.36 (KHTML, like Gecko) Chrome/141.0.7390.122 Mobile Safari/537.36 (compatible; Googlebot/2.1; +http://www.google.com/bot.html)" 1041 **1/1041693**
66.249.72.226 - - [01/Nov/2025:05:40:20 -0700] "GET /?a=98897100051690&mod=d3deed73&uri=shop.php%3Fid%3D3309138-1045%26name%3Dholzkernuhr+holzkern+uhren+outlet HTTP/1.1" 200 20782 "-" "Mozilla/5.0 (Linux; Android 6.0.1; Nexus 5X Build/MMB29P) AppleWebKit/537.36 (KHTML, like Gecko) Chrome/141.0.7390.122 Mobile Safari/537.36 (compatible; Googlebot/2.1; +http://www.google.com/bot.html)" 1016 **1/1016224**
52.167.144.146 - - [01/Nov/2025:05:40:20 -0700] "GET /?a=65245980021690&mod=c16891ae&uri=blog.php%3Fid%3D2182883-1229%26name%3Dmariachi+suit+trajes+de+charro+para+bebe HTTP/2.0" 200 21887 "-" "Mozilla/5.0 AppleWebKit/537.36 (KHTML, like Gecko; compatible; bingbot/2.0; +http://www.bing.com/bingbot.htm) Chrome/116.0.1938.76 Safari/537.36" 996 **0/996486**
66.249.69.141 - - [01/Nov/2025:05:40:21 -0700] "GET /?a=75183071101690&mod=f43a6b31&uri=products.php%3Fid%3D2515451-1062%26name%3Dnavy+burgundy+gold+bridesmaid+dresses HTTP/1.1" 200 20500 "-" "Mozilla/5.0 (Linux; Android 6.0.1; Nexus 5X Build/MMB29P) AppleWebKit/537.36 (KHTML, like Gecko) Chrome/141.0.7390.122 Mobile Safari/537.36 (compatible; Googlebot/2.1; +http://www.google.com/bot.html)" 1150 **1/1150603**
52.167.144.146 - - [01/Nov/2025:05:40:21 -0700] "GET /?a=114087309051690&mod=cdabd261&uri=pin.php%3Fid%3D3817422-1447%26name%3Dnulu+slim+lululemon+skirt+sale HTTP/2.0" 200 20279 "-" "Mozilla/5.0 AppleWebKit/537.36 (KHTML, like Gecko; compatible; bingbot/2.0; +http://www.bing.com/bingbot.htm) Chrome/116.0.1938.76 Safari/537.36" 1105 **1/1105054**
66.249.69.140 - - [01/Nov/2025:05:40:21 -0700] "GET /?a=115611377021690&mod=fb4c4860&uri=dp.php%3Fid%3D3868451-40%26name%3Dconstruction+lego+set+for+year+old+boy HTTP/1.1" 200 21565 "-" "Mozilla/5.0 (Linux; Android 6.0.1; Nexus 5X Build/MMB29P) AppleWebKit/537.36 (KHTML, like Gecko) Chrome/141.0.7390.122 Mobile Safari/537.36 (compatible; Googlebot/2.1; +http://www.google.com/bot.html)" 1169 **1/1169775**
66.249.72.226 - - [01/Nov/2025:05:40:22 -0700] "GET /?a=86398181061690&mod=86942e65&uri=pin.php%3Fid%3D2890802-1109%26name%3Dkyrie+sneaker+nike+kyrie+multicolor HTTP/1.1" 200 20622 "-" "Mozilla/5.0 (Linux; Android 6.0.1; Nexus 5X Build/MMB29P) AppleWebKit/537.36 (KHTML, like Gecko) Chrome/141.0.7390.122 Mobile Safari/537.36 (compatible; Googlebot/2.1; +http://www.google.com/bot.html)" 1108 **1/1108942**
66.249.69.140 - - [01/Nov/2025:05:40:23 -0700] "GET /?a=83800859081690&mod=73830f56&uri=itm.php%3Fid%3D2803838-636%26name%3Dbergfreunde+maloja+wolljacke+damen HTTP/1.1" 200 20688 "-" "Mozilla/5.0 (Linux; Android 6.0.1; Nexus 5X Build/MMB29P) AppleWebKit/537.36 (KHTML, like Gecko) Chrome/141.0.7390.122 Mobile Safari/537.36 (compatible; Googlebot/2.1; +http://www.google.com/bot.html)" 1087 **1/1087498**
66.249.72.226 - - [01/Nov/2025:05:40:23 -0700] "GET /?a=100150405061690&mod=3ce77534&uri=itm.php%3Fid%3D3351121-749%26name%3D2014+freightliner+freightliner+sprinter+dealer+near+me HTTP/1.1" 200 20720 "-" "Mozilla/5.0 (Linux; Android 6.0.1; Nexus 5X Build/MMB29P) AppleWebKit/537.36 (KHTML, like Gecko) Chrome/141.0.7390.122 Mobile Safari/537.36 (compatible; Googlebot/2.1; +http://www.google.com/bot.html)" 1234 **1/1234931**
66.249.69.140 - - [01/Nov/2025:05:40:24 -0700] "GET /?a=48360285011690&mod=f8c84522&uri=category-info.php%3Fid%3D1617818-92%26name%3Dknitting+tutorial+baby+ugg+boots+knitting+pattern HTTP/1.1" 200 20998 "-" "Mozilla/5.0 (Linux; Android 6.0.1; Nexus 5X Build/MMB29P) AppleWebKit/537.36 (KHTML, like Gecko) Chrome/141.0.7390.122 Mobile Safari/537.36 (compatible; Googlebot/2.1; +http://www.google.com/bot.html)" 1404 **1/1404018**
66.249.69.141 - - [01/Nov/2025:05:40:25 -0700] "GET /?a=50335090091690&mod=7cc5a754&uri=products.php%3Fid%3D1683914-80%26name%3Dcomputer+desk+chair+best+chair+mat+for+plush+carpet HTTP/1.1" 200 21416 "-" "Mozilla/5.0 (Linux; Android 6.0.1; Nexus 5X Build/MMB29P) AppleWebKit/537.36 (KHTML, like Gecko) Chrome/141.0.7390.122 Mobile Safari/537.36 (compatible; Googlebot/2.1; +http://www.google.com/bot.html)" 1479 **1/1479104**
66.249.72.227 - - [01/Nov/2025:05:40:26 -0700] "GET /?a=100168825061690&mod=a1332868&uri=product.php%3Fid%3D3351735-641%26name%3Dfootwear+pharrell+nmd+human+race+inspiration+pack HTTP/1.1" 200 20885 "-" "Mozilla/5.0 (Linux; Android 6.0.1; Nexus 5X Build/MMB29P) AppleWebKit/537.36 (KHTML, like Gecko) Chrome/141.0.7390.122 Mobile Safari/537.36 (compatible; Googlebot/2.1; +http://www.google.com/bot.html)" 1330 **1/1330441**
66.249.72.227 - - [01/Nov/2025:05:40:28 -0700] "GET /?/js_757ed0132a844208f409fbb5067dfa2d/_drupal_sites_default_files_js_js_i3BGasXGb_pVk8CAUeSJnjMmyNE-bFprX9j4_djQznQ HTTP/1.1" 200 3857 "https://www.blalockdialysiscenter.com/?a=98897100051690&mod=d3deed73&uri=shop.php%3Fid%3D3309138-1045%26name%3Dholzkernuhr+holzkern+uhren+outlet" "Mozilla/5.0 (Linux; Android 6.0.1; Nexus 5X Build/MMB29P) AppleWebKit/537.36 (KHTML, like Gecko) Chrome/141.0.7390.122 Mobile Safari/537.36 (compatible; Googlebot/2.1; +http://www.google.com/bot.html)" 112 **0/112778**
66.249.69.140 - - [01/Nov/2025:05:40:27 -0700] "GET /?a=29445249111690&mod=fb4c2277&uri=brands.php%3Fid%3D985001-703%26name%3Dshoes+doc+martens+vaseline HTTP/1.1" 200 21056 "-" "Mozilla/5.0 (Linux; Android 6.0.1; Nexus 5X Build/MMB29P) AppleWebKit/537.36 (KHTML, like Gecko) Chrome/141.0.7390.122 Mobile Safari/537.36 (compatible; Googlebot/2.1; +http://www.google.com/bot.html)" 1203 **1/1203970**
66.249.72.226 - - [01/Nov/2025:05:40:28 -0700] "GET /?a=90713845131690&mod=0d906a38&uri=blog.php%3Fid%3D3035218-151%26name%3Dreloj+inteligente+ultra+thin+smart+watch HTTP/1.1" 200 21419 "-" "Mozilla/5.0 (Linux; Android 6.0.1; Nexus 5X Build/MMB29P) AppleWebKit/537.36 (KHTML, like Gecko) Chrome/141.0.7390.122 Mobile Safari/537.36 (compatible; Googlebot/2.1; +http://www.google.com/bot.html)" 1111 **1/1111281**
66.249.69.141 - - [01/Nov/2025:05:40:29 -0700] "GET /?a=89408699011690&mod=48203361&uri=category-info.php%3Fid%3D2991520-725%26name%3Dcashmere+everlane+texture+cotton+crew HTTP/1.1" 200 20462 "-" "Mozilla/5.0 (Linux; Android 6.0.1; Nexus 5X Build/MMB29P) AppleWebKit/537.36 (KHTML, like Gecko) Chrome/141.0.7390.122 Mobile Safari/537.36 (compatible; Googlebot/2.1; +http://www.google.com/bot.html)" 1081 **1/1081385**
66.249.72.227 - - [01/Nov/2025:05:40:30 -0700] "GET /?a=33271938021690&mod=90bb3d0d&uri=itm.php%3Fid%3D1113007-1314%26name%3Dcustomizable+swoosh+air+force+interchangeable+swoosh HTTP/1.1" 200 20314 "-" "Mozilla/5.0 (Linux; Android 6.0.1; Nexus 5X Build/MMB29P) AppleWebKit/537.36 (KHTML, like Gecko) Chrome/141.0.7390.122 Mobile Safari/537.36 (compatible; Googlebot/2.1; +http://www.google.com/bot.html)" 773 **0/773792**
66.249.69.140 - - [01/Nov/2025:05:40:30 -0700] "GET /?a=105158488051690&mod=65d7720b&uri=us.php%3Fid%3D3518733-395%26name%3D6g+price+in+pune+online+activa+purchase HTTP/1.1" 200 20291 "-" "Mozilla/5.0 (Linux; Android 6.0.1; Nexus 5X Build/MMB29P) AppleWebKit/537.36 (KHTML, like Gecko) Chrome/141.0.7390.122 Mobile Safari/537.36 (compatible; Googlebot/2.1; +http://www.google.com/bot.html)" 1094 **1/1094371**
66.249.69.141 - - [01/Nov/2025:05:40:31 -0700] "GET /?a=112855814021690&mod=d15843d5&uri=product.php%3Fid%3D3776229-1773%26name%3Dguest+dresses+lace+cocktail+dresses+canada HTTP/1.1" 200 20550 "-" "Mozilla/5.0 (Linux; Android 6.0.1; Nexus 5X Build/MMB29P) AppleWebKit/537.36 (KHTML, like Gecko) Chrome/141.0.7390.122 Mobile Safari/537.36 (compatible; Googlebot/2.1; +http://www.google.com/bot.html)" 1084 **1/1084100**
66.249.72.226 - - [01/Nov/2025:05:40:31 -0700] "GET /?a=40461073021690&mod=bbc2aade&uri=blog.php%3Fid%3D1353487-991%26name%3Dsneakers+beyonce+adidas+platform HTTP/1.1" 200 21842 "-" "Mozilla/5.0 (Linux; Android 6.0.1; Nexus 5X Build/MMB29P) AppleWebKit/537.36 (KHTML, like Gecko) Chrome/141.0.7390.122 Mobile Safari/537.36 (compatible; Googlebot/2.1; +http://www.google.com/bot.html)" 952 **0/952140**
66.249.72.226 - - [01/Nov/2025:05:40:32 -0700] "GET /?a=18640410031690&mod=11b465ea&uri=shared.php%3Fid%3D623620-198%26name%3Dindoor+slippers+womens+slippers+2020 HTTP/1.1" 200 21465 "-" "Mozilla/5.0 (Linux; Android 6.0.1; Nexus 5X Build/MMB29P) AppleWebKit/537.36 (KHTML, like Gecko) Chrome/141.0.7390.122 Mobile Safari/537.36 (compatible; Googlebot/2.1; +http://www.google.com/bot.html)" 1141 **1/1141724**
66.249.69.141 - - [01/Nov/2025:05:40:32 -0700] "GET /?a=105129582051690&mod=fb4c2277&uri=category-info.php%3Fid%3D3517768-703%26name%3Dstiefeletten+doc+martens+grau+glitzer HTTP/1.1" 200 20812 "-" "Mozilla/5.0 (Linux; Android 6.0.1; Nexus 5X Build/MMB29P) AppleWebKit/537.36 (KHTML, like Gecko) Chrome/141.0.7390.122 Mobile Safari/537.36 (compatible; Googlebot/2.1; +http://www.google.com/bot.html)" 1095 **1/1095853**
66.249.72.226 - - [01/Nov/2025:05:40:33 -0700] "GET /?a=98819315111690&mod=2fedb611&uri=search.php%3Fid%3D3306534-133%26name%3Ddamesschoenen+leren+schoenen+kopen HTTP/1.1" 200 21234 "-" "Mozilla/5.0 (Linux; Android 6.0.1; Nexus 5X Build/MMB29P) AppleWebKit/537.36 (KHTML, like Gecko) Chrome/141.0.7390.122 Mobile Safari/537.36 (compatible; Googlebot/2.1; +http://www.google.com/bot.html)" 1105 **1/1105550**
66.249.69.141 - - [01/Nov/2025:05:40:34 -0700] "GET /?a=79355628001690&mod=0725bdbe&uri=shared.php%3Fid%3D2655140-1277%26name%3Dbrand+classic+jordan+brand+wiki HTTP/1.1" 200 21027 "-" "Mozilla/5.0 (Linux; Android 6.0.1; Nexus 5X Build/MMB29P) AppleWebKit/537.36 (KHTML, like Gecko) Chrome/141.0.7390.122 Mobile Safari/537.36 (compatible; Googlebot/2.1; +http://www.google.com/bot.html)" 986 **0/986687**
66.249.72.227 - - [01/Nov/2025:05:40:35 -0700] "GET /?/js_757ed0132a844208f409fbb5067dfa2d/_drupal_sites_default_files_js_js_i3BGasXGb_pVk8CAUeSJnjMmyNE-bFprX9j4_djQznQ HTTP/1.1" 200 3857 "https://www.blalockdialysiscenter.com/?a=33271938021690&mod=90bb3d0d&uri=itm.php%3Fid%3D1113007-1314%26name%3Dcustomizable+swoosh+air+force+interchangeable+swoosh" "Mozilla/5.0 (Linux; Android 6.0.1; Nexus 5X Build/MMB29P) AppleWebKit/537.36 (KHTML, like Gecko) Chrome/141.0.7390.122 Mobile Safari/537.36 (compatible; Googlebot/2.1; +http://www.google.com/bot.html)" 119 **0/119150**
66.249.72.226 - - [01/Nov/2025:05:40:36 -0700] "GET /?a=86239239071690&mod=c00c7389&uri=goods.php%3Fid%3D2885494-392%26name%3Dbdu+pants+new+tactical+pants HTTP/1.1" 200 21108 "-" "Mozilla/5.0 (Linux; Android 6.0.1; Nexus 5X Build/MMB29P) AppleWebKit/537.36 (KHTML, like Gecko) Chrome/141.0.7390.122 Mobile Safari/537.36 (compatible; Googlebot/2.1; +http://www.google.com/bot.html)" 957 **0/957543**
52.167.144.146 - - [01/Nov/2025:05:40:36 -0700] "GET /?a=111666510091690&mod=1c51851b&uri=article.php%3Fid%3D3736475-237%26name%3Dwood+mizuno+st190+ts+fairway HTTP/2.0" 200 19898 "-" "Mozilla/5.0 AppleWebKit/537.36 (KHTML, like Gecko; compatible; bingbot/2.0; +http://www.bing.com/bingbot.htm) Chrome/116.0.1938.76 Safari/537.36" 897 **0/897381**
66.249.69.140 - - [01/Nov/2025:05:40:36 -0700] "GET /?a=33714382041690&mod=61b5c689&uri=pin.php%3Fid%3D1127819-134%26name%3Dipad+6th+pen+for+ipad+8th+generation HTTP/1.1" 200 21272 "-" "Mozilla/5.0 (Linux; Android 6.0.1; Nexus 5X Build/MMB29P) AppleWebKit/537.36 (KHTML, like Gecko) Chrome/141.0.7390.122 Mobile Safari/537.36 (compatible; Googlebot/2.1; +http://www.google.com/bot.html)" 902 **0/902114**
66.249.72.226 - - [01/Nov/2025:05:40:37 -0700] "GET /?a=43548940001690&mod=30cef342&uri=shared.php%3Fid%3D1456844-1282%26name%3Dvionic+active+vionic+shoe+inserts+for+plantar+fasciitis HTTP/1.1" 200 21795 "-" "Mozilla/5.0 (Linux; Android 6.0.1; Nexus 5X Build/MMB29P) AppleWebKit/537.36 (KHTML, like Gecko) Chrome/141.0.7390.122 Mobile Safari/537.36 (compatible; Googlebot/2.1; +http://www.google.com/bot.html)" 928 **0/928887**
66.249.69.141 - - [01/Nov/2025:05:40:37 -0700] "GET /?a=29430603041690&mod=44d80674&uri=search.php%3Fid%3D984511-664%26name%3Dnike+running+shoe+nike+plantar+fasciitis+sneakers HTTP/1.1" 200 20338 "-" "Mozilla/5.0 (Linux; Android 6.0.1; Nexus 5X Build/MMB29P) AppleWebKit/537.36 (KHTML, like Gecko) Chrome/141.0.7390.122 Mobile Safari/537.36 (compatible; Googlebot/2.1; +http://www.google.com/bot.html)" 872 **0/872109**
66.249.72.227 - - [01/Nov/2025:05:40:38 -0700] "GET /?a=99234360031690&mod=7dc93bbe&uri=shop.php%3Fid%3D3320445-497%26name%3Dseriali+rolex+codice+garanzia+rolex HTTP/1.1" 200 21084 "-" "Mozilla/5.0 (Linux; Android 6.0.1; Nexus 5X Build/MMB29P) AppleWebKit/537.36 (KHTML, like Gecko) Chrome/141.0.7390.122 Mobile Safari/537.36 (compatible; Googlebot/2.1; +http://www.google.com/bot.html)" 1164 **1/1164173**
66.249.69.140 - - [01/Nov/2025:05:40:39 -0700] "GET /?a=50795424031690&mod=bba3b3e5&uri=shop.php%3Fid%3D1699308-851%26name%3Dvans+sneaker+vans+sk8+hi+mte+frost+grey HTTP/1.1" 200 20101 "-" "Mozilla/5.0 (Linux; Android 6.0.1; Nexus 5X Build/MMB29P) AppleWebKit/537.36 (KHTML, like Gecko) Chrome/141.0.7390.122 Mobile Safari/537.36 (compatible; Googlebot/2.1; +http://www.google.com/bot.html)" 977 **0/977894**
66.249.72.227 - - [01/Nov/2025:05:40:39 -0700] "GET /?a=34131347001690&mod=bb2ab638&uri=product.php%3Fid%3D1141775-632%26name%3Dconsole+wii+u+pal HTTP/1.1" 200 20085 "-" "Mozilla/5.0 (Linux; Android 6.0.1; Nexus 5X Build/MMB29P) AppleWebKit/537.36 (KHTML, like Gecko) Chrome/141.0.7390.122 Mobile Safari/537.36 (compatible; Googlebot/2.1; +http://www.google.com/bot.html)" 874 **0/874411**
52.167.144.146 - - [01/Nov/2025:05:40:40 -0700] "GET /?a=23979711091690&mod=7ab0afee&uri=search.php%3Fid%3D802198-213%26name%3Dbenchmark+amd+ryzen+3700u+processor+vs+intel HTTP/2.0" 200 21041 "-" "Mozilla/5.0 AppleWebKit/537.36 (KHTML, like Gecko; compatible; bingbot/2.0; +http://www.bing.com/bingbot.htm) Chrome/116.0.1938.76 Safari/537.36" 907 **0/907117**
66.249.69.128 - - [01/Nov/2025:05:40:40 -0700] "GET /?a=69543040021690&mod=27a748f0&uri=brands.php%3Fid%3D2326650-1360%26name%3D13+inch+laptop+best+laptop+sleeve+with+handle HTTP/1.1" 200 20765 "-" "Mozilla/5.0 (Linux; Android 6.0.1; Nexus 5X Build/MMB29P) AppleWebKit/537.36 (KHTML, like Gecko) Chrome/141.0.7390.122 Mobile Safari/537.36 (compatible; Googlebot/2.1; +http://www.google.com/bot.html)" 895 **0/895584**
66.249.72.227 - - [01/Nov/2025:05:40:41 -0700] "GET /?a=3605268041690&mod=2fc02e92&uri=category-info.php%3Fid%3D120557-152%26name%3Dmagsafe+detachable+phone+ring+holder HTTP/1.1" 200 21377 "-" "Mozilla/5.0 (Linux; Android 6.0.1; Nexus 5X Build/MMB29P) AppleWebKit/537.36 (KHTML, like Gecko) Chrome/141.0.7390.122 Mobile Safari/537.36 (compatible; Googlebot/2.1; +http://www.google.com/bot.html)" 1094 **1/1094001**
66.249.69.141 - - [01/Nov/2025:05:40:42 -0700] "GET /?a=30066702001690&mod=d39e8a0d&uri=shop.php%3Fid%3D1005779-528%26name%3Dsupreme+watch+jacob+and+co HTTP/1.1" 200 21822 "-" "Mozilla/5.0 (Linux; Android 6.0.1; Nexus 5X Build/MMB29P) AppleWebKit/537.36 (KHTML, like Gecko) Chrome/141.0.7390.122 Mobile Safari/537.36 (compatible; Googlebot/2.1; +http://www.google.com/bot.html)" 1185 **1/1185916**
66.249.72.226 - - [01/Nov/2025:05:40:43 -0700] "GET /?a=98748498041690&mod=36fa774e&uri=itm.php%3Fid%3D3304169-471%26name%3Dubuy+chuwi+larkbox+pro+mini+pc HTTP/1.1" 200 21183 "-" "Mozilla/5.0 (Linux; Android 6.0.1; Nexus 5X Build/MMB29P) AppleWebKit/537.36 (KHTML, like Gecko) Chrome/141.0.7390.122 Mobile Safari/537.36 (compatible; Googlebot/2.1; +http://www.google.com/bot.html)" 1112 **1/1112615**
66.249.69.128 - - [01/Nov/2025:05:40:43 -0700] "GET /?a=38067487041690&mod=ad034549&uri=product.php%3Fid%3D1273436-260%26name%3Dsneakers+nike+janoski+42 HTTP/1.1" 200 21939 "-" "Mozilla/5.0 (Linux; Android 6.0.1; Nexus 5X Build/MMB29P) AppleWebKit/537.36 (KHTML, like Gecko) Chrome/141.0.7390.122 Mobile Safari/537.36 (compatible; Googlebot/2.1; +http://www.google.com/bot.html)" 1091 **1/1091429**
66.249.72.226 - - [01/Nov/2025:05:40:44 -0700] "GET /?a=107885318031690&mod=fc0de4e0&uri=product.php%3Fid%3D3610002-89%26name%3Dcrompton+geyser+bar+pressure HTTP/1.1" 200 21620 "-" "Mozilla/5.0 (Linux; Android 6.0.1; Nexus 5X Build/MMB29P) AppleWebKit/537.36 (KHTML, like Gecko) Chrome/141.0.7390.122 Mobile Safari/537.36 (compatible; Googlebot/2.1; +http://www.google.com/bot.html)" 1206 **1/1206638**
66.249.69.128 - - [01/Nov/2025:05:40:45 -0700] "GET /?a=111330707051690&mod=9db1c4a3&uri=news.php%3Fid%3D3725252-620%26name%3Dleather+bracelet+gucci+sample+bracelet HTTP/1.1" 200 21486 "-" "Mozilla/5.0 (Linux; Android 6.0.1; Nexus 5X Build/MMB29P) AppleWebKit/537.36 (KHTML, like Gecko) Chrome/141.0.7390.122 Mobile Safari/537.36 (compatible; Googlebot/2.1; +http://www.google.com/bot.html)" 1217 **1/1217168**
66.249.69.128 - - [01/Nov/2025:05:40:46 -0700] "GET /?a=30052323001690&mod=d39e8a0d&uri=product.php%3Fid%3D1005299-528%26name%3Dubuy+tobi+the+robot+smartwatch HTTP/1.1" 200 20710 "-" "Mozilla/5.0 (Linux; Android 6.0.1; Nexus 5X Build/MMB29P) AppleWebKit/537.36 (KHTML, like Gecko) Chrome/141.0.7390.122 Mobile Safari/537.36 (compatible; Googlebot/2.1; +http://www.google.com/bot.html)" 1061 **1/1061457**
66.249.69.140 - - [01/Nov/2025:05:40:46 -0700] "GET /?a=87509853031690&mod=aaaac19f&uri=form.php%3Fid%3D2928008-111%26name%3Dcase+a30s+back+panel HTTP/1.1" 200 21025 "-" "Mozilla/5.0 (Linux; Android 6.0.1; Nexus 5X Build/MMB29P) AppleWebKit/537.36 (KHTML, like Gecko) Chrome/141.0.7390.122 Mobile Safari/537.36 (compatible; Googlebot/2.1; +http://www.google.com/bot.html)" 1009 **1/1009967**
66.249.69.141 - - [01/Nov/2025:05:40:47 -0700] "GET /?a=111099063001690&mod=c6024bfa&uri=shop.php%3Fid%3D3717500-633%26name%3Dmens+swim+speedo+vintage+swim+shorts HTTP/1.1" 200 21290 "-" "Mozilla/5.0 (Linux; Android 6.0.1; Nexus 5X Build/MMB29P) AppleWebKit/537.36 (KHTML, like Gecko) Chrome/141.0.7390.122 Mobile Safari/537.36 (compatible; Googlebot/2.1; +http://www.google.com/bot.html)" 1184 **1/1184293**
66.249.69.128 - - [01/Nov/2025:05:40:47 -0700] "GET /?a=20183868141690&mod=7cc5a754&uri=itm.php%3Fid%3D675228-80%26name%3Dfurniture+teak+chaise+lounge HTTP/1.1" 200 20855 "-" "Mozilla/5.0 (Linux; Android 6.0.1; Nexus 5X Build/MMB29P) AppleWebKit/537.36 (KHTML, like Gecko) Chrome/141.0.7390.122 Mobile Safari/537.36 (compatible; Googlebot/2.1; +http://www.google.com/bot.html)" 1285 **1/1285423**
66.249.69.140 - - [01/Nov/2025:05:40:48 -0700] "GET /?a=69916313041690&mod=f8c84522&uri=itm.php%3Fid%3D2339147-92%26name%3Dbrooks+best+mens+runners+219 HTTP/1.1" 200 21261 "-" "Mozilla/5.0 (Linux; Android 6.0.1; Nexus 5X Build/MMB29P) AppleWebKit/537.36 (KHTML, like Gecko) Chrome/141.0.7390.122 Mobile Safari/537.36 (compatible; Googlebot/2.1; +http://www.google.com/bot.html)" 941 **0/941436**
66.249.72.227 - - [01/Nov/2025:05:40:49 -0700] "GET /?a=90665940061690&mod=9d5f5d96&uri=shop.php%3Fid%3D3033601-652%26name%3Dvestidos+elegantes+vestidos+tallas+grandes+en+patronato HTTP/1.1" 200 20604 "-" "Mozilla/5.0 (Linux; Android 6.0.1; Nexus 5X Build/MMB29P) AppleWebKit/537.36 (KHTML, like Gecko) Chrome/141.0.7390.122 Mobile Safari/537.36 (compatible; Googlebot/2.1; +http://www.google.com/bot.html)" 771 **0/771764**
66.249.69.140 - - [01/Nov/2025:05:40:49 -0700] "GET /?a=22769154011690&mod=1e2d681b&uri=goods.php%3Fid%3D761690-235%26name%3Dwiring+diagram+webasto+air+top+2000+fuse+location HTTP/1.1" 200 21758 "-" "Mozilla/5.0 (Linux; Android 6.0.1; Nexus 5X Build/MMB29P) AppleWebKit/537.36 (KHTML, like Gecko) Chrome/141.0.7390.122 Mobile Safari/537.36 (compatible; Googlebot/2.1; +http://www.google.com/bot.html)" 1105 **1/1105132**
207.46.13.127 - - [01/Nov/2025:05:40:50 -0700] "GET /?a=4200774101690&mod=b7e2588d&uri=form.php%3Fid%3D140477-366%26name%3Dflight+jacket+blusa+bomber+florida HTTP/2.0" 200 21213 "-" "Mozilla/5.0 AppleWebKit/537.36 (KHTML, like Gecko; compatible; bingbot/2.0; +http://www.bing.com/bingbot.htm) Chrome/116.0.1938.76 Safari/537.36" 1218 **1/1218693**
66.249.69.141 - - [01/Nov/2025:05:40:50 -0700] "GET /?a=21556865001690&mod=06138bc5&uri=brands.php%3Fid%3D721155-2%26name%3Dvarsity+jacket+supreme+big+letter+track+jacket+black HTTP/1.1" 200 21227 "-" "Mozilla/5.0 (Linux; Android 6.0.1; Nexus 5X Build/MMB29P) AppleWebKit/537.36 (KHTML, like Gecko) Chrome/141.0.7390.122 Mobile Safari/537.36 (compatible; Googlebot/2.1; +http://www.google.com/bot.html)" 1185 **1/1185577**
66.249.69.140 - - [01/Nov/2025:05:40:51 -0700] "GET /?a=65767481041690&mod=572eaf86&uri=product.php%3Fid%3D2200327-610%26name%3Dx8+plus+bicicleta+nilox HTTP/1.1" 200 20317 "-" "Mozilla/5.0 (Linux; Android 6.0.1; Nexus 5X Build/MMB29P) AppleWebKit/537.36 (KHTML, like Gecko) Chrome/141.0.7390.122 Mobile Safari/537.36 (compatible; Googlebot/2.1; +http://www.google.com/bot.html)" 954 **0/954576**
66.249.72.227 - - [01/Nov/2025:05:40:51 -0700] "GET /?a=100391838061690&mod=06138bc5&uri=form.php%3Fid%3D3359193-2%26name%3Dsweatpants+vince+french+terry+jogger HTTP/1.1" 200 21124 "-" "Mozilla/5.0 (Linux; Android 6.0.1; Nexus 5X Build/MMB29P) AppleWebKit/537.36 (KHTML, like Gecko) Chrome/141.0.7390.122 Mobile Safari/537.36 (compatible; Googlebot/2.1; +http://www.google.com/bot.html)" 896 **0/896821**
66.249.69.129 - - [01/Nov/2025:05:40:52 -0700] "GET /?a=46671861031690&mod=afe70644&uri=search.php%3Fid%3D1561322-189%26name%3Dchopard+happy+diamonds+heart+ring HTTP/1.1" 200 20803 "-" "Mozilla/5.0 (Linux; Android 6.0.1; Nexus 5X Build/MMB29P) AppleWebKit/537.36 (KHTML, like Gecko) Chrome/141.0.7390.122 Mobile Safari/537.36 (compatible; Googlebot/2.1; +http://www.google.com/bot.html)" 755 **0/755344**
66.249.72.228 - - [01/Nov/2025:05:40:53 -0700] "GET /?a=2975427011690&mod=1d940b4d&uri=news.php%3Fid%3D99479-438%26name%3Dpurple+pretty+table+lamps HTTP/1.1" 200 20894 "-" "Mozilla/5.0 (Linux; Android 6.0.1; Nexus 5X Build/MMB29P) AppleWebKit/537.36 (KHTML, like Gecko) Chrome/141.0.7390.122 Mobile Safari/537.36 (compatible; Googlebot/2.1; +http://www.google.com/bot.html)" 658 **0/658402**
66.249.69.128 - - [01/Nov/2025:05:40:54 -0700] "GET /?a=77947666021690&mod=77bd061c&uri=products.php%3Fid%3D2608007-155%26name%3Dponsel+samsung+galaxy+note+30+ultra+release+date HTTP/1.1" 200 21633 "-" "Mozilla/5.0 (Linux; Android 6.0.1; Nexus 5X Build/MMB29P) AppleWebKit/537.36 (KHTML, like Gecko) Chrome/141.0.7390.122 Mobile Safari/537.36 (compatible; Googlebot/2.1; +http://www.google.com/bot.html)" 832 **0/832232**
66.249.69.129 - - [01/Nov/2025:05:40:55 -0700] "GET /?a=80709644031690&mod=b63b53cf&uri=itm.php%3Fid%3D2700432-240%26name%3Dscooter+battery+segway+ninebot+minipro+replacement+battery HTTP/1.1" 200 21541 "-" "Mozilla/5.0 (Linux; Android 6.0.1; Nexus 5X Build/MMB29P) AppleWebKit/537.36 (KHTML, like Gecko) Chrome/141.0.7390.122 Mobile Safari/537.36 (compatible; Googlebot/2.1; +http://www.google.com/bot.html)" 767 **0/767558**
52.167.144.238 - - [01/Nov/2025:05:40:55 -0700] "GET /?a=43445898061690&mod=1b6509b6&uri=article.php%3Fid%3D1453395-1613%26name%3Drunning+shoes+adidas+uomo+scarpe+2016 HTTP/2.0" 200 20991 "-" "Mozilla/5.0 AppleWebKit/537.36 (KHTML, like Gecko; compatible; bingbot/2.0; +http://www.bing.com/bingbot.htm) Chrome/116.0.1938.76 Safari/537.36" 820 **0/820668**
66.249.69.140 - - [01/Nov/2025:05:40:55 -0700] "GET /?a=75650296101690&mod=cc9183ca&uri=pin.php%3Fid%3D2531095-532%26name%3Dbrown+coach+mens+satchel HTTP/1.1" 200 20851 "-" "Mozilla/5.0 (Linux; Android 6.0.1; Nexus 5X Build/MMB29P) AppleWebKit/537.36 (KHTML, like Gecko) Chrome/141.0.7390.122 Mobile Safari/537.36 (compatible; Googlebot/2.1; +http://www.google.com/bot.html)" 721 **0/721683**
66.249.72.227 - - [01/Nov/2025:05:40:56 -0700] "GET /?/js_757ed0132a844208f409fbb5067dfa2d/_drupal_sites_default_files_js_js_i3BGasXGb_pVk8CAUeSJnjMmyNE-bFprX9j4_djQznQ HTTP/1.1" 200 3857 "https://www.blalockdialysiscenter.com/?a=90665940061690&mod=9d5f5d96&uri=shop.php%3Fid%3D3033601-652%26name%3Dvestidos+elegantes+vestidos+tallas+grandes+en+patronato" "Mozilla/5.0 (Linux; Android 6.0.1; Nexus 5X Build/MMB29P) AppleWebKit/537.36 (KHTML, like Gecko) Chrome/141.0.7390.122 Mobile Safari/537.36 (compatible; Googlebot/2.1; +http://www.google.com/bot.html)" 118 **0/118768**
66.249.69.128 - - [01/Nov/2025:05:40:57 -0700] "GET /?a=7999338051690&mod=d0cc167c&uri=info.php%3Fid%3D267548-967%26name%3Dquince+dresses+vestidos+verdes+de+xv HTTP/1.1" 200 19922 "-" "Mozilla/5.0 (Linux; Android 6.0.1; Nexus 5X Build/MMB29P) AppleWebKit/537.36 (KHTML, like Gecko) Chrome/141.0.7390.122 Mobile Safari/537.36 (compatible; Googlebot/2.1; +http://www.google.com/bot.html)" 725 **0/725933**
66.249.72.228 - - [01/Nov/2025:05:40:57 -0700] "GET /?a=20789523021690&mod=91d75bef&uri=news.php%3Fid%3D695481-1421%26name%3Dfiat+car+with+seats+in+front HTTP/1.1" 200 21234 "-" "Mozilla/5.0 (Linux; Android 6.0.1; Nexus 5X Build/MMB29P) AppleWebKit/537.36 (KHTML, like Gecko) Chrome/141.0.7390.122 Mobile Safari/537.36 (compatible; Googlebot/2.1; +http://www.google.com/bot.html)" 648 **0/648269**
66.249.72.227 - - [01/Nov/2025:05:40:58 -0700] "GET /?a=113741976021690&mod=47f1adc4&uri=products.php%3Fid%3D3805861-500%26name%3Dpantaloni+donna+tezenis+pantaloni+a+palazzo HTTP/1.1" 200 20913 "-" "Mozilla/5.0 (Linux; Android 6.0.1; Nexus 5X Build/MMB29P) AppleWebKit/537.36 (KHTML, like Gecko) Chrome/141.0.7390.122 Mobile Safari/537.36 (compatible; Googlebot/2.1; +http://www.google.com/bot.html)" 762 **0/762888**
66.249.69.140 - - [01/Nov/2025:05:40:58 -0700] "GET /?a=1150255001690&mod=2c61f304&uri=shared.php%3Fid%3D38449-305%26name%3Ddressing+wood+table+designs+with+drawers HTTP/1.1" 200 20883 "-" "Mozilla/5.0 (Linux; Android 6.0.1; Nexus 5X Build/MMB29P) AppleWebKit/537.36 (KHTML, like Gecko) Chrome/141.0.7390.122 Mobile Safari/537.36 (compatible; Googlebot/2.1; +http://www.google.com/bot.html)" 927 **0/927663**
207.46.13.130 - - [01/Nov/2025:05:40:59 -0700] "GET /?a=95791801071690&mod=06138bc5&uri=products.php%3Fid%3D3205110-2%26name%3Dblue+grey+and+white+striped+pyjamas HTTP/2.0" 200 21144 "-" "Mozilla/5.0 AppleWebKit/537.36 (KHTML, like Gecko; compatible; bingbot/2.0; +http://www.bing.com/bingbot.htm) Chrome/116.0.1938.76 Safari/537.36" 845 **0/845184**
66.249.69.140 - - [01/Nov/2025:05:40:59 -0700] "GET /?a=103767804021690&mod=8b1c998c&uri=product.php%3Fid%3D3472150-116%26name%3Dsch%C3%B6ffel+mantel+damen+wetterfest HTTP/1.1" 200 21256 "-" "Mozilla/5.0 (Linux; Android 6.0.1; Nexus 5X Build/MMB29P) AppleWebKit/537.36 (KHTML, like Gecko) Chrome/141.0.7390.122 Mobile Safari/537.36 (compatible; Googlebot/2.1; +http://www.google.com/bot.html)" 771 **0/771736**
66.249.72.228 - - [01/Nov/2025:05:41:00 -0700] "GET /?a=13336393061690&mod=06138bc5&uri=us.php%3Fid%3D446169-2%26name%3Dvest+north+face+junction+jacket+mens HTTP/1.1" 200 21090 "-" "Mozilla/5.0 (Linux; Android 6.0.1; Nexus 5X Build/MMB29P) AppleWebKit/537.36 (KHTML, like Gecko) Chrome/141.0.7390.122 Mobile Safari/537.36 (compatible; Googlebot/2.1; +http://www.google.com/bot.html)" 376 **0/376544**
66.249.69.141 - - [01/Nov/2025:05:41:01 -0700] "GET /?a=72594449011690&mod=8d161876&uri=news.php%3Fid%3D2428802-536%26name%3Dsneakers+casual+saldi+nike+air+force HTTP/1.1" 200 20833 "-" "Mozilla/5.0 (Linux; Android 6.0.1; Nexus 5X Build/MMB29P) AppleWebKit/537.36 (KHTML, like Gecko) Chrome/141.0.7390.122 Mobile Safari/537.36 (compatible; Googlebot/2.1; +http://www.google.com/bot.html)" 544 **0/544326**
66.249.69.140 - - [01/Nov/2025:05:41:02 -0700] "GET /?a=72965773051690&mod=43e84a9d&uri=form.php%3Fid%3D2441228-462%26name%3Dnike+sneaker+air+jordan+low+cyber+monday HTTP/1.1" 200 20008 "-" "Mozilla/5.0 (Linux; Android 6.0.1; Nexus 5X Build/MMB29P) AppleWebKit/537.36 (KHTML, like Gecko) Chrome/141.0.7390.122 Mobile Safari/537.36 (compatible; Googlebot/2.1; +http://www.google.com/bot.html)" 520 **0/520725**
66.249.72.226 - - [01/Nov/2025:05:41:02 -0700] "GET /?a=82300309071690&mod=bb969c87&uri=us.php%3Fid%3D2753646-530%26name%3Dclothes+difference+between+girls+and+boys+jeans HTTP/1.1" 200 21084 "-" "Mozilla/5.0 (Linux; Android 6.0.1; Nexus 5X Build/MMB29P) AppleWebKit/537.36 (KHTML, like Gecko) Chrome/141.0.7390.122 Mobile Safari/537.36 (compatible; Googlebot/2.1; +http://www.google.com/bot.html)" 855 **0/855240**
66.249.69.141 - - [01/Nov/2025:05:41:03 -0700] "GET /?a=95728891041690&mod=fc6ac6be&uri=form.php%3Fid%3D3202999-623%26name%3Dkevin+durant+shirt+kd+shirts+youth HTTP/1.1" 200 21340 "-" "Mozilla/5.0 (Linux; Android 6.0.1; Nexus 5X Build/MMB29P) AppleWebKit/537.36 (KHTML, like Gecko) Chrome/141.0.7390.122 Mobile Safari/537.36 (compatible; Googlebot/2.1; +http://www.google.com/bot.html)" 865 **0/865495**
66.249.69.128 - - [01/Nov/2025:05:41:04 -0700] "GET /?a=79113356041690&mod=95b43573&uri=search.php%3Fid%3D2647043-866%26name%3Dlipstick+yves+saint+laurent+cover+stick HTTP/1.1" 200 20367 "-" "Mozilla/5.0 (Linux; Android 6.0.1; Nexus 5X Build/MMB29P) AppleWebKit/537.36 (KHTML, like Gecko) Chrome/141.0.7390.122 Mobile Safari/537.36 (compatible; Googlebot/2.1; +http://www.google.com/bot.html)" 622 **0/622894**
66.249.72.226 - - [01/Nov/2025:05:41:05 -0700] "GET /?a=64421081041690&mod=4625d8e3&uri=products.php%3Fid%3D2155295-37%26name%3Ddragon+bracelet+24+karat+gold+mens+bracelet HTTP/1.1" 200 21635 "-" "Mozilla/5.0 (Linux; Android 6.0.1; Nexus 5X Build/MMB29P) AppleWebKit/537.36 (KHTML, like Gecko) Chrome/141.0.7390.122 Mobile Safari/537.36 (compatible; Googlebot/2.1; +http://www.google.com/bot.html)" 555 **0/555273**
66.249.69.140 - - [01/Nov/2025:05:41:05 -0700] "GET /?a=55639044041690&mod=991de292&uri=goods.php%3Fid%3D1861383-14%26name%3Dmixer+grinder+braun+kitchen+machine+k700 HTTP/1.1" 200 21748 "-" "Mozilla/5.0 (Linux; Android 6.0.1; Nexus 5X Build/MMB29P) AppleWebKit/537.36 (KHTML, like Gecko) Chrome/141.0.7390.122 Mobile Safari/537.36 (compatible; Googlebot/2.1; +http://www.google.com/bot.html)" 694 **0/694970**
66.249.72.226 - - [01/Nov/2025:05:41:06 -0700] "GET /?a=117669869071690&mod=a0057a00&uri=article.php%3Fid%3D3937315-159%26name%3Dcrochet+clothes+hand+crochet+skirt HTTP/1.1" 200 20054 "-" "Mozilla/5.0 (Linux; Android 6.0.1; Nexus 5X Build/MMB29P) AppleWebKit/537.36 (KHTML, like Gecko) Chrome/141.0.7390.122 Mobile Safari/537.36 (compatible; Googlebot/2.1; +http://www.google.com/bot.html)" 439 **0/439882**
66.249.69.141 - - [01/Nov/2025:05:41:07 -0700] "GET /?a=110391288081690&mod=ec36a30e&uri=search.php%3Fid%3D3693831-569%26name%3Dliste+de+cadeaux+de+mariage HTTP/1.1" 200 20168 "-" "Mozilla/5.0 (Linux; Android 6.0.1; Nexus 5X Build/MMB29P) AppleWebKit/537.36 (KHTML, like Gecko) Chrome/141.0.7390.122 Mobile Safari/537.36 (compatible; Googlebot/2.1; +http://www.google.com/bot.html)" 716 **0/716466**
66.249.69.141 - - [01/Nov/2025:05:41:07 -0700] "GET /?a=93719852041690&mod=e5074d7c&uri=pin.php%3Fid%3D3135825-889%26name%3Dcalze+danza+contemporanea+collant+per+danza+classica HTTP/1.1" 200 20887 "-" "Mozilla/5.0 (Linux; Android 6.0.1; Nexus 5X Build/MMB29P) AppleWebKit/537.36 (KHTML, like Gecko) Chrome/141.0.7390.122 Mobile Safari/537.36 (compatible; Googlebot/2.1; +http://www.google.com/bot.html)" 724 **0/724000**
66.249.69.140 - - [01/Nov/2025:05:41:08 -0700] "GET /?a=115204870051690&mod=4625d8e3&uri=news.php%3Fid%3D3854843-37%26name%3Dretro+mens+titanium+bracelet HTTP/1.1" 200 21175 "-" "Mozilla/5.0 (Linux; Android 6.0.1; Nexus 5X Build/MMB29P) AppleWebKit/537.36 (KHTML, like Gecko) Chrome/141.0.7390.122 Mobile Safari/537.36 (compatible; Googlebot/2.1; +http://www.google.com/bot.html)" 1025 **1/1025363**
66.249.72.227 - - [01/Nov/2025:05:41:09 -0700] "GET /?a=45338456001690&mod=7ab0afee&uri=shop.php%3Fid%3D1516731-213%26name%3Dowc+logic+board+removal+tool HTTP/1.1" 200 20947 "-" "Mozilla/5.0 (Linux; Android 6.0.1; Nexus 5X Build/MMB29P) AppleWebKit/537.36 (KHTML, like Gecko) Chrome/141.0.7390.122 Mobile Safari/537.36 (compatible; Googlebot/2.1; +http://www.google.com/bot.html)" 925 **0/925390**
66.249.69.140 - - [01/Nov/2025:05:41:10 -0700] "GET /?a=55518457101690&mod=301f1517&uri=search.php%3Fid%3D1857353-190%26name%3Dtransparent+background+shopping+bag+with+handle HTTP/1.1" 200 21295 "-" "Mozilla/5.0 (Linux; Android 6.0.1; Nexus 5X Build/MMB29P) AppleWebKit/537.36 (KHTML, like Gecko) Chrome/141.0.7390.122 Mobile Safari/537.36 (compatible; Googlebot/2.1; +http://www.google.com/bot.html)" 1008 **1/1008543**
66.249.72.226 - - [01/Nov/2025:05:41:10 -0700] "GET /?a=6678805011690&mod=0098e61f&uri=info.php%3Fid%3D223386-847%26name%3Dsky+blue+safavieh+thompson+counter+stool HTTP/1.1" 200 21539 "-" "Mozilla/5.0 (Linux; Android 6.0.1; Nexus 5X Build/MMB29P) AppleWebKit/537.36 (KHTML, like Gecko) Chrome/141.0.7390.122 Mobile Safari/537.36 (compatible; Googlebot/2.1; +http://www.google.com/bot.html)" 917 **0/917028**
66.249.69.140 - - [01/Nov/2025:05:41:11 -0700] "GET /?a=3556501051690&mod=7318eebb&uri=us.php%3Fid%3D118920-312%26name%3Dblue+best+light+rain+jacket+mens HTTP/1.1" 200 20501 "-" "Mozilla/5.0 (Linux; Android 6.0.1; Nexus 5X Build/MMB29P) AppleWebKit/537.36 (KHTML, like Gecko) Chrome/141.0.7390.122 Mobile Safari/537.36 (compatible; Googlebot/2.1; +http://www.google.com/bot.html)" 805 **0/805970**
66.249.69.140 - - [01/Nov/2025:05:41:12 -0700] "GET /?a=69442391011690&mod=dab10c50&uri=us.php%3Fid%3D2323280-47%26name%3Dbottes+bottines+ete+2020 HTTP/1.1" 200 20662 "-" "Mozilla/5.0 (Linux; Android 6.0.1; Nexus 5X Build/MMB29P) AppleWebKit/537.36 (KHTML, like Gecko) Chrome/141.0.7390.122 Mobile Safari/537.36 (compatible; Googlebot/2.1; +http://www.google.com/bot.html)" 1169 **1/1169957**
66.249.72.226 - - [01/Nov/2025:05:41:12 -0700] "GET /?a=66730727021690&mod=7e9e3218&uri=pin.php%3Fid%3D2232549-833%26name%3Ddog+casino+nina+ottosson HTTP/1.1" 200 20300 "-" "Mozilla/5.0 (Linux; Android 6.0.1; Nexus 5X Build/MMB29P) AppleWebKit/537.36 (KHTML, like Gecko) Chrome/141.0.7390.122 Mobile Safari/537.36 (compatible; Googlebot/2.1; +http://www.google.com/bot.html)" 1111 **1/1111958**
66.249.69.140 - - [01/Nov/2025:05:41:13 -0700] "GET /?a=53775269031690&mod=dad607bd&uri=products.php%3Fid%3D1799010-225%26name%3Dblackburn+99+bikes+computer HTTP/1.1" 200 20913 "-" "Mozilla/5.0 (Linux; Android 6.0.1; Nexus 5X Build/MMB29P) AppleWebKit/537.36 (KHTML, like Gecko) Chrome/141.0.7390.122 Mobile Safari/537.36 (compatible; Googlebot/2.1; +http://www.google.com/bot.html)" 991 **0/991446**
66.249.69.140 - - [01/Nov/2025:05:41:13 -0700] "GET /?a=34049940011690&mod=059231e7&uri=itm.php%3Fid%3D1139052-600%26name%3Dcinturon+mk+fajo+mk+mujer HTTP/1.1" 200 21427 "-" "Mozilla/5.0 (Linux; Android 6.0.1; Nexus 5X Build/MMB29P) AppleWebKit/537.36 (KHTML, like Gecko) Chrome/141.0.7390.122 Mobile Safari/537.36 (compatible; Googlebot/2.1; +http://www.google.com/bot.html)" 1160 **1/1160935**
66.249.69.140 - - [01/Nov/2025:05:41:14 -0700] "GET /?a=116561495001690&mod=a6dd1cdf&uri=product.php%3Fid%3D3900229-166%26name%3Dathletic+shoes+zeba+shoes+discount+code HTTP/1.1" 200 21409 "-" "Mozilla/5.0 (Linux; Android 6.0.1; Nexus 5X Build/MMB29P) AppleWebKit/537.36 (KHTML, like Gecko) Chrome/141.0.7390.122 Mobile Safari/537.36 (compatible; Googlebot/2.1; +http://www.google.com/bot.html)" 1100 **1/1100411**
66.249.72.226 - - [01/Nov/2025:05:41:15 -0700] "GET /?a=27399095111690&mod=0c74b7f7&uri=shop.php%3Fid%3D916552-3%26name%3Dpeloton+tread+nordictrack+x32i+reddit HTTP/1.1" 200 20838 "-" "Mozilla/5.0 (Linux; Android 6.0.1; Nexus 5X Build/MMB29P) AppleWebKit/537.36 (KHTML, like Gecko) Chrome/141.0.7390.122 Mobile Safari/537.36 (compatible; Googlebot/2.1; +http://www.google.com/bot.html)" 1182 **1/1182313**
66.249.69.140 - - [01/Nov/2025:05:41:15 -0700] "GET /?a=69487867011690&mod=f8c84522&uri=product.php%3Fid%3D2324804-92%26name%3Dedith+boots+old+gringo+american+flag+boots HTTP/1.1" 200 21403 "-" "Mozilla/5.0 (Linux; Android 6.0.1; Nexus 5X Build/MMB29P) AppleWebKit/537.36 (KHTML, like Gecko) Chrome/141.0.7390.122 Mobile Safari/537.36 (compatible; Googlebot/2.1; +http://www.google.com/bot.html)" 1088 **1/1088865**
66.249.69.140 - - [01/Nov/2025:05:41:17 -0700] "GET /?a=35039786061690&mod=afff9420&uri=blog.php%3Fid%3D1172161-670%26name%3Dvuitton+store+nordstrom+louis+vuitton+belt HTTP/1.1" 200 20556 "-" "Mozilla/5.0 (Linux; Android 6.0.1; Nexus 5X Build/MMB29P) AppleWebKit/537.36 (KHTML, like Gecko) Chrome/141.0.7390.122 Mobile Safari/537.36 (compatible; Googlebot/2.1; +http://www.google.com/bot.html)" 595 **0/595985**
66.249.72.226 - - [01/Nov/2025:05:41:17 -0700] "GET /?a=31435599001690&mod=83187550&uri=shop.php%3Fid%3D1051577-70%26name%3Dvtech+little+friendlies+musical+penguin HTTP/1.1" 200 20525 "-" "Mozilla/5.0 (Linux; Android 6.0.1; Nexus 5X Build/MMB29P) AppleWebKit/537.36 (KHTML, like Gecko) Chrome/141.0.7390.122 Mobile Safari/537.36 (compatible; Googlebot/2.1; +http://www.google.com/bot.html)" 864 **0/864778**
66.249.69.140 - - [01/Nov/2025:05:41:18 -0700] "GET /?a=40942798021690&mod=e1228be4&uri=info.php%3Fid%3D1369593-36%26name%3Dforce+awakens+resistance+transport HTTP/1.1" 200 20943 "-" "Mozilla/5.0 (Linux; Android 6.0.1; Nexus 5X Build/MMB29P) AppleWebKit/537.36 (KHTML, like Gecko) Chrome/141.0.7390.122 Mobile Safari/537.36 (compatible; Googlebot/2.1; +http://www.google.com/bot.html)" 975 **0/975718**
66.249.72.226 - - [01/Nov/2025:05:41:19 -0700] "GET /?a=83952354021690&mod=c53efb25&uri=shared.php%3Fid%3D2808903-318%26name%3Dbarefoot+sock+show HTTP/1.1" 200 21106 "-" "Mozilla/5.0 (Linux; Android 6.0.1; Nexus 5X Build/MMB29P) AppleWebKit/537.36 (KHTML, like Gecko) Chrome/141.0.7390.122 Mobile Safari/537.36 (compatible; Googlebot/2.1; +http://www.google.com/bot.html)" 953 **0/953043**
66.249.69.141 - - [01/Nov/2025:05:41:19 -0700] "GET /?a=66177686121690&mod=c42f76f3&uri=info.php%3Fid%3D2214041-97%26name%3Dwatch+g+shock+ga+110ln HTTP/1.1" 200 21169 "-" "Mozilla/5.0 (Linux; Android 6.0.1; Nexus 5X Build/MMB29P) AppleWebKit/537.36 (KHTML, like Gecko) Chrome/141.0.7390.122 Mobile Safari/537.36 (compatible; Googlebot/2.1; +http://www.google.com/bot.html)" 1003 **1/1003791**
66.249.72.226 - - [01/Nov/2025:05:41:20 -0700] "GET /?a=118841210051690&mod=7881243c&uri=article.php%3Fid%3D3976502-605%26name%3Dfleece+sweatjacke+damen HTTP/1.1" 200 20575 "-" "Mozilla/5.0 (Linux; Android 6.0.1; Nexus 5X Build/MMB29P) AppleWebKit/537.36 (KHTML, like Gecko) Chrome/141.0.7390.122 Mobile Safari/537.36 (compatible; Googlebot/2.1; +http://www.google.com/bot.html)" 1096 **1/1096795**
66.249.69.141 - - [01/Nov/2025:05:41:21 -0700] "GET /?a=82742580051690&mod=293d4b30&uri=form.php%3Fid%3D2768444-962%26name%3Dcharger+receiver+redmi+note+pro+qi HTTP/1.1" 200 21116 "-" "Mozilla/5.0 (Linux; Android 6.0.1; Nexus 5X Build/MMB29P) AppleWebKit/537.36 (KHTML, like Gecko) Chrome/141.0.7390.122 Mobile Safari/537.36 (compatible; Googlebot/2.1; +http://www.google.com/bot.html)" 1086 **1/1086868**
66.249.69.140 - - [01/Nov/2025:05:41:22 -0700] "GET /?a=85118713041690&mod=e744f91c&uri=info.php%3Fid%3D2847996-9%26name%3Dairpods+pro+blue+light HTTP/1.1" 200 21929 "-" "Mozilla/5.0 (Linux; Android 6.0.1; Nexus 5X Build/MMB29P) AppleWebKit/537.36 (KHTML, like Gecko) Chrome/141.0.7390.122 Mobile Safari/537.36 (compatible; Googlebot/2.1; +http://www.google.com/bot.html)" 1062 **1/1062517**
66.249.72.226 - - [01/Nov/2025:05:41:22 -0700] "GET /?a=82937843011690&mod=c3106615&uri=info.php%3Fid%3D2774984-1120%26name%3Delite+bmx+cycle+price+bmx+stunt+bikes+for+sale HTTP/1.1" 200 20441 "-" "Mozilla/5.0 (Linux; Android 6.0.1; Nexus 5X Build/MMB29P) AppleWebKit/537.36 (KHTML, like Gecko) Chrome/141.0.7390.122 Mobile Safari/537.36 (compatible; Googlebot/2.1; +http://www.google.com/bot.html)" 1141 **1/1141594**
66.249.69.140 - - [01/Nov/2025:05:41:23 -0700] "GET /?a=47607282041690&mod=e5074d7c&uri=product.php%3Fid%3D1592611-889%26name%3Dpunta+aperta+calze+a+compressione+graduata+infermieristica HTTP/1.1" 200 20368 "-" "Mozilla/5.0 (Linux; Android 6.0.1; Nexus 5X Build/MMB29P) AppleWebKit/537.36 (KHTML, like Gecko) Chrome/141.0.7390.122 Mobile Safari/537.36 (compatible; Googlebot/2.1; +http://www.google.com/bot.html)" 1140 **1/1140571**
66.249.69.140 - - [01/Nov/2025:05:41:24 -0700] "GET /?a=57253168001690&mod=d157d577&uri=dp.php%3Fid%3D1915425-239%26name%3Dlittle+sushi+george+gina+lucy+bags+usa HTTP/1.1" 200 21411 "-" "Mozilla/5.0 (Linux; Android 6.0.1; Nexus 5X Build/MMB29P) AppleWebKit/537.36 (KHTML, like Gecko) Chrome/141.0.7390.122 Mobile Safari/537.36 (compatible; Googlebot/2.1; +http://www.google.com/bot.html)" 1145 **1/1145251**
66.249.72.226 - - [01/Nov/2025:05:41:24 -0700] "GET /?a=63989253021690&mod=5227fa9a&uri=shop.php%3Fid%3D2140850-65%26name%3Dperfect+corp+cam+perfect+app HTTP/1.1" 200 20619 "-" "Mozilla/5.0 (Linux; Android 6.0.1; Nexus 5X Build/MMB29P) AppleWebKit/537.36 (KHTML, like Gecko) Chrome/141.0.7390.122 Mobile Safari/537.36 (compatible; Googlebot/2.1; +http://www.google.com/bot.html)" 1072 **1/1072291**
66.249.69.140 - - [01/Nov/2025:05:41:25 -0700] "GET /?a=69301666011690&mod=73830f56&uri=info.php%3Fid%3D2318568-636%26name%3Dwasserdichte+jacke+regenjacke+damen+dunkelgr%C3%83%C2%BCn HTTP/1.1" 200 20793 "-" "Mozilla/5.0 (Linux; Android 6.0.1; Nexus 5X Build/MMB29P) AppleWebKit/537.36 (KHTML, like Gecko) Chrome/141.0.7390.122 Mobile Safari/537.36 (compatible; Googlebot/2.1; +http://www.google.com/bot.html)" 961 **0/961997**
66.249.69.140 - - [01/Nov/2025:05:41:26 -0700] "GET /?a=81876251041690&mod=4568cffb&uri=brands.php%3Fid%3D2739459-1092%26name%3Dkalinga+ashok+river+island+ladies+scarf HTTP/1.1" 200 20544 "-" "Mozilla/5.0 (Linux; Android 6.0.1; Nexus 5X Build/MMB29P) AppleWebKit/537.36 (KHTML, like Gecko) Chrome/141.0.7390.122 Mobile Safari/537.36 (compatible; Googlebot/2.1; +http://www.google.com/bot.html)" 999 **0/999792**
207.46.13.141 - - [01/Nov/2025:05:41:27 -0700] "GET /?a=34204571061690&mod=500d89b9&uri=shop.php%3Fid%3D1144221-1030%26name%3Dzamberlan+outlet+zamberlan+amelia+gtx HTTP/2.0" 200 19822 "-" "Mozilla/5.0 AppleWebKit/537.36 (KHTML, like Gecko; compatible; bingbot/2.0; +http://www.bing.com/bingbot.htm) Chrome/116.0.1938.76 Safari/537.36" 1089 **1/1089170**
