47.128.118.116 - - [01/Nov/2025:06:02:01 -0700] "GET /product/edit/assets/css/slick-theme.min.css HTTP/1.1" 403 6786 "http://www.miraclemedicalclinic.com/product/edit/contact.php" "Mozilla/5.0 (Linux; Android 5.0) AppleWebKit/537.36 (KHTML, like Gecko) Mobile Safari/537.36 (compatible; Bytespider; spider-feedback@bytedance.com)" 113 **0/113414**
47.128.118.116 - - [01/Nov/2025:06:02:01 -0700] "GET /product/edit/assets/css/odometer.min.css HTTP/1.1" 403 6786 "http://www.miraclemedicalclinic.com/product/edit/contact.php" "Mozilla/5.0 (Linux; Android 5.0) AppleWebKit/537.36 (KHTML, like Gecko) Mobile Safari/537.36 (compatible; Bytespider; spider-feedback@bytedance.com)" 109 **0/109250**
47.128.118.116 - - [01/Nov/2025:06:02:01 -0700] "GET /product/edit/assets/css/animate.css HTTP/1.1" 403 6786 "http://www.miraclemedicalclinic.com/product/edit/contact.php" "Mozilla/5.0 (Linux; Android 5.0) AppleWebKit/537.36 (KHTML, like Gecko) Mobile Safari/537.36 (compatible; Bytespider; spider-feedback@bytedance.com)" 128 **0/128534**
47.128.118.116 - - [01/Nov/2025:06:02:01 -0700] "GET /product/edit/assets/css/responsive.css HTTP/1.1" 403 6786 "http://www.miraclemedicalclinic.com/product/edit/contact.php" "Mozilla/5.0 (Linux; Android 5.0) AppleWebKit/537.36 (KHTML, like Gecko) Mobile Safari/537.36 (compatible; Bytespider; spider-feedback@bytedance.com)" 130 **0/130203**
47.128.118.116 - - [01/Nov/2025:06:02:01 -0700] "GET /product/edit/assets/css/style.css HTTP/1.1" 403 6786 "http://www.miraclemedicalclinic.com/product/edit/contact.php" "Mozilla/5.0 (Linux; Android 5.0) AppleWebKit/537.36 (KHTML, like Gecko) Mobile Safari/537.36 (compatible; Bytespider; spider-feedback@bytedance.com)" 119 **0/119796**
66.249.72.4 - - [01/Nov/2025:06:02:02 -0700] "GET /product/edit/105742099031430?/css_4a3e0a74bb6d2b2a2179114b82e358d6/_styles_css_wanderer-fg HTTP/1.1" 200 184 "http://www.miraclemedicalclinic.com/product/edit/105742099031430" "Mozilla/5.0 (Linux; Android 6.0.1; Nexus 5X Build/MMB29P) AppleWebKit/537.36 (KHTML, like Gecko) Chrome/141.0.7390.122 Mobile Safari/537.36 (compatible; Googlebot/2.1; +http://www.google.com/bot.html)" 129 **0/129914**
47.128.118.116 - - [01/Nov/2025:06:02:02 -0700] "GET /product/edit/assets/img/home-one/home-slider/miracle-1.jpg HTTP/1.1" 403 6786 "http://www.miraclemedicalclinic.com/product/edit/contact.php" "Mozilla/5.0 (Linux; Android 5.0) AppleWebKit/537.36 (KHTML, like Gecko) Mobile Safari/537.36 (compatible; Bytespider; spider-feedback@bytedance.com)" 112 **0/112997**
47.128.118.116 - - [01/Nov/2025:06:02:02 -0700] "GET /product/edit/assets/img/home-one/home-slider/2.jpg HTTP/1.1" 403 6786 "http://www.miraclemedicalclinic.com/product/edit/contact.php" "Mozilla/5.0 (Linux; Android 5.0) AppleWebKit/537.36 (KHTML, like Gecko) Mobile Safari/537.36 (compatible; Bytespider; spider-feedback@bytedance.com)" 125 **0/125439**
47.128.118.116 - - [01/Nov/2025:06:02:02 -0700] "GET /product/edit/assets/img/miracle_logo_new.png HTTP/1.1" 403 6786 "http://www.miraclemedicalclinic.com/product/edit/contact.php" "Mozilla/5.0 (Linux; Android 5.0) AppleWebKit/537.36 (KHTML, like Gecko) Mobile Safari/537.36 (compatible; Bytespider; spider-feedback@bytedance.com)" 141 **0/141395**
47.128.118.116 - - [01/Nov/2025:06:02:02 -0700] "GET /product/edit/assets/img/btn-portal.png HTTP/1.1" 403 6786 "http://www.miraclemedicalclinic.com/product/edit/contact.php" "Mozilla/5.0 (Linux; Android 5.0) AppleWebKit/537.36 (KHTML, like Gecko) Mobile Safari/537.36 (compatible; Bytespider; spider-feedback@bytedance.com)" 124 **0/124527**
47.128.118.116 - - [01/Nov/2025:06:02:02 -0700] "GET /product/edit/assets/img/home-one/home-slider/3.jpg HTTP/1.1" 403 6786 "http://www.miraclemedicalclinic.com/product/edit/contact.php" "Mozilla/5.0 (Linux; Android 5.0) AppleWebKit/537.36 (KHTML, like Gecko) Mobile Safari/537.36 (compatible; Bytespider; spider-feedback@bytedance.com)" 144 **0/144664**
66.249.72.4 - - [01/Nov/2025:06:02:03 -0700] "GET /product/edit/105742099031430?/css_4a3e0a74bb6d2b2a2179114b82e358d6/_drupal_sites_default_files_css_css_YLUY2usEybPXqNO15-ozAgAYsZmniqhrU6f3bp69-r4 HTTP/1.1" 200 3874 "http://www.miraclemedicalclinic.com/product/edit/105742099031430" "Mozilla/5.0 (Linux; Android 6.0.1; Nexus 5X Build/MMB29P) AppleWebKit/537.36 (KHTML, like Gecko) Chrome/141.0.7390.122 Mobile Safari/537.36 (compatible; Googlebot/2.1; +http://www.google.com/bot.html)" 118 **0/118647**
66.249.72.205 - - [01/Nov/2025:06:02:03 -0700] "GET /?z=74912525021430&mod=af4c3de9&uri=article.php%3Fid%3D2506405-1181%26name%3Dperfume+coco+chanel+pour+la+nuit HTTP/1.1" 200 19866 "-" "Mozilla/5.0 (Linux; Android 6.0.1; Nexus 5X Build/MMB29P) AppleWebKit/537.36 (KHTML, like Gecko) Chrome/141.0.7390.122 Mobile Safari/537.36 (compatible; Googlebot/2.1; +http://www.google.com/bot.html)" 300 **0/300837**
66.249.72.4 - - [01/Nov/2025:06:02:04 -0700] "GET /product/edit/105742099031430?/js_4a3e0a74bb6d2b2a2179114b82e358d6/_drupal_sites_default_files_js_js_i3BGasXGb_pVk8CAUeSJnjMmyNE-bFprX9j4_djQznQ HTTP/1.1" 200 3857 "http://www.miraclemedicalclinic.com/product/edit/105742099031430" "Mozilla/5.0 (Linux; Android 6.0.1; Nexus 5X Build/MMB29P) AppleWebKit/537.36 (KHTML, like Gecko) Chrome/141.0.7390.122 Mobile Safari/537.36 (compatible; Googlebot/2.1; +http://www.google.com/bot.html)" 113 **0/113842**
66.249.72.4 - - [01/Nov/2025:06:02:11 -0700] "GET /?z=50953184061430&mod=c9f06258&uri=info.php%3Fid%3D1704583-107%26name%3Dphilip+hamilton+when+does+hamilton+come+out+on+disney%2B HTTP/1.1" 200 21314 "-" "Mozilla/5.0 (Linux; Android 6.0.1; Nexus 5X Build/MMB29P) AppleWebKit/537.36 (KHTML, like Gecko) Chrome/141.0.7390.122 Mobile Safari/537.36 (compatible; Googlebot/2.1; +http://www.google.com/bot.html)" 836 **0/836720**
66.249.72.4 - - [01/Nov/2025:06:02:15 -0700] "GET /?z=109937675031430&mod=984a8710&uri=news.php%3Fid%3D3678666-283%26name%3Dmotocicletta+tre+ruote+125 HTTP/1.1" 200 21126 "-" "Mozilla/5.0 (Linux; Android 6.0.1; Nexus 5X Build/MMB29P) AppleWebKit/537.36 (KHTML, like Gecko) Chrome/141.0.7390.122 Mobile Safari/537.36 (compatible; Googlebot/2.1; +http://www.google.com/bot.html)" 1073 **1/1073531**
66.249.72.204 - - [01/Nov/2025:06:02:19 -0700] "GET /?z=54896252001430&mod=dfe038a9&uri=shop.php%3Fid%3D1836544-278%26name%3Dstylish+rani+haar+gold+new+design HTTP/1.1" 200 20288 "-" "Mozilla/5.0 (Linux; Android 6.0.1; Nexus 5X Build/MMB29P) AppleWebKit/537.36 (KHTML, like Gecko) Chrome/141.0.7390.122 Mobile Safari/537.36 (compatible; Googlebot/2.1; +http://www.google.com/bot.html)" 337 **0/337936**
66.249.72.4 - - [01/Nov/2025:06:02:23 -0700] "GET /?z=75827812021430&mod=890622b7&uri=dp.php%3Fid%3D2537037-692%26name%3Dccm+bike+v%C3%83%C2%A9lo+ccm+canadian+tire HTTP/1.1" 200 20847 "-" "Mozilla/5.0 (Linux; Android 6.0.1; Nexus 5X Build/MMB29P) AppleWebKit/537.36 (KHTML, like Gecko) Chrome/141.0.7390.122 Mobile Safari/537.36 (compatible; Googlebot/2.1; +http://www.google.com/bot.html)" 1289 **1/1289542**
66.249.72.4 - - [01/Nov/2025:06:02:28 -0700] "GET /?z=48566405041430&mod=29781e55&uri=dp.php%3Fid%3D1624713-619%26name%3Dvestido+de+noche+largo+con+tenis HTTP/1.1" 200 20448 "-" "Mozilla/5.0 (Linux; Android 6.0.1; Nexus 5X Build/MMB29P) AppleWebKit/537.36 (KHTML, like Gecko) Chrome/141.0.7390.122 Mobile Safari/537.36 (compatible; Googlebot/2.1; +http://www.google.com/bot.html)" 933 **0/933639**
66.249.72.4 - - [01/Nov/2025:06:02:29 -0700] "GET /?z=18867987051430&mod=0b474a5f&uri=article.php%3Fid%3D631234-831%26name%3Dtreesse+brand+treesse+online+store HTTP/1.1" 200 19895 "-" "Mozilla/5.0 (Linux; Android 6.0.1; Nexus 5X Build/MMB29P) AppleWebKit/537.36 (KHTML, like Gecko) Chrome/141.0.7390.122 Mobile Safari/537.36 (compatible; Googlebot/2.1; +http://www.google.com/bot.html)" 1145 **1/1145058**
66.249.72.4 - - [01/Nov/2025:06:02:37 -0700] "GET /?z=100299950061430&mod=cd6ef184&uri=info.php%3Fid%3D3356116-719%26name%3D1950+skirt+with+belt HTTP/1.1" 200 21128 "-" "Mozilla/5.0 (Linux; Android 6.0.1; Nexus 5X Build/MMB29P) AppleWebKit/537.36 (KHTML, like Gecko) Chrome/141.0.7390.122 Mobile Safari/537.36 (compatible; Googlebot/2.1; +http://www.google.com/bot.html)" 1012 **1/1012497**
66.249.72.203 - - [01/Nov/2025:06:02:41 -0700] "GET /?z=80227908041430&mod=197a3f1c&uri=category-info.php%3Fid%3D2684319-553%26name%3Dpedane+strutture+letto+fai+da+te HTTP/1.1" 200 2062 "-" "Mozilla/5.0 (Linux; Android 6.0.1; Nexus 5X Build/MMB29P) AppleWebKit/537.36 (KHTML, like Gecko) Chrome/141.0.7390.122 Mobile Safari/537.36 (compatible; GoogleOther)" 106 **0/106252**
66.249.72.4 - - [01/Nov/2025:06:02:42 -0700] "GET /?z=72972739041430&mod=7ae11af2&uri=dp.php%3Fid%3D2441461-36%26name%3Dlego+technic+lego+star+wars+buildable+figures+list HTTP/1.1" 200 21128 "-" "Mozilla/5.0 (Linux; Android 6.0.1; Nexus 5X Build/MMB29P) AppleWebKit/537.36 (KHTML, like Gecko) Chrome/141.0.7390.122 Mobile Safari/537.36 (compatible; Googlebot/2.1; +http://www.google.com/bot.html)" 784 **0/784845**
66.249.72.4 - - [01/Nov/2025:06:02:51 -0700] "GET /?z=40041715041430&mod=50db8f7c&uri=article.php%3Fid%3D1339455-416%26name%3Dsepatu+pagina+oficial+converse+espa%C3%83%C2%B1a HTTP/1.1" 200 20654 "-" "Mozilla/5.0 (Linux; Android 6.0.1; Nexus 5X Build/MMB29P) AppleWebKit/537.36 (KHTML, like Gecko) Chrome/141.0.7390.122 Mobile Safari/537.36 (compatible; Googlebot/2.1; +http://www.google.com/bot.html)" 980 **0/980911**
66.249.72.4 - - [01/Nov/2025:06:02:56 -0700] "GET /?z=104062675021430&mod=164ceb62&uri=info.php%3Fid%3D3482022-1090%26name%3Dsports+football+players+with+number+23 HTTP/1.1" 200 21779 "-" "Mozilla/5.0 (Linux; Android 6.0.1; Nexus 5X Build/MMB29P) AppleWebKit/537.36 (KHTML, like Gecko) Chrome/141.0.7390.122 Mobile Safari/537.36 (compatible; Googlebot/2.1; +http://www.google.com/bot.html)" 474 **0/474283**
66.249.72.204 - - [01/Nov/2025:06:03:05 -0700] "GET /?z=5822864111430&mod=1b113258&uri=itm.php%3Fid%3D194769-25%26name%3Dtrick+steak+doneness+thumb+test HTTP/1.1" 200 20887 "-" "Mozilla/5.0 (Linux; Android 6.0.1; Nexus 5X Build/MMB29P) AppleWebKit/537.36 (KHTML, like Gecko) Chrome/141.0.7390.122 Mobile Safari/537.36 (compatible; Googlebot/2.1; +http://www.google.com/bot.html)" 521 **0/521287**
66.249.72.204 - - [01/Nov/2025:06:03:10 -0700] "GET /?z=6260887091430&mod=ee07f670&uri=us.php%3Fid%3D209416-808%26name%3Dtutorial+apple+como+usar+mi+apple+watch HTTP/1.1" 200 2062 "-" "Mozilla/5.0 (Linux; Android 6.0.1; Nexus 5X Build/MMB29P) AppleWebKit/537.36 (KHTML, like Gecko) Chrome/141.0.7390.122 Mobile Safari/537.36 (compatible; GoogleOther)" 122 **0/122468**
66.249.72.6 - - [01/Nov/2025:06:03:11 -0700] "GET /?z=39406993041430&mod=20e169b4&uri=itm.php%3Fid%3D1318221-150%26name%3Dvestido+rojo+zara+robe+rouge+longue HTTP/1.1" 200 20899 "-" "Mozilla/5.0 (Linux; Android 6.0.1; Nexus 5X Build/MMB29P) AppleWebKit/537.36 (KHTML, like Gecko) Chrome/141.0.7390.122 Mobile Safari/537.36 (compatible; Googlebot/2.1; +http://www.google.com/bot.html)" 850 **0/850980**
66.249.72.5 - - [01/Nov/2025:06:03:20 -0700] "GET /?z=83302264021430&mod=a10a2663&uri=product.php%3Fid%3D2787178-55%26name%3Dbattle+royale+felpa+corvo+fortnite HTTP/1.1" 200 2062 "-" "Mozilla/5.0 (Linux; Android 6.0.1; Nexus 5X Build/MMB29P) AppleWebKit/537.36 (KHTML, like Gecko) Chrome/141.0.7390.122 Mobile Safari/537.36 (compatible; GoogleOther)" 114 **0/114779**
66.249.72.203 - - [01/Nov/2025:06:03:20 -0700] "GET /?z=55027294031430&mod=7204cd59&uri=article.php%3Fid%3D1840922-749%26name%3Dlow+omni+van+second+sales HTTP/1.1" 200 20242 "-" "Mozilla/5.0 (Linux; Android 6.0.1; Nexus 5X Build/MMB29P) AppleWebKit/537.36 (KHTML, like Gecko) Chrome/141.0.7390.122 Mobile Safari/537.36 (compatible; Googlebot/2.1; +http://www.google.com/bot.html)" 812 **0/812159**
66.249.72.5 - - [01/Nov/2025:06:03:23 -0700] "GET /?z=39165631011430&mod=fd9ff639&uri=info.php%3Fid%3D1310154-229%26name%3Dmango+haaram+design+in+gold HTTP/1.1" 200 20329 "-" "Mozilla/5.0 (Linux; Android 6.0.1; Nexus 5X Build/MMB29P) AppleWebKit/537.36 (KHTML, like Gecko) Chrome/141.0.7390.122 Mobile Safari/537.36 (compatible; Googlebot/2.1; +http://www.google.com/bot.html)" 1200 **1/1200989**
66.249.72.4 - - [01/Nov/2025:06:03:26 -0700] "GET /?z=51416654091430&mod=12c185a0&uri=products.php%3Fid%3D1720082-791%26name%3Dzapatillas+adidas+para+pronadores HTTP/1.1" 200 20898 "-" "Mozilla/5.0 (Linux; Android 6.0.1; Nexus 5X Build/MMB29P) AppleWebKit/537.36 (KHTML, like Gecko) Chrome/141.0.7390.122 Mobile Safari/537.36 (compatible; Googlebot/2.1; +http://www.google.com/bot.html)" 1252 **1/1252968**
66.249.72.203 - - [01/Nov/2025:06:03:29 -0700] "GET /?z=75175151041430&mod=7ca3bc1d&uri=brands.php%3Fid%3D2515187-1062%26name%3Dcountry+international+traditional+dresses HTTP/1.1" 200 20743 "-" "Mozilla/5.0 (Linux; Android 6.0.1; Nexus 5X Build/MMB29P) AppleWebKit/537.36 (KHTML, like Gecko) Chrome/141.0.7390.122 Mobile Safari/537.36 (compatible; Googlebot/2.1; +http://www.google.com/bot.html)" 1025 **1/1025836**
66.249.72.4 - - [01/Nov/2025:06:03:38 -0700] "GET /?z=567441041430&mod=08c04a23&uri=dp.php%3Fid%3D18978-213%26name%3Dlenovo+laptop+lenovo+14+ada HTTP/1.1" 200 21228 "-" "Mozilla/5.0 (Linux; Android 6.0.1; Nexus 5X Build/MMB29P) AppleWebKit/537.36 (KHTML, like Gecko) Chrome/141.0.7390.122 Mobile Safari/537.36 (compatible; Googlebot/2.1; +http://www.google.com/bot.html)" 969 **0/969117**
66.249.72.203 - - [01/Nov/2025:06:03:45 -0700] "GET /?z=15729666001430&mod=cb70ab37&uri=article.php%3Fid%3D526213-2%26name%3Dpajama+set+ha+personalised+pjs HTTP/1.1" 200 21392 "-" "Mozilla/5.0 (Linux; Android 6.0.1; Nexus 5X Build/MMB29P) AppleWebKit/537.36 (KHTML, like Gecko) Chrome/141.0.7390.122 Mobile Safari/537.36 (compatible; Googlebot/2.1; +http://www.google.com/bot.html)" 1453 **1/1453355**
66.249.72.203 - - [01/Nov/2025:06:03:55 -0700] "GET /?z=54512721001430&mod=f4e56c23&uri=category-info.php%3Fid%3D1823698-260%26name%3Dphantom+vsn+elite+nike+phantom+vision+elite+price HTTP/1.1" 200 20774 "-" "Mozilla/5.0 (Linux; Android 6.0.1; Nexus 5X Build/MMB29P) AppleWebKit/537.36 (KHTML, like Gecko) Chrome/141.0.7390.122 Mobile Safari/537.36 (compatible; Googlebot/2.1; +http://www.google.com/bot.html)" 1327 **1/1327235**
66.249.72.4 - - [01/Nov/2025:06:03:57 -0700] "GET /?z=78515180041430&mod=068004fe&uri=search.php%3Fid%3D2627009-85%26name%3Djuego+tradicional+yoyo+moderno HTTP/1.1" 200 2062 "-" "Mozilla/5.0 (Linux; Android 6.0.1; Nexus 5X Build/MMB29P) AppleWebKit/537.36 (KHTML, like Gecko) Chrome/141.0.7390.122 Mobile Safari/537.36 (compatible; GoogleOther)" 105 **0/105204**
66.249.72.204 - - [01/Nov/2025:06:04:01 -0700] "GET /?z=5426200051430&mod=8f7f2375&uri=itm.php%3Fid%3D181498-158%26name%3Dahuja+400+watt+speaker+box+price HTTP/1.1" 200 21132 "-" "Mozilla/5.0 (Linux; Android 6.0.1; Nexus 5X Build/MMB29P) AppleWebKit/537.36 (KHTML, like Gecko) Chrome/141.0.7390.122 Mobile Safari/537.36 (compatible; Googlebot/2.1; +http://www.google.com/bot.html)" 511 **0/511908**
179.219.4.12 - - [01/Nov/2025:06:04:09 -0700] "GET http://miraclemedicalclinic.com/?mod=46e3e675&name=men+watches+rich+black+watches&uri=news.php%3Fid%3D205195-854&z=6134825001430 HTTP/1.1" 200 2368 "-" "Mozilla/5.0 (Macintosh; Intel Mac OS X 10_12_0) AppleWebKit/537.36 (KHTML, like Gecko) Chrome/65.0.3325.5 Safari/537.36" 109 **0/109848**
66.249.72.204 - - [01/Nov/2025:06:04:09 -0700] "GET /?z=100618201091430&mod=de3d18f8&uri=goods.php%3Fid%3D3366771-650%26name%3Dabbinare+adidas+superstar+abbinamenti HTTP/1.1" 200 19540 "-" "Mozilla/5.0 (Linux; Android 6.0.1; Nexus 5X Build/MMB29P) AppleWebKit/537.36 (KHTML, like Gecko) Chrome/141.0.7390.122 Mobile Safari/537.36 (compatible; Googlebot/2.1; +http://www.google.com/bot.html)" 683 **0/683018**
66.249.72.5 - - [01/Nov/2025:06:04:14 -0700] "GET /?z=77381998021430&mod=e5cb9cf7&uri=shared.php%3Fid%3D2589102-133%26name%3Dschoen+sneakers+dames+laag HTTP/1.1" 200 20876 "-" "Mozilla/5.0 (Linux; Android 6.0.1; Nexus 5X Build/MMB29P) AppleWebKit/537.36 (KHTML, like Gecko) Chrome/141.0.7390.122 Mobile Safari/537.36 (compatible; Googlebot/2.1; +http://www.google.com/bot.html)" 1017 **1/1017700**
66.249.72.203 - - [01/Nov/2025:06:04:41 -0700] "GET /?z=5750962031430&mod=f4e56c23&uri=article.php%3Fid%3D192364-260%26name%3Drubber+bogs+water+boots HTTP/1.1" 200 21333 "-" "Mozilla/5.0 (Linux; Android 6.0.1; Nexus 5X Build/MMB29P) AppleWebKit/537.36 (KHTML, like Gecko) Chrome/141.0.7390.122 Mobile Safari/537.36 (compatible; Googlebot/2.1; +http://www.google.com/bot.html)" 536 **0/536969**
66.249.72.205 - - [01/Nov/2025:06:05:20 -0700] "GET /?z=25833715021430&mod=9f44e956&uri=form.php%3Fid%3D864201-21%26name%3Dred+vanilla+al+nuaim+attar+shop HTTP/1.1" 200 2062 "-" "Mozilla/5.0 (Linux; Android 6.0.1; Nexus 5X Build/MMB29P) AppleWebKit/537.36 (KHTML, like Gecko) Chrome/141.0.7390.122 Mobile Safari/537.36 (compatible; GoogleOther)" 107 **0/107370**
66.249.72.5 - - [01/Nov/2025:06:05:25 -0700] "GET /?z=21079164001430&mod=ed1b9235&uri=form.php%3Fid%3D705168-388%26name%3Dkitten+heels+vaneli+heels HTTP/1.1" 200 21324 "-" "Mozilla/5.0 (Linux; Android 6.0.1; Nexus 5X Build/MMB29P) AppleWebKit/537.36 (KHTML, like Gecko) Chrome/141.0.7390.122 Mobile Safari/537.36 (compatible; Googlebot/2.1; +http://www.google.com/bot.html)" 1149 **1/1149590**